66.249.69.69 - - [23/Jul/2026:00:50:22 +0300] "GET /?l=b5u4l1l8d5o8z4e8r621 HTTP/1.1" 200 32783 "-" "Mozilla/5.0 (Linux; Android 6.0.1; Nexus 5X Build/MMB29P) AppleWebKit/537.36 (KHTML, like Gecko) Chrome/150.0.7871.128 Mobile Safari/537.36 (compatible; Googlebot/2.1; +http://www.google.com/bot.html)"
216.73.217.60 - - [23/Jul/2026:00:50:23 +0300] "GET /?l=b0r1o0a3c8h1e7r1202 HTTP/1.1" 200 4107 "-" "Mozilla/5.0 AppleWebKit/537.36 (KHTML, like Gecko; compatible; ClaudeBot/1.0; +claudebot@anthropic.com)"
74.7.227.150 - - [23/Jul/2026:00:50:23 +0300] "GET /?lokasie=/var/www/www-root/data/www/undergroundexpert.info/wp-content/uploads/mailpoet/cache/ba/bad199abe890bf09047f0c185cd81d673556cec287fc697853214df267711587.php&loknya=/var/www/www-root/data/www/undergroundexpert.info/wp-content/uploads/mailpoet/cache/ba HTTP/1.1" 200 2836 "https://www.undergroundexpert.info/?loknya=/var/www/www-root/data/www/undergroundexpert.info/wp-content/uploads/mailpoet/cache/ba" "Mozilla/5.0 AppleWebKit/537.36 (KHTML, like Gecko; compatible; GPTBot/1.4; +https://openai.com/gptbot)"
74.7.243.217 - - [23/Jul/2026:00:50:25 +0300] "GET /shops/begriming/e0r4i5o2p6h9y6l4l3u3m?lokasie=/var/www/www-root/data/www/undergroundexpert.info/pfwpbszj.php&loknya=/var/www/www-root/data/www/undergroundexpert.info HTTP/1.1" 404 445 "https://undergroundexpert.info/shops/begriming/e0r4i5o2p6h9y6l4l3u3m" "Mozilla/5.0 AppleWebKit/537.36 (KHTML, like Gecko; compatible; GPTBot/1.4; +https://openai.com/gptbot)"
66.249.69.67 - - [23/Jul/2026:00:50:24 +0300] "GET /?astrochemical/91421767996 HTTP/1.1" 200 31458 "-" "Mozilla/5.0 (Linux; Android 6.0.1; Nexus 5X Build/MMB29P) AppleWebKit/537.36 (KHTML, like Gecko) Chrome/150.0.7871.128 Mobile Safari/537.36 (compatible; Googlebot/2.1; +http://www.google.com/bot.html)"
66.249.70.140 - - [23/Jul/2026:00:50:23 +0300] "GET /?l=s6i1l5t1i6n3g61626 HTTP/1.1" 200 31784 "-" "Mozilla/5.0 (Linux; Android 6.0.1; Nexus 5X Build/MMB29P) AppleWebKit/537.36 (KHTML, like Gecko) Chrome/150.0.7871.128 Mobile Safari/537.36 (compatible; Googlebot/2.1; +http://www.google.com/bot.html)"
216.73.217.60 - - [23/Jul/2026:00:50:26 +0300] "GET /?l=o0p5i6n9n077808 HTTP/1.1" 200 4107 "-" "Mozilla/5.0 AppleWebKit/537.36 (KHTML, like Gecko; compatible; ClaudeBot/1.0; +claudebot@anthropic.com)"
66.249.70.140 - - [23/Jul/2026:00:50:26 +0300] "GET /shop/f1653f893106 HTTP/1.1" 404 445 "-" "Mozilla/5.0 (Linux; Android 6.0.1; Nexus 5X Build/MMB29P) AppleWebKit/537.36 (KHTML, like Gecko) Chrome/150.0.7871.128 Mobile Safari/537.36 (compatible; Googlebot/2.1; +http://www.google.com/bot.html)"
74.7.227.150 - - [23/Jul/2026:00:50:26 +0300] "GET /?lokasie=/var/www/www-root/data/www/undergroundexpert.info/wp-content/uploads/mailpoet/cache/fa/facf242f95e78814014ebc4b522498af7a28d04a78d80322ce4051897a292c74.php&loknya=/var/www/www-root/data/www/undergroundexpert.info/wp-content/uploads/mailpoet/cache/fa HTTP/1.1" 200 3966 "https://www.undergroundexpert.info/?loknya=/var/www/www-root/data/www/undergroundexpert.info/wp-content/uploads/mailpoet/cache/fa" "Mozilla/5.0 AppleWebKit/537.36 (KHTML, like Gecko; compatible; GPTBot/1.4; +https://openai.com/gptbot)"
66.249.69.67 - - [23/Jul/2026:00:50:25 +0300] "GET /?l=s5c5o7r0e3r00122 HTTP/1.1" 200 31531 "-" "Mozilla/5.0 (Linux; Android 6.0.1; Nexus 5X Build/MMB29P) AppleWebKit/537.36 (KHTML, like Gecko) Chrome/150.0.7871.128 Mobile Safari/537.36 (compatible; Googlebot/2.1; +http://www.google.com/bot.html)"
66.249.69.68 - - [23/Jul/2026:00:50:26 +0300] "GET /?l=c2y4m2o0p8h1a2n6o4u0s6 HTTP/1.1" 200 31915 "-" "Mozilla/5.0 (Linux; Android 6.0.1; Nexus 5X Build/MMB29P) AppleWebKit/537.36 (KHTML, like Gecko) Chrome/150.0.7871.128 Mobile Safari/537.36 (compatible; Googlebot/2.1; +http://www.google.com/bot.html)"
74.7.243.217 - - [23/Jul/2026:00:50:28 +0300] "GET /shops/graveness/c0o4n0s1e8n4s8u2s564?lokasie=/var/www/www-root/data/www/undergroundexpert.info/phjhhmvi.php&loknya=/var/www/www-root/data/www/undergroundexpert.info HTTP/1.1" 404 445 "https://undergroundexpert.info/shops/graveness/c0o4n0s1e8n4s8u2s564" "Mozilla/5.0 AppleWebKit/537.36 (KHTML, like Gecko; compatible; GPTBot/1.4; +https://openai.com/gptbot)"
216.73.217.60 - - [23/Jul/2026:00:50:29 +0300] "GET /shop/1ab00a98001?loknya=%2F HTTP/1.1" 404 445 "-" "Mozilla/5.0 AppleWebKit/537.36 (KHTML, like Gecko; compatible; ClaudeBot/1.0; +claudebot@anthropic.com)"
66.249.69.67 - - [23/Jul/2026:00:50:27 +0300] "GET /?l=s4a6x8o8n819408 HTTP/1.1" 200 31211 "-" "Mozilla/5.0 (Linux; Android 6.0.1; Nexus 5X Build/MMB29P) AppleWebKit/537.36 (KHTML, like Gecko) Chrome/150.0.7871.128 Mobile Safari/537.36 (compatible; Googlebot/2.1; +http://www.google.com/bot.html)"
74.7.227.150 - - [23/Jul/2026:00:50:30 +0300] "GET /?lokasie=/var/www/www-root/data/www/undergroundexpert.info/wp-content/uploads/mailpoet/cache/ed/ed5f894847a720b884f93a9e6f29c74f596a284adccb48a84016719c88592340.php&loknya=/var/www/www-root/data/www/undergroundexpert.info/wp-content/uploads/mailpoet/cache/ed HTTP/1.1" 200 2818 "https://www.undergroundexpert.info/?loknya=/var/www/www-root/data/www/undergroundexpert.info/wp-content/uploads/mailpoet/cache/ed" "Mozilla/5.0 AppleWebKit/537.36 (KHTML, like Gecko; compatible; GPTBot/1.4; +https://openai.com/gptbot)"
66.249.70.141 - - [23/Jul/2026:00:50:28 +0300] "GET /?increments/81088653242 HTTP/1.1" 200 34184 "-" "Mozilla/5.0 (Linux; Android 6.0.1; Nexus 5X Build/MMB29P) AppleWebKit/537.36 (KHTML, like Gecko) Chrome/150.0.7871.128 Mobile Safari/537.36 (compatible; Googlebot/2.1; +http://www.google.com/bot.html)"
66.249.69.69 - - [23/Jul/2026:00:50:29 +0300] "GET /?unruliment/8694783802 HTTP/1.1" 200 30294 "-" "Mozilla/5.0 (Linux; Android 6.0.1; Nexus 5X Build/MMB29P) AppleWebKit/537.36 (KHTML, like Gecko) Chrome/150.0.7871.128 Mobile Safari/537.36 (compatible; Googlebot/2.1; +http://www.google.com/bot.html)"
74.7.243.217 - - [23/Jul/2026:00:50:31 +0300] "GET /shops/poephagous/a0m1p0h8i6h3e4l3i0a59?lokasie=/var/www/www-root/data/www/undergroundexpert.info/filefuns.php&loknya=/var/www/www-root/data/www/undergroundexpert.info HTTP/1.1" 404 445 "https://undergroundexpert.info/shops/poephagous/a0m1p0h8i6h3e4l3i0a59" "Mozilla/5.0 AppleWebKit/537.36 (KHTML, like Gecko; compatible; GPTBot/1.4; +https://openai.com/gptbot)"
66.249.69.67 - - [23/Jul/2026:00:50:30 +0300] "GET /?l=d5e3v8e0x8i6t4y4911 HTTP/1.1" 200 31546 "-" "Mozilla/5.0 (Linux; Android 6.0.1; Nexus 5X Build/MMB29P) AppleWebKit/537.36 (KHTML, like Gecko) Chrome/150.0.7871.128 Mobile Safari/537.36 (compatible; Googlebot/2.1; +http://www.google.com/bot.html)"
216.73.217.60 - - [23/Jul/2026:00:50:32 +0300] "GET /?l=d0i5s6i6n2f3e3c3t01 HTTP/1.1" 200 4107 "-" "Mozilla/5.0 AppleWebKit/537.36 (KHTML, like Gecko; compatible; ClaudeBot/1.0; +claudebot@anthropic.com)"
66.249.69.67 - - [23/Jul/2026:00:50:30 +0300] "GET /?l=t7w2i4n9l5i0k7e3n7e3s0s HTTP/1.1" 200 31713 "-" "Mozilla/5.0 (Linux; Android 6.0.1; Nexus 5X Build/MMB29P) AppleWebKit/537.36 (KHTML, like Gecko) Chrome/150.0.7871.128 Mobile Safari/537.36 (compatible; GoogleOther)"
66.249.70.140 - - [23/Jul/2026:00:50:31 +0300] "GET /?l=d7a5m5p5i9s8h9701 HTTP/1.1" 200 32171 "-" "Mozilla/5.0 (Linux; Android 6.0.1; Nexus 5X Build/MMB29P) AppleWebKit/537.36 (KHTML, like Gecko) Chrome/150.0.7871.128 Mobile Safari/537.36 (compatible; Googlebot/2.1; +http://www.google.com/bot.html)"
74.7.227.150 - - [23/Jul/2026:00:50:33 +0300] "GET /?lokasie=/var/www/www-root/data/www/undergroundexpert.info/wp-content/uploads/mailpoet/cache/dd/dd4599122e2f7694b436629543640fb1192703609dd4b3a8da012ae1766cf5ba.php&loknya=/var/www/www-root/data/www/undergroundexpert.info/wp-content/uploads/mailpoet/cache/dd HTTP/1.1" 200 2703 "https://www.undergroundexpert.info/?loknya=/var/www/www-root/data/www/undergroundexpert.info/wp-content/uploads/mailpoet/cache/dd" "Mozilla/5.0 AppleWebKit/537.36 (KHTML, like Gecko; compatible; GPTBot/1.4; +https://openai.com/gptbot)"
66.249.69.68 - - [23/Jul/2026:00:50:32 +0300] "GET /?l=a5p8o0l5l4y0o6n361 HTTP/1.1" 200 31902 "-" "Mozilla/5.0 (Linux; Android 6.0.1; Nexus 5X Build/MMB29P) AppleWebKit/537.36 (KHTML, like Gecko) Chrome/150.0.7871.128 Mobile Safari/537.36 (compatible; Googlebot/2.1; +http://www.google.com/bot.html)"
74.7.243.217 - - [23/Jul/2026:00:50:35 +0300] "GET /shops/aptable/n0o7n1m8o3n4o0t7o9n6ic?lokasie=/var/www/www-root/data/www/undergroundexpert.info/pfwpbszj.php&loknya=/var/www/www-root/data/www/undergroundexpert.info HTTP/1.1" 404 445 "https://undergroundexpert.info/shops/aptable/n0o7n1m8o3n4o0t7o9n6ic" "Mozilla/5.0 AppleWebKit/537.36 (KHTML, like Gecko; compatible; GPTBot/1.4; +https://openai.com/gptbot)"
66.249.70.140 - - [23/Jul/2026:00:50:33 +0300] "GET /?l=k0i3c6k3s4y4w8i7c8k8s2y HTTP/1.1" 200 31699 "-" "Mozilla/5.0 (Linux; Android 6.0.1; Nexus 5X Build/MMB29P) AppleWebKit/537.36 (KHTML, like Gecko) Chrome/150.0.7871.128 Mobile Safari/537.36 (compatible; Googlebot/2.1; +http://www.google.com/bot.html)"
216.73.217.60 - - [23/Jul/2026:00:50:35 +0300] "GET /?l=f0a1i9t0h7790824 HTTP/1.1" 200 4107 "-" "Mozilla/5.0 AppleWebKit/537.36 (KHTML, like Gecko; compatible; ClaudeBot/1.0; +claudebot@anthropic.com)"
66.249.69.67 - - [23/Jul/2026:00:50:34 +0300] "GET /?l=c1o4n0g9r8e6g3a1t2i6o0n HTTP/1.1" 200 32415 "-" "Mozilla/5.0 (Linux; Android 6.0.1; Nexus 5X Build/MMB29P) AppleWebKit/537.36 (KHTML, like Gecko) Chrome/150.0.7871.128 Mobile Safari/537.36 (compatible; Googlebot/2.1; +http://www.google.com/bot.html)"
66.249.70.141 - - [23/Jul/2026:00:50:36 +0300] "GET /uncape/demography/t6r2a4c8t8i5l7e4152?lokasie=/var/www/www-root/data/www/undergroundexpert.info/xmlrpc.php?zoomorphism/o7l2i1g0o5591508 HTTP/1.1" 404 445 "-" "Mozilla/5.0 (Linux; Android 6.0.1; Nexus 5X Build/MMB29P) AppleWebKit/537.36 (KHTML, like Gecko) Chrome/150.0.7871.128 Mobile Safari/537.36 (compatible; GoogleOther)"
74.7.227.150 - - [23/Jul/2026:00:50:36 +0300] "GET /?lokasie=/var/www/www-root/data/www/undergroundexpert.info/wp-content/uploads/mailpoet/cache/bc/bcba64c4b393565a729825293e1eb0c3a56a65c6da3b77be2538b27e36602287.php&loknya=/var/www/www-root/data/www/undergroundexpert.info/wp-content/uploads/mailpoet/cache/bc HTTP/1.1" 200 3423 "https://www.undergroundexpert.info/?loknya=/var/www/www-root/data/www/undergroundexpert.info/wp-content/uploads/mailpoet/cache/bc" "Mozilla/5.0 AppleWebKit/537.36 (KHTML, like Gecko; compatible; GPTBot/1.4; +https://openai.com/gptbot)"
66.249.69.67 - - [23/Jul/2026:00:50:35 +0300] "GET /?l=i5n1a4c3c0u8r4a9t4e87 HTTP/1.1" 200 31350 "-" "Mozilla/5.0 (Linux; Android 6.0.1; Nexus 5X Build/MMB29P) AppleWebKit/537.36 (KHTML, like Gecko) Chrome/150.0.7871.128 Mobile Safari/537.36 (compatible; Googlebot/2.1; +http://www.google.com/bot.html)"
216.73.217.60 - - [23/Jul/2026:00:50:38 +0300] "GET /shops/mindfulness/b0a2r7e3f5a2c8e5d3n7e0ss HTTP/1.1" 404 445 "-" "Mozilla/5.0 AppleWebKit/537.36 (KHTML, like Gecko; compatible; ClaudeBot/1.0; +claudebot@anthropic.com)"
74.7.243.217 - - [23/Jul/2026:00:50:38 +0300] "GET /shops/caviler/d0i4p1l8o0m3a8t1i3s1m7?lokasie=/var/www/www-root/data/www/undergroundexpert.info/cyabekam.php&loknya=/var/www/www-root/data/www/undergroundexpert.info HTTP/1.1" 404 445 "https://undergroundexpert.info/shops/caviler/d0i4p1l8o0m3a8t1i3s1m7" "Mozilla/5.0 AppleWebKit/537.36 (KHTML, like Gecko; compatible; GPTBot/1.4; +https://openai.com/gptbot)"
66.249.69.70 - - [23/Jul/2026:00:50:37 +0300] "GET /?l=c3a8u6s0e9w9a2y4e6d6 HTTP/1.1" 200 31270 "-" "Mozilla/5.0 (Linux; Android 6.0.1; Nexus 5X Build/MMB29P) AppleWebKit/537.36 (KHTML, like Gecko) Chrome/150.0.7871.128 Mobile Safari/537.36 (compatible; Googlebot/2.1; +http://www.google.com/bot.html)"
74.7.227.150 - - [23/Jul/2026:00:50:39 +0300] "GET /?lokasie=/var/www/www-root/data/www/undergroundexpert.info/wp-content/uploads/mailpoet/cache/be/be25a5fc908d074e68e57c613901108bb753c016f1c80aa23381ba61a6b101e5.php&loknya=/var/www/www-root/data/www/undergroundexpert.info/wp-content/uploads/mailpoet/cache/be HTTP/1.1" 200 2921 "https://www.undergroundexpert.info/?loknya=/var/www/www-root/data/www/undergroundexpert.info/wp-content/uploads/mailpoet/cache/be" "Mozilla/5.0 AppleWebKit/537.36 (KHTML, like Gecko; compatible; GPTBot/1.4; +https://openai.com/gptbot)"
66.249.69.67 - - [23/Jul/2026:00:50:38 +0300] "GET /?l=m7o2d6a0l7l8y6371 HTTP/1.1" 200 31801 "-" "Mozilla/5.0 (Linux; Android 6.0.1; Nexus 5X Build/MMB29P) AppleWebKit/537.36 (KHTML, like Gecko) Chrome/150.0.7871.128 Mobile Safari/537.36 (compatible; Googlebot/2.1; +http://www.google.com/bot.html)"
66.249.70.140 - - [23/Jul/2026:00:50:38 +0300] "GET /?l=v8a3l8v7u6l5a10855 HTTP/1.1" 200 30938 "-" "Mozilla/5.0 (Linux; Android 6.0.1; Nexus 5X Build/MMB29P) AppleWebKit/537.36 (KHTML, like Gecko) Chrome/150.0.7871.128 Mobile Safari/537.36 (compatible; Googlebot/2.1; +http://www.google.com/bot.html)"
74.7.243.217 - - [23/Jul/2026:00:50:41 +0300] "GET /accoucheur/tampop/a0c1c6o2u7c2h0e8u6r53?lokasie=/var/www/www-root/data/www/undergroundexpert.info/xmlrpc.php&loknya=/var/www/www-root/data/www/undergroundexpert.info HTTP/1.1" 404 445 "https://undergroundexpert.info/accoucheur/tampop/a0c1c6o2u7c2h0e8u6r53" "Mozilla/5.0 AppleWebKit/537.36 (KHTML, like Gecko; compatible; GPTBot/1.4; +https://openai.com/gptbot)"
216.73.217.60 - - [23/Jul/2026:00:50:41 +0300] "GET /?l=s0p2i2n5n7e2r0e7t06 HTTP/1.1" 200 4107 "-" "Mozilla/5.0 AppleWebKit/537.36 (KHTML, like Gecko; compatible; ClaudeBot/1.0; +claudebot@anthropic.com)"
66.249.69.68 - - [23/Jul/2026:00:50:41 +0300] "GET /?l=b7e1c0o4m0i1n4g9942 HTTP/1.1" 200 31397 "-" "Mozilla/5.0 (Linux; Android 6.0.1; Nexus 5X Build/MMB29P) AppleWebKit/537.36 (KHTML, like Gecko) Chrome/150.0.7871.128 Mobile Safari/537.36 (compatible; Googlebot/2.1; +http://www.google.com/bot.html)"
66.249.70.140 - - [23/Jul/2026:00:50:41 +0300] "GET /?l=a9u7t8a6c3o5i4d5a0l3 HTTP/1.1" 200 32396 "-" "Mozilla/5.0 (Linux; Android 6.0.1; Nexus 5X Build/MMB29P) AppleWebKit/537.36 (KHTML, like Gecko) Chrome/150.0.7871.128 Mobile Safari/537.36 (compatible; Googlebot/2.1; +http://www.google.com/bot.html)"
74.7.227.150 - - [23/Jul/2026:00:50:42 +0300] "GET /index.php?lokasie=/var/www/www-root/data/www/undergroundexpert.info/wp-content/plugins/file-manager-advanced/application/library/php/elFinderVolumeLocalFileSystem.class.php&loknya=/var/www/www-root/data/www/undergroundexpert.info/wp-content/plugins/file-manager-advanced/application/library/php HTTP/1.1" 200 12188 "https://www.undergroundexpert.info/index.php?loknya=/var/www/www-root/data/www/undergroundexpert.info/wp-content/plugins/file-manager-advanced/application/library/php" "Mozilla/5.0 AppleWebKit/537.36 (KHTML, like Gecko; compatible; GPTBot/1.4; +https://openai.com/gptbot)"
216.73.217.60 - - [23/Jul/2026:00:50:44 +0300] "GET /shops/hopscotch/d0e1h5o7n6e9s6t1a5t1e4 HTTP/1.1" 404 445 "-" "Mozilla/5.0 AppleWebKit/537.36 (KHTML, like Gecko; compatible; ClaudeBot/1.0; +claudebot@anthropic.com)"
74.7.243.217 - - [23/Jul/2026:00:50:44 +0300] "GET /shops/circumstanced/r0a3n1i8d0a9e67017?lokasie=/var/www/www-root/data/www/undergroundexpert.info/xmlrpc.php&loknya=/var/www/www-root/data/www/undergroundexpert.info HTTP/1.1" 404 445 "https://undergroundexpert.info/shops/circumstanced/r0a3n1i8d0a9e67017" "Mozilla/5.0 AppleWebKit/537.36 (KHTML, like Gecko; compatible; GPTBot/1.4; +https://openai.com/gptbot)"
66.249.68.169 - - [23/Jul/2026:00:50:42 +0300] "GET /?l=c5i3b2r5i2u6s84938 HTTP/1.1" 200 31765 "-" "Mozilla/5.0 (Linux; Android 6.0.1; Nexus 5X Build/MMB29P) AppleWebKit/537.36 (KHTML, like Gecko) Chrome/150.0.7871.128 Mobile Safari/537.36 (compatible; Googlebot/2.1; +http://www.google.com/bot.html)"
66.249.69.68 - - [23/Jul/2026:00:50:42 +0300] "GET /?l=l2i4g0h8t0h4e8a9d4e3d7 HTTP/1.1" 200 32531 "-" "Mozilla/5.0 (Linux; Android 6.0.1; Nexus 5X Build/MMB29P) AppleWebKit/537.36 (KHTML, like Gecko) Chrome/150.0.7871.128 Mobile Safari/537.36 (compatible; Googlebot/2.1; +http://www.google.com/bot.html)"
66.249.70.141 - - [23/Jul/2026:00:50:44 +0300] "GET /?l=w0a4g6o1n6w3r3i5g3h7t HTTP/1.1" 200 31719 "-" "Mozilla/5.0 (Linux; Android 6.0.1; Nexus 5X Build/MMB29P) AppleWebKit/537.36 (KHTML, like Gecko) Chrome/150.0.7871.128 Mobile Safari/537.36 (compatible; Googlebot/2.1; +http://www.google.com/bot.html)"
74.7.227.150 - - [23/Jul/2026:00:50:45 +0300] "GET /index.php?lokasie=/var/www/www-root/data/www/undergroundexpert.info/wp-content/plugins/file-manager-advanced/application/library/php/elFinderVolumeSFTPphpseclib.class.php&loknya=/var/www/www-root/data/www/undergroundexpert.info/wp-content/plugins/file-manager-advanced/application/library/php HTTP/1.1" 200 8150 "https://www.undergroundexpert.info/index.php?loknya=/var/www/www-root/data/www/undergroundexpert.info/wp-content/plugins/file-manager-advanced/application/library/php" "Mozilla/5.0 AppleWebKit/537.36 (KHTML, like Gecko; compatible; GPTBot/1.4; +https://openai.com/gptbot)"
216.73.217.60 - - [23/Jul/2026:00:50:47 +0300] "GET /shops/polyprion/l0a1l5l3a0t8i2o2n867 HTTP/1.1" 404 445 "-" "Mozilla/5.0 AppleWebKit/537.36 (KHTML, like Gecko; compatible; ClaudeBot/1.0; +claudebot@anthropic.com)"
66.249.69.68 - - [23/Jul/2026:00:50:44 +0300] "GET /?l=c5h2a8l2l5e9n6g2e4d03 HTTP/1.1" 200 31556 "-" "Mozilla/5.0 (Linux; Android 6.0.1; Nexus 5X Build/MMB29P) AppleWebKit/537.36 (KHTML, like Gecko) Chrome/150.0.7871.128 Mobile Safari/537.36 (compatible; Googlebot/2.1; +http://www.google.com/bot.html)"
74.7.243.217 - - [23/Jul/2026:00:50:48 +0300] "GET /shops/froterer/s0t3o8p7p1e9r4i0n0g13?lokasie=/var/www/www-root/data/www/undergroundexpert.info/phjhhmvi.php&loknya=/var/www/www-root/data/www/undergroundexpert.info HTTP/1.1" 404 445 "https://undergroundexpert.info/shops/froterer/s0t3o8p7p1e9r4i0n0g13" "Mozilla/5.0 AppleWebKit/537.36 (KHTML, like Gecko; compatible; GPTBot/1.4; +https://openai.com/gptbot)"
66.249.69.70 - - [23/Jul/2026:00:50:46 +0300] "GET /?l=a6c2t4i7n7o7m2y0c8i7n5 HTTP/1.1" 200 31427 "-" "Mozilla/5.0 (Linux; Android 6.0.1; Nexus 5X Build/MMB29P) AppleWebKit/537.36 (KHTML, like Gecko) Chrome/150.0.7871.128 Mobile Safari/537.36 (compatible; GoogleOther)"
66.249.69.68 - - [23/Jul/2026:00:50:46 +0300] "GET /?diacatholicon/42429541576 HTTP/1.1" 200 31128 "-" "Mozilla/5.0 (Linux; Android 6.0.1; Nexus 5X Build/MMB29P) AppleWebKit/537.36 (KHTML, like Gecko) Chrome/150.0.7871.128 Mobile Safari/537.36 (compatible; Googlebot/2.1; +http://www.google.com/bot.html)"
74.7.227.150 - - [23/Jul/2026:00:50:49 +0300] "GET /index.php?lokasie=/var/www/www-root/data/www/undergroundexpert.info/wp-content/plugins/file-manager-advanced/application/library/php//elFinderFlysystemGoogleDriveNetmount.php&loknya=/var/www/www-root/data/www/undergroundexpert.info/wp-content/plugins/file-manager-advanced/application/library/php/ HTTP/1.1" 200 5554 "https://www.undergroundexpert.info/index.php?loknya=/var/www/www-root/data/www/undergroundexpert.info/wp-content/plugins/file-manager-advanced/application/library/php/" "Mozilla/5.0 AppleWebKit/537.36 (KHTML, like Gecko; compatible; GPTBot/1.4; +https://openai.com/gptbot)"
216.73.217.60 - - [23/Jul/2026:00:50:50 +0300] "GET /amoebous/bogartian/02217600007 HTTP/1.1" 404 445 "-" "Mozilla/5.0 AppleWebKit/537.36 (KHTML, like Gecko; compatible; ClaudeBot/1.0; +claudebot@anthropic.com)"
74.7.243.217 - - [23/Jul/2026:00:50:51 +0300] "GET /shops/hydrodynamic/s0o8c8k0e4t6e6d760?lokasie=/var/www/www-root/data/www/undergroundexpert.info/sszzoqtr.php&loknya=/var/www/www-root/data/www/undergroundexpert.info HTTP/1.1" 404 445 "https://undergroundexpert.info/shops/hydrodynamic/s0o8c8k0e4t6e6d760" "Mozilla/5.0 AppleWebKit/537.36 (KHTML, like Gecko; compatible; GPTBot/1.4; +https://openai.com/gptbot)"
66.249.69.67 - - [23/Jul/2026:00:50:48 +0300] "GET /?l=m5a3c1a2d9a2m2i6a098 HTTP/1.1" 200 31694 "-" "Mozilla/5.0 (Linux; Android 6.0.1; Nexus 5X Build/MMB29P) AppleWebKit/537.36 (KHTML, like Gecko) Chrome/150.0.7871.128 Mobile Safari/537.36 (compatible; Googlebot/2.1; +http://www.google.com/bot.html)"
74.7.227.150 - - [23/Jul/2026:00:50:52 +0300] "GET /index.php?loknya=/var/www/www-root/data/www/undergroundexpert.info/wp-content/file-manager-advanced/application/library/php/ HTTP/1.1" 200 2243 "https://www.undergroundexpert.info/index.php?loknya=/var/www/www-root/data/www/undergroundexpert.info/wp-content/plugins/file-manager-advanced/application/library/php/plugins" "Mozilla/5.0 AppleWebKit/537.36 (KHTML, like Gecko; compatible; GPTBot/1.4; +https://openai.com/gptbot)"
66.249.70.141 - - [23/Jul/2026:00:50:50 +0300] "GET /?l=d9e8a4r6i5e89340 HTTP/1.1" 200 31826 "-" "Mozilla/5.0 (Linux; Android 6.0.1; Nexus 5X Build/MMB29P) AppleWebKit/537.36 (KHTML, like Gecko) Chrome/150.0.7871.128 Mobile Safari/537.36 (compatible; Googlebot/2.1; +http://www.google.com/bot.html)"
66.249.69.68 - - [23/Jul/2026:00:50:50 +0300] "GET /?l=t2u3m9e8f6y3i0n6g681 HTTP/1.1" 200 31841 "-" "Mozilla/5.0 (Linux; Android 6.0.1; Nexus 5X Build/MMB29P) AppleWebKit/537.36 (KHTML, like Gecko) Chrome/150.0.7871.128 Mobile Safari/537.36 (compatible; Googlebot/2.1; +http://www.google.com/bot.html)"
74.7.243.217 - - [23/Jul/2026:00:50:54 +0300] "GET /shops/supplyment/u0n3i7p5h3o0n0o1u7s40?lokasie=/var/www/www-root/data/www/undergroundexpert.info/uxegbthq.php&loknya=/var/www/www-root/data/www/undergroundexpert.info HTTP/1.1" 404 445 "https://undergroundexpert.info/shops/supplyment/u0n3i7p5h3o0n0o1u7s40" "Mozilla/5.0 AppleWebKit/537.36 (KHTML, like Gecko; compatible; GPTBot/1.4; +https://openai.com/gptbot)"
216.73.217.60 - - [23/Jul/2026:00:50:53 +0300] "GET /?l=p0r2e7d9e7l2i4b3e1r2a4tion HTTP/1.1" 200 4107 "-" "Mozilla/5.0 AppleWebKit/537.36 (KHTML, like Gecko; compatible; ClaudeBot/1.0; +claudebot@anthropic.com)"
66.249.69.68 - - [23/Jul/2026:00:50:55 +0300] "GET /flier/sporosac/p5h3a2n3t5a2s0m647 HTTP/1.1" 404 449 "-" "Mozilla/5.0 (Linux; Android 6.0.1; Nexus 5X Build/MMB29P) AppleWebKit/537.36 (KHTML, like Gecko) Chrome/150.0.7871.128 Mobile Safari/537.36 (compatible; GoogleOther)"
66.249.69.70 - - [23/Jul/2026:00:50:52 +0300] "GET /?l=r4e1d5d9e8n7d7u7m209 HTTP/1.1" 200 33462 "-" "Mozilla/5.0 (Linux; Android 6.0.1; Nexus 5X Build/MMB29P) AppleWebKit/537.36 (KHTML, like Gecko) Chrome/150.0.7871.128 Mobile Safari/537.36 (compatible; Googlebot/2.1; +http://www.google.com/bot.html)"
66.249.69.68 - - [23/Jul/2026:00:50:53 +0300] "GET /?l=d4o1w4e1l2l1i3n4g747 HTTP/1.1" 200 31062 "-" "Mozilla/5.0 (Linux; Android 6.0.1; Nexus 5X Build/MMB29P) AppleWebKit/537.36 (KHTML, like Gecko) Chrome/150.0.7871.128 Mobile Safari/537.36 (compatible; Googlebot/2.1; +http://www.google.com/bot.html)"
74.7.227.150 - - [23/Jul/2026:00:50:55 +0300] "GET /?loknya=/var/www/www-root/data/www/undergroundexpert.info/wp-includes/php-ai-client/src/Providers/Http/Exception HTTP/1.1" 200 2645 "https://www.undergroundexpert.info/?loknya=/var/www/www-root/data/www/undergroundexpert.info/wp-includes/php-ai-client/src/Providers/Http" "Mozilla/5.0 AppleWebKit/537.36 (KHTML, like Gecko; compatible; GPTBot/1.4; +https://openai.com/gptbot)"
104.210.56.226 - - [23/Jul/2026:00:50:56 +0300] "GET /opyt-podzemnogo-stroitelstva/poslednie-sobytiya/leninskaya-liniya-novosibirsk HTTP/1.1" 404 445 "-" "Mozilla/5.0 (Macintosh; Intel Mac OS X 10_15_7) AppleWebKit/537.36 (KHTML, like Gecko) Chrome/133.0.0.0 Safari/537.36"
66.249.70.140 - - [23/Jul/2026:00:50:56 +0300] "GET /uncape/demography/t6r2a4c8t8i5l7e4152?lokasie=/var/www/www-root/data/www/undergroundexpert.info/xmlrpc.php?l=s9l4u0g9s4816330 HTTP/1.1" 404 445 "-" "Mozilla/5.0 (Linux; Android 6.0.1; Nexus 5X Build/MMB29P) AppleWebKit/537.36 (KHTML, like Gecko) Chrome/150.0.7871.128 Mobile Safari/537.36 (compatible; GoogleOther)"
216.73.217.60 - - [23/Jul/2026:00:50:56 +0300] "GET /?l=m0a3l0e5f2i7c6e2n8t34 HTTP/1.1" 200 4107 "-" "Mozilla/5.0 AppleWebKit/537.36 (KHTML, like Gecko; compatible; ClaudeBot/1.0; +claudebot@anthropic.com)"
74.7.243.217 - - [23/Jul/2026:00:50:57 +0300] "GET /shops/crystallometry/p0e8r2v3i6c9a9c9y80?lokasie=/var/www/www-root/data/www/undergroundexpert.info/xmlrpc.php&loknya=/var/www/www-root/data/www/undergroundexpert.info HTTP/1.1" 404 445 "https://undergroundexpert.info/shops/crystallometry/p0e8r2v3i6c9a9c9y80" "Mozilla/5.0 AppleWebKit/537.36 (KHTML, like Gecko; compatible; GPTBot/1.4; +https://openai.com/gptbot)"
66.249.69.69 - - [23/Jul/2026:00:50:56 +0300] "GET /?l=t4e3l8l6i4n8g2150 HTTP/1.1" 200 31581 "-" "Mozilla/5.0 (Linux; Android 6.0.1; Nexus 5X Build/MMB29P) AppleWebKit/537.36 (KHTML, like Gecko) Chrome/150.0.7871.128 Mobile Safari/537.36 (compatible; Googlebot/2.1; +http://www.google.com/bot.html)"
74.7.227.150 - - [23/Jul/2026:00:50:58 +0300] "GET /?loknya=/var/www/www-root/data/www/undergroundexpert.info/wp-includes/php-ai-client/third-party/Psr/SimpleCache HTTP/1.1" 200 2445 "https://www.undergroundexpert.info/?loknya=/var/www/www-root/data/www/undergroundexpert.info/wp-includes/php-ai-client/third-party/Psr" "Mozilla/5.0 AppleWebKit/537.36 (KHTML, like Gecko; compatible; GPTBot/1.4; +https://openai.com/gptbot)"
66.249.69.70 - - [23/Jul/2026:00:50:57 +0300] "GET /?l=p0i2g1n6o0r2a8t4i7v7e1 HTTP/1.1" 200 31248 "-" "Mozilla/5.0 (Linux; Android 6.0.1; Nexus 5X Build/MMB29P) AppleWebKit/537.36 (KHTML, like Gecko) Chrome/150.0.7871.128 Mobile Safari/537.36 (compatible; Googlebot/2.1; +http://www.google.com/bot.html)"
216.73.217.60 - - [23/Jul/2026:00:50:59 +0300] "GET /?l=g0l2a9b0r9a570467 HTTP/1.1" 200 4107 "-" "Mozilla/5.0 AppleWebKit/537.36 (KHTML, like Gecko; compatible; ClaudeBot/1.0; +claudebot@anthropic.com)"
66.249.69.68 - - [23/Jul/2026:00:50:57 +0300] "GET /?l=c9y5n0a4r0r3h1o8d4i3um HTTP/1.1" 200 31737 "-" "Mozilla/5.0 (Linux; Android 6.0.1; Nexus 5X Build/MMB29P) AppleWebKit/537.36 (KHTML, like Gecko) Chrome/150.0.7871.128 Mobile Safari/537.36 (compatible; Googlebot/2.1; +http://www.google.com/bot.html)"
74.7.243.217 - - [23/Jul/2026:00:51:00 +0300] "GET /shops/scabredity/a0r6t4h7r4o7z7o5i2c0?lokasie=/var/www/www-root/data/www/undergroundexpert.info/pfwpbszj.php&loknya=/var/www/www-root/data/www/undergroundexpert.info HTTP/1.1" 404 445 "https://undergroundexpert.info/shops/scabredity/a0r6t4h7r4o7z7o5i2c0" "Mozilla/5.0 AppleWebKit/537.36 (KHTML, like Gecko; compatible; GPTBot/1.4; +https://openai.com/gptbot)"
66.249.69.70 - - [23/Jul/2026:00:50:57 +0300] "GET /?l=a5c1t1i1n5o0m3e3t7e4r2 HTTP/1.1" 200 31538 "-" "Mozilla/5.0 (Linux; Android 6.0.1; Nexus 5X Build/MMB29P) AppleWebKit/537.36 (KHTML, like Gecko) Chrome/150.0.7871.128 Mobile Safari/537.36 (compatible; Googlebot/2.1; +http://www.google.com/bot.html)"
66.249.70.141 - - [23/Jul/2026:00:50:58 +0300] "GET /?l=s8t4a9t7e9s4w9o7m2a5n HTTP/1.1" 200 31531 "-" "Mozilla/5.0 (Linux; Android 6.0.1; Nexus 5X Build/MMB29P) AppleWebKit/537.36 (KHTML, like Gecko) Chrome/150.0.7871.128 Mobile Safari/537.36 (compatible; Googlebot/2.1; +http://www.google.com/bot.html)"
74.7.227.150 - - [23/Jul/2026:00:51:01 +0300] "GET /?loknya=/var/www/www-root/data/www/undergroundexpert.info/wp-includes/php-ai-client/src/Providers/Http/Abstracts HTTP/1.1" 200 2463 "https://www.undergroundexpert.info/?loknya=/var/www/www-root/data/www/undergroundexpert.info/wp-includes/php-ai-client/src/Providers/Http" "Mozilla/5.0 AppleWebKit/537.36 (KHTML, like Gecko; compatible; GPTBot/1.4; +https://openai.com/gptbot)"
216.73.217.60 - - [23/Jul/2026:00:51:02 +0300] "GET /?l=d0u2m8b9n4e3s7s7223 HTTP/1.1" 200 4107 "-" "Mozilla/5.0 AppleWebKit/537.36 (KHTML, like Gecko; compatible; ClaudeBot/1.0; +claudebot@anthropic.com)"
74.7.243.217 - - [23/Jul/2026:00:51:03 +0300] "GET /shops/facade/c0o2n8s8e0c6r8a7t0i7o8n?lokasie=/var/www/www-root/data/www/undergroundexpert.info/uxegbthq.php&loknya=/var/www/www-root/data/www/undergroundexpert.info HTTP/1.1" 404 445 "https://undergroundexpert.info/shops/facade/c0o2n8s8e0c6r8a7t0i7o8n" "Mozilla/5.0 AppleWebKit/537.36 (KHTML, like Gecko; compatible; GPTBot/1.4; +https://openai.com/gptbot)"
43.132.230.9 - - [23/Jul/2026:00:51:03 +0300] "GET /opyt-podzemnogo-stroitelstva/poslednie-sobytiya/peterburg-shhit-korichnevaja/print/?loknya=/var/www HTTP/1.1" 404 445 "https://undergroundexpert.info/opyt-podzemnogo-stroitelstva/poslednie-sobytiya/peterburg-shhit-korichnevaja/print/?loknya=/var/www" "Mozilla/5.0 (Macintosh; Intel Mac OS X 10_15_7) AppleWebKit/537.36 (KHTML, like Gecko) Chrome/120.0.0.0 Safari/537.36"
66.249.70.142 - - [23/Jul/2026:00:51:01 +0300] "GET /?l=h8e3m3o2g2l3o0b9i4n55 HTTP/1.1" 200 31271 "-" "Mozilla/5.0 (Linux; Android 6.0.1; Nexus 5X Build/MMB29P) AppleWebKit/537.36 (KHTML, like Gecko) Chrome/150.0.7871.128 Mobile Safari/537.36 (compatible; Googlebot/2.1; +http://www.google.com/bot.html)"
216.73.217.60 - - [23/Jul/2026:00:51:05 +0300] "GET /shops/suffice/d0i2s0t1r2e4s6s7e9d08 HTTP/1.1" 404 445 "-" "Mozilla/5.0 AppleWebKit/537.36 (KHTML, like Gecko; compatible; ClaudeBot/1.0; +claudebot@anthropic.com)"
74.7.227.150 - - [23/Jul/2026:00:51:04 +0300] "GET /index.php?lokasie=/var/www/www-root/data/www/undergroundexpert.info/wp-content/themes/twentytwentyfive/assets/fonts/literata/Literata72pt-Black.woff2&loknya=/var/www/www-root/data/www/undergroundexpert.info/wp-content/themes/twentytwentyfive/assets/fonts/literata HTTP/1.1" 200 2018 "https://www.undergroundexpert.info/index.php?loknya=/var/www/www-root/data/www/undergroundexpert.info/wp-content/themes/twentytwentyfive/assets/fonts/literata" "Mozilla/5.0 AppleWebKit/537.36 (KHTML, like Gecko; compatible; GPTBot/1.4; +https://openai.com/gptbot)"
74.7.243.217 - - [23/Jul/2026:00:51:07 +0300] "GET /shops/rhodanic/m0e1t5a9s1t7a0n4n0i1c8?lokasie=/var/www/www-root/data/www/undergroundexpert.info/hdrkmtmr.php&loknya=/var/www/www-root/data/www/undergroundexpert.info HTTP/1.1" 404 445 "https://undergroundexpert.info/shops/rhodanic/m0e1t5a9s1t7a0n4n0i1c8" "Mozilla/5.0 AppleWebKit/537.36 (KHTML, like Gecko; compatible; GPTBot/1.4; +https://openai.com/gptbot)"
66.249.70.142 - - [23/Jul/2026:00:51:05 +0300] "GET /?l=p7u1l5v9e0r2u0l1e4n5c7e HTTP/1.1" 200 32040 "-" "Mozilla/5.0 (Linux; Android 6.0.1; Nexus 5X Build/MMB29P) AppleWebKit/537.36 (KHTML, like Gecko) Chrome/150.0.7871.128 Mobile Safari/537.36 (compatible; GoogleOther)"
66.249.69.69 - - [23/Jul/2026:00:51:05 +0300] "GET /?l=o5t2h2e7r1g5a6t2e3s1 HTTP/1.1" 200 32321 "-" "Mozilla/5.0 (Linux; Android 6.0.1; Nexus 5X Build/MMB29P) AppleWebKit/537.36 (KHTML, like Gecko) Chrome/150.0.7871.128 Mobile Safari/537.36 (compatible; GoogleOther)"
74.7.227.150 - - [23/Jul/2026:00:51:07 +0300] "GET /?lokasie=/var/www/www-root/data/www/undergroundexpert.info/wp-content/themes/twentytwentyone/assets/sass/05-blocks/_config.scss&loknya=/var/www/www-root/data/www/undergroundexpert.info/wp-content/themes/twentytwentyone/assets/sass/05-blocks HTTP/1.1" 200 2117 "https://www.undergroundexpert.info/?loknya=/var/www/www-root/data/www/undergroundexpert.info/wp-content/themes/twentytwentyone/assets/sass/05-blocks" "Mozilla/5.0 AppleWebKit/537.36 (KHTML, like Gecko; compatible; GPTBot/1.4; +https://openai.com/gptbot)"
216.73.217.60 - - [23/Jul/2026:00:51:08 +0300] "GET /?l=h0u3t5t5e7d239073 HTTP/1.1" 200 4107 "-" "Mozilla/5.0 AppleWebKit/537.36 (KHTML, like Gecko; compatible; ClaudeBot/1.0; +claudebot@anthropic.com)"
74.7.243.217 - - [23/Jul/2026:00:51:10 +0300] "GET /shops/phantasmascope/l0o8b9b0y9i3n3g49?lokasie=/var/www/www-root/data/www/undergroundexpert.info/cyabekam.php&loknya=/var/www/www-root/data/www/undergroundexpert.info HTTP/1.1" 404 445 "https://undergroundexpert.info/shops/phantasmascope/l0o8b9b0y9i3n3g49" "Mozilla/5.0 AppleWebKit/537.36 (KHTML, like Gecko; compatible; GPTBot/1.4; +https://openai.com/gptbot)"
66.249.70.141 - - [23/Jul/2026:00:51:08 +0300] "GET /?denote/9561026041 HTTP/1.1" 200 30718 "-" "Mozilla/5.0 (Linux; Android 6.0.1; Nexus 5X Build/MMB29P) AppleWebKit/537.36 (KHTML, like Gecko) Chrome/150.0.7871.128 Mobile Safari/537.36 (compatible; Googlebot/2.1; +http://www.google.com/bot.html)"
216.73.217.60 - - [23/Jul/2026:00:51:11 +0300] "GET /shop/562a5d649101?loknya=%2F HTTP/1.1" 404 445 "-" "Mozilla/5.0 AppleWebKit/537.36 (KHTML, like Gecko; compatible; ClaudeBot/1.0; +claudebot@anthropic.com)"
74.7.227.150 - - [23/Jul/2026:00:51:11 +0300] "GET /?lokasie=/var/www/www-root/data/www/undergroundexpert.info/wp-includes/php-ai-client/third-party/Psr/Http/Message/UriInterface.php&loknya=/var/www/www-root/data/www/undergroundexpert.info/wp-includes/php-ai-client/third-party/Psr/Http/Message HTTP/1.1" 200 4880 "https://www.undergroundexpert.info/?loknya=/var/www/www-root/data/www/undergroundexpert.info/wp-includes/php-ai-client/third-party/Psr/Http/Message" "Mozilla/5.0 AppleWebKit/537.36 (KHTML, like Gecko; compatible; GPTBot/1.4; +https://openai.com/gptbot)"
74.7.243.217 - - [23/Jul/2026:00:51:13 +0300] "GET /shops/frigerate/t0r4o0c0h0o7m8e2t1e6r8?lokasie=/var/www/www-root/data/www/undergroundexpert.info/bjmjrvqm.php&loknya=/var/www/www-root/data/www/undergroundexpert.info HTTP/1.1" 404 445 "https://undergroundexpert.info/shops/frigerate/t0r4o0c0h0o7m8e2t1e6r8" "Mozilla/5.0 AppleWebKit/537.36 (KHTML, like Gecko; compatible; GPTBot/1.4; +https://openai.com/gptbot)"
66.249.70.140 - - [23/Jul/2026:00:51:11 +0300] "GET /?pyrophyllite/63129267109 HTTP/1.1" 200 31696 "-" "Mozilla/5.0 (Linux; Android 6.0.1; Nexus 5X Build/MMB29P) AppleWebKit/537.36 (KHTML, like Gecko) Chrome/150.0.7871.128 Mobile Safari/537.36 (compatible; Googlebot/2.1; +http://www.google.com/bot.html)"
66.249.70.140 - - [23/Jul/2026:00:51:14 +0300] "GET /shop/25648c2016012 HTTP/1.1" 404 445 "-" "Mozilla/5.0 (Linux; Android 6.0.1; Nexus 5X Build/MMB29P) AppleWebKit/537.36 (KHTML, like Gecko) Chrome/150.0.7871.128 Mobile Safari/537.36 (compatible; Googlebot/2.1; +http://www.google.com/bot.html)"
216.73.217.60 - - [23/Jul/2026:00:51:14 +0300] "GET /fantad/r0e2d6a8r8g5u0e9d450 HTTP/1.1" 404 445 "-" "Mozilla/5.0 AppleWebKit/537.36 (KHTML, like Gecko; compatible; ClaudeBot/1.0; +claudebot@anthropic.com)"
74.7.227.150 - - [23/Jul/2026:00:51:14 +0300] "GET /?lokasie=/var/www/www-root/data/www/undergroundexpert.info/wp-includes/js/dist/token-list.js&loknya=/var/www/www-root/data/www/undergroundexpert.info/wp-includes/js/dist HTTP/1.1" 200 3712 "https://www.undergroundexpert.info/?loknya=/var/www/www-root/data/www/undergroundexpert.info/wp-includes/js/dist" "Mozilla/5.0 AppleWebKit/537.36 (KHTML, like Gecko; compatible; GPTBot/1.4; +https://openai.com/gptbot)"
114.119.146.197 - - [23/Jul/2026:00:51:16 +0300] "GET /opyt-podzemnogo-stroitelstva/poslednie-sobytiya/moskva-razvivaet-metro HTTP/1.1" 404 445 "https://undergroundexpert.info/issledovaniya-i-tehnologii/analitika/tempy-stroitelstva-metro" "Mozilla/5.0 (Linux; Android 7.0;) AppleWebKit/537.36 (HTML, like Gecko) Mobile Safari/537.36 (compatible; PetalBot;+https://webmaster.petalsearch.com/site/petalbot)"
74.7.243.217 - - [23/Jul/2026:00:51:16 +0300] "GET /sorbition/skeptacally/s0o3r4b6i2t0i8o1n196?lokasie=/var/www/www-root/data/www/undergroundexpert.info/card.php&loknya=/var/www/www-root/data/www/undergroundexpert.info HTTP/1.1" 404 445 "https://undergroundexpert.info/sorbition/skeptacally/s0o3r4b6i2t0i8o1n196" "Mozilla/5.0 AppleWebKit/537.36 (KHTML, like Gecko; compatible; GPTBot/1.4; +https://openai.com/gptbot)"
66.249.69.68 - - [23/Jul/2026:00:51:16 +0300] "GET /coefficients/p6a2l3a9e2e3c0h0i2n5i9 HTTP/1.1" 404 449 "-" "Mozilla/5.0 (Linux; Android 6.0.1; Nexus 5X Build/MMB29P) AppleWebKit/537.36 (KHTML, like Gecko) Chrome/150.0.7871.128 Mobile Safari/537.36 (compatible; GoogleOther)"
216.73.217.60 - - [23/Jul/2026:00:51:17 +0300] "GET /shops/braze/b0i3n5o8x9i1d2e8948 HTTP/1.1" 404 445 "-" "Mozilla/5.0 AppleWebKit/537.36 (KHTML, like Gecko; compatible; ClaudeBot/1.0; +claudebot@anthropic.com)"
74.7.227.150 - - [23/Jul/2026:00:51:17 +0300] "GET /?lokasie=/var/www/www-root/data/www/undergroundexpert.info/wp-content/themes/shablon/js/fancybox//fancybox_loading@2x.gif&loknya=/var/www/www-root/data/www/undergroundexpert.info/wp-content/themes/shablon/js/fancybox/ HTTP/1.1" 200 1999 "https://www.undergroundexpert.info/?loknya=/var/www/www-root/data/www/undergroundexpert.info/wp-content/themes/shablon/js/fancybox/" "Mozilla/5.0 AppleWebKit/537.36 (KHTML, like Gecko; compatible; GPTBot/1.4; +https://openai.com/gptbot)"
66.249.70.140 - - [23/Jul/2026:00:51:16 +0300] "GET /?l=i9m1p0a2r8t7i4a3l8n1e3ss HTTP/1.1" 200 32384 "-" "Mozilla/5.0 (Linux; Android 6.0.1; Nexus 5X Build/MMB29P) AppleWebKit/537.36 (KHTML, like Gecko) Chrome/150.0.7871.128 Mobile Safari/537.36 (compatible; Googlebot/2.1; +http://www.google.com/bot.html)"
43.172.198.242 - - [23/Jul/2026:00:51:18 +0300] "GET /opyt-podzemnogo-stroitelstva/poslednie-sobytiya/legkorels-siemens-sent-luis?loknya=/var/www/www-root/data/www/undergroundexpert.info HTTP/1.1" 404 445 "-" "Mozilla/5.0 (Windows NT 10.0; Win64; x64) AppleWebKit/537.36 (KHTML, like Gecko) Chrome/108.0.0.0 Safari/537.36"
74.7.243.217 - - [23/Jul/2026:00:51:19 +0300] "GET /shops/synagogical/d0e3c2a8l4c8i6f0y8i2n1g?lokasie=/var/www/www-root/data/www/undergroundexpert.info/php.ini&loknya=/var/www/www-root/data/www/undergroundexpert.info HTTP/1.1" 404 445 "https://undergroundexpert.info/shops/synagogical/d0e3c2a8l4c8i6f0y8i2n1g" "Mozilla/5.0 AppleWebKit/537.36 (KHTML, like Gecko; compatible; GPTBot/1.4; +https://openai.com/gptbot)"
216.73.217.60 - - [23/Jul/2026:00:51:20 +0300] "GET /?l=o0c2c6i6d6e3n7t6a0l4e7 HTTP/1.1" 200 4107 "-" "Mozilla/5.0 AppleWebKit/537.36 (KHTML, like Gecko; compatible; ClaudeBot/1.0; +claudebot@anthropic.com)"
74.7.227.150 - - [23/Jul/2026:00:51:20 +0300] "GET /?lokasie=/var/www/www-root/data/www/undergroundexpert.info/wp-includes/theme-templates.php&loknya=/var/www/www-root/data/www/undergroundexpert.info/wp-includes HTTP/1.1" 200 3477 "https://www.undergroundexpert.info/?loknya=/var/www/www-root/data/www/undergroundexpert.info/wp-includes" "Mozilla/5.0 AppleWebKit/537.36 (KHTML, like Gecko; compatible; GPTBot/1.4; +https://openai.com/gptbot)"
66.249.70.140 - - [23/Jul/2026:00:51:18 +0300] "GET /?l=j8u6n1c7a3c2e8a2e73 HTTP/1.1" 200 30448 "-" "Mozilla/5.0 (Linux; Android 6.0.1; Nexus 5X Build/MMB29P) AppleWebKit/537.36 (KHTML, like Gecko) Chrome/150.0.7871.128 Mobile Safari/537.36 (compatible; Googlebot/2.1; +http://www.google.com/bot.html)"
74.7.243.217 - - [23/Jul/2026:00:51:22 +0300] "GET /shops/signality/p0l3a5y5h6o7u0s5e347?lokasie=/var/www/www-root/data/www/undergroundexpert.info/cyabekam.php&loknya=/var/www/www-root/data/www/undergroundexpert.info HTTP/1.1" 404 445 "https://undergroundexpert.info/shops/signality/p0l3a5y5h6o7u0s5e347" "Mozilla/5.0 AppleWebKit/537.36 (KHTML, like Gecko; compatible; GPTBot/1.4; +https://openai.com/gptbot)"
66.249.70.140 - - [23/Jul/2026:00:51:21 +0300] "GET /?continue/63351422759 HTTP/1.1" 200 31250 "-" "Mozilla/5.0 (Linux; Android 6.0.1; Nexus 5X Build/MMB29P) AppleWebKit/537.36 (KHTML, like Gecko) Chrome/150.0.7871.128 Mobile Safari/537.36 (compatible; Googlebot/2.1; +http://www.google.com/bot.html)"
216.73.217.60 - - [23/Jul/2026:00:51:23 +0300] "GET /?l=p0r2i1z0e3845963 HTTP/1.1" 200 4107 "-" "Mozilla/5.0 AppleWebKit/537.36 (KHTML, like Gecko; compatible; ClaudeBot/1.0; +claudebot@anthropic.com)"
74.7.227.150 - - [23/Jul/2026:00:51:24 +0300] "GET /?lokasie=/var/www/www-root/data/www/undergroundexpert.info/wp-includes/https-migration.php&loknya=/var/www/www-root/data/www/undergroundexpert.info/wp-includes HTTP/1.1" 200 3499 "https://www.undergroundexpert.info/?loknya=/var/www/www-root/data/www/undergroundexpert.info/wp-includes" "Mozilla/5.0 AppleWebKit/537.36 (KHTML, like Gecko; compatible; GPTBot/1.4; +https://openai.com/gptbot)"
74.7.243.217 - - [23/Jul/2026:00:51:25 +0300] "GET /shops/willwillet/e0n4a5n6t0h7a3t1e22?lokasie=/var/www/www-root/data/www/undergroundexpert.info/uxegbthq.php&loknya=/var/www/www-root/data/www/undergroundexpert.info HTTP/1.1" 404 445 "https://undergroundexpert.info/shops/willwillet/e0n4a5n6t0h7a3t1e22" "Mozilla/5.0 AppleWebKit/537.36 (KHTML, like Gecko; compatible; GPTBot/1.4; +https://openai.com/gptbot)"
216.73.217.60 - - [23/Jul/2026:00:51:26 +0300] "GET /shops/subtileness/s0u2b4p3e6l2l1u7c9i6d5 HTTP/1.1" 404 445 "-" "Mozilla/5.0 AppleWebKit/537.36 (KHTML, like Gecko; compatible; ClaudeBot/1.0; +claudebot@anthropic.com)"
66.249.70.140 - - [23/Jul/2026:00:51:24 +0300] "GET /?l=a1n1t6h4r9a8q6u4i4n4o0ne HTTP/1.1" 200 31740 "-" "Mozilla/5.0 (Linux; Android 6.0.1; Nexus 5X Build/MMB29P) AppleWebKit/537.36 (KHTML, like Gecko) Chrome/150.0.7871.128 Mobile Safari/537.36 (compatible; Googlebot/2.1; +http://www.google.com/bot.html)"
74.7.227.150 - - [23/Jul/2026:00:51:27 +0300] "GET /index.php?loknya=/var/www/www-root/data/www/undergroundexpert.info/wp-content/file-manager-advanced/application HTTP/1.1" 200 2221 "https://www.undergroundexpert.info/index.php?loknya=/var/www/www-root/data/www/undergroundexpert.info/wp-content/file-manager-advanced/application/library/php/" "Mozilla/5.0 AppleWebKit/537.36 (KHTML, like Gecko; compatible; GPTBot/1.4; +https://openai.com/gptbot)"
74.7.243.217 - - [23/Jul/2026:00:51:28 +0300] "GET /shops/visitable/i0n9s5t5a9l1l8a8t2i4on?lokasie=/var/www/www-root/data/www/undergroundexpert.info/xmlrpc.php&loknya=/var/www/www-root/data/www/undergroundexpert.info HTTP/1.1" 404 445 "https://undergroundexpert.info/shops/visitable/i0n9s5t5a9l1l8a8t2i4on" "Mozilla/5.0 AppleWebKit/537.36 (KHTML, like Gecko; compatible; GPTBot/1.4; +https://openai.com/gptbot)"
216.73.217.60 - - [23/Jul/2026:00:51:29 +0300] "GET /shops/cherimolia/c0r4e0a8t3u8r5e5879 HTTP/1.1" 404 445 "-" "Mozilla/5.0 AppleWebKit/537.36 (KHTML, like Gecko; compatible; ClaudeBot/1.0; +claudebot@anthropic.com)"
66.249.70.140 - - [23/Jul/2026:00:51:27 +0300] "GET /?l=o2v5e6r6p0o3t6e3n9t0 HTTP/1.1" 200 31324 "-" "Mozilla/5.0 (Linux; Android 6.0.1; Nexus 5X Build/MMB29P) AppleWebKit/537.36 (KHTML, like Gecko) Chrome/150.0.7871.128 Mobile Safari/537.36 (compatible; GoogleOther)"
74.7.227.150 - - [23/Jul/2026:00:51:30 +0300] "GET /index.php?loknya=/var/www/www-root/data/www/undergroundexpert.info/wp-content/file-manager-advanced/application/library/ HTTP/1.1" 200 2235 "https://www.undergroundexpert.info/index.php?loknya=/var/www/www-root/data/www/undergroundexpert.info/wp-content/file-manager-advanced/application/library/php/" "Mozilla/5.0 AppleWebKit/537.36 (KHTML, like Gecko; compatible; GPTBot/1.4; +https://openai.com/gptbot)"
66.249.69.68 - - [23/Jul/2026:00:51:29 +0300] "GET /?l=l8i2t4a4n1y477325 HTTP/1.1" 200 31144 "-" "Mozilla/5.0 (Linux; Android 6.0.1; Nexus 5X Build/MMB29P) AppleWebKit/537.36 (KHTML, like Gecko) Chrome/150.0.7871.128 Mobile Safari/537.36 (compatible; GoogleOther)"
74.7.243.217 - - [23/Jul/2026:00:51:32 +0300] "GET /shops/preparatively/b0l1a2m6e6w8o9r2t5h0y0?lokasie=/var/www/www-root/data/www/undergroundexpert.info/php.ini&loknya=/var/www/www-root/data/www/undergroundexpert.info HTTP/1.1" 404 445 "https://undergroundexpert.info/shops/preparatively/b0l1a2m6e6w8o9r2t5h0y0" "Mozilla/5.0 AppleWebKit/537.36 (KHTML, like Gecko; compatible; GPTBot/1.4; +https://openai.com/gptbot)"
216.73.217.60 - - [23/Jul/2026:00:51:32 +0300] "GET /?l=f0e9r0r8e9t8e3d673 HTTP/1.1" 200 4107 "-" "Mozilla/5.0 AppleWebKit/537.36 (KHTML, like Gecko; compatible; ClaudeBot/1.0; +claudebot@anthropic.com)"
66.249.70.141 - - [23/Jul/2026:00:51:32 +0300] "GET /?l=i1g3n7i1t0i9n5g0450 HTTP/1.1" 200 34084 "-" "Mozilla/5.0 (Linux; Android 6.0.1; Nexus 5X Build/MMB29P) AppleWebKit/537.36 (KHTML, like Gecko) Chrome/150.0.7871.128 Mobile Safari/537.36 (compatible; Googlebot/2.1; +http://www.google.com/bot.html)"
74.7.227.150 - - [23/Jul/2026:00:51:33 +0300] "GET /index.php?loknya=/var/www/www-root/data/www/undergroundexpert.info/wp-content/file-manager-advanced HTTP/1.1" 200 2215 "https://www.undergroundexpert.info/index.php?loknya=/var/www/www-root/data/www/undergroundexpert.info/wp-content/file-manager-advanced/application/library/php/" "Mozilla/5.0 AppleWebKit/537.36 (KHTML, like Gecko; compatible; GPTBot/1.4; +https://openai.com/gptbot)"
74.7.243.217 - - [23/Jul/2026:00:51:35 +0300] "GET /shops/rhodanic/m0e1t5a9s1t7a0n4n0i1c8?lokasie=/var/www/www-root/data/www/undergroundexpert.info/bjmjrvqm.php&loknya=/var/www/www-root/data/www/undergroundexpert.info HTTP/1.1" 404 445 "https://undergroundexpert.info/shops/rhodanic/m0e1t5a9s1t7a0n4n0i1c8" "Mozilla/5.0 AppleWebKit/537.36 (KHTML, like Gecko; compatible; GPTBot/1.4; +https://openai.com/gptbot)"
216.73.217.60 - - [23/Jul/2026:00:51:35 +0300] "GET /?l=o0c3h2r9e1a4t5e5d042 HTTP/1.1" 200 4107 "-" "Mozilla/5.0 AppleWebKit/537.36 (KHTML, like Gecko; compatible; ClaudeBot/1.0; +claudebot@anthropic.com)"
74.7.227.150 - - [23/Jul/2026:00:51:36 +0300] "GET /index.php?loknya=/var/www/www-root/data/www/undergroundexpert.info/wp-content/file-manager-advanced/application/library HTTP/1.1" 200 2233 "https://www.undergroundexpert.info/index.php?loknya=/var/www/www-root/data/www/undergroundexpert.info/wp-content/file-manager-advanced/application/library/php/" "Mozilla/5.0 AppleWebKit/537.36 (KHTML, like Gecko; compatible; GPTBot/1.4; +https://openai.com/gptbot)"
74.7.243.217 - - [23/Jul/2026:00:51:38 +0300] "GET /shops/patagonicus/u0n3d6e3r9h6e7w9278?lokasie=/var/www/www-root/data/www/undergroundexpert.info/uxegbthq.php&loknya=/var/www/www-root/data/www/undergroundexpert.info HTTP/1.1" 404 445 "https://undergroundexpert.info/shops/patagonicus/u0n3d6e3r9h6e7w9278" "Mozilla/5.0 AppleWebKit/537.36 (KHTML, like Gecko; compatible; GPTBot/1.4; +https://openai.com/gptbot)"
66.249.70.141 - - [23/Jul/2026:00:51:38 +0300] "GET /?carcant/92316679081 HTTP/1.1" 200 31852 "-" "Mozilla/5.0 (Linux; Android 6.0.1; Nexus 5X Build/MMB29P) AppleWebKit/537.36 (KHTML, like Gecko) Chrome/150.0.7871.128 Mobile Safari/537.36 (compatible; Googlebot/2.1; +http://www.google.com/bot.html)"
85.192.11.12 - - [23/Jul/2026:00:51:39 +0300] "GET /opyt-podzemnogo-stroitelstva/feed/ HTTP/1.1" 404 445 "-" "Mozilla/5.0 (compatible; Linux i686(x86_64); en-us) like Gecko Chrome/41.6.68.304 Safari/520.09"
85.192.11.12 - - [23/Jul/2026:00:51:39 +0300] "GET /opyt-podzemnogo-stroitelstva/feed/ HTTP/1.1" 404 445 "-" "Mozilla/5.0 (compatible; U; Windows NT 6.4; WOW64; en-US) like Gecko Chrome/33.8.175.149 Safari/532.83"
85.192.11.12 - - [23/Jul/2026:00:51:39 +0300] "GET /opyt-podzemnogo-stroitelstva/feed/ HTTP/1.1" 404 445 "-" "Opera/5.0 (compatible; N; Linux; WOW64; en-us) like Gecko Chrome/31.3.171.924 Safari/559.31"
85.192.11.12 - - [23/Jul/2026:00:51:39 +0300] "GET /opyt-podzemnogo-stroitelstva/feed/ HTTP/1.1" 404 445 "-" "Mozilla/5.0 (compatible; Windows NT 6.1; en-us) Chrome/40.9.307.766 Safari/556.79"
85.192.11.12 - - [23/Jul/2026:00:51:40 +0300] "GET /opyt-podzemnogo-stroitelstva/feed/ HTTP/1.1" 404 445 "-" "Mozilla/5.0 (Linux (VirtualBox); Windows NT 6.6; WOW64; en-us) Chrome/41.7.170.866 Safari/514.62"
85.192.11.12 - - [23/Jul/2026:00:51:40 +0300] "GET /opyt-podzemnogo-stroitelstva/feed/ HTTP/1.1" 404 445 "-" "Mozilla/5.1 (compatible; Windows NT 6.9; WOW64; en-us) like Gecko Chrome/30.7.371.662 Safari/650.13"
74.7.227.150 - - [23/Jul/2026:00:51:39 +0300] "GET /index.php?loknya=/var/www/www-root/data/www/undergroundexpert.info/wp-content/file-manager-advanced/application/library/php HTTP/1.1" 200 2241 "https://www.undergroundexpert.info/index.php?loknya=/var/www/www-root/data/www/undergroundexpert.info/wp-content/file-manager-advanced/application/library/php/" "Mozilla/5.0 AppleWebKit/537.36 (KHTML, like Gecko; compatible; GPTBot/1.4; +https://openai.com/gptbot)"
85.192.11.12 - - [23/Jul/2026:00:51:40 +0300] "GET /opyt-podzemnogo-stroitelstva/feed/ HTTP/1.1" 404 445 "-" "Mozilla/5.0 (Windows; U; Linux i686; ARM; en-US) Gecko/20131007 Chrome/31.7.393.213 Safari/607.06"
85.192.11.12 - - [23/Jul/2026:00:51:40 +0300] "GET /opyt-podzemnogo-stroitelstva/feed/ HTTP/1.1" 404 445 "-" "Mozilla/5.8 (Linux (Wine); Windows NT 6.3; en-us) like Gecko"
216.73.217.60 - - [23/Jul/2026:00:51:39 +0300] "GET /?l=p0e1d5o1m1e6t2e4r291 HTTP/1.1" 200 4107 "-" "Mozilla/5.0 AppleWebKit/537.36 (KHTML, like Gecko; compatible; ClaudeBot/1.0; +claudebot@anthropic.com)"
85.192.11.12 - - [23/Jul/2026:00:51:40 +0300] "GET /opyt-podzemnogo-stroitelstva/feed/ HTTP/1.1" 404 445 "-" "Mozilla/5.0 (Linux (VirtualBox); Linux i686; Trident/ 5.8 ; en-US) like Gecko Chrome/40.1.79.578 Safari/581.01"
85.192.11.12 - - [23/Jul/2026:00:51:40 +0300] "GET /opyt-podzemnogo-stroitelstva/feed/ HTTP/1.1" 404 445 "-" "Mozilla/5.0 (Windows; Windows NT 6.1; WOW64; en-US) Safari/529.01"
85.192.11.12 - - [23/Jul/2026:00:51:40 +0300] "GET /opyt-podzemnogo-stroitelstva/feed/ HTTP/1.1" 404 445 "-" "Opera/5.0 (compatible; Linux i686; AMD64; en-US) KHTML/4.3.5 (like Gecko) Chrome/39.2.125.182 Firefox/6.9"
85.192.11.12 - - [23/Jul/2026:00:51:40 +0300] "GET /opyt-podzemnogo-stroitelstva/feed/ HTTP/1.1" 404 445 "-" "Mozilla/5.0 (compatible; I; Windows NT 6.9; en-US) like Gecko Chrome/31.3.70.927"
85.192.11.12 - - [23/Jul/2026:00:51:40 +0300] "GET /opyt-podzemnogo-stroitelstva/feed/ HTTP/1.1" 404 445 "-" "Mozilla/5.0 (Windows; Linux; Trident/ 6.4 ; en-us) Gecko/20241216 Chrome/41.4.213.342"
85.192.11.12 - - [23/Jul/2026:00:51:40 +0300] "GET /opyt-podzemnogo-stroitelstva/feed/ HTTP/1.1" 404 445 "-" "Mozilla/5.0 (compatible; Windows NT 6.4; en-US) like Gecko Chrome/39.4.245.679 Safari/558.08"
85.192.11.12 - - [23/Jul/2026:00:51:40 +0300] "GET /opyt-podzemnogo-stroitelstva/feed/ HTTP/1.1" 404 445 "-" "Mozilla/5.2 (compatible; Linux i686; WOW64; en-us) like Gecko"
66.249.69.67 - - [23/Jul/2026:00:51:39 +0300] "GET /?l=b3e1s3h8r8o7u1d4468 HTTP/1.1" 200 32001 "-" "Mozilla/5.0 (Linux; Android 6.0.1; Nexus 5X Build/MMB29P) AppleWebKit/537.36 (KHTML, like Gecko) Chrome/150.0.7871.128 Mobile Safari/537.36 (compatible; Googlebot/2.1; +http://www.google.com/bot.html)"
66.249.70.141 - - [23/Jul/2026:00:51:40 +0300] "GET /?l=z9i3o8n5i0s2t48140 HTTP/1.1" 200 31726 "-" "Mozilla/5.0 (Linux; Android 6.0.1; Nexus 5X Build/MMB29P) AppleWebKit/537.36 (KHTML, like Gecko) Chrome/150.0.7871.128 Mobile Safari/537.36 (compatible; Googlebot/2.1; +http://www.google.com/bot.html)"
