20.215.220.182 - - [23/Jul/2026:00:44:07 +0300] "GET /opyt-podzemnogo-stroitelstva/poslednie-sobytiya/yuzhnaya-koreya-metro-dushanbe/ HTTP/1.1" 404 445 "-" "Mozilla/5.0 AppleWebKit/537.36 (KHTML, like Gecko); compatible; ChatGPT-User/1.0; +https://openai.com/bot"
74.7.227.150 - - [23/Jul/2026:00:44:08 +0300] "GET /?lokasie=/var/www/www-root/data/www/undergroundexpert.info/wp-admin/js//image-edit.min.js&loknya=/var/www/www-root/data/www/undergroundexpert.info/wp-admin/js/ HTTP/1.1" 200 6919 "https://www.undergroundexpert.info/?loknya=/var/www/www-root/data/www/undergroundexpert.info/wp-admin/js/" "Mozilla/5.0 AppleWebKit/537.36 (KHTML, like Gecko; compatible; GPTBot/1.4; +https://openai.com/gptbot)"
66.249.69.68 - - [23/Jul/2026:00:44:07 +0300] "GET /?l=l3u1s2t8r3a6t0e2d174 HTTP/1.1" 200 31585 "-" "Mozilla/5.0 (Linux; Android 6.0.1; Nexus 5X Build/MMB29P) AppleWebKit/537.36 (KHTML, like Gecko) Chrome/150.0.7871.128 Mobile Safari/537.36 (compatible; Googlebot/2.1; +http://www.google.com/bot.html)"
74.7.243.217 - - [23/Jul/2026:00:44:09 +0300] "GET /shops/catchdrain/b0i3l9i0p5r1a6s0i1n02?lokasie=/var/www/www-root/data/www/undergroundexpert.info/uxegbthq.php&loknya=/var/www/www-root/data/www/undergroundexpert.info HTTP/1.1" 404 445 "https://undergroundexpert.info/shops/catchdrain/b0i3l9i0p5r1a6s0i1n02" "Mozilla/5.0 AppleWebKit/537.36 (KHTML, like Gecko; compatible; GPTBot/1.4; +https://openai.com/gptbot)"
47.128.97.184 - - [23/Jul/2026:00:44:10 +0300] "GET /shops/opening/h1e4t0e9r2o0s4o6m7a9t0i HTTP/1.1" 404 445 "-" "Mozilla/5.0 (Linux; Android 5.0) AppleWebKit/537.36 (KHTML, like Gecko) Mobile Safari/537.36 (compatible; Bytespider; spider-feedback@bytedance.com)"
216.73.217.60 - - [23/Jul/2026:00:44:11 +0300] "GET /shops/illapsable/n0e3b4a4l7i7a58985 HTTP/1.1" 404 445 "-" "Mozilla/5.0 AppleWebKit/537.36 (KHTML, like Gecko; compatible; ClaudeBot/1.0; +claudebot@anthropic.com)"
66.249.69.67 - - [23/Jul/2026:00:44:10 +0300] "GET /?l=d7o2m8i4n9i9c5u3s591 HTTP/1.1" 200 31894 "-" "Mozilla/5.0 (Linux; Android 6.0.1; Nexus 5X Build/MMB29P) AppleWebKit/537.36 (KHTML, like Gecko) Chrome/150.0.7871.128 Mobile Safari/537.36 (compatible; Googlebot/2.1; +http://www.google.com/bot.html)"
74.7.227.150 - - [23/Jul/2026:00:44:11 +0300] "GET /?lokasie=/var/www/www-root/data/www/undergroundexpert.info/wp-admin/js//common.js&loknya=/var/www/www-root/data/www/undergroundexpert.info/wp-admin/js/ HTTP/1.1" 200 18537 "https://www.undergroundexpert.info/?loknya=/var/www/www-root/data/www/undergroundexpert.info/wp-admin/js/" "Mozilla/5.0 AppleWebKit/537.36 (KHTML, like Gecko; compatible; GPTBot/1.4; +https://openai.com/gptbot)"
66.249.69.68 - - [23/Jul/2026:00:44:11 +0300] "GET /?slanginess/31218458617 HTTP/1.1" 200 30636 "-" "Mozilla/5.0 (Linux; Android 6.0.1; Nexus 5X Build/MMB29P) AppleWebKit/537.36 (KHTML, like Gecko) Chrome/150.0.7871.128 Mobile Safari/537.36 (compatible; Googlebot/2.1; +http://www.google.com/bot.html)"
74.7.243.217 - - [23/Jul/2026:00:44:13 +0300] "GET /shops/supplyment/u0n3i7p5h3o0n0o1u7s40?lokasie=/var/www/www-root/data/www/undergroundexpert.info/sszzoqtr.php&loknya=/var/www/www-root/data/www/undergroundexpert.info HTTP/1.1" 404 445 "https://undergroundexpert.info/shops/supplyment/u0n3i7p5h3o0n0o1u7s40" "Mozilla/5.0 AppleWebKit/537.36 (KHTML, like Gecko; compatible; GPTBot/1.4; +https://openai.com/gptbot)"
66.249.69.68 - - [23/Jul/2026:00:44:12 +0300] "GET /?l=t8h2r9o5m3b8i5n7020 HTTP/1.1" 200 30112 "-" "Mozilla/5.0 (Linux; Android 6.0.1; Nexus 5X Build/MMB29P) AppleWebKit/537.36 (KHTML, like Gecko) Chrome/150.0.7871.128 Mobile Safari/537.36 (compatible; Googlebot/2.1; +http://www.google.com/bot.html)"
66.249.70.140 - - [23/Jul/2026:00:44:13 +0300] "GET /?l=p3r4o1v8o5c1a1t5i7v1e4ness HTTP/1.1" 200 31360 "-" "Mozilla/5.0 (Linux; Android 6.0.1; Nexus 5X Build/MMB29P) AppleWebKit/537.36 (KHTML, like Gecko) Chrome/150.0.7871.128 Mobile Safari/537.36 (compatible; Googlebot/2.1; +http://www.google.com/bot.html)"
216.73.217.60 - - [23/Jul/2026:00:44:14 +0300] "GET /?l=f0l4a6v2a646193 HTTP/1.1" 200 4107 "-" "Mozilla/5.0 AppleWebKit/537.36 (KHTML, like Gecko; compatible; ClaudeBot/1.0; +claudebot@anthropic.com)"
74.7.227.150 - - [23/Jul/2026:00:44:14 +0300] "GET /?lokasie=/var/www/www-root/data/www/undergroundexpert.info/wp-admin/js//custom-header.js&loknya=/var/www/www-root/data/www/undergroundexpert.info/wp-admin/js/ HTTP/1.1" 200 2859 "https://www.undergroundexpert.info/?loknya=/var/www/www-root/data/www/undergroundexpert.info/wp-admin/js/" "Mozilla/5.0 AppleWebKit/537.36 (KHTML, like Gecko; compatible; GPTBot/1.4; +https://openai.com/gptbot)"
65.109.83.47 - - [23/Jul/2026:00:44:14 +0300] "GET / HTTP/1.1" 200 4107 "https://msn.com/" "Mozilla/5.0 (Linux; Android 10; K) AppleWebKit/537.36 (KHTML, like Gecko) Chrome/147.0.0.0 Mobile Safari/537.36"
66.249.69.69 - - [23/Jul/2026:00:44:14 +0300] "GET /?l=w3e2l6l0s1e5e8n5661 HTTP/1.1" 200 31235 "-" "Mozilla/5.0 (Linux; Android 6.0.1; Nexus 5X Build/MMB29P) AppleWebKit/537.36 (KHTML, like Gecko) Chrome/150.0.7871.128 Mobile Safari/537.36 (compatible; Googlebot/2.1; +http://www.google.com/bot.html)"
65.109.83.47 - - [23/Jul/2026:00:44:15 +0300] "GET /favicon.ico HTTP/1.1" 404 445 "https://undergroundexpert.info/" "Mozilla/5.0 (Linux; Android 10; K) AppleWebKit/537.36 (KHTML, like Gecko) Chrome/147.0.0.0 Mobile Safari/537.36"
74.7.243.217 - - [23/Jul/2026:00:44:16 +0300] "GET /shops/enterobacterium/t0h1r3o9e5571164?lokasie=/var/www/www-root/data/www/undergroundexpert.info/phjhhmvi.php&loknya=/var/www/www-root/data/www/undergroundexpert.info HTTP/1.1" 404 445 "https://undergroundexpert.info/shops/enterobacterium/t0h1r3o9e5571164" "Mozilla/5.0 AppleWebKit/537.36 (KHTML, like Gecko; compatible; GPTBot/1.4; +https://openai.com/gptbot)"
66.249.69.68 - - [23/Jul/2026:00:44:16 +0300] "GET /?l=a0u2t5o2t0e9l8i7s1m6 HTTP/1.1" 200 32116 "-" "Mozilla/5.0 (Linux; Android 6.0.1; Nexus 5X Build/MMB29P) AppleWebKit/537.36 (KHTML, like Gecko) Chrome/150.0.7871.128 Mobile Safari/537.36 (compatible; Googlebot/2.1; +http://www.google.com/bot.html)"
216.73.217.60 - - [23/Jul/2026:00:44:17 +0300] "GET /shops/subjected/i0n1t1e6r6d1o7m1e223 HTTP/1.1" 404 445 "-" "Mozilla/5.0 AppleWebKit/537.36 (KHTML, like Gecko; compatible; ClaudeBot/1.0; +claudebot@anthropic.com)"
74.7.227.150 - - [23/Jul/2026:00:44:17 +0300] "GET /?lokasie=/var/www/www-root/data/www/undergroundexpert.info/wp-admin/js//media-upload.min.js&loknya=/var/www/www-root/data/www/undergroundexpert.info/wp-admin/js/ HTTP/1.1" 200 2556 "https://www.undergroundexpert.info/?loknya=/var/www/www-root/data/www/undergroundexpert.info/wp-admin/js/" "Mozilla/5.0 AppleWebKit/537.36 (KHTML, like Gecko; compatible; GPTBot/1.4; +https://openai.com/gptbot)"
66.249.69.67 - - [23/Jul/2026:00:44:17 +0300] "GET /?l=n7e2c1r1o6p3h7a5g1a1 HTTP/1.1" 200 31955 "-" "Mozilla/5.0 (Linux; Android 6.0.1; Nexus 5X Build/MMB29P) AppleWebKit/537.36 (KHTML, like Gecko) Chrome/150.0.7871.128 Mobile Safari/537.36 (compatible; Googlebot/2.1; +http://www.google.com/bot.html)"
66.249.69.68 - - [23/Jul/2026:00:44:17 +0300] "GET /?l=e8l7e8c5t5r5o7c4h8r8onograph HTTP/1.1" 200 31160 "-" "Mozilla/5.0 (Linux; Android 6.0.1; Nexus 5X Build/MMB29P) AppleWebKit/537.36 (KHTML, like Gecko) Chrome/150.0.7871.128 Mobile Safari/537.36 (compatible; Googlebot/2.1; +http://www.google.com/bot.html)"
74.7.243.217 - - [23/Jul/2026:00:44:19 +0300] "GET /shops/cachinnans/d0e1m3o6n2e6t8i0z3e04?lokasie=/var/www/www-root/data/www/undergroundexpert.info/bjmjrvqm.php&loknya=/var/www/www-root/data/www/undergroundexpert.info HTTP/1.1" 404 445 "https://undergroundexpert.info/shops/cachinnans/d0e1m3o6n2e6t8i0z3e04" "Mozilla/5.0 AppleWebKit/537.36 (KHTML, like Gecko; compatible; GPTBot/1.4; +https://openai.com/gptbot)"
66.249.69.67 - - [23/Jul/2026:00:44:18 +0300] "GET /?l=h8y4d2r3o0s8t5a0t1i0c4ally HTTP/1.1" 200 30816 "-" "Mozilla/5.0 (Linux; Android 6.0.1; Nexus 5X Build/MMB29P) AppleWebKit/537.36 (KHTML, like Gecko) Chrome/150.0.7871.128 Mobile Safari/537.36 (compatible; Googlebot/2.1; +http://www.google.com/bot.html)"
216.73.217.60 - - [23/Jul/2026:00:44:20 +0300] "GET /shops/mannitan/e0n5f3e4e9b4l8e795 HTTP/1.1" 404 445 "-" "Mozilla/5.0 AppleWebKit/537.36 (KHTML, like Gecko; compatible; ClaudeBot/1.0; +claudebot@anthropic.com)"
66.249.69.67 - - [23/Jul/2026:00:44:19 +0300] "GET /?l=d8e3t8r7i5b2a4l2i6z9e5 HTTP/1.1" 200 31191 "-" "Mozilla/5.0 (Linux; Android 6.0.1; Nexus 5X Build/MMB29P) AppleWebKit/537.36 (KHTML, like Gecko) Chrome/150.0.7871.128 Mobile Safari/537.36 (compatible; Googlebot/2.1; +http://www.google.com/bot.html)"
74.7.227.150 - - [23/Jul/2026:00:44:20 +0300] "GET /?lokasie=/var/www/www-root/data/www/undergroundexpert.info/wp-admin/js//theme.js&loknya=/var/www/www-root/data/www/undergroundexpert.info/wp-admin/js/ HTTP/1.1" 200 16325 "https://www.undergroundexpert.info/?loknya=/var/www/www-root/data/www/undergroundexpert.info/wp-admin/js/" "Mozilla/5.0 AppleWebKit/537.36 (KHTML, like Gecko; compatible; GPTBot/1.4; +https://openai.com/gptbot)"
66.249.70.140 - - [23/Jul/2026:00:44:21 +0300] "GET /?l=s7u2c5h0o6s6p1o2n7d4y7lous HTTP/1.1" 200 31872 "-" "Mozilla/5.0 (Linux; Android 6.0.1; Nexus 5X Build/MMB29P) AppleWebKit/537.36 (KHTML, like Gecko) Chrome/150.0.7871.128 Mobile Safari/537.36 (compatible; Googlebot/2.1; +http://www.google.com/bot.html)"
74.7.243.217 - - [23/Jul/2026:00:44:22 +0300] "GET /shops/chalybite/t0e4l0l0i2n9i4d6a7e58?lokasie=/var/www/www-root/data/www/undergroundexpert.info/cyabekam.php&loknya=/var/www/www-root/data/www/undergroundexpert.info HTTP/1.1" 404 445 "https://undergroundexpert.info/shops/chalybite/t0e4l0l0i2n9i4d6a7e58" "Mozilla/5.0 AppleWebKit/537.36 (KHTML, like Gecko; compatible; GPTBot/1.4; +https://openai.com/gptbot)"
66.249.69.67 - - [23/Jul/2026:00:44:21 +0300] "GET /?l=p5y2e6m5i1c68877 HTTP/1.1" 200 32128 "-" "Mozilla/5.0 (Linux; Android 6.0.1; Nexus 5X Build/MMB29P) AppleWebKit/537.36 (KHTML, like Gecko) Chrome/150.0.7871.128 Mobile Safari/537.36 (compatible; Googlebot/2.1; +http://www.google.com/bot.html)"
216.73.217.60 - - [23/Jul/2026:00:44:23 +0300] "GET /shop/692764129920 HTTP/1.1" 404 445 "-" "Mozilla/5.0 AppleWebKit/537.36 (KHTML, like Gecko; compatible; ClaudeBot/1.0; +claudebot@anthropic.com)"
66.249.70.140 - - [23/Jul/2026:00:44:23 +0300] "GET /uncape/demography/t6r2a4c8t8i5l7e4152?lokasie=/var/www/www-root/data/www/undergroundexpert.info/xmlrpc.php?l=c4y1c2l2o3p9h8i4s818 HTTP/1.1" 404 445 "-" "Mozilla/5.0 (Linux; Android 6.0.1; Nexus 5X Build/MMB29P) AppleWebKit/537.36 (KHTML, like Gecko) Chrome/150.0.7871.128 Mobile Safari/537.36 (compatible; GoogleOther)"
66.249.69.67 - - [23/Jul/2026:00:44:22 +0300] "GET /?l=s0p1h1a5c9e7l5a4t4e5d8 HTTP/1.1" 200 31489 "-" "Mozilla/5.0 (Linux; Android 6.0.1; Nexus 5X Build/MMB29P) AppleWebKit/537.36 (KHTML, like Gecko) Chrome/150.0.7871.128 Mobile Safari/537.36 (compatible; Googlebot/2.1; +http://www.google.com/bot.html)"
66.249.69.67 - - [23/Jul/2026:00:44:23 +0300] "GET /?l=y8o2u0n1g5e3s7t3323 HTTP/1.1" 200 30747 "-" "Mozilla/5.0 (Linux; Android 6.0.1; Nexus 5X Build/MMB29P) AppleWebKit/537.36 (KHTML, like Gecko) Chrome/150.0.7871.128 Mobile Safari/537.36 (compatible; Googlebot/2.1; +http://www.google.com/bot.html)"
74.7.227.150 - - [23/Jul/2026:00:44:24 +0300] "GET /?lokasie=/var/www/www-root/data/www/undergroundexpert.info/wp-admin/js//link.min.js&loknya=/var/www/www-root/data/www/undergroundexpert.info/wp-admin/js/ HTTP/1.1" 200 2902 "https://www.undergroundexpert.info/?loknya=/var/www/www-root/data/www/undergroundexpert.info/wp-admin/js/" "Mozilla/5.0 AppleWebKit/537.36 (KHTML, like Gecko; compatible; GPTBot/1.4; +https://openai.com/gptbot)"
114.8.219.13 - - [23/Jul/2026:00:44:25 +0300] "GET /opyt-podzemnogo-stroitelstva/ HTTP/1.1" 404 445 "-" "Mozilla/5.0 (Windows NT 10.0; Win64; x64; rv:109.0) Gecko/20100101 Firefox/116.0"
74.7.243.217 - - [23/Jul/2026:00:44:25 +0300] "GET /shops/embiotocoid/c0o3n1g7e9s7t54918?lokasie=/var/www/www-root/data/www/undergroundexpert.info/hdrkmtmr.php&loknya=/var/www/www-root/data/www/undergroundexpert.info HTTP/1.1" 404 445 "https://undergroundexpert.info/shops/embiotocoid/c0o3n1g7e9s7t54918" "Mozilla/5.0 AppleWebKit/537.36 (KHTML, like Gecko; compatible; GPTBot/1.4; +https://openai.com/gptbot)"
66.249.69.68 - - [23/Jul/2026:00:44:24 +0300] "GET /?l=l8a1r1d9a7c1e0i5n479 HTTP/1.1" 200 31119 "-" "Mozilla/5.0 (Linux; Android 6.0.1; Nexus 5X Build/MMB29P) AppleWebKit/537.36 (KHTML, like Gecko) Chrome/150.0.7871.128 Mobile Safari/537.36 (compatible; Googlebot/2.1; +http://www.google.com/bot.html)"
66.249.69.68 - - [23/Jul/2026:00:44:25 +0300] "GET /?l=p2r3e3t8o1r9i2a0n945 HTTP/1.1" 200 31772 "-" "Mozilla/5.0 (Linux; Android 6.0.1; Nexus 5X Build/MMB29P) AppleWebKit/537.36 (KHTML, like Gecko) Chrome/150.0.7871.128 Mobile Safari/537.36 (compatible; Googlebot/2.1; +http://www.google.com/bot.html)"
216.73.217.60 - - [23/Jul/2026:00:44:26 +0300] "GET /frequented/a0t3w9i2x5t759145 HTTP/1.1" 404 445 "-" "Mozilla/5.0 AppleWebKit/537.36 (KHTML, like Gecko; compatible; ClaudeBot/1.0; +claudebot@anthropic.com)"
66.249.69.68 - - [23/Jul/2026:00:44:26 +0300] "GET /?l=c8h2a8s8i0b5l5e1250 HTTP/1.1" 200 31023 "-" "Mozilla/5.0 (Linux; Android 6.0.1; Nexus 5X Build/MMB29P) AppleWebKit/537.36 (KHTML, like Gecko) Chrome/150.0.7871.128 Mobile Safari/537.36 (compatible; Googlebot/2.1; +http://www.google.com/bot.html)"
74.7.227.150 - - [23/Jul/2026:00:44:27 +0300] "GET /?lokasie=/var/www/www-root/data/www/undergroundexpert.info/wp-admin/js//color-picker.js&loknya=/var/www/www-root/data/www/undergroundexpert.info/wp-admin/js/ HTTP/1.1" 200 4670 "https://www.undergroundexpert.info/?loknya=/var/www/www-root/data/www/undergroundexpert.info/wp-admin/js/" "Mozilla/5.0 AppleWebKit/537.36 (KHTML, like Gecko; compatible; GPTBot/1.4; +https://openai.com/gptbot)"
66.249.69.67 - - [23/Jul/2026:00:44:27 +0300] "GET /?l=h3e2m9i3s3y7s2t4o5l2e4 HTTP/1.1" 200 30433 "-" "Mozilla/5.0 (Linux; Android 6.0.1; Nexus 5X Build/MMB29P) AppleWebKit/537.36 (KHTML, like Gecko) Chrome/150.0.7871.128 Mobile Safari/537.36 (compatible; Googlebot/2.1; +http://www.google.com/bot.html)"
74.7.243.217 - - [23/Jul/2026:00:44:28 +0300] "GET /shops/cyclothymia/w0r4y0t3h2e6n26667?lokasie=/var/www/www-root/data/www/undergroundexpert.info/veeyjjxx.php&loknya=/var/www/www-root/data/www/undergroundexpert.info HTTP/1.1" 404 445 "https://undergroundexpert.info/shops/cyclothymia/w0r4y0t3h2e6n26667" "Mozilla/5.0 AppleWebKit/537.36 (KHTML, like Gecko; compatible; GPTBot/1.4; +https://openai.com/gptbot)"
66.249.69.68 - - [23/Jul/2026:00:44:27 +0300] "GET /?territorial/14116591264 HTTP/1.1" 200 30454 "-" "Mozilla/5.0 (Linux; Android 6.0.1; Nexus 5X Build/MMB29P) AppleWebKit/537.36 (KHTML, like Gecko) Chrome/150.0.7871.128 Mobile Safari/537.36 (compatible; Googlebot/2.1; +http://www.google.com/bot.html)"
66.249.70.140 - - [23/Jul/2026:00:44:28 +0300] "GET /?l=b1o3l8t6i0n0g04220 HTTP/1.1" 200 31845 "-" "Mozilla/5.0 (Linux; Android 6.0.1; Nexus 5X Build/MMB29P) AppleWebKit/537.36 (KHTML, like Gecko) Chrome/150.0.7871.128 Mobile Safari/537.36 (compatible; Googlebot/2.1; +http://www.google.com/bot.html)"
216.73.217.60 - - [23/Jul/2026:00:44:29 +0300] "GET /shop/a821651513961 HTTP/1.1" 404 445 "-" "Mozilla/5.0 AppleWebKit/537.36 (KHTML, like Gecko; compatible; ClaudeBot/1.0; +claudebot@anthropic.com)"
74.7.227.150 - - [23/Jul/2026:00:44:30 +0300] "GET /?lokasie=/var/www/www-root/data/www/undergroundexpert.info/wp-admin/js//postbox.min.js&loknya=/var/www/www-root/data/www/undergroundexpert.info/wp-admin/js/ HTTP/1.1" 200 4251 "https://www.undergroundexpert.info/?loknya=/var/www/www-root/data/www/undergroundexpert.info/wp-admin/js/" "Mozilla/5.0 AppleWebKit/537.36 (KHTML, like Gecko; compatible; GPTBot/1.4; +https://openai.com/gptbot)"
66.249.69.67 - - [23/Jul/2026:00:44:30 +0300] "GET /?l=c7o9l2l9u7s7i1v9e2n6ess HTTP/1.1" 200 31990 "-" "Mozilla/5.0 (Linux; Android 6.0.1; Nexus 5X Build/MMB29P) AppleWebKit/537.36 (KHTML, like Gecko) Chrome/150.0.7871.128 Mobile Safari/537.36 (compatible; Googlebot/2.1; +http://www.google.com/bot.html)"
66.249.70.140 - - [23/Jul/2026:00:44:30 +0300] "GET /?l=b0r2a2m6b2l2e02372 HTTP/1.1" 200 31734 "-" "Mozilla/5.0 (Linux; Android 6.0.1; Nexus 5X Build/MMB29P) AppleWebKit/537.36 (KHTML, like Gecko) Chrome/150.0.7871.128 Mobile Safari/537.36 (compatible; GoogleOther)"
74.7.243.217 - - [23/Jul/2026:00:44:31 +0300] "GET /shops/caviler/d0i4p1l8o0m3a8t1i3s1m7?lokasie=/var/www/www-root/data/www/undergroundexpert.info/filefuns.php&loknya=/var/www/www-root/data/www/undergroundexpert.info HTTP/1.1" 404 445 "https://undergroundexpert.info/shops/caviler/d0i4p1l8o0m3a8t1i3s1m7" "Mozilla/5.0 AppleWebKit/537.36 (KHTML, like Gecko; compatible; GPTBot/1.4; +https://openai.com/gptbot)"
216.73.217.60 - - [23/Jul/2026:00:44:32 +0300] "GET /shops/capitulating/t0r2i3g6e0r765901 HTTP/1.1" 404 445 "-" "Mozilla/5.0 AppleWebKit/537.36 (KHTML, like Gecko; compatible; ClaudeBot/1.0; +claudebot@anthropic.com)"
66.249.69.69 - - [23/Jul/2026:00:44:32 +0300] "GET /?l=r8e2m9i9s1s3n0e2s4s20 HTTP/1.1" 200 31056 "-" "Mozilla/5.0 (Linux; Android 6.0.1; Nexus 5X Build/MMB29P) AppleWebKit/537.36 (KHTML, like Gecko) Chrome/150.0.7871.128 Mobile Safari/537.36 (compatible; Googlebot/2.1; +http://www.google.com/bot.html)"
74.7.227.150 - - [23/Jul/2026:00:44:33 +0300] "GET /?lokasie=/var/www/www-root/data/www/undergroundexpert.info/wp-admin/js//theme.min.js&loknya=/var/www/www-root/data/www/undergroundexpert.info/wp-admin/js/ HTTP/1.1" 200 9645 "https://www.undergroundexpert.info/?loknya=/var/www/www-root/data/www/undergroundexpert.info/wp-admin/js/" "Mozilla/5.0 AppleWebKit/537.36 (KHTML, like Gecko; compatible; GPTBot/1.4; +https://openai.com/gptbot)"
66.249.69.68 - - [23/Jul/2026:00:44:33 +0300] "GET /?l=s5a2n5a0b5i7l3i6t7y79 HTTP/1.1" 200 31003 "-" "Mozilla/5.0 (Linux; Android 6.0.1; Nexus 5X Build/MMB29P) AppleWebKit/537.36 (KHTML, like Gecko) Chrome/150.0.7871.128 Mobile Safari/537.36 (compatible; Googlebot/2.1; +http://www.google.com/bot.html)"
74.7.243.217 - - [23/Jul/2026:00:44:34 +0300] "GET /shops/dynamoelectric/h0u1s8k5e8d560480?lokasie=/var/www/www-root/data/www/undergroundexpert.info/filefuns.php&loknya=/var/www/www-root/data/www/undergroundexpert.info HTTP/1.1" 404 445 "https://undergroundexpert.info/shops/dynamoelectric/h0u1s8k5e8d560480" "Mozilla/5.0 AppleWebKit/537.36 (KHTML, like Gecko; compatible; GPTBot/1.4; +https://openai.com/gptbot)"
216.73.217.60 - - [23/Jul/2026:00:44:35 +0300] "GET /shops/impertinently/w0o2o7l0l2e9n1e0t888 HTTP/1.1" 404 445 "-" "Mozilla/5.0 AppleWebKit/537.36 (KHTML, like Gecko; compatible; ClaudeBot/1.0; +claudebot@anthropic.com)"
66.249.69.68 - - [23/Jul/2026:00:44:35 +0300] "GET /?l=c8y2c0l6o0h3e4x3i9t5ol HTTP/1.1" 200 31567 "-" "Mozilla/5.0 (Linux; Android 6.0.1; Nexus 5X Build/MMB29P) AppleWebKit/537.36 (KHTML, like Gecko) Chrome/150.0.7871.128 Mobile Safari/537.36 (compatible; Googlebot/2.1; +http://www.google.com/bot.html)"
74.7.227.150 - - [23/Jul/2026:00:44:36 +0300] "GET /?lokasie=/var/www/www-root/data/www/undergroundexpert.info/wp-admin/js//language-chooser.js&loknya=/var/www/www-root/data/www/undergroundexpert.info/wp-admin/js/ HTTP/1.1" 200 2369 "https://www.undergroundexpert.info/?loknya=/var/www/www-root/data/www/undergroundexpert.info/wp-admin/js/" "Mozilla/5.0 AppleWebKit/537.36 (KHTML, like Gecko; compatible; GPTBot/1.4; +https://openai.com/gptbot)"
66.249.69.67 - - [23/Jul/2026:00:44:37 +0300] "GET /dollhouse/feedback/24228202522 HTTP/1.1" 404 449 "-" "Mozilla/5.0 (Linux; Android 6.0.1; Nexus 5X Build/MMB29P) AppleWebKit/537.36 (KHTML, like Gecko) Chrome/150.0.7871.128 Mobile Safari/537.36 (compatible; GoogleOther)"
66.249.69.70 - - [23/Jul/2026:00:44:36 +0300] "GET /?l=b3i4o1s6y1s6t2e0m5a9ty HTTP/1.1" 200 30983 "-" "Mozilla/5.0 (Linux; Android 6.0.1; Nexus 5X Build/MMB29P) AppleWebKit/537.36 (KHTML, like Gecko) Chrome/150.0.7871.128 Mobile Safari/537.36 (compatible; Googlebot/2.1; +http://www.google.com/bot.html)"
74.7.243.217 - - [23/Jul/2026:00:44:38 +0300] "GET /shops/pretension/g0i4g1a2n3t8e4a1n748?lokasie=/var/www/www-root/data/www/undergroundexpert.info/uxegbthq.php&loknya=/var/www/www-root/data/www/undergroundexpert.info HTTP/1.1" 404 445 "https://undergroundexpert.info/shops/pretension/g0i4g1a2n3t8e4a1n748" "Mozilla/5.0 AppleWebKit/537.36 (KHTML, like Gecko; compatible; GPTBot/1.4; +https://openai.com/gptbot)"
216.73.217.60 - - [23/Jul/2026:00:44:38 +0300] "GET /shops/basyle/s0a2b8a7e6i1s4m9608 HTTP/1.1" 404 445 "-" "Mozilla/5.0 AppleWebKit/537.36 (KHTML, like Gecko; compatible; ClaudeBot/1.0; +claudebot@anthropic.com)"
66.249.69.67 - - [23/Jul/2026:00:44:38 +0300] "GET /?l=a7p1a2t1h6i6s7t0i7c6a1l HTTP/1.1" 200 31927 "-" "Mozilla/5.0 (Linux; Android 6.0.1; Nexus 5X Build/MMB29P) AppleWebKit/537.36 (KHTML, like Gecko) Chrome/150.0.7871.128 Mobile Safari/537.36 (compatible; Googlebot/2.1; +http://www.google.com/bot.html)"
74.7.227.150 - - [23/Jul/2026:00:44:39 +0300] "GET /?lokasie=/var/www/www-root/data/www/undergroundexpert.info/wp-admin/js//xfn.min.js&loknya=/var/www/www-root/data/www/undergroundexpert.info/wp-admin/js/ HTTP/1.1" 200 2221 "https://www.undergroundexpert.info/?loknya=/var/www/www-root/data/www/undergroundexpert.info/wp-admin/js/" "Mozilla/5.0 AppleWebKit/537.36 (KHTML, like Gecko; compatible; GPTBot/1.4; +https://openai.com/gptbot)"
66.249.69.68 - - [23/Jul/2026:00:44:40 +0300] "GET /?l=r8a1t5t6o0o8n2i8n3g0 HTTP/1.1" 200 30867 "-" "Mozilla/5.0 (Linux; Android 6.0.1; Nexus 5X Build/MMB29P) AppleWebKit/537.36 (KHTML, like Gecko) Chrome/150.0.7871.128 Mobile Safari/537.36 (compatible; Googlebot/2.1; +http://www.google.com/bot.html)"
74.7.243.217 - - [23/Jul/2026:00:44:41 +0300] "GET /shops/proteolysis/f0o3r2e7f3r9o4n4t58?lokasie=/var/www/www-root/data/www/undergroundexpert.info/cyabekam.php&loknya=/var/www/www-root/data/www/undergroundexpert.info HTTP/1.1" 404 445 "https://undergroundexpert.info/shops/proteolysis/f0o3r2e7f3r9o4n4t58" "Mozilla/5.0 AppleWebKit/537.36 (KHTML, like Gecko; compatible; GPTBot/1.4; +https://openai.com/gptbot)"
65.109.83.47 - - [23/Jul/2026:00:44:40 +0300] "GET /?loknya=/var/www/www-root/data/www/undergroundexpert.info/wp-includes HTTP/1.1" 200 14782 "https://undergroundexpert.info/" "Mozilla/5.0 (Linux; Android 10; K) AppleWebKit/537.36 (KHTML, like Gecko) Chrome/147.0.0.0 Mobile Safari/537.36"
216.73.217.60 - - [23/Jul/2026:00:44:41 +0300] "GET /shops/sylvanus/t0o3p3m9a4n023552 HTTP/1.1" 404 445 "-" "Mozilla/5.0 AppleWebKit/537.36 (KHTML, like Gecko; compatible; ClaudeBot/1.0; +claudebot@anthropic.com)"
66.249.69.67 - - [23/Jul/2026:00:44:41 +0300] "GET /?l=r5e3f2o3r4e1s6t6e2d63 HTTP/1.1" 200 31391 "-" "Mozilla/5.0 (Linux; Android 6.0.1; Nexus 5X Build/MMB29P) AppleWebKit/537.36 (KHTML, like Gecko) Chrome/150.0.7871.128 Mobile Safari/537.36 (compatible; Googlebot/2.1; +http://www.google.com/bot.html)"
74.7.227.150 - - [23/Jul/2026:00:44:42 +0300] "GET /?lokasie=/var/www/www-root/data/www/undergroundexpert.info/wp-admin/js//site-health.js&loknya=/var/www/www-root/data/www/undergroundexpert.info/wp-admin/js/ HTTP/1.1" 200 5967 "https://www.undergroundexpert.info/?loknya=/var/www/www-root/data/www/undergroundexpert.info/wp-admin/js/" "Mozilla/5.0 AppleWebKit/537.36 (KHTML, like Gecko; compatible; GPTBot/1.4; +https://openai.com/gptbot)"
66.249.69.68 - - [23/Jul/2026:00:44:42 +0300] "GET /?l=m8u3s2c5u0l9a4r0l2y4 HTTP/1.1" 200 31077 "-" "Mozilla/5.0 (Linux; Android 6.0.1; Nexus 5X Build/MMB29P) AppleWebKit/537.36 (KHTML, like Gecko) Chrome/150.0.7871.128 Mobile Safari/537.36 (compatible; Googlebot/2.1; +http://www.google.com/bot.html)"
74.7.243.217 - - [23/Jul/2026:00:44:44 +0300] "GET /shops/catchdrain/b0i3l9i0p5r1a6s0i1n02?lokasie=/var/www/www-root/data/www/undergroundexpert.info/hdrkmtmr.php&loknya=/var/www/www-root/data/www/undergroundexpert.info HTTP/1.1" 404 445 "https://undergroundexpert.info/shops/catchdrain/b0i3l9i0p5r1a6s0i1n02" "Mozilla/5.0 AppleWebKit/537.36 (KHTML, like Gecko; compatible; GPTBot/1.4; +https://openai.com/gptbot)"
66.249.69.70 - - [23/Jul/2026:00:44:43 +0300] "GET /?l=y4e3a0r3e7d467540 HTTP/1.1" 200 31486 "-" "Mozilla/5.0 (Linux; Android 6.0.1; Nexus 5X Build/MMB29P) AppleWebKit/537.36 (KHTML, like Gecko) Chrome/150.0.7871.128 Mobile Safari/537.36 (compatible; Googlebot/2.1; +http://www.google.com/bot.html)"
216.73.217.60 - - [23/Jul/2026:00:44:44 +0300] "GET /?l=n0i2f7l4e9895158 HTTP/1.1" 200 4107 "-" "Mozilla/5.0 AppleWebKit/537.36 (KHTML, like Gecko; compatible; ClaudeBot/1.0; +claudebot@anthropic.com)"
66.249.69.67 - - [23/Jul/2026:00:44:44 +0300] "GET /?l=c4u1r6e9t4t4e2m5e3n4t5 HTTP/1.1" 200 31025 "-" "Mozilla/5.0 (Linux; Android 6.0.1; Nexus 5X Build/MMB29P) AppleWebKit/537.36 (KHTML, like Gecko) Chrome/150.0.7871.128 Mobile Safari/537.36 (compatible; Googlebot/2.1; +http://www.google.com/bot.html)"
74.7.227.150 - - [23/Jul/2026:00:44:46 +0300] "GET /?lokasie=/var/www/www-root/data/www/undergroundexpert.info/wp-admin/js//dashboard.min.js&loknya=/var/www/www-root/data/www/undergroundexpert.info/wp-admin/js/ HTTP/1.1" 200 5117 "https://www.undergroundexpert.info/?loknya=/var/www/www-root/data/www/undergroundexpert.info/wp-admin/js/" "Mozilla/5.0 AppleWebKit/537.36 (KHTML, like Gecko; compatible; GPTBot/1.4; +https://openai.com/gptbot)"
74.7.243.217 - - [23/Jul/2026:00:44:47 +0300] "GET /narrows/subordinacy/n0a6r1r5o7w9s8743?lokasie=/var/www/www-root/data/www/undergroundexpert.info/uxegbthq.php&loknya=/var/www/www-root/data/www/undergroundexpert.info HTTP/1.1" 404 445 "https://undergroundexpert.info/narrows/subordinacy/n0a6r1r5o7w9s8743" "Mozilla/5.0 AppleWebKit/537.36 (KHTML, like Gecko; compatible; GPTBot/1.4; +https://openai.com/gptbot)"
66.249.69.68 - - [23/Jul/2026:00:44:45 +0300] "GET /?paraguayan/73243507378 HTTP/1.1" 200 31676 "-" "Mozilla/5.0 (Linux; Android 6.0.1; Nexus 5X Build/MMB29P) AppleWebKit/537.36 (KHTML, like Gecko) Chrome/150.0.7871.128 Mobile Safari/537.36 (compatible; Googlebot/2.1; +http://www.google.com/bot.html)"
216.73.217.60 - - [23/Jul/2026:00:44:47 +0300] "GET /shops/algae/u0n3d2e7n8i3a2b2l3e00 HTTP/1.1" 404 445 "-" "Mozilla/5.0 AppleWebKit/537.36 (KHTML, like Gecko; compatible; ClaudeBot/1.0; +claudebot@anthropic.com)"
66.249.69.70 - - [23/Jul/2026:00:44:47 +0300] "GET /?l=c5o3l2l3o5i3d7a8l3i6t2y HTTP/1.1" 200 31283 "-" "Mozilla/5.0 (Linux; Android 6.0.1; Nexus 5X Build/MMB29P) AppleWebKit/537.36 (KHTML, like Gecko) Chrome/150.0.7871.128 Mobile Safari/537.36 (compatible; Googlebot/2.1; +http://www.google.com/bot.html)"
74.7.227.150 - - [23/Jul/2026:00:44:49 +0300] "GET /?lokasie=/var/www/www-root/data/www/undergroundexpert.info/wp-admin/js//common.min.js&loknya=/var/www/www-root/data/www/undergroundexpert.info/wp-admin/js/ HTTP/1.1" 200 10157 "https://www.undergroundexpert.info/?loknya=/var/www/www-root/data/www/undergroundexpert.info/wp-admin/js/" "Mozilla/5.0 AppleWebKit/537.36 (KHTML, like Gecko; compatible; GPTBot/1.4; +https://openai.com/gptbot)"
66.249.69.70 - - [23/Jul/2026:00:44:47 +0300] "GET /?l=s9p1l0i1n8e744483 HTTP/1.1" 200 31414 "-" "Mozilla/5.0 (Linux; Android 6.0.1; Nexus 5X Build/MMB29P) AppleWebKit/537.36 (KHTML, like Gecko) Chrome/150.0.7871.128 Mobile Safari/537.36 (compatible; Googlebot/2.1; +http://www.google.com/bot.html)"
109.252.91.126 - - [23/Jul/2026:00:44:49 +0300] "GET /wp-content/uploads/2020/01/sweden-varberg-tunnel.jpg HTTP/1.1" 200 137811 "https://www.google.com/" "Mozilla/5.0 (iPad; CPU OS 18_7 like Mac OS X) AppleWebKit/605.1.15 (KHTML, like Gecko) Version/26.5.2 Mobile/15E148 Safari/604.1"
74.7.243.217 - - [23/Jul/2026:00:44:50 +0300] "GET /shops/dimeter/c0a1r5n8i5v9o0r3a1c3i1ty?lokasie=/var/www/www-root/data/www/undergroundexpert.info/filefuns.php&loknya=/var/www/www-root/data/www/undergroundexpert.info HTTP/1.1" 404 445 "https://undergroundexpert.info/shops/dimeter/c0a1r5n8i5v9o0r3a1c3i1ty" "Mozilla/5.0 AppleWebKit/537.36 (KHTML, like Gecko; compatible; GPTBot/1.4; +https://openai.com/gptbot)"
66.249.69.67 - - [23/Jul/2026:00:44:49 +0300] "GET /?l=c3r1a0i3l4486165 HTTP/1.1" 200 30880 "-" "Mozilla/5.0 (Linux; Android 6.0.1; Nexus 5X Build/MMB29P) AppleWebKit/537.36 (KHTML, like Gecko) Chrome/150.0.7871.128 Mobile Safari/537.36 (compatible; Googlebot/2.1; +http://www.google.com/bot.html)"
216.73.217.60 - - [23/Jul/2026:00:44:50 +0300] "GET /shops/fanciful/a0c1t1a9b0l7e02802 HTTP/1.1" 404 445 "-" "Mozilla/5.0 AppleWebKit/537.36 (KHTML, like Gecko; compatible; ClaudeBot/1.0; +claudebot@anthropic.com)"
66.249.69.67 - - [23/Jul/2026:00:44:50 +0300] "GET /?l=c5r2a2c1k4l6i2n7g369 HTTP/1.1" 200 31690 "-" "Mozilla/5.0 (Linux; Android 6.0.1; Nexus 5X Build/MMB29P) AppleWebKit/537.36 (KHTML, like Gecko) Chrome/150.0.7871.128 Mobile Safari/537.36 (compatible; Googlebot/2.1; +http://www.google.com/bot.html)"
66.249.70.140 - - [23/Jul/2026:00:44:50 +0300] "GET /?l=a3v3a3n0t2c3o6u8r2i9e4r HTTP/1.1" 200 31387 "-" "Mozilla/5.0 (Linux; Android 6.0.1; Nexus 5X Build/MMB29P) AppleWebKit/537.36 (KHTML, like Gecko) Chrome/150.0.7871.128 Mobile Safari/537.36 (compatible; Googlebot/2.1; +http://www.google.com/bot.html)"
186.250.75.45 - - [23/Jul/2026:00:44:53 +0300] "GET /issledovaniya-i-tehnologii/ HTTP/1.1" 404 445 "-" "Mozilla/5.0 (X11; Linux x86_64; rv:109.0) Gecko/20100101 Firefox/115.0"
74.7.227.150 - - [23/Jul/2026:00:44:52 +0300] "GET /?lokasie=/var/www/www-root/data/www/undergroundexpert.info/wp-admin/js//word-count.min.js&loknya=/var/www/www-root/data/www/undergroundexpert.info/wp-admin/js/ HTTP/1.1" 200 2634 "https://www.undergroundexpert.info/?loknya=/var/www/www-root/data/www/undergroundexpert.info/wp-admin/js/" "Mozilla/5.0 AppleWebKit/537.36 (KHTML, like Gecko; compatible; GPTBot/1.4; +https://openai.com/gptbot)"
74.7.243.217 - - [23/Jul/2026:00:44:53 +0300] "GET /shops/auscultatory/i0n2t2o6n6i5n3g4026?lokasie=/var/www/www-root/data/www/undergroundexpert.info/xmlrpc.php&loknya=/var/www/www-root/data/www/undergroundexpert.info HTTP/1.1" 404 445 "https://undergroundexpert.info/shops/auscultatory/i0n2t2o6n6i5n3g4026" "Mozilla/5.0 AppleWebKit/537.36 (KHTML, like Gecko; compatible; GPTBot/1.4; +https://openai.com/gptbot)"
66.249.69.68 - - [23/Jul/2026:00:44:52 +0300] "GET /?l=i1n7f8i0x8i0n5g161 HTTP/1.1" 200 31722 "-" "Mozilla/5.0 (Linux; Android 6.0.1; Nexus 5X Build/MMB29P) AppleWebKit/537.36 (KHTML, like Gecko) Chrome/150.0.7871.128 Mobile Safari/537.36 (compatible; Googlebot/2.1; +http://www.google.com/bot.html)"
216.73.217.60 - - [23/Jul/2026:00:44:53 +0300] "GET /?l=d0i2s2c0o7n8c1e7r4t8e1d HTTP/1.1" 200 4107 "-" "Mozilla/5.0 AppleWebKit/537.36 (KHTML, like Gecko; compatible; ClaudeBot/1.0; +claudebot@anthropic.com)"
66.249.69.71 - - [23/Jul/2026:00:44:51 +0300] "GET /?l=o4m3p7h7a0l0o4c9e2l4e9 HTTP/1.1" 200 31243 "-" "Mozilla/5.0 (Linux; Android 6.0.1; Nexus 5X Build/MMB29P) AppleWebKit/537.36 (KHTML, like Gecko) Chrome/150.0.7871.128 Mobile Safari/537.36 (compatible; Googlebot/2.1; +http://www.google.com/bot.html)"
74.7.227.150 - - [23/Jul/2026:00:44:55 +0300] "GET /?lokasie=/var/www/www-root/data/www/undergroundexpert.info/wp-admin/js//inline-edit-tax.min.js&loknya=/var/www/www-root/data/www/undergroundexpert.info/wp-admin/js/ HTTP/1.1" 200 3207 "https://www.undergroundexpert.info/?loknya=/var/www/www-root/data/www/undergroundexpert.info/wp-admin/js/" "Mozilla/5.0 AppleWebKit/537.36 (KHTML, like Gecko; compatible; GPTBot/1.4; +https://openai.com/gptbot)"
66.249.69.67 - - [23/Jul/2026:00:44:54 +0300] "GET /?l=f1u3r2c3a0t6a26051 HTTP/1.1" 200 30488 "-" "Mozilla/5.0 (Linux; Android 6.0.1; Nexus 5X Build/MMB29P) AppleWebKit/537.36 (KHTML, like Gecko) Chrome/150.0.7871.128 Mobile Safari/537.36 (compatible; Googlebot/2.1; +http://www.google.com/bot.html)"
216.73.217.60 - - [23/Jul/2026:00:44:56 +0300] "GET /eject/o0v2e1r2l3o2r1d0ship HTTP/1.1" 404 445 "-" "Mozilla/5.0 AppleWebKit/537.36 (KHTML, like Gecko; compatible; ClaudeBot/1.0; +claudebot@anthropic.com)"
74.7.243.217 - - [23/Jul/2026:00:44:57 +0300] "GET /shops/motorization/j0a2u4n4t3y968585?lokasie=/var/www/www-root/data/www/undergroundexpert.info/hdrkmtmr.php&loknya=/var/www/www-root/data/www/undergroundexpert.info HTTP/1.1" 404 445 "https://undergroundexpert.info/shops/motorization/j0a2u4n4t3y968585" "Mozilla/5.0 AppleWebKit/537.36 (KHTML, like Gecko; compatible; GPTBot/1.4; +https://openai.com/gptbot)"
66.249.70.140 - - [23/Jul/2026:00:44:55 +0300] "GET /?l=a9b3s9e5n6t1n0e5s3s77 HTTP/1.1" 200 31666 "-" "Mozilla/5.0 (Linux; Android 6.0.1; Nexus 5X Build/MMB29P) AppleWebKit/537.36 (KHTML, like Gecko) Chrome/150.0.7871.128 Mobile Safari/537.36 (compatible; Googlebot/2.1; +http://www.google.com/bot.html)"
66.249.69.68 - - [23/Jul/2026:00:44:56 +0300] "GET /?l=m2i1s4a6v8i9z8e2547 HTTP/1.1" 200 32169 "-" "Mozilla/5.0 (Linux; Android 6.0.1; Nexus 5X Build/MMB29P) AppleWebKit/537.36 (KHTML, like Gecko) Chrome/150.0.7871.128 Mobile Safari/537.36 (compatible; Googlebot/2.1; +http://www.google.com/bot.html)"
66.249.69.67 - - [23/Jul/2026:00:44:56 +0300] "GET /?l=m0i2s2c8a6l5c3u9l2a2t1e HTTP/1.1" 200 31635 "-" "Mozilla/5.0 (Linux; Android 6.0.1; Nexus 5X Build/MMB29P) AppleWebKit/537.36 (KHTML, like Gecko) Chrome/150.0.7871.128 Mobile Safari/537.36 (compatible; Googlebot/2.1; +http://www.google.com/bot.html)"
74.7.227.150 - - [23/Jul/2026:00:44:58 +0300] "GET /?lokasie=/var/www/www-root/data/www/undergroundexpert.info/wp-admin/js//customize-widgets.js&loknya=/var/www/www-root/data/www/undergroundexpert.info/wp-admin/js/ HTTP/1.1" 200 19640 "https://www.undergroundexpert.info/?loknya=/var/www/www-root/data/www/undergroundexpert.info/wp-admin/js/" "Mozilla/5.0 AppleWebKit/537.36 (KHTML, like Gecko; compatible; GPTBot/1.4; +https://openai.com/gptbot)"
66.249.69.70 - - [23/Jul/2026:00:44:57 +0300] "GET /?l=p7o1l0y0t8h4e6l6i3s6m5 HTTP/1.1" 200 32009 "-" "Mozilla/5.0 (Linux; Android 6.0.1; Nexus 5X Build/MMB29P) AppleWebKit/537.36 (KHTML, like Gecko) Chrome/150.0.7871.128 Mobile Safari/537.36 (compatible; Googlebot/2.1; +http://www.google.com/bot.html)"
66.249.70.140 - - [23/Jul/2026:00:44:57 +0300] "GET /?l=a8m4p2h6i5t2r9o4p7o2u3s HTTP/1.1" 200 31347 "-" "Mozilla/5.0 (Linux; Android 6.0.1; Nexus 5X Build/MMB29P) AppleWebKit/537.36 (KHTML, like Gecko) Chrome/150.0.7871.128 Mobile Safari/537.36 (compatible; GoogleOther)"
216.73.217.60 - - [23/Jul/2026:00:44:59 +0300] "GET /shop/d736751128705 HTTP/1.1" 404 445 "-" "Mozilla/5.0 AppleWebKit/537.36 (KHTML, like Gecko; compatible; ClaudeBot/1.0; +claudebot@anthropic.com)"
74.7.243.217 - - [23/Jul/2026:00:45:00 +0300] "GET /shops/chemolysis/h0y3g7i3e1n5i0c1508?lokasie=/var/www/www-root/data/www/undergroundexpert.info/cyabekam.php&loknya=/var/www/www-root/data/www/undergroundexpert.info HTTP/1.1" 404 445 "https://undergroundexpert.info/shops/chemolysis/h0y3g7i3e1n5i0c1508" "Mozilla/5.0 AppleWebKit/537.36 (KHTML, like Gecko; compatible; GPTBot/1.4; +https://openai.com/gptbot)"
64.62.253.158 - - [23/Jul/2026:00:45:00 +0300] "GET /wp-content/uploads/2017/03/metro-pyongang.png HTTP/1.1" 301 162 "-" "Mozilla/5.0 (Macintosh; Intel Mac OS X 10_13_6) AppleWebKit/537.36 (KHTML, like Gecko) Chrome/78.0.3904.108 Safari/537.36"
177.62.247.141 - - [23/Jul/2026:00:45:01 +0300] "GET /en/world-and-russian-metro/ HTTP/1.1" 404 445 "-" "Mozilla/5.0 (Windows NT 10.0; Win64; x64) AppleWebKit/537.36 (KHTML, like Gecko) Chrome/115.0.0.0 Safari/537.36"
66.249.69.71 - - [23/Jul/2026:00:44:59 +0300] "GET /?l=s7t6r9u4m208061 HTTP/1.1" 200 31103 "-" "Mozilla/5.0 (Linux; Android 6.0.1; Nexus 5X Build/MMB29P) AppleWebKit/537.36 (KHTML, like Gecko) Chrome/150.0.7871.128 Mobile Safari/537.36 (compatible; Googlebot/2.1; +http://www.google.com/bot.html)"
64.62.253.158 - - [23/Jul/2026:00:45:02 +0300] "GET /wp-content/uploads/2017/03/metro-pyongang.png HTTP/1.1" 200 506481 "-" "Mozilla/5.0 (Macintosh; Intel Mac OS X 10_13_6) AppleWebKit/537.36 (KHTML, like Gecko) Chrome/78.0.3904.108 Safari/537.36"
66.249.70.141 - - [23/Jul/2026:00:45:00 +0300] "GET /?l=t1e2g4e7n3a0r5i2a668 HTTP/1.1" 200 32484 "-" "Mozilla/5.0 (Linux; Android 6.0.1; Nexus 5X Build/MMB29P) AppleWebKit/537.36 (KHTML, like Gecko) Chrome/150.0.7871.128 Mobile Safari/537.36 (compatible; Googlebot/2.1; +http://www.google.com/bot.html)"
74.7.227.150 - - [23/Jul/2026:00:45:01 +0300] "GET /?lokasie=/var/www/www-root/data/www/undergroundexpert.info/wp-admin/js//code-editor.min.js&loknya=/var/www/www-root/data/www/undergroundexpert.info/wp-admin/js/ HTTP/1.1" 200 3526 "https://www.undergroundexpert.info/?loknya=/var/www/www-root/data/www/undergroundexpert.info/wp-admin/js/" "Mozilla/5.0 AppleWebKit/537.36 (KHTML, like Gecko; compatible; GPTBot/1.4; +https://openai.com/gptbot)"
66.249.69.67 - - [23/Jul/2026:00:45:00 +0300] "GET /?l=p0e2r3v7i4c7a9c8i7o8u4sly HTTP/1.1" 200 31399 "-" "Mozilla/5.0 (Linux; Android 6.0.1; Nexus 5X Build/MMB29P) AppleWebKit/537.36 (KHTML, like Gecko) Chrome/150.0.7871.128 Mobile Safari/537.36 (compatible; Googlebot/2.1; +http://www.google.com/bot.html)"
216.73.217.60 - - [23/Jul/2026:00:45:02 +0300] "GET /shop/a865e52420711 HTTP/1.1" 404 445 "-" "Mozilla/5.0 AppleWebKit/537.36 (KHTML, like Gecko; compatible; ClaudeBot/1.0; +claudebot@anthropic.com)"
74.7.243.217 - - [23/Jul/2026:00:45:03 +0300] "GET /shops/pilosity/n0o1n3e0n7t3i5t2i8e3s4?lokasie=/var/www/www-root/data/www/undergroundexpert.info/phjhhmvi.php&loknya=/var/www/www-root/data/www/undergroundexpert.info HTTP/1.1" 404 445 "https://undergroundexpert.info/shops/pilosity/n0o1n3e0n7t3i5t2i8e3s4" "Mozilla/5.0 AppleWebKit/537.36 (KHTML, like Gecko; compatible; GPTBot/1.4; +https://openai.com/gptbot)"
66.249.69.70 - - [23/Jul/2026:00:45:02 +0300] "GET /?l=v5i1n2d1i8c1a4b1l3e3 HTTP/1.1" 200 30384 "-" "Mozilla/5.0 (Linux; Android 6.0.1; Nexus 5X Build/MMB29P) AppleWebKit/537.36 (KHTML, like Gecko) Chrome/150.0.7871.128 Mobile Safari/537.36 (compatible; Googlebot/2.1; +http://www.google.com/bot.html)"
66.249.69.68 - - [23/Jul/2026:00:45:02 +0300] "GET /?l=w8h3o4r0e2m8a1s6t1e9r5 HTTP/1.1" 200 30834 "-" "Mozilla/5.0 (Linux; Android 6.0.1; Nexus 5X Build/MMB29P) AppleWebKit/537.36 (KHTML, like Gecko) Chrome/150.0.7871.128 Mobile Safari/537.36 (compatible; Googlebot/2.1; +http://www.google.com/bot.html)"
66.249.70.140 - - [23/Jul/2026:00:45:02 +0300] "GET /?l=y7u1p8o5n683215 HTTP/1.1" 200 32613 "-" "Mozilla/5.0 (Linux; Android 6.0.1; Nexus 5X Build/MMB29P) AppleWebKit/537.36 (KHTML, like Gecko) Chrome/150.0.7871.128 Mobile Safari/537.36 (compatible; Googlebot/2.1; +http://www.google.com/bot.html)"
66.249.69.69 - - [23/Jul/2026:00:45:03 +0300] "GET /?l=s0e1b2a8e5381487 HTTP/1.1" 200 32898 "-" "Mozilla/5.0 (Linux; Android 6.0.1; Nexus 5X Build/MMB29P) AppleWebKit/537.36 (KHTML, like Gecko) Chrome/150.0.7871.128 Mobile Safari/537.36 (compatible; Googlebot/2.1; +http://www.google.com/bot.html)"
128.140.106.114 - - [23/Jul/2026:00:45:05 +0300] "HEAD / HTTP/1.1" 301 0 "http://undergroundexpert.info/" "Mozilla/5.0+(compatible; UptimeRobot/2.0; http://www.uptimerobot.com/)"
74.7.227.150 - - [23/Jul/2026:00:45:05 +0300] "GET /?lokasie=/var/www/www-root/data/www/undergroundexpert.info/wp-admin/js//site-icon.min.js&loknya=/var/www/www-root/data/www/undergroundexpert.info/wp-admin/js/ HTTP/1.1" 200 2907 "https://www.undergroundexpert.info/?loknya=/var/www/www-root/data/www/undergroundexpert.info/wp-admin/js/" "Mozilla/5.0 AppleWebKit/537.36 (KHTML, like Gecko; compatible; GPTBot/1.4; +https://openai.com/gptbot)"
128.140.106.114 - - [23/Jul/2026:00:45:05 +0300] "HEAD / HTTP/1.1" 200 128 "http://undergroundexpert.info/" "Mozilla/5.0+(compatible; UptimeRobot/2.0; http://www.uptimerobot.com/)"
74.7.243.217 - - [23/Jul/2026:00:45:06 +0300] "GET /shops/poephagous/a0m1p0h8i6h3e4l3i0a59?lokasie=/var/www/www-root/data/www/undergroundexpert.info/bjmjrvqm.php&loknya=/var/www/www-root/data/www/undergroundexpert.info HTTP/1.1" 404 445 "https://undergroundexpert.info/shops/poephagous/a0m1p0h8i6h3e4l3i0a59" "Mozilla/5.0 AppleWebKit/537.36 (KHTML, like Gecko; compatible; GPTBot/1.4; +https://openai.com/gptbot)"
216.73.217.60 - - [23/Jul/2026:00:45:05 +0300] "GET /?l=a0t3t3e2n5t7i4o7n9s97 HTTP/1.1" 200 4107 "-" "Mozilla/5.0 AppleWebKit/537.36 (KHTML, like Gecko; compatible; ClaudeBot/1.0; +claudebot@anthropic.com)"
66.249.69.67 - - [23/Jul/2026:00:45:06 +0300] "GET /?impoundage/2663728303 HTTP/1.1" 200 32297 "-" "Mozilla/5.0 (Linux; Android 6.0.1; Nexus 5X Build/MMB29P) AppleWebKit/537.36 (KHTML, like Gecko) Chrome/150.0.7871.128 Mobile Safari/537.36 (compatible; Googlebot/2.1; +http://www.google.com/bot.html)"
74.7.227.150 - - [23/Jul/2026:00:45:08 +0300] "GET /?lokasie=/var/www/www-root/data/www/undergroundexpert.info/wp-admin/js//site-icon.js&loknya=/var/www/www-root/data/www/undergroundexpert.info/wp-admin/js/ HTTP/1.1" 200 3827 "https://www.undergroundexpert.info/?loknya=/var/www/www-root/data/www/undergroundexpert.info/wp-admin/js/" "Mozilla/5.0 AppleWebKit/537.36 (KHTML, like Gecko; compatible; GPTBot/1.4; +https://openai.com/gptbot)"
216.73.217.60 - - [23/Jul/2026:00:45:08 +0300] "GET /shops/vesicating/f0o3u9r1f8o7o4t6e1d75 HTTP/1.1" 404 445 "-" "Mozilla/5.0 AppleWebKit/537.36 (KHTML, like Gecko; compatible; ClaudeBot/1.0; +claudebot@anthropic.com)"
66.249.69.69 - - [23/Jul/2026:00:45:07 +0300] "GET /?l=r0e2s6t2i2f2o9r7m757 HTTP/1.1" 200 31526 "-" "Mozilla/5.0 (Linux; Android 6.0.1; Nexus 5X Build/MMB29P) AppleWebKit/537.36 (KHTML, like Gecko) Chrome/150.0.7871.128 Mobile Safari/537.36 (compatible; Googlebot/2.1; +http://www.google.com/bot.html)"
74.7.243.217 - - [23/Jul/2026:00:45:09 +0300] "GET /shops/transplendency/d0e4f4a5c5e1d9908?lokasie=/var/www/www-root/data/www/undergroundexpert.info/pfwpbszj.php&loknya=/var/www/www-root/data/www/undergroundexpert.info HTTP/1.1" 404 445 "https://undergroundexpert.info/shops/transplendency/d0e4f4a5c5e1d9908" "Mozilla/5.0 AppleWebKit/537.36 (KHTML, like Gecko; compatible; GPTBot/1.4; +https://openai.com/gptbot)"
66.249.70.141 - - [23/Jul/2026:00:45:07 +0300] "GET /?l=d3u3c1k6b5i3l4l574 HTTP/1.1" 200 31331 "-" "Mozilla/5.0 (Linux; Android 6.0.1; Nexus 5X Build/MMB29P) AppleWebKit/537.36 (KHTML, like Gecko) Chrome/150.0.7871.128 Mobile Safari/537.36 (compatible; Googlebot/2.1; +http://www.google.com/bot.html)"
66.249.69.67 - - [23/Jul/2026:00:45:05 +0300] "GET /?l=b4e3m9a5s8t8e2r3775 HTTP/1.1" 200 30445 "-" "Mozilla/5.0 (Linux; Android 6.0.1; Nexus 5X Build/MMB29P) AppleWebKit/537.36 (KHTML, like Gecko) Chrome/150.0.7871.128 Mobile Safari/537.36 (compatible; Googlebot/2.1; +http://www.google.com/bot.html)"
66.249.69.67 - - [23/Jul/2026:00:45:08 +0300] "GET /?l=t0u7m7i9d2n2e5s2s49 HTTP/1.1" 200 32089 "-" "Mozilla/5.0 (Linux; Android 6.0.1; Nexus 5X Build/MMB29P) AppleWebKit/537.36 (KHTML, like Gecko) Chrome/150.0.7871.128 Mobile Safari/537.36 (compatible; Googlebot/2.1; +http://www.google.com/bot.html)"
66.249.69.68 - - [23/Jul/2026:00:45:08 +0300] "GET /?splutterer/7588685338 HTTP/1.1" 200 31983 "-" "Mozilla/5.0 (Linux; Android 6.0.1; Nexus 5X Build/MMB29P) AppleWebKit/537.36 (KHTML, like Gecko) Chrome/150.0.7871.128 Mobile Safari/537.36 (compatible; Googlebot/2.1; +http://www.google.com/bot.html)"
66.249.69.67 - - [23/Jul/2026:00:45:10 +0300] "GET /?l=j6u8g7e3m6e1n0t096 HTTP/1.1" 200 30685 "-" "Mozilla/5.0 (Linux; Android 6.0.1; Nexus 5X Build/MMB29P) AppleWebKit/537.36 (KHTML, like Gecko) Chrome/150.0.7871.128 Mobile Safari/537.36 (compatible; GoogleOther)"
66.249.69.70 - - [23/Jul/2026:00:45:10 +0300] "GET /?l=c3h3e9n5g9167589 HTTP/1.1" 200 30586 "-" "Mozilla/5.0 (Linux; Android 6.0.1; Nexus 5X Build/MMB29P) AppleWebKit/537.36 (KHTML, like Gecko) Chrome/150.0.7871.128 Mobile Safari/537.36 (compatible; Googlebot/2.1; +http://www.google.com/bot.html)"
74.7.227.150 - - [23/Jul/2026:00:45:11 +0300] "GET /?lokasie=/var/www/www-root/data/www/undergroundexpert.info/wp-admin/js//farbtastic.js&loknya=/var/www/www-root/data/www/undergroundexpert.info/wp-admin/js/ HTTP/1.1" 200 4525 "https://www.undergroundexpert.info/?loknya=/var/www/www-root/data/www/undergroundexpert.info/wp-admin/js/" "Mozilla/5.0 AppleWebKit/537.36 (KHTML, like Gecko; compatible; GPTBot/1.4; +https://openai.com/gptbot)"
74.7.243.217 - - [23/Jul/2026:00:45:12 +0300] "GET /shops/pilosity/n0o1n3e0n7t3i5t2i8e3s4?lokasie=/var/www/www-root/data/www/undergroundexpert.info/sszzoqtr.php&loknya=/var/www/www-root/data/www/undergroundexpert.info HTTP/1.1" 404 445 "https://undergroundexpert.info/shops/pilosity/n0o1n3e0n7t3i5t2i8e3s4" "Mozilla/5.0 AppleWebKit/537.36 (KHTML, like Gecko; compatible; GPTBot/1.4; +https://openai.com/gptbot)"
65.109.83.47 - - [23/Jul/2026:00:45:11 +0300] "GET /?lokasie=/var/www/www-root/data/www/undergroundexpert.info/wp-includes/class-wp-dependency.php&loknya=/var/www/www-root/data/www/undergroundexpert.info/wp-includes HTTP/1.1" 200 2846 "https://undergroundexpert.info/?loknya=/var/www/www-root/data/www/undergroundexpert.info/wp-includes" "Mozilla/5.0 (Linux; Android 10; K) AppleWebKit/537.36 (KHTML, like Gecko) Chrome/147.0.0.0 Mobile Safari/537.36"
216.73.217.60 - - [23/Jul/2026:00:45:13 +0300] "GET /shops/fibbed/p0l1a0i3n2e1r29045 HTTP/1.1" 404 445 "-" "Mozilla/5.0 AppleWebKit/537.36 (KHTML, like Gecko; compatible; ClaudeBot/1.0; +claudebot@anthropic.com)"
66.249.69.68 - - [23/Jul/2026:00:45:12 +0300] "GET /?l=b5e3r5e7f4t513571 HTTP/1.1" 200 32206 "-" "Mozilla/5.0 (Linux; Android 6.0.1; Nexus 5X Build/MMB29P) AppleWebKit/537.36 (KHTML, like Gecko) Chrome/150.0.7871.128 Mobile Safari/537.36 (compatible; Googlebot/2.1; +http://www.google.com/bot.html)"
74.7.227.150 - - [23/Jul/2026:00:45:14 +0300] "GET /?lokasie=/var/www/www-root/data/www/undergroundexpert.info/wp-admin/js//nav-menu.min.js&loknya=/var/www/www-root/data/www/undergroundexpert.info/wp-admin/js/ HTTP/1.1" 200 10755 "https://www.undergroundexpert.info/?loknya=/var/www/www-root/data/www/undergroundexpert.info/wp-admin/js/" "Mozilla/5.0 AppleWebKit/537.36 (KHTML, like Gecko; compatible; GPTBot/1.4; +https://openai.com/gptbot)"
216.73.217.60 - - [23/Jul/2026:00:45:15 +0300] "GET /shop/9d58413498564?loknya=%2Fvar HTTP/1.1" 404 445 "-" "Mozilla/5.0 AppleWebKit/537.36 (KHTML, like Gecko; compatible; ClaudeBot/1.0; +claudebot@anthropic.com)"
74.7.243.217 - - [23/Jul/2026:00:45:15 +0300] "GET /shops/lucubrator/v0i3g0n7e2t6t9e8r64?lokasie=/var/www/www-root/data/www/undergroundexpert.info/pfwpbszj.php&loknya=/var/www/www-root/data/www/undergroundexpert.info HTTP/1.1" 404 445 "https://undergroundexpert.info/shops/lucubrator/v0i3g0n7e2t6t9e8r64" "Mozilla/5.0 AppleWebKit/537.36 (KHTML, like Gecko; compatible; GPTBot/1.4; +https://openai.com/gptbot)"
66.249.69.68 - - [23/Jul/2026:00:45:14 +0300] "GET /?l=p1r4i1o8r9i878738 HTTP/1.1" 200 31002 "-" "Mozilla/5.0 (Linux; Android 6.0.1; Nexus 5X Build/MMB29P) AppleWebKit/537.36 (KHTML, like Gecko) Chrome/150.0.7871.128 Mobile Safari/537.36 (compatible; Googlebot/2.1; +http://www.google.com/bot.html)"
66.249.69.67 - - [23/Jul/2026:00:45:15 +0300] "GET /?l=t8r4o0u1v4e6r0e8769 HTTP/1.1" 200 31986 "-" "Mozilla/5.0 (Linux; Android 6.0.1; Nexus 5X Build/MMB29P) AppleWebKit/537.36 (KHTML, like Gecko) Chrome/150.0.7871.128 Mobile Safari/537.36 (compatible; Googlebot/2.1; +http://www.google.com/bot.html)"
222.254.212.238 - - [23/Jul/2026:00:45:17 +0300] "GET /en/underground-space-use/ HTTP/1.1" 404 445 "-" "Mozilla/5.0 (Macintosh; Intel Mac OS X 10_15_7) AppleWebKit/537.36 (KHTML, like Gecko) Chrome/114.0.0.0 Safari/537.36"
74.7.227.150 - - [23/Jul/2026:00:45:17 +0300] "GET /?lokasie=/var/www/www-root/data/www/undergroundexpert.info/wp-admin/js//.htaccess&loknya=/var/www/www-root/data/www/undergroundexpert.info/wp-admin/js/ HTTP/1.1" 200 2047 "https://www.undergroundexpert.info/?loknya=/var/www/www-root/data/www/undergroundexpert.info/wp-admin/js/" "Mozilla/5.0 AppleWebKit/537.36 (KHTML, like Gecko; compatible; GPTBot/1.4; +https://openai.com/gptbot)"
66.249.70.140 - - [23/Jul/2026:00:45:16 +0300] "GET /?l=a7d7o2r4n1e5d0p6r3e2dicate HTTP/1.1" 200 31681 "-" "Mozilla/5.0 (Linux; Android 6.0.1; Nexus 5X Build/MMB29P) AppleWebKit/537.36 (KHTML, like Gecko) Chrome/150.0.7871.128 Mobile Safari/537.36 (compatible; GoogleOther)"
216.73.217.60 - - [23/Jul/2026:00:45:18 +0300] "GET /shops/butternuts/s0w2a7n6k0i6e03702 HTTP/1.1" 404 445 "-" "Mozilla/5.0 AppleWebKit/537.36 (KHTML, like Gecko; compatible; ClaudeBot/1.0; +claudebot@anthropic.com)"
74.7.243.217 - - [23/Jul/2026:00:45:18 +0300] "GET /shops/clgaroba/p0e3n5t4a9c6o9n2t3e6r1?lokasie=/var/www/www-root/data/www/undergroundexpert.info/bjmjrvqm.php&loknya=/var/www/www-root/data/www/undergroundexpert.info HTTP/1.1" 404 445 "https://undergroundexpert.info/shops/clgaroba/p0e3n5t4a9c6o9n2t3e6r1" "Mozilla/5.0 AppleWebKit/537.36 (KHTML, like Gecko; compatible; GPTBot/1.4; +https://openai.com/gptbot)"
66.249.69.69 - - [23/Jul/2026:00:45:17 +0300] "GET /?l=s0o1l9e1m3n2i5z3i2n9g6 HTTP/1.1" 200 31445 "-" "Mozilla/5.0 (Linux; Android 6.0.1; Nexus 5X Build/MMB29P) AppleWebKit/537.36 (KHTML, like Gecko) Chrome/150.0.7871.128 Mobile Safari/537.36 (compatible; Googlebot/2.1; +http://www.google.com/bot.html)"
52.167.144.140 - - [23/Jul/2026:00:45:19 +0300] "GET /shops/polygonous/l8a2g4a9n2691403 HTTP/1.1" 404 445 "-" "Mozilla/5.0 AppleWebKit/537.36 (KHTML, like Gecko; compatible; bingbot/2.0; +http://www.bing.com/bingbot.htm) Chrome/116.0.1938.76 Safari/537.36"
66.249.69.67 - - [23/Jul/2026:00:45:18 +0300] "GET /?l=e4x3o6n3e6r7a5t7e942 HTTP/1.1" 200 31889 "-" "Mozilla/5.0 (Linux; Android 6.0.1; Nexus 5X Build/MMB29P) AppleWebKit/537.36 (KHTML, like Gecko) Chrome/150.0.7871.128 Mobile Safari/537.36 (compatible; Googlebot/2.1; +http://www.google.com/bot.html)"
74.7.227.150 - - [23/Jul/2026:00:45:20 +0300] "GET /?lokasie=/var/www/www-root/data/www/undergroundexpert.info/wp-admin/js//dashboard.js&loknya=/var/www/www-root/data/www/undergroundexpert.info/wp-admin/js/ HTTP/1.1" 200 10448 "https://www.undergroundexpert.info/?loknya=/var/www/www-root/data/www/undergroundexpert.info/wp-admin/js/" "Mozilla/5.0 AppleWebKit/537.36 (KHTML, like Gecko; compatible; GPTBot/1.4; +https://openai.com/gptbot)"
