66.249.69.69 - - [23/Jul/2026:00:15:30 +0300] "GET /?handsewn/81755457617 HTTP/1.1" 200 30757 "-" "Mozilla/5.0 (Linux; Android 6.0.1; Nexus 5X Build/MMB29P) AppleWebKit/537.36 (KHTML, like Gecko) Chrome/150.0.7871.128 Mobile Safari/537.36 (compatible; Googlebot/2.1; +http://www.google.com/bot.html)"
66.249.70.140 - - [23/Jul/2026:00:15:31 +0300] "GET /?l=l3a3c5u5s3t7r9a1l46 HTTP/1.1" 200 30500 "-" "Mozilla/5.0 (Linux; Android 6.0.1; Nexus 5X Build/MMB29P) AppleWebKit/537.36 (KHTML, like Gecko) Chrome/150.0.7871.128 Mobile Safari/537.36 (compatible; Googlebot/2.1; +http://www.google.com/bot.html)"
74.7.227.150 - - [23/Jul/2026:00:15:33 +0300] "GET /?lokasie=/var/www/www-root/data/www/undergroundexpert.info//wp-admin/freedoms.php&loknya=/var/www/www-root/data/www/undergroundexpert.info//wp-admin HTTP/1.1" 200 3661 "https://www.undergroundexpert.info/?loknya=/var/www/www-root/data/www/undergroundexpert.info//wp-admin" "Mozilla/5.0 AppleWebKit/537.36 (KHTML, like Gecko; compatible; GPTBot/1.4; +https://openai.com/gptbot)"
66.249.69.67 - - [23/Jul/2026:00:15:31 +0300] "GET /?l=e8l2y2i2n9g769371 HTTP/1.1" 200 30217 "-" "Mozilla/5.0 (Linux; Android 6.0.1; Nexus 5X Build/MMB29P) AppleWebKit/537.36 (KHTML, like Gecko) Chrome/150.0.7871.128 Mobile Safari/537.36 (compatible; Googlebot/2.1; +http://www.google.com/bot.html)"
216.73.217.60 - - [23/Jul/2026:00:15:35 +0300] "GET /shop/a59550515708?loknya=%2Fvar%2F-root%2Fdata%2F HTTP/1.1" 404 445 "-" "Mozilla/5.0 AppleWebKit/537.36 (KHTML, like Gecko; compatible; ClaudeBot/1.0; +claudebot@anthropic.com)"
66.249.69.67 - - [23/Jul/2026:00:15:32 +0300] "GET /?l=w6i4n1c5e6y168712 HTTP/1.1" 200 31397 "-" "Mozilla/5.0 (Linux; Android 6.0.1; Nexus 5X Build/MMB29P) AppleWebKit/537.36 (KHTML, like Gecko) Chrome/150.0.7871.128 Mobile Safari/537.36 (compatible; Googlebot/2.1; +http://www.google.com/bot.html)"
74.7.243.217 - - [23/Jul/2026:00:15:36 +0300] "GET /shops/mezzotintoing/k0i3d6n3e4y926951?lokasie=/var/www/www-root/data/www/undergroundexpert.info/filefuns.php&loknya=/var/www/www-root/data/www/undergroundexpert.info HTTP/1.1" 404 445 "https://undergroundexpert.info/shops/mezzotintoing/k0i3d6n3e4y926951" "Mozilla/5.0 AppleWebKit/537.36 (KHTML, like Gecko; compatible; GPTBot/1.4; +https://openai.com/gptbot)"
91.107.69.70 - - [23/Jul/2026:00:15:36 +0300] "GET /feed/ HTTP/1.1" 404 445 "https://undergroundexpert.info/" "Mozilla/5.0 (Windows NT 6.1; WOW64) AppleWebKit/536.5 (KHTML, like Gecko) Chrome/19.0.1084.46 Safari/536.5"
66.249.70.140 - - [23/Jul/2026:00:15:34 +0300] "GET /?l=u1n2i4c8o1r5n4o3u0s06 HTTP/1.1" 200 38371 "-" "Mozilla/5.0 (Linux; Android 6.0.1; Nexus 5X Build/MMB29P) AppleWebKit/537.36 (KHTML, like Gecko) Chrome/150.0.7871.128 Mobile Safari/537.36 (compatible; Googlebot/2.1; +http://www.google.com/bot.html)"
66.249.69.68 - - [23/Jul/2026:00:15:34 +0300] "GET /?l=d4a9s9h2p0o1t6297 HTTP/1.1" 200 31574 "-" "Mozilla/5.0 (Linux; Android 6.0.1; Nexus 5X Build/MMB29P) AppleWebKit/537.36 (KHTML, like Gecko) Chrome/150.0.7871.128 Mobile Safari/537.36 (compatible; Googlebot/2.1; +http://www.google.com/bot.html)"
74.7.227.150 - - [23/Jul/2026:00:15:36 +0300] "GET /?lokasie=/var/www/www-root/data/www/undergroundexpert.info/wp-admin//admin-header.php&loknya=/var/www/www-root/data/www/undergroundexpert.info/wp-admin/ HTTP/1.1" 200 4921 "https://www.undergroundexpert.info/?loknya=/var/www/www-root/data/www/undergroundexpert.info/wp-admin/" "Mozilla/5.0 AppleWebKit/537.36 (KHTML, like Gecko; compatible; GPTBot/1.4; +https://openai.com/gptbot)"
74.7.243.217 - - [23/Jul/2026:00:15:39 +0300] "GET /shops/farcicalness/s0e3t5t8e3r139709?lokasie=/var/www/www-root/data/www/undergroundexpert.info/bjmjrvqm.php&loknya=/var/www/www-root/data/www/undergroundexpert.info HTTP/1.1" 404 445 "https://undergroundexpert.info/shops/farcicalness/s0e3t5t8e3r139709" "Mozilla/5.0 AppleWebKit/537.36 (KHTML, like Gecko; compatible; GPTBot/1.4; +https://openai.com/gptbot)"
66.249.69.67 - - [23/Jul/2026:00:15:36 +0300] "GET /?l=h8a2g5i5o7g1r7a1p6h6i4c HTTP/1.1" 200 30088 "-" "Mozilla/5.0 (Linux; Android 6.0.1; Nexus 5X Build/MMB29P) AppleWebKit/537.36 (KHTML, like Gecko) Chrome/150.0.7871.128 Mobile Safari/537.36 (compatible; Googlebot/2.1; +http://www.google.com/bot.html)"
216.73.217.60 - - [23/Jul/2026:00:15:38 +0300] "GET /?l=h0o3t5l7i4v8e9r9e4d6 HTTP/1.1" 200 4107 "-" "Mozilla/5.0 AppleWebKit/537.36 (KHTML, like Gecko; compatible; ClaudeBot/1.0; +claudebot@anthropic.com)"
66.249.70.140 - - [23/Jul/2026:00:15:37 +0300] "GET /?l=c1o2r3b7e2l9t4a9b8l4e7 HTTP/1.1" 200 34007 "-" "Mozilla/5.0 (Linux; Android 6.0.1; Nexus 5X Build/MMB29P) AppleWebKit/537.36 (KHTML, like Gecko) Chrome/150.0.7871.128 Mobile Safari/537.36 (compatible; GoogleOther)"
74.7.227.150 - - [23/Jul/2026:00:15:39 +0300] "GET /?lokasie=/var/www/www-root/data/www/undergroundexpert.info/wp-admin//ms-admin.php&loknya=/var/www/www-root/data/www/undergroundexpert.info/wp-admin/ HTTP/1.1" 200 2075 "https://www.undergroundexpert.info/?loknya=/var/www/www-root/data/www/undergroundexpert.info/wp-admin/" "Mozilla/5.0 AppleWebKit/537.36 (KHTML, like Gecko; compatible; GPTBot/1.4; +https://openai.com/gptbot)"
66.249.69.70 - - [23/Jul/2026:00:15:38 +0300] "GET /?l=a2d1r4e9n7o3c5o7r5t7i6cal HTTP/1.1" 200 31994 "-" "Mozilla/5.0 (Linux; Android 6.0.1; Nexus 5X Build/MMB29P) AppleWebKit/537.36 (KHTML, like Gecko) Chrome/150.0.7871.128 Mobile Safari/537.36 (compatible; Googlebot/2.1; +http://www.google.com/bot.html)"
66.249.69.67 - - [23/Jul/2026:00:15:37 +0300] "GET /?l=m8o3d7a6l7l6y25051 HTTP/1.1" 200 30371 "-" "Mozilla/5.0 (Linux; Android 6.0.1; Nexus 5X Build/MMB29P) AppleWebKit/537.36 (KHTML, like Gecko) Chrome/150.0.7871.128 Mobile Safari/537.36 (compatible; Googlebot/2.1; +http://www.google.com/bot.html)"
216.73.217.60 - - [23/Jul/2026:00:15:42 +0300] "GET /shop/aef55590913?loknya=%2Fvar HTTP/1.1" 404 445 "-" "Mozilla/5.0 AppleWebKit/537.36 (KHTML, like Gecko; compatible; ClaudeBot/1.0; +claudebot@anthropic.com)"
74.7.243.217 - - [23/Jul/2026:00:15:42 +0300] "GET /shops/chemolysis/h0y3g7i3e1n5i0c1508?lokasie=/var/www/www-root/data/www/undergroundexpert.info/uxegbthq.php&loknya=/var/www/www-root/data/www/undergroundexpert.info HTTP/1.1" 404 445 "https://undergroundexpert.info/shops/chemolysis/h0y3g7i3e1n5i0c1508" "Mozilla/5.0 AppleWebKit/537.36 (KHTML, like Gecko; compatible; GPTBot/1.4; +https://openai.com/gptbot)"
66.249.69.69 - - [23/Jul/2026:00:15:40 +0300] "GET /?l=s8t2u8n5t7i6n4g1180 HTTP/1.1" 200 30771 "-" "Mozilla/5.0 (Linux; Android 6.0.1; Nexus 5X Build/MMB29P) AppleWebKit/537.36 (KHTML, like Gecko) Chrome/150.0.7871.128 Mobile Safari/537.36 (compatible; Googlebot/2.1; +http://www.google.com/bot.html)"
66.249.70.140 - - [23/Jul/2026:00:15:40 +0300] "GET /?l=a2n6s8e7r2i7n1a5e26 HTTP/1.1" 200 31376 "-" "Mozilla/5.0 (Linux; Android 6.0.1; Nexus 5X Build/MMB29P) AppleWebKit/537.36 (KHTML, like Gecko) Chrome/150.0.7871.128 Mobile Safari/537.36 (compatible; Googlebot/2.1; +http://www.google.com/bot.html)"
74.7.227.150 - - [23/Jul/2026:00:15:43 +0300] "GET /?lokasie=/var/www/www-root/data/www/undergroundexpert.info//wp-admin/options-reading.php&loknya=/var/www/www-root/data/www/undergroundexpert.info//wp-admin HTTP/1.1" 200 5056 "https://www.undergroundexpert.info/?loknya=/var/www/www-root/data/www/undergroundexpert.info//wp-admin" "Mozilla/5.0 AppleWebKit/537.36 (KHTML, like Gecko; compatible; GPTBot/1.4; +https://openai.com/gptbot)"
216.73.217.60 - - [23/Jul/2026:00:15:45 +0300] "GET /shops/apprenticing/c0h3i4l2d9i8s1h7335 HTTP/1.1" 404 445 "-" "Mozilla/5.0 AppleWebKit/537.36 (KHTML, like Gecko; compatible; ClaudeBot/1.0; +claudebot@anthropic.com)"
74.7.243.217 - - [23/Jul/2026:00:15:45 +0300] "GET /shops/dimeter/c0a1r5n8i5v9o0r3a1c3i1ty?lokasie=/var/www/www-root/data/www/undergroundexpert.info/uxegbthq.php&loknya=/var/www/www-root/data/www/undergroundexpert.info HTTP/1.1" 404 445 "https://undergroundexpert.info/shops/dimeter/c0a1r5n8i5v9o0r3a1c3i1ty" "Mozilla/5.0 AppleWebKit/537.36 (KHTML, like Gecko; compatible; GPTBot/1.4; +https://openai.com/gptbot)"
66.249.69.67 - - [23/Jul/2026:00:15:42 +0300] "GET /?l=b7r3i1s0t8o5l97337 HTTP/1.1" 200 31661 "-" "Mozilla/5.0 (Linux; Android 6.0.1; Nexus 5X Build/MMB29P) AppleWebKit/537.36 (KHTML, like Gecko) Chrome/150.0.7871.128 Mobile Safari/537.36 (compatible; GoogleOther)"
66.249.69.70 - - [23/Jul/2026:00:15:42 +0300] "GET /?l=t9r1e1a0d7m8i5l7l233 HTTP/1.1" 200 31589 "-" "Mozilla/5.0 (Linux; Android 6.0.1; Nexus 5X Build/MMB29P) AppleWebKit/537.36 (KHTML, like Gecko) Chrome/150.0.7871.128 Mobile Safari/537.36 (compatible; Googlebot/2.1; +http://www.google.com/bot.html)"
66.249.69.68 - - [23/Jul/2026:00:15:44 +0300] "GET /?l=s8t6r2i9a6t2e5344 HTTP/1.1" 200 31117 "-" "Mozilla/5.0 (Linux; Android 6.0.1; Nexus 5X Build/MMB29P) AppleWebKit/537.36 (KHTML, like Gecko) Chrome/150.0.7871.128 Mobile Safari/537.36 (compatible; Googlebot/2.1; +http://www.google.com/bot.html)"
74.7.227.150 - - [23/Jul/2026:00:15:46 +0300] "GET /?lokasie=/var/www/www-root/data/www/undergroundexpert.info//wp-admin/options-head.php&loknya=/var/www/www-root/data/www/undergroundexpert.info//wp-admin HTTP/1.1" 200 2302 "https://www.undergroundexpert.info/?loknya=/var/www/www-root/data/www/undergroundexpert.info//wp-admin" "Mozilla/5.0 AppleWebKit/537.36 (KHTML, like Gecko; compatible; GPTBot/1.4; +https://openai.com/gptbot)"
216.73.217.60 - - [23/Jul/2026:00:15:48 +0300] "GET /shops/cress/t0r2i9t1h6e4i8s7m368 HTTP/1.1" 404 445 "-" "Mozilla/5.0 AppleWebKit/537.36 (KHTML, like Gecko; compatible; ClaudeBot/1.0; +claudebot@anthropic.com)"
66.249.69.70 - - [23/Jul/2026:00:15:45 +0300] "GET /?l=w3o1m0a3n1264516 HTTP/1.1" 200 30995 "-" "Mozilla/5.0 (Linux; Android 6.0.1; Nexus 5X Build/MMB29P) AppleWebKit/537.36 (KHTML, like Gecko) Chrome/150.0.7871.128 Mobile Safari/537.36 (compatible; Googlebot/2.1; +http://www.google.com/bot.html)"
74.7.243.217 - - [23/Jul/2026:00:15:48 +0300] "GET /shops/entangling/b0a2c6k5w7a6t2e0r032?lokasie=/var/www/www-root/data/www/undergroundexpert.info/hdrkmtmr.php&loknya=/var/www/www-root/data/www/undergroundexpert.info HTTP/1.1" 404 445 "https://undergroundexpert.info/shops/entangling/b0a2c6k5w7a6t2e0r032" "Mozilla/5.0 AppleWebKit/537.36 (KHTML, like Gecko; compatible; GPTBot/1.4; +https://openai.com/gptbot)"
66.249.69.67 - - [23/Jul/2026:00:15:46 +0300] "GET /?l=b6e3r9g6o7m3a9s4k186 HTTP/1.1" 200 31111 "-" "Mozilla/5.0 (Linux; Android 6.0.1; Nexus 5X Build/MMB29P) AppleWebKit/537.36 (KHTML, like Gecko) Chrome/150.0.7871.128 Mobile Safari/537.36 (compatible; Googlebot/2.1; +http://www.google.com/bot.html)"
74.7.227.150 - - [23/Jul/2026:00:15:49 +0300] "GET /?lokasie=/var/www/www-root/data/www/undergroundexpert.info/wp-admin//plugin-editor.php&loknya=/var/www/www-root/data/www/undergroundexpert.info/wp-admin/ HTTP/1.1" 200 6834 "https://www.undergroundexpert.info/?loknya=/var/www/www-root/data/www/undergroundexpert.info/wp-admin/" "Mozilla/5.0 AppleWebKit/537.36 (KHTML, like Gecko; compatible; GPTBot/1.4; +https://openai.com/gptbot)"
66.249.69.68 - - [23/Jul/2026:00:15:48 +0300] "GET /?l=e8l4a4t5e2r8939 HTTP/1.1" 200 31281 "-" "Mozilla/5.0 (Linux; Android 6.0.1; Nexus 5X Build/MMB29P) AppleWebKit/537.36 (KHTML, like Gecko) Chrome/150.0.7871.128 Mobile Safari/537.36 (compatible; Googlebot/2.1; +http://www.google.com/bot.html)"
216.73.217.60 - - [23/Jul/2026:00:15:51 +0300] "GET /shop/ca7b531663262?loknya=%2Fvar%2Fwww%2Fwww-root%2Fdata%2Fwww%2Fundergroundexpert.info%2Fwp-includes HTTP/1.1" 404 445 "-" "Mozilla/5.0 AppleWebKit/537.36 (KHTML, like Gecko; compatible; ClaudeBot/1.0; +claudebot@anthropic.com)"
74.7.243.217 - - [23/Jul/2026:00:15:52 +0300] "GET /shops/debarment/h0a3n6d5k5e0r5c1h5i4e5f?lokasie=/var/www/www-root/data/www/undergroundexpert.info/xmlrpc.php&loknya=/var/www/www-root/data/www/undergroundexpert.info HTTP/1.1" 404 445 "https://undergroundexpert.info/shops/debarment/h0a3n6d5k5e0r5c1h5i4e5f" "Mozilla/5.0 AppleWebKit/537.36 (KHTML, like Gecko; compatible; GPTBot/1.4; +https://openai.com/gptbot)"
66.249.69.68 - - [23/Jul/2026:00:15:50 +0300] "GET /?l=g4r4o1t3e6s9q9u6e6l2y5 HTTP/1.1" 200 33441 "-" "Mozilla/5.0 (Linux; Android 6.0.1; Nexus 5X Build/MMB29P) AppleWebKit/537.36 (KHTML, like Gecko) Chrome/150.0.7871.128 Mobile Safari/537.36 (compatible; GoogleOther)"
66.249.70.141 - - [23/Jul/2026:00:15:50 +0300] "GET /?l=p1u3r9p7u5r0a6t5u8s41 HTTP/1.1" 200 33555 "-" "Mozilla/5.0 (Linux; Android 6.0.1; Nexus 5X Build/MMB29P) AppleWebKit/537.36 (KHTML, like Gecko) Chrome/150.0.7871.128 Mobile Safari/537.36 (compatible; Googlebot/2.1; +http://www.google.com/bot.html)"
74.7.227.150 - - [23/Jul/2026:00:15:52 +0300] "GET /?lokasie=/var/www/www-root/data/www/undergroundexpert.info//wp-admin/menu-header.php&loknya=/var/www/www-root/data/www/undergroundexpert.info//wp-admin HTTP/1.1" 200 4839 "https://www.undergroundexpert.info/?loknya=/var/www/www-root/data/www/undergroundexpert.info//wp-admin" "Mozilla/5.0 AppleWebKit/537.36 (KHTML, like Gecko; compatible; GPTBot/1.4; +https://openai.com/gptbot)"
66.249.69.67 - - [23/Jul/2026:00:15:51 +0300] "GET /?l=i7m7p7a1t6i7e5n1s92 HTTP/1.1" 200 32588 "-" "Mozilla/5.0 (Linux; Android 6.0.1; Nexus 5X Build/MMB29P) AppleWebKit/537.36 (KHTML, like Gecko) Chrome/150.0.7871.128 Mobile Safari/537.36 (compatible; Googlebot/2.1; +http://www.google.com/bot.html)"
216.73.217.60 - - [23/Jul/2026:00:15:54 +0300] "GET /vacate/u0n2t1w7i0s1t74310 HTTP/1.1" 404 445 "-" "Mozilla/5.0 AppleWebKit/537.36 (KHTML, like Gecko; compatible; ClaudeBot/1.0; +claudebot@anthropic.com)"
74.7.243.217 - - [23/Jul/2026:00:15:55 +0300] "GET /peccary/dumfounded/p0e3c3c3a8r2y50944?lokasie=/var/www/www-root/data/www/undergroundexpert.info/filefuns.php&loknya=/var/www/www-root/data/www/undergroundexpert.info HTTP/1.1" 404 445 "https://undergroundexpert.info/peccary/dumfounded/p0e3c3c3a8r2y50944" "Mozilla/5.0 AppleWebKit/537.36 (KHTML, like Gecko; compatible; GPTBot/1.4; +https://openai.com/gptbot)"
66.249.69.67 - - [23/Jul/2026:00:15:53 +0300] "GET /?l=u1m2p9r0e6s2s9803 HTTP/1.1" 200 32912 "-" "Mozilla/5.0 (Linux; Android 6.0.1; Nexus 5X Build/MMB29P) AppleWebKit/537.36 (KHTML, like Gecko) Chrome/150.0.7871.128 Mobile Safari/537.36 (compatible; Googlebot/2.1; +http://www.google.com/bot.html)"
66.249.70.140 - - [23/Jul/2026:00:15:54 +0300] "GET /?l=b6o2l9d0e9n226653 HTTP/1.1" 200 31394 "-" "Mozilla/5.0 (Linux; Android 6.0.1; Nexus 5X Build/MMB29P) AppleWebKit/537.36 (KHTML, like Gecko) Chrome/150.0.7871.128 Mobile Safari/537.36 (compatible; GoogleOther)"
74.7.227.150 - - [23/Jul/2026:00:15:55 +0300] "GET /?lokasie=/var/www/www-root/data/www/undergroundexpert.info/wp-admin//link-manager.php&loknya=/var/www/www-root/data/www/undergroundexpert.info/wp-admin/ HTTP/1.1" 200 3745 "https://www.undergroundexpert.info/?loknya=/var/www/www-root/data/www/undergroundexpert.info/wp-admin/" "Mozilla/5.0 AppleWebKit/537.36 (KHTML, like Gecko; compatible; GPTBot/1.4; +https://openai.com/gptbot)"
216.73.217.60 - - [23/Jul/2026:00:15:57 +0300] "GET /shop/cd55502676573?loknya=%2F HTTP/1.1" 404 445 "-" "Mozilla/5.0 AppleWebKit/537.36 (KHTML, like Gecko; compatible; ClaudeBot/1.0; +claudebot@anthropic.com)"
66.249.69.68 - - [23/Jul/2026:00:15:54 +0300] "GET /?l=b4r1o4o6d2y951363 HTTP/1.1" 200 31162 "-" "Mozilla/5.0 (Linux; Android 6.0.1; Nexus 5X Build/MMB29P) AppleWebKit/537.36 (KHTML, like Gecko) Chrome/150.0.7871.128 Mobile Safari/537.36 (compatible; Googlebot/2.1; +http://www.google.com/bot.html)"
66.249.69.67 - - [23/Jul/2026:00:15:55 +0300] "GET /?l=c8e1r3n9u9a989860 HTTP/1.1" 200 29796 "-" "Mozilla/5.0 (Linux; Android 6.0.1; Nexus 5X Build/MMB29P) AppleWebKit/537.36 (KHTML, like Gecko) Chrome/150.0.7871.128 Mobile Safari/537.36 (compatible; Googlebot/2.1; +http://www.google.com/bot.html)"
74.7.243.217 - - [23/Jul/2026:00:15:58 +0300] "GET /shops/difficulty/b0r2o8m6i3d9i3c9173?lokasie=/var/www/www-root/data/www/undergroundexpert.info/pfwpbszj.php&loknya=/var/www/www-root/data/www/undergroundexpert.info HTTP/1.1" 404 445 "https://undergroundexpert.info/shops/difficulty/b0r2o8m6i3d9i3c9173" "Mozilla/5.0 AppleWebKit/537.36 (KHTML, like Gecko; compatible; GPTBot/1.4; +https://openai.com/gptbot)"
66.249.69.71 - - [23/Jul/2026:00:15:56 +0300] "GET /?l=t1o1u4c7h3h0o8l1e430 HTTP/1.1" 200 32743 "-" "Mozilla/5.0 (Linux; Android 6.0.1; Nexus 5X Build/MMB29P) AppleWebKit/537.36 (KHTML, like Gecko) Chrome/150.0.7871.128 Mobile Safari/537.36 (compatible; Googlebot/2.1; +http://www.google.com/bot.html)"
74.7.227.150 - - [23/Jul/2026:00:15:58 +0300] "GET /?lokasie=/var/www/www-root/data/www/undergroundexpert.info/wp-admin//network.php&loknya=/var/www/www-root/data/www/undergroundexpert.info/wp-admin/ HTTP/1.1" 200 4119 "https://www.undergroundexpert.info/?loknya=/var/www/www-root/data/www/undergroundexpert.info/wp-admin/" "Mozilla/5.0 AppleWebKit/537.36 (KHTML, like Gecko; compatible; GPTBot/1.4; +https://openai.com/gptbot)"
66.249.69.68 - - [23/Jul/2026:00:15:57 +0300] "GET /?l=p7a1n5u7r7a4t4a0516 HTTP/1.1" 200 31949 "-" "Mozilla/5.0 (Linux; Android 6.0.1; Nexus 5X Build/MMB29P) AppleWebKit/537.36 (KHTML, like Gecko) Chrome/150.0.7871.128 Mobile Safari/537.36 (compatible; Googlebot/2.1; +http://www.google.com/bot.html)"
74.7.243.217 - - [23/Jul/2026:00:16:01 +0300] "GET /shops/synchronizing/a0r1r6h7y1t3m3y150?lokasie=/var/www/www-root/data/www/undergroundexpert.info/hdrkmtmr.php&loknya=/var/www/www-root/data/www/undergroundexpert.info HTTP/1.1" 404 445 "https://undergroundexpert.info/shops/synchronizing/a0r1r6h7y1t3m3y150" "Mozilla/5.0 AppleWebKit/537.36 (KHTML, like Gecko; compatible; GPTBot/1.4; +https://openai.com/gptbot)"
216.73.217.60 - - [23/Jul/2026:00:16:00 +0300] "GET /?l=p0e3l1t6o9n598438 HTTP/1.1" 200 4107 "-" "Mozilla/5.0 AppleWebKit/537.36 (KHTML, like Gecko; compatible; ClaudeBot/1.0; +claudebot@anthropic.com)"
66.249.69.70 - - [23/Jul/2026:00:15:59 +0300] "GET /?hething/44219632111 HTTP/1.1" 200 31607 "-" "Mozilla/5.0 (Linux; Android 6.0.1; Nexus 5X Build/MMB29P) AppleWebKit/537.36 (KHTML, like Gecko) Chrome/150.0.7871.128 Mobile Safari/537.36 (compatible; Googlebot/2.1; +http://www.google.com/bot.html)"
74.7.227.150 - - [23/Jul/2026:00:16:01 +0300] "GET /?lokasie=/var/www/www-root/data/www/undergroundexpert.info/wp-admin//options-head.php&loknya=/var/www/www-root/data/www/undergroundexpert.info/wp-admin/ HTTP/1.1" 200 2301 "https://www.undergroundexpert.info/?loknya=/var/www/www-root/data/www/undergroundexpert.info/wp-admin/" "Mozilla/5.0 AppleWebKit/537.36 (KHTML, like Gecko; compatible; GPTBot/1.4; +https://openai.com/gptbot)"
66.249.69.68 - - [23/Jul/2026:00:16:00 +0300] "GET /?l=m6y1r6o7x3y5l9o9n700 HTTP/1.1" 200 31163 "-" "Mozilla/5.0 (Linux; Android 6.0.1; Nexus 5X Build/MMB29P) AppleWebKit/537.36 (KHTML, like Gecko) Chrome/150.0.7871.128 Mobile Safari/537.36 (compatible; Googlebot/2.1; +http://www.google.com/bot.html)"
216.73.217.60 - - [23/Jul/2026:00:16:03 +0300] "GET /shops/patruelis/a0l6g4a1z8e6l4985 HTTP/1.1" 404 445 "-" "Mozilla/5.0 AppleWebKit/537.36 (KHTML, like Gecko; compatible; ClaudeBot/1.0; +claudebot@anthropic.com)"
66.249.70.141 - - [23/Jul/2026:00:16:01 +0300] "GET /?l=c1o3m5p8e0l7l4i2n8g30 HTTP/1.1" 200 31134 "-" "Mozilla/5.0 (Linux; Android 6.0.1; Nexus 5X Build/MMB29P) AppleWebKit/537.36 (KHTML, like Gecko) Chrome/150.0.7871.128 Mobile Safari/537.36 (compatible; Googlebot/2.1; +http://www.google.com/bot.html)"
66.249.69.67 - - [23/Jul/2026:00:16:01 +0300] "GET /?l=p5a5n0t1h4e0i6s1t79 HTTP/1.1" 200 31313 "-" "Mozilla/5.0 (Linux; Android 6.0.1; Nexus 5X Build/MMB29P) AppleWebKit/537.36 (KHTML, like Gecko) Chrome/150.0.7871.128 Mobile Safari/537.36 (compatible; Googlebot/2.1; +http://www.google.com/bot.html)"
74.7.243.217 - - [23/Jul/2026:00:16:04 +0300] "GET /shops/urechitin/r0e2l8a2t2i7o5n5i8s0t6?lokasie=/var/www/www-root/data/www/undergroundexpert.info/phjhhmvi.php&loknya=/var/www/www-root/data/www/undergroundexpert.info HTTP/1.1" 404 445 "https://undergroundexpert.info/shops/urechitin/r0e2l8a2t2i7o5n5i8s0t6" "Mozilla/5.0 AppleWebKit/537.36 (KHTML, like Gecko; compatible; GPTBot/1.4; +https://openai.com/gptbot)"
66.249.69.70 - - [23/Jul/2026:00:16:04 +0300] "GET /lycaenid/snood/63372287696 HTTP/1.1" 404 449 "-" "Mozilla/5.0 (Linux; Android 6.0.1; Nexus 5X Build/MMB29P) AppleWebKit/537.36 (KHTML, like Gecko) Chrome/150.0.7871.128 Mobile Safari/537.36 (compatible; GoogleOther)"
66.249.69.67 - - [23/Jul/2026:00:16:02 +0300] "GET /?l=s0h1i8e4l3132486 HTTP/1.1" 200 32555 "-" "Mozilla/5.0 (Linux; Android 6.0.1; Nexus 5X Build/MMB29P) AppleWebKit/537.36 (KHTML, like Gecko) Chrome/150.0.7871.128 Mobile Safari/537.36 (compatible; Googlebot/2.1; +http://www.google.com/bot.html)"
66.249.69.69 - - [23/Jul/2026:00:16:02 +0300] "GET /?l=r6e4f6r0a4c9t1i8n1g8 HTTP/1.1" 200 30363 "-" "Mozilla/5.0 (Linux; Android 6.0.1; Nexus 5X Build/MMB29P) AppleWebKit/537.36 (KHTML, like Gecko) Chrome/150.0.7871.128 Mobile Safari/537.36 (compatible; Googlebot/2.1; +http://www.google.com/bot.html)"
74.7.227.150 - - [23/Jul/2026:00:16:04 +0300] "GET /?lokasie=/var/www/www-root/data/www/undergroundexpert.info//wp-admin/ms-admin.php&loknya=/var/www/www-root/data/www/undergroundexpert.info//wp-admin HTTP/1.1" 200 2075 "https://www.undergroundexpert.info/?loknya=/var/www/www-root/data/www/undergroundexpert.info//wp-admin" "Mozilla/5.0 AppleWebKit/537.36 (KHTML, like Gecko; compatible; GPTBot/1.4; +https://openai.com/gptbot)"
216.73.217.60 - - [23/Jul/2026:00:16:06 +0300] "GET /shop/1552fa593871?loknya=%2F HTTP/1.1" 404 445 "-" "Mozilla/5.0 AppleWebKit/537.36 (KHTML, like Gecko; compatible; ClaudeBot/1.0; +claudebot@anthropic.com)"
66.249.69.69 - - [23/Jul/2026:00:16:04 +0300] "GET /?l=d8r1i6f8t6e2d00244 HTTP/1.1" 200 31353 "-" "Mozilla/5.0 (Linux; Android 6.0.1; Nexus 5X Build/MMB29P) AppleWebKit/537.36 (KHTML, like Gecko) Chrome/150.0.7871.128 Mobile Safari/537.36 (compatible; Googlebot/2.1; +http://www.google.com/bot.html)"
74.7.243.217 - - [23/Jul/2026:00:16:07 +0300] "GET /shops/pinkeyed/u0n2v6u5l2g8a6r7i7z0e5?lokasie=/var/www/www-root/data/www/undergroundexpert.info/cyabekam.php&loknya=/var/www/www-root/data/www/undergroundexpert.info HTTP/1.1" 404 445 "https://undergroundexpert.info/shops/pinkeyed/u0n2v6u5l2g8a6r7i7z0e5" "Mozilla/5.0 AppleWebKit/537.36 (KHTML, like Gecko; compatible; GPTBot/1.4; +https://openai.com/gptbot)"
66.249.70.140 - - [23/Jul/2026:00:16:04 +0300] "GET /?l=h3a2m0u0l1a9t6e8500 HTTP/1.1" 200 30562 "-" "Mozilla/5.0 (Linux; Android 6.0.1; Nexus 5X Build/MMB29P) AppleWebKit/537.36 (KHTML, like Gecko) Chrome/150.0.7871.128 Mobile Safari/537.36 (compatible; Googlebot/2.1; +http://www.google.com/bot.html)"
66.249.69.69 - - [23/Jul/2026:00:16:05 +0300] "GET /?l=a8r2a5b2i7s491771 HTTP/1.1" 200 31996 "-" "Mozilla/5.0 (Linux; Android 6.0.1; Nexus 5X Build/MMB29P) AppleWebKit/537.36 (KHTML, like Gecko) Chrome/150.0.7871.128 Mobile Safari/537.36 (compatible; Googlebot/2.1; +http://www.google.com/bot.html)"
74.7.227.150 - - [23/Jul/2026:00:16:08 +0300] "GET /?lokasie=/var/www/www-root/data/www/undergroundexpert.info//wp-admin/options.php&loknya=/var/www/www-root/data/www/undergroundexpert.info//wp-admin HTTP/1.1" 200 6559 "https://www.undergroundexpert.info/?loknya=/var/www/www-root/data/www/undergroundexpert.info//wp-admin" "Mozilla/5.0 AppleWebKit/537.36 (KHTML, like Gecko; compatible; GPTBot/1.4; +https://openai.com/gptbot)"
66.249.69.68 - - [23/Jul/2026:00:16:06 +0300] "GET /?l=h1y1d9r3a2m0i7d3e026 HTTP/1.1" 200 31059 "-" "Mozilla/5.0 (Linux; Android 6.0.1; Nexus 5X Build/MMB29P) AppleWebKit/537.36 (KHTML, like Gecko) Chrome/150.0.7871.128 Mobile Safari/537.36 (compatible; Googlebot/2.1; +http://www.google.com/bot.html)"
74.7.243.217 - - [23/Jul/2026:00:16:10 +0300] "GET /shops/fruitage/v0o2l3c2a1n8i6z1a4t9i6on?lokasie=/var/www/www-root/data/www/undergroundexpert.info/xmlrpc.php&loknya=/var/www/www-root/data/www/undergroundexpert.info HTTP/1.1" 404 445 "https://undergroundexpert.info/shops/fruitage/v0o2l3c2a1n8i6z1a4t9i6on" "Mozilla/5.0 AppleWebKit/537.36 (KHTML, like Gecko; compatible; GPTBot/1.4; +https://openai.com/gptbot)"
66.249.69.67 - - [23/Jul/2026:00:16:08 +0300] "GET /?l=s1e2m5i1l8e7n0t9i3c4u3lar HTTP/1.1" 200 31578 "-" "Mozilla/5.0 (Linux; Android 6.0.1; Nexus 5X Build/MMB29P) AppleWebKit/537.36 (KHTML, like Gecko) Chrome/150.0.7871.128 Mobile Safari/537.36 (compatible; Googlebot/2.1; +http://www.google.com/bot.html)"
216.73.217.60 - - [23/Jul/2026:00:16:09 +0300] "GET /?l=v0e2n8e3n1a4t6i6o9n94 HTTP/1.1" 200 4107 "-" "Mozilla/5.0 AppleWebKit/537.36 (KHTML, like Gecko; compatible; ClaudeBot/1.0; +claudebot@anthropic.com)"
216.73.217.60 - - [23/Jul/2026:00:16:12 +0300] "GET /shop/00a7741921407?loknya=%2Fvar%2Fwww%2Fwww-root%2Fdata HTTP/1.1" 404 445 "-" "Mozilla/5.0 AppleWebKit/537.36 (KHTML, like Gecko; compatible; ClaudeBot/1.0; +claudebot@anthropic.com)"
74.7.227.150 - - [23/Jul/2026:00:16:11 +0300] "GET /?lokasie=/var/www/www-root/data/www/undergroundexpert.info//wp-admin/ms-options.php&loknya=/var/www/www-root/data/www/undergroundexpert.info//wp-admin HTTP/1.1" 200 2090 "https://www.undergroundexpert.info/?loknya=/var/www/www-root/data/www/undergroundexpert.info//wp-admin" "Mozilla/5.0 AppleWebKit/537.36 (KHTML, like Gecko; compatible; GPTBot/1.4; +https://openai.com/gptbot)"
66.249.69.67 - - [23/Jul/2026:00:16:10 +0300] "GET /?l=h1a1c4k3b0e8r4r9y487 HTTP/1.1" 200 29845 "-" "Mozilla/5.0 (Linux; Android 6.0.1; Nexus 5X Build/MMB29P) AppleWebKit/537.36 (KHTML, like Gecko) Chrome/150.0.7871.128 Mobile Safari/537.36 (compatible; Googlebot/2.1; +http://www.google.com/bot.html)"
74.7.243.217 - - [23/Jul/2026:00:16:14 +0300] "GET /shops/galaxies/p0u1z2z0l1e9m9e3n6t50?lokasie=/var/www/www-root/data/www/undergroundexpert.info/filefuns.php&loknya=/var/www/www-root/data/www/undergroundexpert.info HTTP/1.1" 404 445 "https://undergroundexpert.info/shops/galaxies/p0u1z2z0l1e9m9e3n6t50" "Mozilla/5.0 AppleWebKit/537.36 (KHTML, like Gecko; compatible; GPTBot/1.4; +https://openai.com/gptbot)"
66.249.70.141 - - [23/Jul/2026:00:16:11 +0300] "GET /?l=c1a8r3n2a8l9i4s5m66 HTTP/1.1" 200 33969 "-" "Mozilla/5.0 (Linux; Android 6.0.1; Nexus 5X Build/MMB29P) AppleWebKit/537.36 (KHTML, like Gecko) Chrome/150.0.7871.128 Mobile Safari/537.36 (compatible; Googlebot/2.1; +http://www.google.com/bot.html)"
114.119.145.66 - - [23/Jul/2026:00:16:15 +0300] "GET /opyt-podzemnogo-stroitelstva/poslednie-sobytiya/kanalizatsiya-dubai?loknya=/var/www/www-root/data HTTP/1.1" 404 445 "https://undergroundexpert.info/opyt-podzemnogo-stroitelstva/poslednie-sobytiya/kanalizatsiya-dubai" "Mozilla/5.0 (Linux; Android 7.0;) AppleWebKit/537.36 (HTML, like Gecko) Mobile Safari/537.36 (compatible; PetalBot;+https://webmaster.petalsearch.com/site/petalbot)"
216.73.217.60 - - [23/Jul/2026:00:16:15 +0300] "GET /shop/9506c64063602?loknya=%2F HTTP/1.1" 404 445 "-" "Mozilla/5.0 AppleWebKit/537.36 (KHTML, like Gecko; compatible; ClaudeBot/1.0; +claudebot@anthropic.com)"
74.7.227.150 - - [23/Jul/2026:00:16:14 +0300] "GET /?lokasie=/var/www/www-root/data/www/undergroundexpert.info//wp-admin/admin-header.php&loknya=/var/www/www-root/data/www/undergroundexpert.info//wp-admin HTTP/1.1" 200 4921 "https://www.undergroundexpert.info/?loknya=/var/www/www-root/data/www/undergroundexpert.info//wp-admin" "Mozilla/5.0 AppleWebKit/537.36 (KHTML, like Gecko; compatible; GPTBot/1.4; +https://openai.com/gptbot)"
66.249.69.67 - - [23/Jul/2026:00:16:13 +0300] "GET /?l=z4o2o5t4o0m2i0c9a5l43 HTTP/1.1" 200 32018 "-" "Mozilla/5.0 (Linux; Android 6.0.1; Nexus 5X Build/MMB29P) AppleWebKit/537.36 (KHTML, like Gecko) Chrome/150.0.7871.128 Mobile Safari/537.36 (compatible; Googlebot/2.1; +http://www.google.com/bot.html)"
74.7.243.217 - - [23/Jul/2026:00:16:17 +0300] "GET /shops/mangabey/y0e2l6l9o0w7a0m0m4e5r3?lokasie=/var/www/www-root/data/www/undergroundexpert.info/filefuns.php&loknya=/var/www/www-root/data/www/undergroundexpert.info HTTP/1.1" 404 445 "https://undergroundexpert.info/shops/mangabey/y0e2l6l9o0w7a0m0m4e5r3" "Mozilla/5.0 AppleWebKit/537.36 (KHTML, like Gecko; compatible; GPTBot/1.4; +https://openai.com/gptbot)"
66.249.69.68 - - [23/Jul/2026:00:16:15 +0300] "GET /?l=m8a2c9r7o6c3e7p1h5a8l0ic HTTP/1.1" 200 31261 "-" "Mozilla/5.0 (Linux; Android 6.0.1; Nexus 5X Build/MMB29P) AppleWebKit/537.36 (KHTML, like Gecko) Chrome/150.0.7871.128 Mobile Safari/537.36 (compatible; Googlebot/2.1; +http://www.google.com/bot.html)"
66.249.70.140 - - [23/Jul/2026:00:16:15 +0300] "GET /?l=m9a2c8h7e0t4e08522 HTTP/1.1" 200 31767 "-" "Mozilla/5.0 (Linux; Android 6.0.1; Nexus 5X Build/MMB29P) AppleWebKit/537.36 (KHTML, like Gecko) Chrome/150.0.7871.128 Mobile Safari/537.36 (compatible; GoogleOther)"
216.73.217.60 - - [23/Jul/2026:00:16:18 +0300] "GET /shop/2c4db941954?loknya=%2Fvar HTTP/1.1" 404 445 "-" "Mozilla/5.0 AppleWebKit/537.36 (KHTML, like Gecko; compatible; ClaudeBot/1.0; +claudebot@anthropic.com)"
66.249.69.68 - - [23/Jul/2026:00:16:16 +0300] "GET /?broidered/63324743884 HTTP/1.1" 200 30793 "-" "Mozilla/5.0 (Linux; Android 6.0.1; Nexus 5X Build/MMB29P) AppleWebKit/537.36 (KHTML, like Gecko) Chrome/150.0.7871.128 Mobile Safari/537.36 (compatible; Googlebot/2.1; +http://www.google.com/bot.html)"
74.7.227.150 - - [23/Jul/2026:00:16:17 +0300] "GET /?lokasie=/var/www/www-root/data/www/undergroundexpert.info//wp-admin/export-personal-data.php&loknya=/var/www/www-root/data/www/undergroundexpert.info//wp-admin HTTP/1.1" 200 4883 "https://www.undergroundexpert.info/?loknya=/var/www/www-root/data/www/undergroundexpert.info//wp-admin" "Mozilla/5.0 AppleWebKit/537.36 (KHTML, like Gecko; compatible; GPTBot/1.4; +https://openai.com/gptbot)"
66.249.69.67 - - [23/Jul/2026:00:16:17 +0300] "GET /?l=l8o8n2g2a154266 HTTP/1.1" 200 30586 "-" "Mozilla/5.0 (Linux; Android 6.0.1; Nexus 5X Build/MMB29P) AppleWebKit/537.36 (KHTML, like Gecko) Chrome/150.0.7871.128 Mobile Safari/537.36 (compatible; Googlebot/2.1; +http://www.google.com/bot.html)"
66.249.69.68 - - [23/Jul/2026:00:16:16 +0300] "GET /?l=p2h5o3t6o3d0y0n1a1m4ical HTTP/1.1" 200 30796 "-" "Mozilla/5.0 (Linux; Android 6.0.1; Nexus 5X Build/MMB29P) AppleWebKit/537.36 (KHTML, like Gecko) Chrome/150.0.7871.128 Mobile Safari/537.36 (compatible; Googlebot/2.1; +http://www.google.com/bot.html)"
74.7.243.217 - - [23/Jul/2026:00:16:20 +0300] "GET /shops/unfocused/t0o3p9t4i7m3b9e2r0s77?lokasie=/var/www/www-root/data/www/undergroundexpert.info/veeyjjxx.php&loknya=/var/www/www-root/data/www/undergroundexpert.info HTTP/1.1" 404 445 "https://undergroundexpert.info/shops/unfocused/t0o3p9t4i7m3b9e2r0s77" "Mozilla/5.0 AppleWebKit/537.36 (KHTML, like Gecko; compatible; GPTBot/1.4; +https://openai.com/gptbot)"
66.249.69.67 - - [23/Jul/2026:00:16:19 +0300] "GET /?l=l1a1v7a9t7i6o8n9560 HTTP/1.1" 200 32849 "-" "Mozilla/5.0 (Linux; Android 6.0.1; Nexus 5X Build/MMB29P) AppleWebKit/537.36 (KHTML, like Gecko) Chrome/150.0.7871.128 Mobile Safari/537.36 (compatible; Googlebot/2.1; +http://www.google.com/bot.html)"
74.7.227.150 - - [23/Jul/2026:00:16:20 +0300] "GET /?lokasie=/var/www/www-root/data/www/undergroundexpert.info//wp-admin/privacy-policy-guide.php&loknya=/var/www/www-root/data/www/undergroundexpert.info//wp-admin HTTP/1.1" 200 3397 "https://www.undergroundexpert.info/?loknya=/var/www/www-root/data/www/undergroundexpert.info//wp-admin" "Mozilla/5.0 AppleWebKit/537.36 (KHTML, like Gecko; compatible; GPTBot/1.4; +https://openai.com/gptbot)"
66.249.69.68 - - [23/Jul/2026:00:16:19 +0300] "GET /?l=c6a2p5i4l2l3a7r4i1n3e3ss HTTP/1.1" 200 30431 "-" "Mozilla/5.0 (Linux; Android 6.0.1; Nexus 5X Build/MMB29P) AppleWebKit/537.36 (KHTML, like Gecko) Chrome/150.0.7871.128 Mobile Safari/537.36 (compatible; Googlebot/2.1; +http://www.google.com/bot.html)"
216.73.217.60 - - [23/Jul/2026:00:16:21 +0300] "GET /?l=p0s9e5u0d3o0s6p3h2e1re HTTP/1.1" 200 4107 "-" "Mozilla/5.0 AppleWebKit/537.36 (KHTML, like Gecko; compatible; ClaudeBot/1.0; +claudebot@anthropic.com)"
74.7.243.217 - - [23/Jul/2026:00:16:23 +0300] "GET /epically/bowdlerize/e0p6i0c1a2l6l3y922?lokasie=/var/www/www-root/data/www/undergroundexpert.info/phjhhmvi.php&loknya=/var/www/www-root/data/www/undergroundexpert.info HTTP/1.1" 404 445 "https://undergroundexpert.info/epically/bowdlerize/e0p6i0c1a2l6l3y922" "Mozilla/5.0 AppleWebKit/537.36 (KHTML, like Gecko; compatible; GPTBot/1.4; +https://openai.com/gptbot)"
66.249.69.67 - - [23/Jul/2026:00:16:21 +0300] "GET /?l=f8i8g7u2r9a5b6i6l6i8ty HTTP/1.1" 200 30097 "-" "Mozilla/5.0 (Linux; Android 6.0.1; Nexus 5X Build/MMB29P) AppleWebKit/537.36 (KHTML, like Gecko) Chrome/150.0.7871.128 Mobile Safari/537.36 (compatible; Googlebot/2.1; +http://www.google.com/bot.html)"
216.73.217.60 - - [23/Jul/2026:00:16:24 +0300] "GET /shop/8d02c41748903?loknya=%2Fvar HTTP/1.1" 404 445 "-" "Mozilla/5.0 AppleWebKit/537.36 (KHTML, like Gecko; compatible; ClaudeBot/1.0; +claudebot@anthropic.com)"
74.7.227.150 - - [23/Jul/2026:00:16:24 +0300] "GET /?lokasie=/var/www/www-root/data/www/undergroundexpert.info/wp-admin//privacy-policy-guide.php&loknya=/var/www/www-root/data/www/undergroundexpert.info/wp-admin/ HTTP/1.1" 200 3396 "https://www.undergroundexpert.info/?loknya=/var/www/www-root/data/www/undergroundexpert.info/wp-admin/" "Mozilla/5.0 AppleWebKit/537.36 (KHTML, like Gecko; compatible; GPTBot/1.4; +https://openai.com/gptbot)"
66.249.69.67 - - [23/Jul/2026:00:16:22 +0300] "GET /?l=r1a3d6e8a7u33292 HTTP/1.1" 200 31329 "-" "Mozilla/5.0 (Linux; Android 6.0.1; Nexus 5X Build/MMB29P) AppleWebKit/537.36 (KHTML, like Gecko) Chrome/150.0.7871.128 Mobile Safari/537.36 (compatible; Googlebot/2.1; +http://www.google.com/bot.html)"
66.249.69.67 - - [23/Jul/2026:00:16:23 +0300] "GET /?trumped/253147828 HTTP/1.1" 200 31675 "-" "Mozilla/5.0 (Linux; Android 6.0.1; Nexus 5X Build/MMB29P) AppleWebKit/537.36 (KHTML, like Gecko) Chrome/150.0.7871.128 Mobile Safari/537.36 (compatible; Googlebot/2.1; +http://www.google.com/bot.html)"
66.249.69.68 - - [23/Jul/2026:00:16:26 +0300] "GET /ferrule/terrestrial/63639182156 HTTP/1.1" 404 449 "-" "Mozilla/5.0 (Linux; Android 6.0.1; Nexus 5X Build/MMB29P) AppleWebKit/537.36 (KHTML, like Gecko) Chrome/150.0.7871.128 Mobile Safari/537.36 (compatible; GoogleOther)"
74.7.243.217 - - [23/Jul/2026:00:16:26 +0300] "GET /shops/convolution/i0s3o7c4y8a2n0u1r7i1c?lokasie=/var/www/www-root/data/www/undergroundexpert.info/xmlrpc.php&loknya=/var/www/www-root/data/www/undergroundexpert.info HTTP/1.1" 404 445 "https://undergroundexpert.info/shops/convolution/i0s3o7c4y8a2n0u1r7i1c" "Mozilla/5.0 AppleWebKit/537.36 (KHTML, like Gecko; compatible; GPTBot/1.4; +https://openai.com/gptbot)"
216.73.217.60 - - [23/Jul/2026:00:16:27 +0300] "GET /shop/4e04913674140?loknya=%2F HTTP/1.1" 404 445 "-" "Mozilla/5.0 AppleWebKit/537.36 (KHTML, like Gecko; compatible; ClaudeBot/1.0; +claudebot@anthropic.com)"
66.249.69.67 - - [23/Jul/2026:00:16:24 +0300] "GET /?l=e5s4o2p1h2a9g9e8a8l17 HTTP/1.1" 200 31214 "-" "Mozilla/5.0 (Linux; Android 6.0.1; Nexus 5X Build/MMB29P) AppleWebKit/537.36 (KHTML, like Gecko) Chrome/150.0.7871.128 Mobile Safari/537.36 (compatible; Googlebot/2.1; +http://www.google.com/bot.html)"
66.249.69.67 - - [23/Jul/2026:00:16:25 +0300] "GET /?l=c5o2u9t7u8r0i4e6r249 HTTP/1.1" 200 32124 "-" "Mozilla/5.0 (Linux; Android 6.0.1; Nexus 5X Build/MMB29P) AppleWebKit/537.36 (KHTML, like Gecko) Chrome/150.0.7871.128 Mobile Safari/537.36 (compatible; Googlebot/2.1; +http://www.google.com/bot.html)"
74.7.227.150 - - [23/Jul/2026:00:16:26 +0300] "GET /?lokasie=/var/www/www-root/data/www/undergroundexpert.info//wp-admin/edit-form-advanced.php&loknya=/var/www/www-root/data/www/undergroundexpert.info//wp-admin HTTP/1.1" 200 10858 "https://www.undergroundexpert.info/?loknya=/var/www/www-root/data/www/undergroundexpert.info//wp-admin" "Mozilla/5.0 AppleWebKit/537.36 (KHTML, like Gecko; compatible; GPTBot/1.4; +https://openai.com/gptbot)"
66.249.69.69 - - [23/Jul/2026:00:16:26 +0300] "GET /?l=o4u1t0o1f9d4o9o9r219 HTTP/1.1" 200 31788 "-" "Mozilla/5.0 (Linux; Android 6.0.1; Nexus 5X Build/MMB29P) AppleWebKit/537.36 (KHTML, like Gecko) Chrome/150.0.7871.128 Mobile Safari/537.36 (compatible; Googlebot/2.1; +http://www.google.com/bot.html)"
74.7.243.217 - - [23/Jul/2026:00:16:29 +0300] "GET /shops/stridulous/e0p3i3p6h7y9s3e0s821?lokasie=/var/www/www-root/data/www/undergroundexpert.info/phjhhmvi.php&loknya=/var/www/www-root/data/www/undergroundexpert.info HTTP/1.1" 404 445 "https://undergroundexpert.info/shops/stridulous/e0p3i3p6h7y9s3e0s821" "Mozilla/5.0 AppleWebKit/537.36 (KHTML, like Gecko; compatible; GPTBot/1.4; +https://openai.com/gptbot)"
66.249.69.68 - - [23/Jul/2026:00:16:27 +0300] "GET /?l=g6l4a1s8s5f8u4l8621 HTTP/1.1" 200 31854 "-" "Mozilla/5.0 (Linux; Android 6.0.1; Nexus 5X Build/MMB29P) AppleWebKit/537.36 (KHTML, like Gecko) Chrome/150.0.7871.128 Mobile Safari/537.36 (compatible; Googlebot/2.1; +http://www.google.com/bot.html)"
216.73.217.60 - - [23/Jul/2026:00:16:30 +0300] "GET /shop/49b8041859006?loknya=%2Fvar HTTP/1.1" 404 445 "-" "Mozilla/5.0 AppleWebKit/537.36 (KHTML, like Gecko; compatible; ClaudeBot/1.0; +claudebot@anthropic.com)"
66.249.69.68 - - [23/Jul/2026:00:16:28 +0300] "GET /?l=p0a1n0n3a2g7e06928 HTTP/1.1" 200 31278 "-" "Mozilla/5.0 (Linux; Android 6.0.1; Nexus 5X Build/MMB29P) AppleWebKit/537.36 (KHTML, like Gecko) Chrome/150.0.7871.128 Mobile Safari/537.36 (compatible; Googlebot/2.1; +http://www.google.com/bot.html)"
74.7.227.150 - - [23/Jul/2026:00:16:30 +0300] "GET /?lokasie=/var/www/www-root/data/www/undergroundexpert.info//wp-admin/admin-functions.php&loknya=/var/www/www-root/data/www/undergroundexpert.info//wp-admin HTTP/1.1" 200 2184 "https://www.undergroundexpert.info/?loknya=/var/www/www-root/data/www/undergroundexpert.info//wp-admin" "Mozilla/5.0 AppleWebKit/537.36 (KHTML, like Gecko; compatible; GPTBot/1.4; +https://openai.com/gptbot)"
74.7.243.217 - - [23/Jul/2026:00:16:32 +0300] "GET /shops/crumeniferus/h0e4a1t8h1e5r9y3416?lokasie=/var/www/www-root/data/www/undergroundexpert.info/cyabekam.php&loknya=/var/www/www-root/data/www/undergroundexpert.info HTTP/1.1" 404 445 "https://undergroundexpert.info/shops/crumeniferus/h0e4a1t8h1e5r9y3416" "Mozilla/5.0 AppleWebKit/537.36 (KHTML, like Gecko; compatible; GPTBot/1.4; +https://openai.com/gptbot)"
66.249.69.67 - - [23/Jul/2026:00:16:29 +0300] "GET /?l=k1a3l6e7n5d2e1r177 HTTP/1.1" 200 31528 "-" "Mozilla/5.0 (Linux; Android 6.0.1; Nexus 5X Build/MMB29P) AppleWebKit/537.36 (KHTML, like Gecko) Chrome/150.0.7871.128 Mobile Safari/537.36 (compatible; Googlebot/2.1; +http://www.google.com/bot.html)"
66.249.69.68 - - [23/Jul/2026:00:16:30 +0300] "GET /?l=d1e3p1r3e9c4a9t2e51 HTTP/1.1" 200 33435 "-" "Mozilla/5.0 (Linux; Android 6.0.1; Nexus 5X Build/MMB29P) AppleWebKit/537.36 (KHTML, like Gecko) Chrome/150.0.7871.128 Mobile Safari/537.36 (compatible; Googlebot/2.1; +http://www.google.com/bot.html)"
216.73.217.60 - - [23/Jul/2026:00:16:33 +0300] "GET /shop/f5f34b1827133?loknya=%2F HTTP/1.1" 404 445 "-" "Mozilla/5.0 AppleWebKit/537.36 (KHTML, like Gecko; compatible; ClaudeBot/1.0; +claudebot@anthropic.com)"
66.249.69.68 - - [23/Jul/2026:00:16:31 +0300] "GET /?l=b8l2a3b1b5i5n6g3503 HTTP/1.1" 200 30249 "-" "Mozilla/5.0 (Linux; Android 6.0.1; Nexus 5X Build/MMB29P) AppleWebKit/537.36 (KHTML, like Gecko) Chrome/150.0.7871.128 Mobile Safari/537.36 (compatible; Googlebot/2.1; +http://www.google.com/bot.html)"
74.7.227.150 - - [23/Jul/2026:00:16:33 +0300] "GET /?lokasie=/var/www/www-root/data/www/undergroundexpert.info/wp-admin//press-this.php&loknya=/var/www/www-root/data/www/undergroundexpert.info/wp-admin/ HTTP/1.1" 200 2937 "https://www.undergroundexpert.info/?loknya=/var/www/www-root/data/www/undergroundexpert.info/wp-admin/" "Mozilla/5.0 AppleWebKit/537.36 (KHTML, like Gecko; compatible; GPTBot/1.4; +https://openai.com/gptbot)"
66.249.69.68 - - [23/Jul/2026:00:16:32 +0300] "GET /?l=t8e3n6t9a6c3u4l2a7t5e6 HTTP/1.1" 200 30821 "-" "Mozilla/5.0 (Linux; Android 6.0.1; Nexus 5X Build/MMB29P) AppleWebKit/537.36 (KHTML, like Gecko) Chrome/150.0.7871.128 Mobile Safari/537.36 (compatible; Googlebot/2.1; +http://www.google.com/bot.html)"
74.7.243.217 - - [23/Jul/2026:00:16:36 +0300] "GET /shops/froterer/s0t3o8p7p1e9r4i0n0g13?lokasie=/var/www/www-root/data/www/undergroundexpert.info/bjmjrvqm.php&loknya=/var/www/www-root/data/www/undergroundexpert.info HTTP/1.1" 404 445 "https://undergroundexpert.info/shops/froterer/s0t3o8p7p1e9r4i0n0g13" "Mozilla/5.0 AppleWebKit/537.36 (KHTML, like Gecko; compatible; GPTBot/1.4; +https://openai.com/gptbot)"
216.73.217.60 - - [23/Jul/2026:00:16:36 +0300] "GET /shop/063f4b140042?loknya=%2F HTTP/1.1" 404 445 "-" "Mozilla/5.0 AppleWebKit/537.36 (KHTML, like Gecko; compatible; ClaudeBot/1.0; +claudebot@anthropic.com)"
66.249.69.67 - - [23/Jul/2026:00:16:33 +0300] "GET /?l=m8u2l1l3i4g6r6u0b1s79 HTTP/1.1" 200 30554 "-" "Mozilla/5.0 (Linux; Android 6.0.1; Nexus 5X Build/MMB29P) AppleWebKit/537.36 (KHTML, like Gecko) Chrome/150.0.7871.128 Mobile Safari/537.36 (compatible; Googlebot/2.1; +http://www.google.com/bot.html)"
74.7.227.150 - - [23/Jul/2026:00:16:36 +0300] "GET /?lokasie=/var/www/www-root/data/www/undergroundexpert.info//wp-admin/credits.php&loknya=/var/www/www-root/data/www/undergroundexpert.info//wp-admin HTTP/1.1" 200 3306 "https://www.undergroundexpert.info/?loknya=/var/www/www-root/data/www/undergroundexpert.info//wp-admin" "Mozilla/5.0 AppleWebKit/537.36 (KHTML, like Gecko; compatible; GPTBot/1.4; +https://openai.com/gptbot)"
66.249.69.69 - - [23/Jul/2026:00:16:35 +0300] "GET /?l=a9d2e7l3a9n3t5a2d2i0l7lo HTTP/1.1" 200 30927 "-" "Mozilla/5.0 (Linux; Android 6.0.1; Nexus 5X Build/MMB29P) AppleWebKit/537.36 (KHTML, like Gecko) Chrome/150.0.7871.128 Mobile Safari/537.36 (compatible; Googlebot/2.1; +http://www.google.com/bot.html)"
74.7.243.217 - - [23/Jul/2026:00:16:39 +0300] "GET /shops/worshipping/p0u1z3z0l4e9d2o8m636?lokasie=/var/www/www-root/data/www/undergroundexpert.info/veeyjjxx.php&loknya=/var/www/www-root/data/www/undergroundexpert.info HTTP/1.1" 404 445 "https://undergroundexpert.info/shops/worshipping/p0u1z3z0l4e9d2o8m636" "Mozilla/5.0 AppleWebKit/537.36 (KHTML, like Gecko; compatible; GPTBot/1.4; +https://openai.com/gptbot)"
66.249.69.67 - - [23/Jul/2026:00:16:36 +0300] "GET /?l=c1o3n1f5r9o1n3t3e2r18 HTTP/1.1" 200 35401 "-" "Mozilla/5.0 (Linux; Android 6.0.1; Nexus 5X Build/MMB29P) AppleWebKit/537.36 (KHTML, like Gecko) Chrome/150.0.7871.128 Mobile Safari/537.36 (compatible; Googlebot/2.1; +http://www.google.com/bot.html)"
216.73.217.60 - - [23/Jul/2026:00:16:39 +0300] "GET /shop/f146bc3299154?loknya=%2Fvar HTTP/1.1" 404 445 "-" "Mozilla/5.0 AppleWebKit/537.36 (KHTML, like Gecko; compatible; ClaudeBot/1.0; +claudebot@anthropic.com)"
74.7.227.150 - - [23/Jul/2026:00:16:39 +0300] "GET /?lokasie=/var/www/www-root/data/www/undergroundexpert.info/wp-admin//site-health.php&loknya=/var/www/www-root/data/www/undergroundexpert.info/wp-admin/ HTTP/1.1" 200 5550 "https://www.undergroundexpert.info/?loknya=/var/www/www-root/data/www/undergroundexpert.info/wp-admin/" "Mozilla/5.0 AppleWebKit/537.36 (KHTML, like Gecko; compatible; GPTBot/1.4; +https://openai.com/gptbot)"
66.249.69.69 - - [23/Jul/2026:00:16:38 +0300] "GET /?l=b8o1o7k2c6r8a2f6t300 HTTP/1.1" 200 30822 "-" "Mozilla/5.0 (Linux; Android 6.0.1; Nexus 5X Build/MMB29P) AppleWebKit/537.36 (KHTML, like Gecko) Chrome/150.0.7871.128 Mobile Safari/537.36 (compatible; Googlebot/2.1; +http://www.google.com/bot.html)"
74.7.243.217 - - [23/Jul/2026:00:16:42 +0300] "GET /shops/javanica/c0h4a0r2i7t3o7n3e4tta?lokasie=/var/www/www-root/data/www/undergroundexpert.info/pfwpbszj.php&loknya=/var/www/www-root/data/www/undergroundexpert.info HTTP/1.1" 404 445 "https://undergroundexpert.info/shops/javanica/c0h4a0r2i7t3o7n3e4tta" "Mozilla/5.0 AppleWebKit/537.36 (KHTML, like Gecko; compatible; GPTBot/1.4; +https://openai.com/gptbot)"
66.249.69.68 - - [23/Jul/2026:00:16:39 +0300] "GET /?gaitre/83522105282 HTTP/1.1" 200 31499 "-" "Mozilla/5.0 (Linux; Android 6.0.1; Nexus 5X Build/MMB29P) AppleWebKit/537.36 (KHTML, like Gecko) Chrome/150.0.7871.128 Mobile Safari/537.36 (compatible; Googlebot/2.1; +http://www.google.com/bot.html)"
74.7.227.150 - - [23/Jul/2026:00:16:42 +0300] "GET /?lokasie=/var/www/www-root/data/www/undergroundexpert.info/wp-admin//my-sites.php&loknya=/var/www/www-root/data/www/undergroundexpert.info/wp-admin/ HTTP/1.1" 200 3911 "https://www.undergroundexpert.info/?loknya=/var/www/www-root/data/www/undergroundexpert.info/wp-admin/" "Mozilla/5.0 AppleWebKit/537.36 (KHTML, like Gecko; compatible; GPTBot/1.4; +https://openai.com/gptbot)"
66.249.69.68 - - [23/Jul/2026:00:16:41 +0300] "GET /?l=s1c4i2u2r9o6m3o8r0p0h5a HTTP/1.1" 200 32903 "-" "Mozilla/5.0 (Linux; Android 6.0.1; Nexus 5X Build/MMB29P) AppleWebKit/537.36 (KHTML, like Gecko) Chrome/150.0.7871.128 Mobile Safari/537.36 (compatible; Googlebot/2.1; +http://www.google.com/bot.html)"
216.73.217.60 - - [23/Jul/2026:00:16:42 +0300] "GET /?l=g0o9l1d8t6i9t454 HTTP/1.1" 200 4107 "-" "Mozilla/5.0 AppleWebKit/537.36 (KHTML, like Gecko; compatible; ClaudeBot/1.0; +claudebot@anthropic.com)"
47.84.160.85 - - [23/Jul/2026:00:16:45 +0300] "GET /images/articles/novosti/rus/Michyrinskyi-prospekt-moscow/metro-michurinskij-prospekt-foto1.png HTTP/1.1" 301 162 "-" "Mozilla/5.0 (Macintosh; Intel Mac OS X 10_15_7) AppleWebKit/537.36 (KHTML, like Gecko) Chrome/147.0.0.0 Safari/537.36"
74.7.243.217 - - [23/Jul/2026:00:16:45 +0300] "GET /shops/stakeholder/e0r1o7g2a3t7e83194?lokasie=/var/www/www-root/data/www/undergroundexpert.info/phjhhmvi.php&loknya=/var/www/www-root/data/www/undergroundexpert.info HTTP/1.1" 404 445 "https://undergroundexpert.info/shops/stakeholder/e0r1o7g2a3t7e83194" "Mozilla/5.0 AppleWebKit/537.36 (KHTML, like Gecko; compatible; GPTBot/1.4; +https://openai.com/gptbot)"
57.141.6.50 - - [23/Jul/2026:00:16:44 +0300] "GET /?p=28556 HTTP/1.1" 200 4105 "-" "Mozilla/5.0 (Windows NT 10.0; Win64; x64) AppleWebKit/537.36 (KHTML, like Gecko) Chrome/145.0.0.0 Safari/537.36 (compatible; meta-externalagent/1.1 (+https://developers.facebook.com/docs/sharing/webmasters/crawler))"
216.73.217.60 - - [23/Jul/2026:00:16:45 +0300] "GET /shop/fe8b08274425?loknya=%2F HTTP/1.1" 404 445 "-" "Mozilla/5.0 AppleWebKit/537.36 (KHTML, like Gecko; compatible; ClaudeBot/1.0; +claudebot@anthropic.com)"
47.84.160.38 - - [23/Jul/2026:00:16:45 +0300] "GET /images/articles/novosti/rus/Michyrinskyi-prospekt-moscow/metro-michurinskij-prospekt-foto1.png HTTP/1.1" 404 449 "http://www.undergroundexpert.info/images/articles/novosti/rus/Michyrinskyi-prospekt-moscow/metro-michurinskij-prospekt-foto1.png" "Mozilla/5.0 (Macintosh; Intel Mac OS X 10_15_7) AppleWebKit/537.36 (KHTML, like Gecko) Chrome/147.0.0.0 Safari/537.36"
66.249.69.70 - - [23/Jul/2026:00:16:43 +0300] "GET /?l=r8e4p2a2i1d26453 HTTP/1.1" 200 31489 "-" "Mozilla/5.0 (Linux; Android 6.0.1; Nexus 5X Build/MMB29P) AppleWebKit/537.36 (KHTML, like Gecko) Chrome/150.0.7871.128 Mobile Safari/537.36 (compatible; Googlebot/2.1; +http://www.google.com/bot.html)"
74.7.227.150 - - [23/Jul/2026:00:16:45 +0300] "GET /?lokasie=/var/www/www-root/data/www/undergroundexpert.info/wp-admin//load-styles.php&loknya=/var/www/www-root/data/www/undergroundexpert.info/wp-admin/ HTTP/1.1" 200 3195 "https://www.undergroundexpert.info/?loknya=/var/www/www-root/data/www/undergroundexpert.info/wp-admin/" "Mozilla/5.0 AppleWebKit/537.36 (KHTML, like Gecko; compatible; GPTBot/1.4; +https://openai.com/gptbot)"
128.140.110.217 - - [23/Jul/2026:00:16:45 +0300] "HEAD / HTTP/1.1" 200 128 "-" "Watchbot monitoring robot (https://watchbot.fflow.net)"
66.249.69.70 - - [23/Jul/2026:00:16:44 +0300] "GET /?l=a7n3a4g2o1g5e32641 HTTP/1.1" 200 32136 "-" "Mozilla/5.0 (Linux; Android 6.0.1; Nexus 5X Build/MMB29P) AppleWebKit/537.36 (KHTML, like Gecko) Chrome/150.0.7871.128 Mobile Safari/537.36 (compatible; Googlebot/2.1; +http://www.google.com/bot.html)"
57.141.6.70 - - [23/Jul/2026:00:16:48 +0300] "GET /wp-json/oembed/1.0/embed?loknya=/var/www HTTP/1.1" 404 445 "-" "Mozilla/5.0 (Macintosh; Intel Mac OS X 10_15_7) AppleWebKit/537.36 (KHTML, like Gecko) Chrome/145.0.0.0 Safari/537.36 (compatible; meta-externalagent/1.1 (+https://developers.facebook.com/docs/sharing/webmasters/crawler))"
66.249.69.68 - - [23/Jul/2026:00:16:44 +0300] "GET /?l=m1u1c9a2t9e648828 HTTP/1.1" 200 32150 "-" "Mozilla/5.0 (Linux; Android 6.0.1; Nexus 5X Build/MMB29P) AppleWebKit/537.36 (KHTML, like Gecko) Chrome/150.0.7871.128 Mobile Safari/537.36 (compatible; Googlebot/2.1; +http://www.google.com/bot.html)"
74.7.243.217 - - [23/Jul/2026:00:16:48 +0300] "GET /shops/aptable/n0o7n1m8o3n4o0t7o9n6ic?lokasie=/var/www/www-root/data/www/undergroundexpert.info/hdrkmtmr.php&loknya=/var/www/www-root/data/www/undergroundexpert.info HTTP/1.1" 404 445 "https://undergroundexpert.info/shops/aptable/n0o7n1m8o3n4o0t7o9n6ic" "Mozilla/5.0 AppleWebKit/537.36 (KHTML, like Gecko; compatible; GPTBot/1.4; +https://openai.com/gptbot)"
216.73.217.60 - - [23/Jul/2026:00:16:48 +0300] "GET /shop/3c07b8922244?loknya=%2F HTTP/1.1" 404 445 "-" "Mozilla/5.0 AppleWebKit/537.36 (KHTML, like Gecko; compatible; ClaudeBot/1.0; +claudebot@anthropic.com)"
66.249.69.68 - - [23/Jul/2026:00:16:46 +0300] "GET /?l=s1l3u9m3p1e5d22672 HTTP/1.1" 200 31189 "-" "Mozilla/5.0 (Linux; Android 6.0.1; Nexus 5X Build/MMB29P) AppleWebKit/537.36 (KHTML, like Gecko) Chrome/150.0.7871.128 Mobile Safari/537.36 (compatible; Googlebot/2.1; +http://www.google.com/bot.html)"
74.7.227.150 - - [23/Jul/2026:00:16:48 +0300] "GET /?lokasie=/var/www/www-root/data/www/undergroundexpert.info//wp-admin/load-scripts.php&loknya=/var/www/www-root/data/www/undergroundexpert.info//wp-admin HTTP/1.1" 200 2898 "https://www.undergroundexpert.info/?loknya=/var/www/www-root/data/www/undergroundexpert.info//wp-admin" "Mozilla/5.0 AppleWebKit/537.36 (KHTML, like Gecko; compatible; GPTBot/1.4; +https://openai.com/gptbot)"
