66.249.69.68 - - [23/Jul/2026:00:05:43 +0300] "GET /?l=f6e5c4u7n0d2a9t1i5n2g HTTP/1.1" 200 31409 "-" "Mozilla/5.0 (Linux; Android 6.0.1; Nexus 5X Build/MMB29P) AppleWebKit/537.36 (KHTML, like Gecko) Chrome/150.0.7871.128 Mobile Safari/537.36 (compatible; Googlebot/2.1; +http://www.google.com/bot.html)"
74.7.243.217 - - [23/Jul/2026:00:05:47 +0300] "GET /shops/poephagous/a0m1p0h8i6h3e4l3i0a59?lokasie=/var/www/www-root/data/www/undergroundexpert.info/xmlrpc.php&loknya=/var/www/www-root/data/www/undergroundexpert.info HTTP/1.1" 404 445 "https://undergroundexpert.info/shops/poephagous/a0m1p0h8i6h3e4l3i0a59" "Mozilla/5.0 AppleWebKit/537.36 (KHTML, like Gecko; compatible; GPTBot/1.4; +https://openai.com/gptbot)"
66.249.69.68 - - [23/Jul/2026:00:05:46 +0300] "GET /?l=i0n3e5p8t1i8t0u0d9e4 HTTP/1.1" 200 31270 "-" "Mozilla/5.0 (Linux; Android 6.0.1; Nexus 5X Build/MMB29P) AppleWebKit/537.36 (KHTML, like Gecko) Chrome/150.0.7871.128 Mobile Safari/537.36 (compatible; GoogleOther)"
216.73.217.60 - - [23/Jul/2026:00:05:48 +0300] "GET /shop/9cc5531579273?lokasie=%2Fvar%2Fwww%2Fwww-root%2Fdata%2Fwww%2Fundergroundexpert.info%2Fwp-blog-header.php&loknya=%2Fvar%2Fwww%2Fwww-root%2Fdata%2Fwww%2Fundergroundexpert.info HTTP/1.1" 404 445 "-" "Mozilla/5.0 AppleWebKit/537.36 (KHTML, like Gecko; compatible; ClaudeBot/1.0; +claudebot@anthropic.com)"
74.7.227.150 - - [23/Jul/2026:00:05:48 +0300] "GET /index.php?lokasie=/var/www/www-root/data/www/undergroundexpert.info/wp-content/themes/twentytwentytwo/inc/patterns/header-title-and-button.php&loknya=/var/www/www-root/data/www/undergroundexpert.info/wp-content/themes/twentytwentytwo/inc/patterns HTTP/1.1" 200 2538 "https://www.undergroundexpert.info/index.php?loknya=/var/www/www-root/data/www/undergroundexpert.info/wp-content/themes/twentytwentytwo/inc/patterns" "Mozilla/5.0 AppleWebKit/537.36 (KHTML, like Gecko; compatible; GPTBot/1.4; +https://openai.com/gptbot)"
74.7.243.217 - - [23/Jul/2026:00:05:50 +0300] "GET /overenthusiastic/tonicity/03976250621?lokasie=/var/www/www-root/data/www/undergroundexpert.info/uxegbthq.php&loknya=/var/www/www-root/data/www/undergroundexpert.info HTTP/1.1" 404 445 "https://undergroundexpert.info/overenthusiastic/tonicity/03976250621" "Mozilla/5.0 AppleWebKit/537.36 (KHTML, like Gecko; compatible; GPTBot/1.4; +https://openai.com/gptbot)"
66.249.69.67 - - [23/Jul/2026:00:05:47 +0300] "GET /?l=s0y3l4v7i5c1o1l8i8n1e3 HTTP/1.1" 200 31346 "-" "Mozilla/5.0 (Linux; Android 6.0.1; Nexus 5X Build/MMB29P) AppleWebKit/537.36 (KHTML, like Gecko) Chrome/150.0.7871.128 Mobile Safari/537.36 (compatible; Googlebot/2.1; +http://www.google.com/bot.html)"
216.73.217.60 - - [23/Jul/2026:00:05:51 +0300] "GET /shop/15fe263590458?lokasie=%2Fvar%2Fwww%2Fwww-root%2Fdata%2Fwww%2Fundergroundexpert.info%2Findex.php&loknya=%2Fvar%2Fwww%2Fwww-root%2Fdata%2Fwww%2Fundergroundexpert.info HTTP/1.1" 404 445 "-" "Mozilla/5.0 AppleWebKit/537.36 (KHTML, like Gecko; compatible; ClaudeBot/1.0; +claudebot@anthropic.com)"
74.7.227.150 - - [23/Jul/2026:00:05:51 +0300] "GET /index.php?lokasie=/var/www/www-root/data/www/undergroundexpert.info/wp-content/themes/twentytwenty/template-parts/content.php&loknya=/var/www/www-root/data/www/undergroundexpert.info/wp-content/themes/twentytwenty/template-parts HTTP/1.1" 200 2894 "https://www.undergroundexpert.info/index.php?loknya=/var/www/www-root/data/www/undergroundexpert.info/wp-content/themes/twentytwenty/template-parts" "Mozilla/5.0 AppleWebKit/537.36 (KHTML, like Gecko; compatible; GPTBot/1.4; +https://openai.com/gptbot)"
128.140.110.217 - - [23/Jul/2026:00:05:51 +0300] "HEAD / HTTP/1.1" 200 128 "-" "Watchbot monitoring robot (https://watchbot.fflow.net)"
181.232.136.196 - - [23/Jul/2026:00:05:52 +0300] "GET /spetsproekty/ HTTP/1.1" 404 445 "-" "Mozilla/5.0 (Macintosh; Intel Mac OS X 10_15_7) AppleWebKit/537.36 (KHTML, like Gecko) Chrome/114.0.0.0 Safari/537.36"
66.249.69.67 - - [23/Jul/2026:00:05:51 +0300] "GET /?l=p0e1r4p1l3e5x42911 HTTP/1.1" 200 31456 "-" "Mozilla/5.0 (Linux; Android 6.0.1; Nexus 5X Build/MMB29P) AppleWebKit/537.36 (KHTML, like Gecko) Chrome/150.0.7871.128 Mobile Safari/537.36 (compatible; Googlebot/2.1; +http://www.google.com/bot.html)"
74.7.243.217 - - [23/Jul/2026:00:05:53 +0300] "GET /shops/ledgment/w0e3b9s0t9e7r4i8t8e90?lokasie=/var/www/www-root/data/www/undergroundexpert.info/phjhhmvi.php&loknya=/var/www/www-root/data/www/undergroundexpert.info HTTP/1.1" 404 445 "https://undergroundexpert.info/shops/ledgment/w0e3b9s0t9e7r4i8t8e90" "Mozilla/5.0 AppleWebKit/537.36 (KHTML, like Gecko; compatible; GPTBot/1.4; +https://openai.com/gptbot)"
216.73.217.60 - - [23/Jul/2026:00:05:54 +0300] "GET /shop/93093d2607758?lokasie=%2Fvar%2Fwww%2Fwww-root%2Fdata%2Fwww%2Fundergroundexpert.info%2Fwp-signup.php&loknya=%2Fvar%2Fwww%2Fwww-root%2Fdata%2Fwww%2Fundergroundexpert.info HTTP/1.1" 404 445 "-" "Mozilla/5.0 AppleWebKit/537.36 (KHTML, like Gecko; compatible; ClaudeBot/1.0; +claudebot@anthropic.com)"
74.7.227.150 - - [23/Jul/2026:00:05:54 +0300] "GET /index.php?lokasie=/var/www/www-root/data/www/undergroundexpert.info/wp-content/themes/twentytwenty/template-parts/entry-header.php&loknya=/var/www/www-root/data/www/undergroundexpert.info/wp-content/themes/twentytwenty/template-parts HTTP/1.1" 200 2742 "https://www.undergroundexpert.info/index.php?loknya=/var/www/www-root/data/www/undergroundexpert.info/wp-content/themes/twentytwenty/template-parts" "Mozilla/5.0 AppleWebKit/537.36 (KHTML, like Gecko; compatible; GPTBot/1.4; +https://openai.com/gptbot)"
74.7.243.217 - - [23/Jul/2026:00:05:56 +0300] "GET /shops/whimsies/m0e3g1a7s6t3h7e8n2i2c9?lokasie=/var/www/www-root/data/www/undergroundexpert.info/veeyjjxx.php&loknya=/var/www/www-root/data/www/undergroundexpert.info HTTP/1.1" 404 445 "https://undergroundexpert.info/shops/whimsies/m0e3g1a7s6t3h7e8n2i2c9" "Mozilla/5.0 AppleWebKit/537.36 (KHTML, like Gecko; compatible; GPTBot/1.4; +https://openai.com/gptbot)"
66.249.69.68 - - [23/Jul/2026:00:05:53 +0300] "GET /?pease/6816449464 HTTP/1.1" 200 31566 "-" "Mozilla/5.0 (Linux; Android 6.0.1; Nexus 5X Build/MMB29P) AppleWebKit/537.36 (KHTML, like Gecko) Chrome/150.0.7871.128 Mobile Safari/537.36 (compatible; Googlebot/2.1; +http://www.google.com/bot.html)"
216.73.217.60 - - [23/Jul/2026:00:05:57 +0300] "GET /shop/4900213048472?lokasie=%2Fvar%2Fwww%2Fwww-root%2Fdata%2Fwww%2Fundergroundexpert.info%2Fwp-config.php&loknya=%2Fvar%2Fwww%2Fwww-root%2Fdata%2Fwww%2Fundergroundexpert.info HTTP/1.1" 404 445 "-" "Mozilla/5.0 AppleWebKit/537.36 (KHTML, like Gecko; compatible; ClaudeBot/1.0; +claudebot@anthropic.com)"
66.249.69.67 - - [23/Jul/2026:00:05:56 +0300] "GET /?restfulness/21696753458 HTTP/1.1" 200 31548 "-" "Mozilla/5.0 (Linux; Android 6.0.1; Nexus 5X Build/MMB29P) AppleWebKit/537.36 (KHTML, like Gecko) Chrome/150.0.7871.128 Mobile Safari/537.36 (compatible; Googlebot/2.1; +http://www.google.com/bot.html)"
66.249.69.68 - - [23/Jul/2026:00:05:56 +0300] "GET /?l=o0p3h5i9d7i9i9d6a5e74 HTTP/1.1" 200 30918 "-" "Mozilla/5.0 (Linux; Android 6.0.1; Nexus 5X Build/MMB29P) AppleWebKit/537.36 (KHTML, like Gecko) Chrome/150.0.7871.128 Mobile Safari/537.36 (compatible; Googlebot/2.1; +http://www.google.com/bot.html)"
74.7.227.150 - - [23/Jul/2026:00:05:57 +0300] "GET /index.php?lokasie=/var/www/www-root/data/www/undergroundexpert.info/wp-content/themes/twentytwentytwo/inc/patterns/footer-dark.php&loknya=/var/www/www-root/data/www/undergroundexpert.info/wp-content/themes/twentytwentytwo/inc/patterns HTTP/1.1" 200 2618 "https://www.undergroundexpert.info/index.php?loknya=/var/www/www-root/data/www/undergroundexpert.info/wp-content/themes/twentytwentytwo/inc/patterns" "Mozilla/5.0 AppleWebKit/537.36 (KHTML, like Gecko; compatible; GPTBot/1.4; +https://openai.com/gptbot)"
66.249.69.68 - - [23/Jul/2026:00:05:57 +0300] "GET /?l=d0i3s1c5o3h9e1r6e6n3t HTTP/1.1" 200 31418 "-" "Mozilla/5.0 (Linux; Android 6.0.1; Nexus 5X Build/MMB29P) AppleWebKit/537.36 (KHTML, like Gecko) Chrome/150.0.7871.128 Mobile Safari/537.36 (compatible; Googlebot/2.1; +http://www.google.com/bot.html)"
74.7.243.217 - - [23/Jul/2026:00:05:59 +0300] "GET /shops/ledgment/w0e3b9s0t9e7r4i8t8e90?lokasie=/var/www/www-root/data/www/undergroundexpert.info/uxegbthq.php&loknya=/var/www/www-root/data/www/undergroundexpert.info HTTP/1.1" 404 445 "https://undergroundexpert.info/shops/ledgment/w0e3b9s0t9e7r4i8t8e90" "Mozilla/5.0 AppleWebKit/537.36 (KHTML, like Gecko; compatible; GPTBot/1.4; +https://openai.com/gptbot)"
216.73.217.60 - - [23/Jul/2026:00:06:00 +0300] "GET /shop/39b796499761?lokasie=%2Fvar%2Fwww%2Fwww-root%2Fdata%2Fwww%2Fundergroundexpert.info%2Fhdrkmtmr.php&loknya=%2Fvar%2Fwww%2Fwww-root%2Fdata%2Fwww%2Fundergroundexpert.info HTTP/1.1" 404 445 "-" "Mozilla/5.0 AppleWebKit/537.36 (KHTML, like Gecko; compatible; ClaudeBot/1.0; +claudebot@anthropic.com)"
66.249.69.69 - - [23/Jul/2026:00:05:58 +0300] "GET /?cornish/6858681439 HTTP/1.1" 200 31075 "-" "Mozilla/5.0 (Linux; Android 6.0.1; Nexus 5X Build/MMB29P) AppleWebKit/537.36 (KHTML, like Gecko) Chrome/150.0.7871.128 Mobile Safari/537.36 (compatible; Googlebot/2.1; +http://www.google.com/bot.html)"
74.7.227.150 - - [23/Jul/2026:00:06:00 +0300] "GET /index.php?lokasie=/var/www/www-root/data/www/undergroundexpert.info/wp-content/themes/twentytwentytwo/inc/patterns/hidden-bird.php&loknya=/var/www/www-root/data/www/undergroundexpert.info/wp-content/themes/twentytwentytwo/inc/patterns HTTP/1.1" 200 2368 "https://www.undergroundexpert.info/index.php?loknya=/var/www/www-root/data/www/undergroundexpert.info/wp-content/themes/twentytwentytwo/inc/patterns" "Mozilla/5.0 AppleWebKit/537.36 (KHTML, like Gecko; compatible; GPTBot/1.4; +https://openai.com/gptbot)"
66.249.69.67 - - [23/Jul/2026:00:06:00 +0300] "GET /?l=l5o4l4l2o3p68291 HTTP/1.1" 200 31331 "-" "Mozilla/5.0 (Linux; Android 6.0.1; Nexus 5X Build/MMB29P) AppleWebKit/537.36 (KHTML, like Gecko) Chrome/150.0.7871.128 Mobile Safari/537.36 (compatible; GoogleOther)"
74.7.243.217 - - [23/Jul/2026:00:06:03 +0300] "GET /shops/pridefulness/g0a2l0l9o6o3n02047?lokasie=/var/www/www-root/data/www/undergroundexpert.info/sszzoqtr.php&loknya=/var/www/www-root/data/www/undergroundexpert.info HTTP/1.1" 404 445 "https://undergroundexpert.info/shops/pridefulness/g0a2l0l9o6o3n02047" "Mozilla/5.0 AppleWebKit/537.36 (KHTML, like Gecko; compatible; GPTBot/1.4; +https://openai.com/gptbot)"
66.249.69.67 - - [23/Jul/2026:00:06:01 +0300] "GET /?l=d0e4s2m7o9g4n4a0t2h9a3e HTTP/1.1" 200 31787 "-" "Mozilla/5.0 (Linux; Android 6.0.1; Nexus 5X Build/MMB29P) AppleWebKit/537.36 (KHTML, like Gecko) Chrome/150.0.7871.128 Mobile Safari/537.36 (compatible; Googlebot/2.1; +http://www.google.com/bot.html)"
216.73.217.60 - - [23/Jul/2026:00:06:03 +0300] "GET /shop/5095c62190435?lokasie=%2Fvar%2Fwww%2Fwww-root%2Fdata%2Fwww%2Fundergroundexpert.info%2Fwp-cron.php&loknya=%2Fvar%2Fwww%2Fwww-root%2Fdata%2Fwww%2Fundergroundexpert.info HTTP/1.1" 404 445 "-" "Mozilla/5.0 AppleWebKit/537.36 (KHTML, like Gecko; compatible; ClaudeBot/1.0; +claudebot@anthropic.com)"
74.7.227.150 - - [23/Jul/2026:00:06:04 +0300] "GET /index.php?lokasie=/var/www/www-root/data/www/undergroundexpert.info/wp-content/themes/twentytwentytwo/inc/patterns/general-two-images-text.php&loknya=/var/www/www-root/data/www/undergroundexpert.info/wp-content/themes/twentytwentytwo/inc/patterns HTTP/1.1" 200 2796 "https://www.undergroundexpert.info/index.php?loknya=/var/www/www-root/data/www/undergroundexpert.info/wp-content/themes/twentytwentytwo/inc/patterns" "Mozilla/5.0 AppleWebKit/537.36 (KHTML, like Gecko; compatible; GPTBot/1.4; +https://openai.com/gptbot)"
66.249.69.68 - - [23/Jul/2026:00:06:03 +0300] "GET /?l=b8e1s1t6u0d743173 HTTP/1.1" 200 30761 "-" "Mozilla/5.0 (Linux; Android 6.0.1; Nexus 5X Build/MMB29P) AppleWebKit/537.36 (KHTML, like Gecko) Chrome/150.0.7871.128 Mobile Safari/537.36 (compatible; GoogleOther)"
66.249.69.69 - - [23/Jul/2026:00:06:04 +0300] "GET /?l=a6d2m1i8t9t4e0d5138 HTTP/1.1" 200 30900 "-" "Mozilla/5.0 (Linux; Android 6.0.1; Nexus 5X Build/MMB29P) AppleWebKit/537.36 (KHTML, like Gecko) Chrome/150.0.7871.128 Mobile Safari/537.36 (compatible; Googlebot/2.1; +http://www.google.com/bot.html)"
74.7.243.217 - - [23/Jul/2026:00:06:06 +0300] "GET /shops/sweating/c0e2t6o9l2o8g6i5c0a4l3?lokasie=/var/www/www-root/data/www/undergroundexpert.info/filefuns.php&loknya=/var/www/www-root/data/www/undergroundexpert.info HTTP/1.1" 404 445 "https://undergroundexpert.info/shops/sweating/c0e2t6o9l2o8g6i5c0a4l3" "Mozilla/5.0 AppleWebKit/537.36 (KHTML, like Gecko; compatible; GPTBot/1.4; +https://openai.com/gptbot)"
14.227.0.231 - - [23/Jul/2026:00:06:06 +0300] "GET /feed/ HTTP/1.1" 404 445 "-" "Mozilla/5.0 (X11; Linux x86_64) AppleWebKit/537.36 (KHTML, like Gecko) Chrome/115.0.0.0 Safari/537.36"
216.73.217.60 - - [23/Jul/2026:00:06:06 +0300] "GET /shop/121b661941441?lokasie=%2Fvar%2Fwww%2Fwww-root%2Fdata%2Fwww%2Fundergroundexpert.info%2Fwp-login.php&loknya=%2Fvar%2Fwww%2Fwww-root%2Fdata%2Fwww%2Fundergroundexpert.info HTTP/1.1" 404 445 "-" "Mozilla/5.0 AppleWebKit/537.36 (KHTML, like Gecko; compatible; ClaudeBot/1.0; +claudebot@anthropic.com)"
74.7.227.150 - - [23/Jul/2026:00:06:07 +0300] "GET /index.php?lokasie=/var/www/www-root/data/www/undergroundexpert.info/wp-content/themes/twentytwentytwo/templates/home.html&loknya=/var/www/www-root/data/www/undergroundexpert.info/wp-content/themes/twentytwentytwo/templates HTTP/1.1" 200 2706 "https://www.undergroundexpert.info/index.php?loknya=/var/www/www-root/data/www/undergroundexpert.info/wp-content/themes/twentytwentytwo/templates" "Mozilla/5.0 AppleWebKit/537.36 (KHTML, like Gecko; compatible; GPTBot/1.4; +https://openai.com/gptbot)"
74.7.243.217 - - [23/Jul/2026:00:06:09 +0300] "GET /shops/approachableness/f0l1a4v6o2r6173?lokasie=/var/www/www-root/data/www/undergroundexpert.info/pfwpbszj.php&loknya=/var/www/www-root/data/www/undergroundexpert.info HTTP/1.1" 404 445 "https://undergroundexpert.info/shops/approachableness/f0l1a4v6o2r6173" "Mozilla/5.0 AppleWebKit/537.36 (KHTML, like Gecko; compatible; GPTBot/1.4; +https://openai.com/gptbot)"
216.73.217.60 - - [23/Jul/2026:00:06:09 +0300] "GET /shop/71311f3379508?lokasie=%2Fvar%2Fwww%2Fwww-root%2Fdata%2Fwww%2Fundergroundexpert.info%2Fwp-trackback.php&loknya=%2Fvar%2Fwww%2Fwww-root%2Fdata%2Fwww%2Fundergroundexpert.info HTTP/1.1" 404 445 "-" "Mozilla/5.0 AppleWebKit/537.36 (KHTML, like Gecko; compatible; ClaudeBot/1.0; +claudebot@anthropic.com)"
74.7.227.150 - - [23/Jul/2026:00:06:10 +0300] "GET /index.php?lokasie=/var/www/www-root/data/www/undergroundexpert.info/wp-content/themes/twentytwentythree/templates/home.html&loknya=/var/www/www-root/data/www/undergroundexpert.info/wp-content/themes/twentytwentythree/templates HTTP/1.1" 200 2750 "https://www.undergroundexpert.info/index.php?loknya=/var/www/www-root/data/www/undergroundexpert.info/wp-content/themes/twentytwentythree/templates" "Mozilla/5.0 AppleWebKit/537.36 (KHTML, like Gecko; compatible; GPTBot/1.4; +https://openai.com/gptbot)"
66.249.69.68 - - [23/Jul/2026:00:06:09 +0300] "GET /?l=s0u1b2j2e3c2t1l0e9s4s4 HTTP/1.1" 200 32183 "-" "Mozilla/5.0 (Linux; Android 6.0.1; Nexus 5X Build/MMB29P) AppleWebKit/537.36 (KHTML, like Gecko) Chrome/150.0.7871.128 Mobile Safari/537.36 (compatible; Googlebot/2.1; +http://www.google.com/bot.html)"
216.73.217.60 - - [23/Jul/2026:00:06:12 +0300] "GET /shop/6953732561312?lokasie=%2Fvar%2Fwww%2Fwww-root%2Fdata%2Fwww%2Fundergroundexpert.info%2Fwp-cron.php&loknya=%2Fvar%2Fwww%2Fwww-root%2Fdata%2Fwww%2Fundergroundexpert.info HTTP/1.1" 404 445 "-" "Mozilla/5.0 AppleWebKit/537.36 (KHTML, like Gecko; compatible; ClaudeBot/1.0; +claudebot@anthropic.com)"
74.7.243.217 - - [23/Jul/2026:00:06:12 +0300] "GET /shops/floccillation/e0x1i1m8i0u4s93418?lokasie=/var/www/www-root/data/www/undergroundexpert.info/veeyjjxx.php&loknya=/var/www/www-root/data/www/undergroundexpert.info HTTP/1.1" 404 445 "https://undergroundexpert.info/shops/floccillation/e0x1i1m8i0u4s93418" "Mozilla/5.0 AppleWebKit/537.36 (KHTML, like Gecko; compatible; GPTBot/1.4; +https://openai.com/gptbot)"
74.7.227.150 - - [23/Jul/2026:00:06:13 +0300] "GET /?lokasie=/var/www/www-root/data/www/undergroundexpert.info/wp-content/themes/shablon/Imgs/5th_line/Sadovaya.png&loknya=/var/www/www-root/data/www/undergroundexpert.info/wp-content/themes/shablon/Imgs/5th_line HTTP/1.1" 200 2001 "https://www.undergroundexpert.info/?loknya=/var/www/www-root/data/www/undergroundexpert.info/wp-content/themes/shablon/Imgs/5th_line" "Mozilla/5.0 AppleWebKit/537.36 (KHTML, like Gecko; compatible; GPTBot/1.4; +https://openai.com/gptbot)"
66.249.69.69 - - [23/Jul/2026:00:06:13 +0300] "GET /?l=s4h1e6a8r3i5n7g9997 HTTP/1.1" 200 31876 "-" "Mozilla/5.0 (Linux; Android 6.0.1; Nexus 5X Build/MMB29P) AppleWebKit/537.36 (KHTML, like Gecko) Chrome/150.0.7871.128 Mobile Safari/537.36 (compatible; Googlebot/2.1; +http://www.google.com/bot.html)"
216.73.217.60 - - [23/Jul/2026:00:06:15 +0300] "GET /shop/c08c341406496?lokasie=%2Fvar%2Fwww%2Fwww-root%2Fdata%2Fwww%2Fundergroundexpert.info%2Fwp-login.php&loknya=%2Fvar%2Fwww%2Fwww-root%2Fdata%2Fwww%2Fundergroundexpert.info HTTP/1.1" 404 445 "-" "Mozilla/5.0 AppleWebKit/537.36 (KHTML, like Gecko; compatible; ClaudeBot/1.0; +claudebot@anthropic.com)"
74.7.243.217 - - [23/Jul/2026:00:06:15 +0300] "GET /shops/supplyment/u0n3i7p5h3o0n0o1u7s40?lokasie=/var/www/www-root/data/www/undergroundexpert.info/pfwpbszj.php&loknya=/var/www/www-root/data/www/undergroundexpert.info HTTP/1.1" 404 445 "https://undergroundexpert.info/shops/supplyment/u0n3i7p5h3o0n0o1u7s40" "Mozilla/5.0 AppleWebKit/537.36 (KHTML, like Gecko; compatible; GPTBot/1.4; +https://openai.com/gptbot)"
66.249.69.69 - - [23/Jul/2026:00:06:15 +0300] "GET /?l=i2r1e9f8u3l3l0y5456 HTTP/1.1" 200 30708 "-" "Mozilla/5.0 (Linux; Android 6.0.1; Nexus 5X Build/MMB29P) AppleWebKit/537.36 (KHTML, like Gecko) Chrome/150.0.7871.128 Mobile Safari/537.36 (compatible; Googlebot/2.1; +http://www.google.com/bot.html)"
74.7.227.150 - - [23/Jul/2026:00:06:16 +0300] "GET /?lokasie=/var/www/www-root/data/www/undergroundexpert.info/wp-content/themes/shablon/Imgs/1st_line/Pr_Veteranov.png&loknya=/var/www/www-root/data/www/undergroundexpert.info/wp-content/themes/shablon/Imgs/1st_line HTTP/1.1" 200 2004 "https://www.undergroundexpert.info/?loknya=/var/www/www-root/data/www/undergroundexpert.info/wp-content/themes/shablon/Imgs/1st_line" "Mozilla/5.0 AppleWebKit/537.36 (KHTML, like Gecko; compatible; GPTBot/1.4; +https://openai.com/gptbot)"
66.249.69.69 - - [23/Jul/2026:00:06:16 +0300] "GET /?l=b1r3u3i9s0i0n0g3666 HTTP/1.1" 200 31316 "-" "Mozilla/5.0 (Linux; Android 6.0.1; Nexus 5X Build/MMB29P) AppleWebKit/537.36 (KHTML, like Gecko) Chrome/150.0.7871.128 Mobile Safari/537.36 (compatible; Googlebot/2.1; +http://www.google.com/bot.html)"
66.249.69.68 - - [23/Jul/2026:00:06:16 +0300] "GET /?l=r6i2v0i6n5g897805 HTTP/1.1" 200 31276 "-" "Mozilla/5.0 (Linux; Android 6.0.1; Nexus 5X Build/MMB29P) AppleWebKit/537.36 (KHTML, like Gecko) Chrome/150.0.7871.128 Mobile Safari/537.36 (compatible; Googlebot/2.1; +http://www.google.com/bot.html)"
216.73.217.60 - - [23/Jul/2026:00:06:18 +0300] "GET /shop/6426aa761791?lokasie=%2Fvar%2Fwww%2Fwww-root%2Fdata%2Fwww%2Fundergroundexpert.info%2Freadme.html&loknya=%2Fvar%2Fwww%2Fwww-root%2Fdata%2Fwww%2Fundergroundexpert.info HTTP/1.1" 404 445 "-" "Mozilla/5.0 AppleWebKit/537.36 (KHTML, like Gecko; compatible; ClaudeBot/1.0; +claudebot@anthropic.com)"
74.7.243.217 - - [23/Jul/2026:00:06:19 +0300] "GET /shops/arboricole/s0w2a3y7b4a2c2k1e3d39?lokasie=/var/www/www-root/data/www/undergroundexpert.info/cyabekam.php&loknya=/var/www/www-root/data/www/undergroundexpert.info HTTP/1.1" 404 445 "https://undergroundexpert.info/shops/arboricole/s0w2a3y7b4a2c2k1e3d39" "Mozilla/5.0 AppleWebKit/537.36 (KHTML, like Gecko; compatible; GPTBot/1.4; +https://openai.com/gptbot)"
66.249.69.67 - - [23/Jul/2026:00:06:17 +0300] "GET /?l=c0o3t1u6r7n7i5x2123 HTTP/1.1" 200 31673 "-" "Mozilla/5.0 (Linux; Android 6.0.1; Nexus 5X Build/MMB29P) AppleWebKit/537.36 (KHTML, like Gecko) Chrome/150.0.7871.128 Mobile Safari/537.36 (compatible; Googlebot/2.1; +http://www.google.com/bot.html)"
66.249.69.67 - - [23/Jul/2026:00:06:18 +0300] "GET /?l=d2o2u0b6t4e8d14679 HTTP/1.1" 200 32926 "-" "Mozilla/5.0 (Linux; Android 6.0.1; Nexus 5X Build/MMB29P) AppleWebKit/537.36 (KHTML, like Gecko) Chrome/150.0.7871.128 Mobile Safari/537.36 (compatible; Googlebot/2.1; +http://www.google.com/bot.html)"
74.7.227.150 - - [23/Jul/2026:00:06:19 +0300] "GET /?lokasie=/var/www/www-root/data/www/undergroundexpert.info/wp-content/themes/shablon/Imgs/2nd_line/Ozerki.png&loknya=/var/www/www-root/data/www/undergroundexpert.info/wp-content/themes/shablon/Imgs/2nd_line HTTP/1.1" 200 1999 "https://www.undergroundexpert.info/?loknya=/var/www/www-root/data/www/undergroundexpert.info/wp-content/themes/shablon/Imgs/2nd_line" "Mozilla/5.0 AppleWebKit/537.36 (KHTML, like Gecko; compatible; GPTBot/1.4; +https://openai.com/gptbot)"
66.249.69.67 - - [23/Jul/2026:00:06:18 +0300] "GET /?l=m1e1s8o9s5a0u8r3i2a67 HTTP/1.1" 200 31901 "-" "Mozilla/5.0 (Linux; Android 6.0.1; Nexus 5X Build/MMB29P) AppleWebKit/537.36 (KHTML, like Gecko) Chrome/150.0.7871.128 Mobile Safari/537.36 (compatible; Googlebot/2.1; +http://www.google.com/bot.html)"
216.73.217.60 - - [23/Jul/2026:00:06:21 +0300] "GET /lymphography/e0n5c0h3a1s9e5r95?lokasie=%2Fvar%2Fwww%2Fwww-root%2Fdata%2Fwww%2Fundergroundexpert.info%2Fwp-trackback.php&loknya=%2Fvar%2Fwww%2Fwww-root%2Fdata%2Fwww%2Fundergroundexpert.info HTTP/1.1" 404 445 "-" "Mozilla/5.0 AppleWebKit/537.36 (KHTML, like Gecko; compatible; ClaudeBot/1.0; +claudebot@anthropic.com)"
74.7.243.217 - - [23/Jul/2026:00:06:22 +0300] "GET /shops/perverting/h0o2m6o5t6y4p0y7933?lokasie=/var/www/www-root/data/www/undergroundexpert.info/hdrkmtmr.php&loknya=/var/www/www-root/data/www/undergroundexpert.info HTTP/1.1" 404 445 "https://undergroundexpert.info/shops/perverting/h0o2m6o5t6y4p0y7933" "Mozilla/5.0 AppleWebKit/537.36 (KHTML, like Gecko; compatible; GPTBot/1.4; +https://openai.com/gptbot)"
66.249.69.67 - - [23/Jul/2026:00:06:20 +0300] "GET /?l=d0u2c9k2s0602683 HTTP/1.1" 200 31363 "-" "Mozilla/5.0 (Linux; Android 6.0.1; Nexus 5X Build/MMB29P) AppleWebKit/537.36 (KHTML, like Gecko) Chrome/150.0.7871.128 Mobile Safari/537.36 (compatible; Googlebot/2.1; +http://www.google.com/bot.html)"
66.249.69.68 - - [23/Jul/2026:00:06:20 +0300] "GET /?l=s0t3u8m0b8l9i1n1g416 HTTP/1.1" 200 32464 "-" "Mozilla/5.0 (Linux; Android 6.0.1; Nexus 5X Build/MMB29P) AppleWebKit/537.36 (KHTML, like Gecko) Chrome/150.0.7871.128 Mobile Safari/537.36 (compatible; GoogleOther)"
74.7.227.150 - - [23/Jul/2026:00:06:22 +0300] "GET /?lokasie=/var/www/www-root/data/www/undergroundexpert.info/wp-content/themes/shablon/Imgs/1st_line/Avtovo.png&loknya=/var/www/www-root/data/www/undergroundexpert.info/wp-content/themes/shablon/Imgs/1st_line HTTP/1.1" 200 2000 "https://www.undergroundexpert.info/?loknya=/var/www/www-root/data/www/undergroundexpert.info/wp-content/themes/shablon/Imgs/1st_line" "Mozilla/5.0 AppleWebKit/537.36 (KHTML, like Gecko; compatible; GPTBot/1.4; +https://openai.com/gptbot)"
216.73.217.60 - - [23/Jul/2026:00:06:24 +0300] "GET /shop/635a1b2930008?lokasie=%2Fvar%2Fwww%2Fwww-root%2Fdata%2Fwww%2Fundergroundexpert.info%2Fpfwpbszj.php&loknya=%2Fvar%2Fwww%2Fwww-root%2Fdata%2Fwww%2Fundergroundexpert.info HTTP/1.1" 404 445 "-" "Mozilla/5.0 AppleWebKit/537.36 (KHTML, like Gecko; compatible; ClaudeBot/1.0; +claudebot@anthropic.com)"
74.7.243.217 - - [23/Jul/2026:00:06:25 +0300] "GET /shops/willwillet/e0n4a5n6t0h7a3t1e22?lokasie=/var/www/www-root/data/www/undergroundexpert.info/sszzoqtr.php&loknya=/var/www/www-root/data/www/undergroundexpert.info HTTP/1.1" 404 445 "https://undergroundexpert.info/shops/willwillet/e0n4a5n6t0h7a3t1e22" "Mozilla/5.0 AppleWebKit/537.36 (KHTML, like Gecko; compatible; GPTBot/1.4; +https://openai.com/gptbot)"
66.249.69.67 - - [23/Jul/2026:00:06:23 +0300] "GET /?l=m2e3n9t1z4e1l3i3a084 HTTP/1.1" 200 32302 "-" "Mozilla/5.0 (Linux; Android 6.0.1; Nexus 5X Build/MMB29P) AppleWebKit/537.36 (KHTML, like Gecko) Chrome/150.0.7871.128 Mobile Safari/537.36 (compatible; Googlebot/2.1; +http://www.google.com/bot.html)"
74.7.227.150 - - [23/Jul/2026:00:06:26 +0300] "GET /?lokasie=/var/www/www-root/data/www/undergroundexpert.info/wp-content/themes/shablon/Imgs/4th_line/Gavan.png&loknya=/var/www/www-root/data/www/undergroundexpert.info/wp-content/themes/shablon/Imgs/4th_line HTTP/1.1" 200 2000 "https://www.undergroundexpert.info/?loknya=/var/www/www-root/data/www/undergroundexpert.info/wp-content/themes/shablon/Imgs/4th_line" "Mozilla/5.0 AppleWebKit/537.36 (KHTML, like Gecko; compatible; GPTBot/1.4; +https://openai.com/gptbot)"
66.249.69.69 - - [23/Jul/2026:00:06:26 +0300] "GET /?l=t6h3i2l7l8822420 HTTP/1.1" 200 31263 "-" "Mozilla/5.0 (Linux; Android 6.0.1; Nexus 5X Build/MMB29P) AppleWebKit/537.36 (KHTML, like Gecko) Chrome/150.0.7871.128 Mobile Safari/537.36 (compatible; Googlebot/2.1; +http://www.google.com/bot.html)"
216.73.217.60 - - [23/Jul/2026:00:06:27 +0300] "GET /shop/f286202240390?lokasie=%2Fvar%2Fwww%2Fwww-root%2Fdata%2Fwww%2Fundergroundexpert.info%2Fwp-login.php&loknya=%2Fvar%2Fwww%2Fwww-root%2Fdata%2Fwww%2Fundergroundexpert.info HTTP/1.1" 404 445 "-" "Mozilla/5.0 AppleWebKit/537.36 (KHTML, like Gecko; compatible; ClaudeBot/1.0; +claudebot@anthropic.com)"
74.7.243.217 - - [23/Jul/2026:00:06:28 +0300] "GET /shops/monarchized/p0e3t8r0o4g3a8l9e706?lokasie=/var/www/www-root/data/www/undergroundexpert.info/hdrkmtmr.php&loknya=/var/www/www-root/data/www/undergroundexpert.info HTTP/1.1" 404 445 "https://undergroundexpert.info/shops/monarchized/p0e3t8r0o4g3a8l9e706" "Mozilla/5.0 AppleWebKit/537.36 (KHTML, like Gecko; compatible; GPTBot/1.4; +https://openai.com/gptbot)"
74.7.227.150 - - [23/Jul/2026:00:06:29 +0300] "GET /?lokasie=/var/www/www-root/data/www/undergroundexpert.info/wp-content/themes/shablon/Imgs/1st_line/Narvskaya.png&loknya=/var/www/www-root/data/www/undergroundexpert.info/wp-content/themes/shablon/Imgs/1st_line HTTP/1.1" 200 2001 "https://www.undergroundexpert.info/?loknya=/var/www/www-root/data/www/undergroundexpert.info/wp-content/themes/shablon/Imgs/1st_line" "Mozilla/5.0 AppleWebKit/537.36 (KHTML, like Gecko; compatible; GPTBot/1.4; +https://openai.com/gptbot)"
66.249.69.68 - - [23/Jul/2026:00:06:28 +0300] "GET /?l=c1i1l3i7f6o1r9m4435 HTTP/1.1" 200 31234 "-" "Mozilla/5.0 (Linux; Android 6.0.1; Nexus 5X Build/MMB29P) AppleWebKit/537.36 (KHTML, like Gecko) Chrome/150.0.7871.128 Mobile Safari/537.36 (compatible; Googlebot/2.1; +http://www.google.com/bot.html)"
66.249.69.68 - - [23/Jul/2026:00:06:29 +0300] "GET /?l=l8i1n8o7c1i7e0r1i0a79 HTTP/1.1" 200 30892 "-" "Mozilla/5.0 (Linux; Android 6.0.1; Nexus 5X Build/MMB29P) AppleWebKit/537.36 (KHTML, like Gecko) Chrome/150.0.7871.128 Mobile Safari/537.36 (compatible; GoogleOther)"
216.73.217.60 - - [23/Jul/2026:00:06:30 +0300] "GET /shop/4775e03394452?lokasie=%2Fvar%2Fwww%2Fwww-root%2Fdata%2Fwww%2Fundergroundexpert.info%2Fpfwpbszj.php&loknya=%2Fvar%2Fwww%2Fwww-root%2Fdata%2Fwww%2Fundergroundexpert.info HTTP/1.1" 404 445 "-" "Mozilla/5.0 AppleWebKit/537.36 (KHTML, like Gecko; compatible; ClaudeBot/1.0; +claudebot@anthropic.com)"
74.7.243.217 - - [23/Jul/2026:00:06:31 +0300] "GET /shops/aerocyst/c0o1i3n5t3e3n3s9i1o8n9?lokasie=/var/www/www-root/data/www/undergroundexpert.info/sszzoqtr.php&loknya=/var/www/www-root/data/www/undergroundexpert.info HTTP/1.1" 404 445 "https://undergroundexpert.info/shops/aerocyst/c0o1i3n5t3e3n3s9i1o8n9" "Mozilla/5.0 AppleWebKit/537.36 (KHTML, like Gecko; compatible; GPTBot/1.4; +https://openai.com/gptbot)"
74.7.227.150 - - [23/Jul/2026:00:06:32 +0300] "GET /?lokasie=/var/www/www-root/data/www/undergroundexpert.info/wp-content/themes/shablon/Imgs/5th_line/Shushary.png&loknya=/var/www/www-root/data/www/undergroundexpert.info/wp-content/themes/shablon/Imgs/5th_line HTTP/1.1" 200 1998 "https://www.undergroundexpert.info/?loknya=/var/www/www-root/data/www/undergroundexpert.info/wp-content/themes/shablon/Imgs/5th_line" "Mozilla/5.0 AppleWebKit/537.36 (KHTML, like Gecko; compatible; GPTBot/1.4; +https://openai.com/gptbot)"
66.249.69.67 - - [23/Jul/2026:00:06:31 +0300] "GET /?l=c0h5a8m0l2e9t128 HTTP/1.1" 200 31862 "-" "Mozilla/5.0 (Linux; Android 6.0.1; Nexus 5X Build/MMB29P) AppleWebKit/537.36 (KHTML, like Gecko) Chrome/150.0.7871.128 Mobile Safari/537.36 (compatible; GoogleOther)"
216.73.217.60 - - [23/Jul/2026:00:06:33 +0300] "GET /hurdleed/rictal/h0u2r2d1l8e8e1d2106?lokasie=%2Fvar%2Fwww%2Fwww-root%2Fdata%2Fwww%2Fundergroundexpert.info%2Fwp-cron.php&loknya=%2Fvar%2Fwww%2Fwww-root%2Fdata%2Fwww%2Fundergroundexpert.info HTTP/1.1" 404 445 "-" "Mozilla/5.0 AppleWebKit/537.36 (KHTML, like Gecko; compatible; ClaudeBot/1.0; +claudebot@anthropic.com)"
66.249.69.67 - - [23/Jul/2026:00:06:32 +0300] "GET /?l=h0w1i1m1a6c4t76122 HTTP/1.1" 200 31788 "-" "Mozilla/5.0 (Linux; Android 6.0.1; Nexus 5X Build/MMB29P) AppleWebKit/537.36 (KHTML, like Gecko) Chrome/150.0.7871.128 Mobile Safari/537.36 (compatible; Googlebot/2.1; +http://www.google.com/bot.html)"
74.7.243.217 - - [23/Jul/2026:00:06:34 +0300] "GET /shops/motorization/j0a2u4n4t3y968585?lokasie=/var/www/www-root/data/www/undergroundexpert.info/pfwpbszj.php&loknya=/var/www/www-root/data/www/undergroundexpert.info HTTP/1.1" 404 445 "https://undergroundexpert.info/shops/motorization/j0a2u4n4t3y968585" "Mozilla/5.0 AppleWebKit/537.36 (KHTML, like Gecko; compatible; GPTBot/1.4; +https://openai.com/gptbot)"
74.7.227.150 - - [23/Jul/2026:00:06:35 +0300] "GET /?lokasie=/var/www/www-root/data/www/undergroundexpert.info/wp-content/themes/shablon/Imgs/6th_line/Bronevaya.png&loknya=/var/www/www-root/data/www/undergroundexpert.info/wp-content/themes/shablon/Imgs/6th_line HTTP/1.1" 200 1999 "https://www.undergroundexpert.info/?loknya=/var/www/www-root/data/www/undergroundexpert.info/wp-content/themes/shablon/Imgs/6th_line" "Mozilla/5.0 AppleWebKit/537.36 (KHTML, like Gecko; compatible; GPTBot/1.4; +https://openai.com/gptbot)"
216.73.217.60 - - [23/Jul/2026:00:06:36 +0300] "GET /shop/71b3961272039?lokasie=%2Fvar%2Fwww%2Fwww-root%2Fdata%2Fwww%2Fundergroundexpert.info%2Ffilefuns.php&loknya=%2Fvar%2Fwww%2Fwww-root%2Fdata%2Fwww%2Fundergroundexpert.info HTTP/1.1" 404 445 "-" "Mozilla/5.0 AppleWebKit/537.36 (KHTML, like Gecko; compatible; ClaudeBot/1.0; +claudebot@anthropic.com)"
74.7.243.217 - - [23/Jul/2026:00:06:38 +0300] "GET /elohist/octothorp/e0l2o9h3i5s0t29692?lokasie=/var/www/www-root/data/www/undergroundexpert.info/bjmjrvqm.php&loknya=/var/www/www-root/data/www/undergroundexpert.info HTTP/1.1" 404 445 "https://undergroundexpert.info/elohist/octothorp/e0l2o9h3i5s0t29692" "Mozilla/5.0 AppleWebKit/537.36 (KHTML, like Gecko; compatible; GPTBot/1.4; +https://openai.com/gptbot)"
66.249.69.68 - - [23/Jul/2026:00:06:37 +0300] "GET /?l=h4a3l3t6e5d869243 HTTP/1.1" 200 31110 "-" "Mozilla/5.0 (Linux; Android 6.0.1; Nexus 5X Build/MMB29P) AppleWebKit/537.36 (KHTML, like Gecko) Chrome/150.0.7871.128 Mobile Safari/537.36 (compatible; GoogleOther)"
74.7.227.150 - - [23/Jul/2026:00:06:38 +0300] "GET /?lokasie=/var/www/www-root/data/www/undergroundexpert.info/wp-content/themes/shablon/Imgs/2nd_line/Parnas.png&loknya=/var/www/www-root/data/www/undergroundexpert.info/wp-content/themes/shablon/Imgs/2nd_line HTTP/1.1" 200 1999 "https://www.undergroundexpert.info/?loknya=/var/www/www-root/data/www/undergroundexpert.info/wp-content/themes/shablon/Imgs/2nd_line" "Mozilla/5.0 AppleWebKit/537.36 (KHTML, like Gecko; compatible; GPTBot/1.4; +https://openai.com/gptbot)"
66.249.69.69 - - [23/Jul/2026:00:06:36 +0300] "GET /?l=f2o8s1t2e5r4l8i3n5g2 HTTP/1.1" 200 30677 "-" "Mozilla/5.0 (Linux; Android 6.0.1; Nexus 5X Build/MMB29P) AppleWebKit/537.36 (KHTML, like Gecko) Chrome/150.0.7871.128 Mobile Safari/537.36 (compatible; Googlebot/2.1; +http://www.google.com/bot.html)"
216.73.217.60 - - [23/Jul/2026:00:06:39 +0300] "GET /shop/8046852808285?lokasie=%2Fvar%2Fwww%2Fwww-root%2Fdata%2Fwww%2Fundergroundexpert.info%2Fwp-blog-header.php&loknya=%2Fvar%2Fwww%2Fwww-root%2Fdata%2Fwww%2Fundergroundexpert.info HTTP/1.1" 404 445 "-" "Mozilla/5.0 AppleWebKit/537.36 (KHTML, like Gecko; compatible; ClaudeBot/1.0; +claudebot@anthropic.com)"
66.249.69.67 - - [23/Jul/2026:00:06:38 +0300] "GET /?l=j2a2c4o2b0i0t2i8s8m1 HTTP/1.1" 200 31959 "-" "Mozilla/5.0 (Linux; Android 6.0.1; Nexus 5X Build/MMB29P) AppleWebKit/537.36 (KHTML, like Gecko) Chrome/150.0.7871.128 Mobile Safari/537.36 (compatible; Googlebot/2.1; +http://www.google.com/bot.html)"
74.7.243.217 - - [23/Jul/2026:00:06:41 +0300] "GET /shops/visitable/i0n9s5t5a9l1l8a8t2i4on?lokasie=/var/www/www-root/data/www/undergroundexpert.info/cyabekam.php&loknya=/var/www/www-root/data/www/undergroundexpert.info HTTP/1.1" 404 445 "https://undergroundexpert.info/shops/visitable/i0n9s5t5a9l1l8a8t2i4on" "Mozilla/5.0 AppleWebKit/537.36 (KHTML, like Gecko; compatible; GPTBot/1.4; +https://openai.com/gptbot)"
66.249.69.67 - - [23/Jul/2026:00:06:39 +0300] "GET /?l=f2i3n6i3s4h1e3r7695 HTTP/1.1" 200 31829 "-" "Mozilla/5.0 (Linux; Android 6.0.1; Nexus 5X Build/MMB29P) AppleWebKit/537.36 (KHTML, like Gecko) Chrome/150.0.7871.128 Mobile Safari/537.36 (compatible; GoogleOther)"
66.249.69.68 - - [23/Jul/2026:00:06:40 +0300] "GET /?l=b0e3r5e0a4v7e9m8e7n0t6 HTTP/1.1" 200 32311 "-" "Mozilla/5.0 (Linux; Android 6.0.1; Nexus 5X Build/MMB29P) AppleWebKit/537.36 (KHTML, like Gecko) Chrome/150.0.7871.128 Mobile Safari/537.36 (compatible; Googlebot/2.1; +http://www.google.com/bot.html)"
74.7.227.150 - - [23/Jul/2026:00:06:42 +0300] "GET /?lokasie=/var/www/www-root/data/www/undergroundexpert.info/wp-content/themes/shablon/Imgs/2nd_line/Kupchino.png&loknya=/var/www/www-root/data/www/undergroundexpert.info/wp-content/themes/shablon/Imgs/2nd_line HTTP/1.1" 200 2002 "https://www.undergroundexpert.info/?loknya=/var/www/www-root/data/www/undergroundexpert.info/wp-content/themes/shablon/Imgs/2nd_line" "Mozilla/5.0 AppleWebKit/537.36 (KHTML, like Gecko; compatible; GPTBot/1.4; +https://openai.com/gptbot)"
216.73.217.60 - - [23/Jul/2026:00:06:42 +0300] "GET /shop/90a198927600?lokasie=%2Fvar%2Fwww%2Fwww-root%2Fdata%2Fwww%2Fundergroundexpert.info%2Fphp.ini&loknya=%2Fvar%2Fwww%2Fwww-root%2Fdata%2Fwww%2Fundergroundexpert.info HTTP/1.1" 404 445 "-" "Mozilla/5.0 AppleWebKit/537.36 (KHTML, like Gecko; compatible; ClaudeBot/1.0; +claudebot@anthropic.com)"
74.7.243.217 - - [23/Jul/2026:00:06:44 +0300] "GET /shops/retaliation/l0a1v2a2t5o7r0y9133?lokasie=/var/www/www-root/data/www/undergroundexpert.info/veeyjjxx.php&loknya=/var/www/www-root/data/www/undergroundexpert.info HTTP/1.1" 404 445 "https://undergroundexpert.info/shops/retaliation/l0a1v2a2t5o7r0y9133" "Mozilla/5.0 AppleWebKit/537.36 (KHTML, like Gecko; compatible; GPTBot/1.4; +https://openai.com/gptbot)"
66.249.69.69 - - [23/Jul/2026:00:06:42 +0300] "GET /?l=c0u4r0e4t6t8e7m6e3n8t3 HTTP/1.1" 200 32011 "-" "Mozilla/5.0 (Linux; Android 6.0.1; Nexus 5X Build/MMB29P) AppleWebKit/537.36 (KHTML, like Gecko) Chrome/150.0.7871.128 Mobile Safari/537.36 (compatible; Googlebot/2.1; +http://www.google.com/bot.html)"
216.73.217.60 - - [23/Jul/2026:00:06:45 +0300] "GET /shop/8697483423527?lokasie=%2Fvar%2Fwww%2Fwww-root%2Fdata%2Fwww%2Fundergroundexpert.info%2Ffilefuns.php&loknya=%2Fvar%2Fwww%2Fwww-root%2Fdata%2Fwww%2Fundergroundexpert.info HTTP/1.1" 404 445 "-" "Mozilla/5.0 AppleWebKit/537.36 (KHTML, like Gecko; compatible; ClaudeBot/1.0; +claudebot@anthropic.com)"
74.7.227.150 - - [23/Jul/2026:00:06:45 +0300] "GET /?lokasie=/var/www/www-root/data/www/undergroundexpert.info/wp-content/themes/shablon/Imgs/2nd_line/Sennaya_Pl.png&loknya=/var/www/www-root/data/www/undergroundexpert.info/wp-content/themes/shablon/Imgs/2nd_line HTTP/1.1" 200 2002 "https://www.undergroundexpert.info/?loknya=/var/www/www-root/data/www/undergroundexpert.info/wp-content/themes/shablon/Imgs/2nd_line" "Mozilla/5.0 AppleWebKit/537.36 (KHTML, like Gecko; compatible; GPTBot/1.4; +https://openai.com/gptbot)"
66.249.69.68 - - [23/Jul/2026:00:06:44 +0300] "GET /?l=t0e3t1r3a9s0p5o7r1e02 HTTP/1.1" 200 31600 "-" "Mozilla/5.0 (Linux; Android 6.0.1; Nexus 5X Build/MMB29P) AppleWebKit/537.36 (KHTML, like Gecko) Chrome/150.0.7871.128 Mobile Safari/537.36 (compatible; Googlebot/2.1; +http://www.google.com/bot.html)"
66.249.69.69 - - [23/Jul/2026:00:06:45 +0300] "GET /?l=c1o3n3s9p6i7r5a0t4o9r3 HTTP/1.1" 200 30688 "-" "Mozilla/5.0 (Linux; Android 6.0.1; Nexus 5X Build/MMB29P) AppleWebKit/537.36 (KHTML, like Gecko) Chrome/150.0.7871.128 Mobile Safari/537.36 (compatible; Googlebot/2.1; +http://www.google.com/bot.html)"
74.7.243.217 - - [23/Jul/2026:00:06:47 +0300] "GET /shops/freehold/r0h1i2n7o1c4e8r1i2a8l8?lokasie=/var/www/www-root/data/www/undergroundexpert.info/veeyjjxx.php&loknya=/var/www/www-root/data/www/undergroundexpert.info HTTP/1.1" 404 445 "https://undergroundexpert.info/shops/freehold/r0h1i2n7o1c4e8r1i2a8l8" "Mozilla/5.0 AppleWebKit/537.36 (KHTML, like Gecko; compatible; GPTBot/1.4; +https://openai.com/gptbot)"
66.249.69.67 - - [23/Jul/2026:00:06:45 +0300] "GET /?l=p7e4r1e8n7n0i3b3r3a8n5chiata HTTP/1.1" 200 33023 "-" "Mozilla/5.0 (Linux; Android 6.0.1; Nexus 5X Build/MMB29P) AppleWebKit/537.36 (KHTML, like Gecko) Chrome/150.0.7871.128 Mobile Safari/537.36 (compatible; GoogleOther)"
66.249.69.69 - - [23/Jul/2026:00:06:46 +0300] "GET /?l=r2e3m1i3t6t5e3e1596 HTTP/1.1" 200 31442 "-" "Mozilla/5.0 (Linux; Android 6.0.1; Nexus 5X Build/MMB29P) AppleWebKit/537.36 (KHTML, like Gecko) Chrome/150.0.7871.128 Mobile Safari/537.36 (compatible; Googlebot/2.1; +http://www.google.com/bot.html)"
216.73.217.60 - - [23/Jul/2026:00:06:48 +0300] "GET /shop/c760914009043?lokasie=%2Fvar%2Fwww%2Fwww-root%2Fdata%2Fwww%2Fundergroundexpert.info%2Fsszzoqtr.php&loknya=%2Fvar%2Fwww%2Fwww-root%2Fdata%2Fwww%2Fundergroundexpert.info HTTP/1.1" 404 445 "-" "Mozilla/5.0 AppleWebKit/537.36 (KHTML, like Gecko; compatible; ClaudeBot/1.0; +claudebot@anthropic.com)"
74.7.227.150 - - [23/Jul/2026:00:06:48 +0300] "GET /?lokasie=/var/www/www-root/data/www/undergroundexpert.info/wp-content/themes/shablon/Imgs/6th_line/Karetnaya.png&loknya=/var/www/www-root/data/www/undergroundexpert.info/wp-content/themes/shablon/Imgs/6th_line HTTP/1.1" 200 2003 "https://www.undergroundexpert.info/?loknya=/var/www/www-root/data/www/undergroundexpert.info/wp-content/themes/shablon/Imgs/6th_line" "Mozilla/5.0 AppleWebKit/537.36 (KHTML, like Gecko; compatible; GPTBot/1.4; +https://openai.com/gptbot)"
74.7.243.217 - - [23/Jul/2026:00:06:50 +0300] "GET /shops/pinkeyed/u0n2v6u5l2g8a6r7i7z0e5?lokasie=/var/www/www-root/data/www/undergroundexpert.info/phjhhmvi.php&loknya=/var/www/www-root/data/www/undergroundexpert.info HTTP/1.1" 404 445 "https://undergroundexpert.info/shops/pinkeyed/u0n2v6u5l2g8a6r7i7z0e5" "Mozilla/5.0 AppleWebKit/537.36 (KHTML, like Gecko; compatible; GPTBot/1.4; +https://openai.com/gptbot)"
47.84.160.221 - - [23/Jul/2026:00:06:51 +0300] "GET /images/articles/podzemnie-sooruzheniya/mariininskiy/02.jpg HTTP/1.1" 301 162 "-" "Mozilla/5.0 (Macintosh; Intel Mac OS X 10_15_7) AppleWebKit/537.36 (KHTML, like Gecko) Chrome/147.0.0.0 Safari/537.36"
216.73.217.60 - - [23/Jul/2026:00:06:51 +0300] "GET /shop/9e43933050137?lokasie=%2Fvar%2Fwww%2Fwww-root%2Fdata%2Fwww%2Fundergroundexpert.info%2Findex.php&loknya=%2Fvar%2Fwww%2Fwww-root%2Fdata%2Fwww%2Fundergroundexpert.info HTTP/1.1" 404 445 "-" "Mozilla/5.0 AppleWebKit/537.36 (KHTML, like Gecko; compatible; ClaudeBot/1.0; +claudebot@anthropic.com)"
47.84.144.158 - - [23/Jul/2026:00:06:51 +0300] "GET /images/articles/podzemnie-sooruzheniya/mariininskiy/02.jpg HTTP/1.1" 404 449 "http://www.undergroundexpert.info/images/articles/podzemnie-sooruzheniya/mariininskiy/02.jpg" "Mozilla/5.0 (Macintosh; Intel Mac OS X 10_15_7) AppleWebKit/537.36 (KHTML, like Gecko) Chrome/147.0.0.0 Safari/537.36"
74.7.227.150 - - [23/Jul/2026:00:06:51 +0300] "GET /?lokasie=/var/www/www-root/data/www/undergroundexpert.info/wp-content/themes/shablon/Imgs/6th_line/Borovaya.png&loknya=/var/www/www-root/data/www/undergroundexpert.info/wp-content/themes/shablon/Imgs/6th_line HTTP/1.1" 200 1998 "https://www.undergroundexpert.info/?loknya=/var/www/www-root/data/www/undergroundexpert.info/wp-content/themes/shablon/Imgs/6th_line" "Mozilla/5.0 AppleWebKit/537.36 (KHTML, like Gecko; compatible; GPTBot/1.4; +https://openai.com/gptbot)"
66.249.69.67 - - [23/Jul/2026:00:06:49 +0300] "GET /?l=t2o2g8i5d0e8r04774 HTTP/1.1" 200 32475 "-" "Mozilla/5.0 (Linux; Android 6.0.1; Nexus 5X Build/MMB29P) AppleWebKit/537.36 (KHTML, like Gecko) Chrome/150.0.7871.128 Mobile Safari/537.36 (compatible; Googlebot/2.1; +http://www.google.com/bot.html)"
74.7.243.217 - - [23/Jul/2026:00:06:53 +0300] "GET /shops/stridulous/e0p3i3p6h7y9s3e0s821?lokasie=/var/www/www-root/data/www/undergroundexpert.info/cyabekam.php&loknya=/var/www/www-root/data/www/undergroundexpert.info HTTP/1.1" 404 445 "https://undergroundexpert.info/shops/stridulous/e0p3i3p6h7y9s3e0s821" "Mozilla/5.0 AppleWebKit/537.36 (KHTML, like Gecko; compatible; GPTBot/1.4; +https://openai.com/gptbot)"
66.249.69.69 - - [23/Jul/2026:00:06:51 +0300] "GET /?l=f2l2u7i8d4i7z0i6n8g6 HTTP/1.1" 200 31241 "-" "Mozilla/5.0 (Linux; Android 6.0.1; Nexus 5X Build/MMB29P) AppleWebKit/537.36 (KHTML, like Gecko) Chrome/150.0.7871.128 Mobile Safari/537.36 (compatible; GoogleOther)"
216.73.217.60 - - [23/Jul/2026:00:06:54 +0300] "GET /shop/a25f012404459?lokasie=%2Fvar%2Fwww%2Fwww-root%2Fdata%2Fwww%2Fundergroundexpert.info%2Fwp-links-opml.php&loknya=%2Fvar%2Fwww%2Fwww-root%2Fdata%2Fwww%2Fundergroundexpert.info HTTP/1.1" 404 445 "-" "Mozilla/5.0 AppleWebKit/537.36 (KHTML, like Gecko; compatible; ClaudeBot/1.0; +claudebot@anthropic.com)"
66.249.70.141 - - [23/Jul/2026:00:06:55 +0300] "GET /shop/674a133713742 HTTP/1.1" 404 445 "-" "Mozilla/5.0 (compatible; Googlebot/2.1; +http://www.google.com/bot.html)"
74.7.227.150 - - [23/Jul/2026:00:06:54 +0300] "GET /?lokasie=/var/www/www-root/data/www/undergroundexpert.info/wp-content/themes/shablon/Imgs/4th_line/Spasskaya.png&loknya=/var/www/www-root/data/www/undergroundexpert.info/wp-content/themes/shablon/Imgs/4th_line HTTP/1.1" 200 2002 "https://www.undergroundexpert.info/?loknya=/var/www/www-root/data/www/undergroundexpert.info/wp-content/themes/shablon/Imgs/4th_line" "Mozilla/5.0 AppleWebKit/537.36 (KHTML, like Gecko; compatible; GPTBot/1.4; +https://openai.com/gptbot)"
66.249.69.69 - - [23/Jul/2026:00:06:53 +0300] "GET /?l=s6e1b2i9p3a0r8o9u3s32 HTTP/1.1" 200 29911 "-" "Mozilla/5.0 (Linux; Android 6.0.1; Nexus 5X Build/MMB29P) AppleWebKit/537.36 (KHTML, like Gecko) Chrome/150.0.7871.128 Mobile Safari/537.36 (compatible; Googlebot/2.1; +http://www.google.com/bot.html)"
74.7.243.217 - - [23/Jul/2026:00:06:56 +0300] "GET /shops/wearily/s0h3e5r6i4f2f2w7i2c1k4?lokasie=/var/www/www-root/data/www/undergroundexpert.info/pfwpbszj.php&loknya=/var/www/www-root/data/www/undergroundexpert.info HTTP/1.1" 404 445 "https://undergroundexpert.info/shops/wearily/s0h3e5r6i4f2f2w7i2c1k4" "Mozilla/5.0 AppleWebKit/537.36 (KHTML, like Gecko; compatible; GPTBot/1.4; +https://openai.com/gptbot)"
66.249.69.68 - - [23/Jul/2026:00:06:54 +0300] "GET /?l=t9u1r8n5i3p7s3h6e1l7l HTTP/1.1" 200 31558 "-" "Mozilla/5.0 (Linux; Android 6.0.1; Nexus 5X Build/MMB29P) AppleWebKit/537.36 (KHTML, like Gecko) Chrome/150.0.7871.128 Mobile Safari/537.36 (compatible; GoogleOther)"
216.73.217.60 - - [23/Jul/2026:00:06:57 +0300] "GET /shop/51c0871003874?lokasie=%2Fvar%2Fwww%2Fwww-root%2Fdata%2Fwww%2Fundergroundexpert.info%2Fwp-login.php&loknya=%2Fvar%2Fwww%2Fwww-root%2Fdata%2Fwww%2Fundergroundexpert.info HTTP/1.1" 404 445 "-" "Mozilla/5.0 AppleWebKit/537.36 (KHTML, like Gecko; compatible; ClaudeBot/1.0; +claudebot@anthropic.com)"
66.249.69.68 - - [23/Jul/2026:00:06:58 +0300] "GET /eukaryotic/perinephritis/l1a1m5e4l0l0i5c2o1r2n1ia HTTP/1.1" 404 449 "-" "Mozilla/5.0 (Linux; Android 6.0.1; Nexus 5X Build/MMB29P) AppleWebKit/537.36 (KHTML, like Gecko) Chrome/150.0.7871.128 Mobile Safari/537.36 (compatible; GoogleOther)"
47.128.97.223 - - [23/Jul/2026:00:06:58 +0300] "GET /opyt-podzemnogo-stroitelstva/poslednie-sobytiya/novaya-stantsiya-sennaya-nnovgorod/ HTTP/1.1" 404 445 "-" "Mozilla/5.0 (Linux; Android 5.0) AppleWebKit/537.36 (KHTML, like Gecko) Mobile Safari/537.36 (compatible; Bytespider; spider-feedback@bytedance.com)"
74.7.227.150 - - [23/Jul/2026:00:06:58 +0300] "GET /?lokasie=/var/www/www-root/data/www/undergroundexpert.info/wp-content/themes/shablon/Imgs/3rd_line/Obuhovo.png&loknya=/var/www/www-root/data/www/undergroundexpert.info/wp-content/themes/shablon/Imgs/3rd_line HTTP/1.1" 200 2000 "https://www.undergroundexpert.info/?loknya=/var/www/www-root/data/www/undergroundexpert.info/wp-content/themes/shablon/Imgs/3rd_line" "Mozilla/5.0 AppleWebKit/537.36 (KHTML, like Gecko; compatible; GPTBot/1.4; +https://openai.com/gptbot)"
113.44.118.168 - - [23/Jul/2026:00:06:59 +0300] "GET /issledovaniya-i-tehnologii/analitika/metropoliteny-rossii-i-sng/print/?lokasie=/var/www/www-root/data/www/undergroundexpert.info/wp-settings.php&loknya=/var/www/www-root/data/www/undergroundexpert.info HTTP/1.1" 404 445 "-" "Mozilla/5.0 (Windows NT 10.0; Win64; x64) AppleWebKit/537.36 (KHTML, like Gecko) Chrome/148.0.0.0 Safari/537.36"
66.249.69.67 - - [23/Jul/2026:00:06:56 +0300] "GET /?frosh/23494933168 HTTP/1.1" 200 31404 "-" "Mozilla/5.0 (Linux; Android 6.0.1; Nexus 5X Build/MMB29P) AppleWebKit/537.36 (KHTML, like Gecko) Chrome/150.0.7871.128 Mobile Safari/537.36 (compatible; Googlebot/2.1; +http://www.google.com/bot.html)"
66.249.70.140 - - [23/Jul/2026:00:06:59 +0300] "GET /en/wp-sitemap-taxonomies-category-1.xml HTTP/1.1" 404 445 "-" "Mozilla/5.0 (compatible; Googlebot/2.1; +http://www.google.com/bot.html)"
74.7.243.217 - - [23/Jul/2026:00:07:00 +0300] "GET /shops/somniosus/g0r6e0a3t6n8i8e1c0e4?lokasie=/var/www/www-root/data/www/undergroundexpert.info/veeyjjxx.php&loknya=/var/www/www-root/data/www/undergroundexpert.info HTTP/1.1" 404 445 "https://undergroundexpert.info/shops/somniosus/g0r6e0a3t6n8i8e1c0e4" "Mozilla/5.0 AppleWebKit/537.36 (KHTML, like Gecko; compatible; GPTBot/1.4; +https://openai.com/gptbot)"
216.73.217.60 - - [23/Jul/2026:00:07:00 +0300] "GET /shop/83c3581380605?lokasie=%2Fvar%2Fwww%2Fwww-root%2Fdata%2Fwww%2Fundergroundexpert.info%2Fwp-blog-header.php&loknya=%2Fvar%2Fwww%2Fwww-root%2Fdata%2Fwww%2Fundergroundexpert.info HTTP/1.1" 404 445 "-" "Mozilla/5.0 AppleWebKit/537.36 (KHTML, like Gecko; compatible; ClaudeBot/1.0; +claudebot@anthropic.com)"
74.7.227.150 - - [23/Jul/2026:00:07:01 +0300] "GET /?lokasie=/var/www/www-root/data/www/undergroundexpert.info/wp-content/themes/shablon/Imgs/2nd_line/Udelnaya.png&loknya=/var/www/www-root/data/www/undergroundexpert.info/wp-content/themes/shablon/Imgs/2nd_line HTTP/1.1" 200 2000 "https://www.undergroundexpert.info/?loknya=/var/www/www-root/data/www/undergroundexpert.info/wp-content/themes/shablon/Imgs/2nd_line" "Mozilla/5.0 AppleWebKit/537.36 (KHTML, like Gecko; compatible; GPTBot/1.4; +https://openai.com/gptbot)"
66.249.69.68 - - [23/Jul/2026:00:07:00 +0300] "GET /?l=p6s1i1t0t2a7c5e7o3u6s5 HTTP/1.1" 200 30797 "-" "Mozilla/5.0 (Linux; Android 6.0.1; Nexus 5X Build/MMB29P) AppleWebKit/537.36 (KHTML, like Gecko) Chrome/150.0.7871.128 Mobile Safari/537.36 (compatible; Googlebot/2.1; +http://www.google.com/bot.html)"
66.249.70.140 - - [23/Jul/2026:00:07:03 +0300] "GET /uncape/demography/t6r2a4c8t8i5l7e4152?lokasie=/var/www/www-root/data/www/undergroundexpert.info/xmlrpc.php?socome/s6u2p8e0r9c5h4e1r8y99 HTTP/1.1" 404 445 "-" "Mozilla/5.0 (Linux; Android 6.0.1; Nexus 5X Build/MMB29P) AppleWebKit/537.36 (KHTML, like Gecko) Chrome/150.0.7871.128 Mobile Safari/537.36 (compatible; GoogleOther)"
74.7.243.217 - - [23/Jul/2026:00:07:03 +0300] "GET /shops/oneirocritic/b0l2u4e4l8y720912?lokasie=/var/www/www-root/data/www/undergroundexpert.info/uxegbthq.php&loknya=/var/www/www-root/data/www/undergroundexpert.info HTTP/1.1" 404 445 "https://undergroundexpert.info/shops/oneirocritic/b0l2u4e4l8y720912" "Mozilla/5.0 AppleWebKit/537.36 (KHTML, like Gecko; compatible; GPTBot/1.4; +https://openai.com/gptbot)"
216.73.217.60 - - [23/Jul/2026:00:07:03 +0300] "GET /shop/45d07a801274?lokasie=%2Fvar%2Fwww%2Fwww-root%2Fdata%2Fwww%2Fundergroundexpert.info%2Fpfwpbszj.php&loknya=%2Fvar%2Fwww%2Fwww-root%2Fdata%2Fwww%2Fundergroundexpert.info HTTP/1.1" 404 445 "-" "Mozilla/5.0 AppleWebKit/537.36 (KHTML, like Gecko; compatible; ClaudeBot/1.0; +claudebot@anthropic.com)"
74.7.227.150 - - [23/Jul/2026:00:07:04 +0300] "GET /?lokasie=/var/www/www-root/data/www/undergroundexpert.info/wp-content/themes/shablon/Imgs/1st_line/Lesnaya.png&loknya=/var/www/www-root/data/www/undergroundexpert.info/wp-content/themes/shablon/Imgs/1st_line HTTP/1.1" 200 2000 "https://www.undergroundexpert.info/?loknya=/var/www/www-root/data/www/undergroundexpert.info/wp-content/themes/shablon/Imgs/1st_line" "Mozilla/5.0 AppleWebKit/537.36 (KHTML, like Gecko; compatible; GPTBot/1.4; +https://openai.com/gptbot)"
20.125.163.81 - - [23/Jul/2026:00:07:03 +0300] "GET /?l=i9r1r5e2f2u7t4a3b4l9y HTTP/1.1" 200 32466 "-" "Mozilla/5.0 AppleWebKit/537.36 (KHTML, like Gecko; compatible; bingbot/2.0; +http://www.bing.com/bingbot.htm) Chrome/116.0.1938.76 Safari/537.36"
57.141.6.47 - - [23/Jul/2026:00:07:05 +0300] "GET /wp-json/oembed/1.0/embed?lokasie=/var/www/www-root/data/www/undergroundexpert.info/wp-includes/class-smtp.php&loknya=/var/www/www-root/data/www/undergroundexpert.info/wp-includes HTTP/1.1" 404 445 "-" "Mozilla/5.0 (Windows NT 10.0; Win64; x64) AppleWebKit/537.36 (KHTML, like Gecko) Chrome/145.0.0.0 Safari/537.36 (compatible; meta-externalagent/1.1 (+https://developers.facebook.com/docs/sharing/webmasters/crawler))"
66.249.69.69 - - [23/Jul/2026:00:07:03 +0300] "GET /?l=f6o1x1i9n4e7s4s3150 HTTP/1.1" 200 30946 "-" "Mozilla/5.0 (Linux; Android 6.0.1; Nexus 5X Build/MMB29P) AppleWebKit/537.36 (KHTML, like Gecko) Chrome/150.0.7871.128 Mobile Safari/537.36 (compatible; Googlebot/2.1; +http://www.google.com/bot.html)"
