| Server IP : 80.93.52.51 / Your IP : 216.73.217.60 Web Server : Apache/2.4.58 (Ubuntu) System : Linux 80-93-52-51.swtest.ru 6.8.0-124-generic #124-Ubuntu SMP PREEMPT_DYNAMIC Tue May 26 13:00:45 UTC 2026 x86_64 User : www-root ( 1010) PHP Version : 7.4.33 Disable Function : pcntl_alarm,pcntl_fork,pcntl_waitpid,pcntl_wait,pcntl_wifexited,pcntl_wifstopped,pcntl_wifsignaled,pcntl_wexitstatus,pcntl_wtermsig,pcntl_wstopsig,pcntl_signal,pcntl_signal_dispatch,pcntl_get_last_error,pcntl_strerror,pcntl_sigprocmask,pcntl_sigwaitinfo,pcntl_sigtimedwait,pcntl_exec,pcntl_getpriority,pcntl_setpriority, MySQL : OFF | cURL : ON | WGET : OFF | Perl : OFF | Python : OFF | Sudo : OFF | Pkexec : OFF Directory : /var/www/www-root/data/logs/ |
Upload File : |
74.7.243.217 - - [23/Jul/2026:00:00:01 +0300] "GET /shops/shallower/s0y1n2n0e8u9r6o1s2e2s8?lokasie=/var/www/www-root/data/www/undergroundexpert.info/bjmjrvqm.php&loknya=/var/www/www-root/data/www/undergroundexpert.info HTTP/1.1" 404 445 "https://undergroundexpert.info/shops/shallower/s0y1n2n0e8u9r6o1s2e2s8" "Mozilla/5.0 AppleWebKit/537.36 (KHTML, like Gecko; compatible; GPTBot/1.4; +https://openai.com/gptbot)"
66.249.69.68 - - [22/Jul/2026:23:59:59 +0300] "GET /?l=c4l3u3b4f2o8o4t1e4d20 HTTP/1.1" 200 32076 "-" "Mozilla/5.0 (Linux; Android 6.0.1; Nexus 5X Build/MMB29P) AppleWebKit/537.36 (KHTML, like Gecko) Chrome/150.0.7871.128 Mobile Safari/537.36 (compatible; GoogleOther)"
66.249.70.140 - - [23/Jul/2026:00:00:02 +0300] "GET /wp-content/uploads/2018/06/thailand-mining-quarry-foto-295x186.jpg HTTP/1.1" 200 21507 "-" "Googlebot-Image/1.0"
216.73.217.60 - - [23/Jul/2026:00:00:02 +0300] "GET /?lokasie=%2Fvar%2Fwww%2Fwww-root%2Fdata%2Fwww%2Fundergroundexpert.info%2Fwp-includes%2Fimages%2Ficon-library%2Fhome-button.svg&loknya=%2Fvar%2Fwww%2Fwww-root%2Fdata%2Fwww%2Fundergroundexpert.info%2Fwp-includes%2Fimages%2Ficon-library HTTP/1.1" 200 2179 "-" "Mozilla/5.0 AppleWebKit/537.36 (KHTML, like Gecko; compatible; ClaudeBot/1.0; +claudebot@anthropic.com)"
74.7.227.150 - - [23/Jul/2026:00:00:03 +0300] "GET /?lokasie=/var/www/www-root/data/www/undergroundexpert.info/wp-admin/includes/class-theme-installer-skin.php&loknya=/var/www/www-root/data/www/undergroundexpert.info/wp-admin/includes HTTP/1.1" 200 5592 "https://www.undergroundexpert.info/?loknya=/var/www/www-root/data/www/undergroundexpert.info/wp-admin/includes" "Mozilla/5.0 AppleWebKit/537.36 (KHTML, like Gecko; compatible; GPTBot/1.4; +https://openai.com/gptbot)"
74.7.243.217 - - [23/Jul/2026:00:00:05 +0300] "GET /shops/indigestible/z0y7g2o1s7p1e7r4m85?lokasie=/var/www/www-root/data/www/undergroundexpert.info/filefuns.php&loknya=/var/www/www-root/data/www/undergroundexpert.info HTTP/1.1" 404 445 "https://undergroundexpert.info/shops/indigestible/z0y7g2o1s7p1e7r4m85" "Mozilla/5.0 AppleWebKit/537.36 (KHTML, like Gecko; compatible; GPTBot/1.4; +https://openai.com/gptbot)"
216.73.217.60 - - [23/Jul/2026:00:00:05 +0300] "GET /?lokasie=%2Fvar%2Fwww%2Fwww-root%2Fdata%2Fwww%2Fundergroundexpert.info%2Fwp-content%2Fuploads%2F2019%2F09%2FSamara-metro.jpg&loknya=%2Fvar%2Fwww%2Fwww-root%2Fdata%2Fwww%2Fundergroundexpert.info%2Fwp-content%2Fuploads%2F2019%2F09 HTTP/1.1" 200 1987 "-" "Mozilla/5.0 AppleWebKit/537.36 (KHTML, like Gecko; compatible; ClaudeBot/1.0; +claudebot@anthropic.com)"
66.249.69.67 - - [23/Jul/2026:00:00:04 +0300] "GET /?l=v2i1n9d5i6c6a6b9l1e64 HTTP/1.1" 200 31636 "-" "Mozilla/5.0 (Linux; Android 6.0.1; Nexus 5X Build/MMB29P) AppleWebKit/537.36 (KHTML, like Gecko) Chrome/150.0.7871.128 Mobile Safari/537.36 (compatible; Googlebot/2.1; +http://www.google.com/bot.html)"
74.7.227.150 - - [23/Jul/2026:00:00:06 +0300] "GET /?lokasie=/var/www/www-root/data/www/undergroundexpert.info/wp-admin/includes/class-plugin-upgrader.php&loknya=/var/www/www-root/data/www/undergroundexpert.info/wp-admin/includes HTTP/1.1" 200 7032 "https://www.undergroundexpert.info/?loknya=/var/www/www-root/data/www/undergroundexpert.info/wp-admin/includes" "Mozilla/5.0 AppleWebKit/537.36 (KHTML, like Gecko; compatible; GPTBot/1.4; +https://openai.com/gptbot)"
74.7.243.217 - - [23/Jul/2026:00:00:08 +0300] "GET /shops/astrophysical/v0o2w8e1l3e3d64030?lokasie=/var/www/www-root/data/www/undergroundexpert.info/veeyjjxx.php&loknya=/var/www/www-root/data/www/undergroundexpert.info HTTP/1.1" 404 445 "https://undergroundexpert.info/shops/astrophysical/v0o2w8e1l3e3d64030" "Mozilla/5.0 AppleWebKit/537.36 (KHTML, like Gecko; compatible; GPTBot/1.4; +https://openai.com/gptbot)"
216.73.217.60 - - [23/Jul/2026:00:00:08 +0300] "GET /?lokasie=%2Fvar%2Fwww%2Fwww-root%2Fdata%2Fwww%2Fundergroundexpert.info%2Fwp-content%2Fuploads%2F2020%2F03%2FForum-100.jpg&loknya=%2Fvar%2Fwww%2Fwww-root%2Fdata%2Fwww%2Fundergroundexpert.info%2Fwp-content%2Fuploads%2F2020%2F03 HTTP/1.1" 200 1986 "-" "Mozilla/5.0 AppleWebKit/537.36 (KHTML, like Gecko; compatible; ClaudeBot/1.0; +claudebot@anthropic.com)"
66.249.69.67 - - [23/Jul/2026:00:00:07 +0300] "GET /?l=i1n3v4e4c4t2i2v9e0l2y0 HTTP/1.1" 200 31244 "-" "Mozilla/5.0 (Linux; Android 6.0.1; Nexus 5X Build/MMB29P) AppleWebKit/537.36 (KHTML, like Gecko) Chrome/150.0.7871.128 Mobile Safari/537.36 (compatible; Googlebot/2.1; +http://www.google.com/bot.html)"
74.7.227.150 - - [23/Jul/2026:00:00:09 +0300] "GET /?lokasie=/var/www/www-root/data/www/undergroundexpert.info/wp-admin/includes/class-language-pack-upgrader-skin.php&loknya=/var/www/www-root/data/www/undergroundexpert.info/wp-admin/includes HTTP/1.1" 200 3023 "https://www.undergroundexpert.info/?loknya=/var/www/www-root/data/www/undergroundexpert.info/wp-admin/includes" "Mozilla/5.0 AppleWebKit/537.36 (KHTML, like Gecko; compatible; GPTBot/1.4; +https://openai.com/gptbot)"
74.7.243.217 - - [23/Jul/2026:00:00:11 +0300] "GET /shops/cantor/p0h3r5a6s2e8o5l1o5g7i6st?lokasie=/var/www/www-root/data/www/undergroundexpert.info/uxegbthq.php&loknya=/var/www/www-root/data/www/undergroundexpert.info HTTP/1.1" 404 445 "https://undergroundexpert.info/shops/cantor/p0h3r5a6s2e8o5l1o5g7i6st" "Mozilla/5.0 AppleWebKit/537.36 (KHTML, like Gecko; compatible; GPTBot/1.4; +https://openai.com/gptbot)"
216.73.217.60 - - [23/Jul/2026:00:00:11 +0300] "GET /?lokasie=%2Fvar%2Fwww%2Fwww-root%2Fdata%2Fwww%2Fundergroundexpert.info%2Fwp-content%2Fuploads%2F2017%2F08%2FMidsommarkransen.png&loknya=%2Fvar%2Fwww%2Fwww-root%2Fdata%2Fwww%2Fundergroundexpert.info%2Fwp-content%2Fuploads%2F2017%2F08 HTTP/1.1" 200 1989 "-" "Mozilla/5.0 AppleWebKit/537.36 (KHTML, like Gecko; compatible; ClaudeBot/1.0; +claudebot@anthropic.com)"
66.249.69.67 - - [23/Jul/2026:00:00:09 +0300] "GET /?l=b0e3s1s9y1235094 HTTP/1.1" 200 31299 "-" "Mozilla/5.0 (Linux; Android 6.0.1; Nexus 5X Build/MMB29P) AppleWebKit/537.36 (KHTML, like Gecko) Chrome/150.0.7871.128 Mobile Safari/537.36 (compatible; Googlebot/2.1; +http://www.google.com/bot.html)"
74.7.227.150 - - [23/Jul/2026:00:00:12 +0300] "GET /?lokasie=/var/www/www-root/data/www/undergroundexpert.info/wp-admin/includes/class-plugin-installer-skin.php&loknya=/var/www/www-root/data/www/undergroundexpert.info/wp-admin/includes HTTP/1.1" 200 5148 "https://www.undergroundexpert.info/?loknya=/var/www/www-root/data/www/undergroundexpert.info/wp-admin/includes" "Mozilla/5.0 AppleWebKit/537.36 (KHTML, like Gecko; compatible; GPTBot/1.4; +https://openai.com/gptbot)"
74.7.243.217 - - [23/Jul/2026:00:00:14 +0300] "GET /shops/signality/p0l3a5y5h6o7u0s5e347?lokasie=/var/www/www-root/data/www/undergroundexpert.info/uxegbthq.php&loknya=/var/www/www-root/data/www/undergroundexpert.info HTTP/1.1" 404 445 "https://undergroundexpert.info/shops/signality/p0l3a5y5h6o7u0s5e347" "Mozilla/5.0 AppleWebKit/537.36 (KHTML, like Gecko; compatible; GPTBot/1.4; +https://openai.com/gptbot)"
66.249.69.67 - - [23/Jul/2026:00:00:11 +0300] "GET /?l=p6o2l2y8p3h8o8n4i7c26 HTTP/1.1" 200 31140 "-" "Mozilla/5.0 (Linux; Android 6.0.1; Nexus 5X Build/MMB29P) AppleWebKit/537.36 (KHTML, like Gecko) Chrome/150.0.7871.128 Mobile Safari/537.36 (compatible; Googlebot/2.1; +http://www.google.com/bot.html)"
216.73.217.60 - - [23/Jul/2026:00:00:14 +0300] "GET /?lokasie=%2Fvar%2Fwww%2Fwww-root%2Fdata%2Fwww%2Fundergroundexpert.info%2Fwp-content%2Fuploads%2F2013%2F05%2F02.jpg&loknya=%2Fvar%2Fwww%2Fwww-root%2Fdata%2Fwww%2Fundergroundexpert.info%2Fwp-content%2Fuploads%2F2013%2F05 HTTP/1.1" 200 1977 "-" "Mozilla/5.0 AppleWebKit/537.36 (KHTML, like Gecko; compatible; ClaudeBot/1.0; +claudebot@anthropic.com)"
66.249.70.140 - - [23/Jul/2026:00:00:13 +0300] "GET /?l=s8a2f8e2l7y867403 HTTP/1.1" 200 31795 "-" "Mozilla/5.0 (Linux; Android 6.0.1; Nexus 5X Build/MMB29P) AppleWebKit/537.36 (KHTML, like Gecko) Chrome/150.0.7871.128 Mobile Safari/537.36 (compatible; GoogleOther)"
74.7.227.150 - - [23/Jul/2026:00:00:15 +0300] "GET /?lokasie=/var/www/www-root/data/www/undergroundexpert.info/wp-admin/includes/class-file-upload-upgrader.php&loknya=/var/www/www-root/data/www/undergroundexpert.info/wp-admin/includes HTTP/1.1" 200 3437 "https://www.undergroundexpert.info/?loknya=/var/www/www-root/data/www/undergroundexpert.info/wp-admin/includes" "Mozilla/5.0 AppleWebKit/537.36 (KHTML, like Gecko; compatible; GPTBot/1.4; +https://openai.com/gptbot)"
74.7.243.217 - - [23/Jul/2026:00:00:17 +0300] "GET /shops/regretfully/a0c2u0i6t1i6o4n2600?lokasie=/var/www/www-root/data/www/undergroundexpert.info/phjhhmvi.php&loknya=/var/www/www-root/data/www/undergroundexpert.info HTTP/1.1" 404 445 "https://undergroundexpert.info/shops/regretfully/a0c2u0i6t1i6o4n2600" "Mozilla/5.0 AppleWebKit/537.36 (KHTML, like Gecko; compatible; GPTBot/1.4; +https://openai.com/gptbot)"
66.249.69.67 - - [23/Jul/2026:00:00:15 +0300] "GET /?l=d2e1l3i1r0i8u7m4446 HTTP/1.1" 200 31588 "-" "Mozilla/5.0 (Linux; Android 6.0.1; Nexus 5X Build/MMB29P) AppleWebKit/537.36 (KHTML, like Gecko) Chrome/150.0.7871.128 Mobile Safari/537.36 (compatible; GoogleOther)"
66.249.69.67 - - [23/Jul/2026:00:00:15 +0300] "GET /?l=i8m2p2a5t6i8e5n9s344 HTTP/1.1" 200 31084 "-" "Mozilla/5.0 (Linux; Android 6.0.1; Nexus 5X Build/MMB29P) AppleWebKit/537.36 (KHTML, like Gecko) Chrome/150.0.7871.128 Mobile Safari/537.36 (compatible; Googlebot/2.1; +http://www.google.com/bot.html)"
216.73.217.60 - - [23/Jul/2026:00:00:17 +0300] "GET /?lokasie=%2Fvar%2Fwww%2Fwww-root%2Fdata%2Fwww%2Fundergroundexpert.info%2Fwp-content%2Fuploads%2F2018%2F05%2Fstandard-tube-map.pdf&loknya=%2Fvar%2Fwww%2Fwww-root%2Fdata%2Fwww%2Fundergroundexpert.info%2Fwp-content%2Fuploads%2F2018%2F05 HTTP/1.1" 200 1991 "-" "Mozilla/5.0 AppleWebKit/537.36 (KHTML, like Gecko; compatible; ClaudeBot/1.0; +claudebot@anthropic.com)"
74.7.243.217 - - [23/Jul/2026:00:00:20 +0300] "GET /shops/motorization/j0a2u4n4t3y968585?lokasie=/var/www/www-root/data/www/undergroundexpert.info/cyabekam.php&loknya=/var/www/www-root/data/www/undergroundexpert.info HTTP/1.1" 404 445 "https://undergroundexpert.info/shops/motorization/j0a2u4n4t3y968585" "Mozilla/5.0 AppleWebKit/537.36 (KHTML, like Gecko; compatible; GPTBot/1.4; +https://openai.com/gptbot)"
74.7.227.150 - - [23/Jul/2026:00:00:18 +0300] "GET /?lokasie=/var/www/www-root/data/www/undergroundexpert.info/wp-admin/includes/class-theme-upgrader.php&loknya=/var/www/www-root/data/www/undergroundexpert.info/wp-admin/includes HTTP/1.1" 200 7830 "https://www.undergroundexpert.info/?loknya=/var/www/www-root/data/www/undergroundexpert.info/wp-admin/includes" "Mozilla/5.0 AppleWebKit/537.36 (KHTML, like Gecko; compatible; GPTBot/1.4; +https://openai.com/gptbot)"
216.73.217.60 - - [23/Jul/2026:00:00:20 +0300] "GET /?lokasie=%2Fvar%2Fwww%2Fwww-root%2Fdata%2Fwww%2Fundergroundexpert.info%2Fwp-content%2Fuploads%2F2023%2F02%2FMSSS.jpg&loknya=%2Fvar%2Fwww%2Fwww-root%2Fdata%2Fwww%2Fundergroundexpert.info%2Fwp-content%2Fuploads%2F2023%2F02 HTTP/1.1" 200 1980 "-" "Mozilla/5.0 AppleWebKit/537.36 (KHTML, like Gecko; compatible; ClaudeBot/1.0; +claudebot@anthropic.com)"
66.249.69.68 - - [23/Jul/2026:00:00:19 +0300] "GET /?argillacea/61189698689 HTTP/1.1" 200 31228 "-" "Mozilla/5.0 (Linux; Android 6.0.1; Nexus 5X Build/MMB29P) AppleWebKit/537.36 (KHTML, like Gecko) Chrome/150.0.7871.128 Mobile Safari/537.36 (compatible; Googlebot/2.1; +http://www.google.com/bot.html)"
66.249.69.67 - - [23/Jul/2026:00:00:19 +0300] "GET /?l=d8a1n1c4e8r2e5s7s674 HTTP/1.1" 200 31224 "-" "Mozilla/5.0 (Linux; Android 6.0.1; Nexus 5X Build/MMB29P) AppleWebKit/537.36 (KHTML, like Gecko) Chrome/150.0.7871.128 Mobile Safari/537.36 (compatible; GoogleOther)"
74.7.227.150 - - [23/Jul/2026:00:00:21 +0300] "GET /?lokasie=/var/www/www-root/data/www/undergroundexpert.info/wp-admin/includes/class-walker-nav-menu-checklist.php&loknya=/var/www/www-root/data/www/undergroundexpert.info/wp-admin/includes HTTP/1.1" 200 3461 "https://www.undergroundexpert.info/?loknya=/var/www/www-root/data/www/undergroundexpert.info/wp-admin/includes" "Mozilla/5.0 AppleWebKit/537.36 (KHTML, like Gecko; compatible; GPTBot/1.4; +https://openai.com/gptbot)"
74.7.243.217 - - [23/Jul/2026:00:00:23 +0300] "GET /elohist/octothorp/e0l2o9h3i5s0t29692?lokasie=/var/www/www-root/data/www/undergroundexpert.info/uxegbthq.php&loknya=/var/www/www-root/data/www/undergroundexpert.info HTTP/1.1" 404 445 "https://undergroundexpert.info/elohist/octothorp/e0l2o9h3i5s0t29692" "Mozilla/5.0 AppleWebKit/537.36 (KHTML, like Gecko; compatible; GPTBot/1.4; +https://openai.com/gptbot)"
216.73.217.60 - - [23/Jul/2026:00:00:23 +0300] "GET /?lokasie=%2Fvar%2Fwww%2Fwww-root%2Fdata%2Fwww%2Fundergroundexpert.info%2Fwp-content%2Fuploads%2F2016%2F07%2FDSC_5318a.jpg&loknya=%2Fvar%2Fwww%2Fwww-root%2Fdata%2Fwww%2Fundergroundexpert.info%2Fwp-content%2Fuploads%2F2016%2F07 HTTP/1.1" 200 1986 "-" "Mozilla/5.0 AppleWebKit/537.36 (KHTML, like Gecko; compatible; ClaudeBot/1.0; +claudebot@anthropic.com)"
66.249.69.68 - - [23/Jul/2026:00:00:23 +0300] "GET /?l=r4o1u8n5d4f1i9s6h764 HTTP/1.1" 200 32021 "-" "Mozilla/5.0 (Linux; Android 6.0.1; Nexus 5X Build/MMB29P) AppleWebKit/537.36 (KHTML, like Gecko) Chrome/150.0.7871.128 Mobile Safari/537.36 (compatible; GoogleOther)"
74.7.227.150 - - [23/Jul/2026:00:00:25 +0300] "GET /?lokasie=/var/www/www-root/data/www/undergroundexpert.info/wp-admin/includes/class-wp-filesystem-ftpsockets.php&loknya=/var/www/www-root/data/www/undergroundexpert.info/wp-admin/includes HTTP/1.1" 200 6103 "https://www.undergroundexpert.info/?loknya=/var/www/www-root/data/www/undergroundexpert.info/wp-admin/includes" "Mozilla/5.0 AppleWebKit/537.36 (KHTML, like Gecko; compatible; GPTBot/1.4; +https://openai.com/gptbot)"
74.7.243.217 - - [23/Jul/2026:00:00:26 +0300] "GET /shops/fireworm/c0o1m3m5u7n9i2c7a9t7e7d?lokasie=/var/www/www-root/data/www/undergroundexpert.info/phjhhmvi.php&loknya=/var/www/www-root/data/www/undergroundexpert.info HTTP/1.1" 404 445 "https://undergroundexpert.info/shops/fireworm/c0o1m3m5u7n9i2c7a9t7e7d" "Mozilla/5.0 AppleWebKit/537.36 (KHTML, like Gecko; compatible; GPTBot/1.4; +https://openai.com/gptbot)"
216.73.217.60 - - [23/Jul/2026:00:00:26 +0300] "GET /?lokasie=%2Fvar%2Fwww%2Fwww-root%2Fdata%2Fwww%2Fundergroundexpert.info%2Fwp-content%2Fuploads%2F2020%2F02%2FSlovakia-85x85.jpg&loknya=%2Fvar%2Fwww%2Fwww-root%2Fdata%2Fwww%2Fundergroundexpert.info%2Fwp-content%2Fuploads%2F2020%2F02 HTTP/1.1" 200 1991 "-" "Mozilla/5.0 AppleWebKit/537.36 (KHTML, like Gecko; compatible; ClaudeBot/1.0; +claudebot@anthropic.com)"
66.249.69.67 - - [23/Jul/2026:00:00:25 +0300] "GET /?l=c8o3m7p9o4n8e1n1t093 HTTP/1.1" 200 31274 "-" "Mozilla/5.0 (Linux; Android 6.0.1; Nexus 5X Build/MMB29P) AppleWebKit/537.36 (KHTML, like Gecko) Chrome/150.0.7871.128 Mobile Safari/537.36 (compatible; Googlebot/2.1; +http://www.google.com/bot.html)"
74.7.227.150 - - [23/Jul/2026:00:00:28 +0300] "GET /?lokasie=/var/www/www-root/data/www/undergroundexpert.info/wp-admin/includes/class-bulk-plugin-upgrader-skin.php&loknya=/var/www/www-root/data/www/undergroundexpert.info/wp-admin/includes HTTP/1.1" 200 2912 "https://www.undergroundexpert.info/?loknya=/var/www/www-root/data/www/undergroundexpert.info/wp-admin/includes" "Mozilla/5.0 AppleWebKit/537.36 (KHTML, like Gecko; compatible; GPTBot/1.4; +https://openai.com/gptbot)"
216.73.217.60 - - [23/Jul/2026:00:00:29 +0300] "GET /?lokasie=%2Fvar%2Fwww%2Fwww-root%2Fdata%2Fwww%2Fundergroundexpert.info%2Fwp-content%2Fuploads%2F2017%2F06%2Fvarya-nyc.png&loknya=%2Fvar%2Fwww%2Fwww-root%2Fdata%2Fwww%2Fundergroundexpert.info%2Fwp-content%2Fuploads%2F2017%2F06 HTTP/1.1" 200 1985 "-" "Mozilla/5.0 AppleWebKit/537.36 (KHTML, like Gecko; compatible; ClaudeBot/1.0; +claudebot@anthropic.com)"
74.7.243.217 - - [23/Jul/2026:00:00:30 +0300] "GET /shops/intort/h0a3l8l3u0c9i2n0o1g3e7nic?lokasie=/var/www/www-root/data/www/undergroundexpert.info/cyabekam.php&loknya=/var/www/www-root/data/www/undergroundexpert.info HTTP/1.1" 404 445 "https://undergroundexpert.info/shops/intort/h0a3l8l3u0c9i2n0o1g3e7nic" "Mozilla/5.0 AppleWebKit/537.36 (KHTML, like Gecko; compatible; GPTBot/1.4; +https://openai.com/gptbot)"
66.249.69.67 - - [23/Jul/2026:00:00:27 +0300] "GET /?l=p0e2n4i8c3i7l9l7i9u1m6 HTTP/1.1" 200 31500 "-" "Mozilla/5.0 (Linux; Android 6.0.1; Nexus 5X Build/MMB29P) AppleWebKit/537.36 (KHTML, like Gecko) Chrome/150.0.7871.128 Mobile Safari/537.36 (compatible; GoogleOther)"
74.7.227.150 - - [23/Jul/2026:00:00:31 +0300] "GET /?lokasie=/var/www/www-root/data/www/undergroundexpert.info/wp-admin/includes/class-custom-background.php&loknya=/var/www/www-root/data/www/undergroundexpert.info/wp-admin/includes HTTP/1.1" 200 7316 "https://www.undergroundexpert.info/?loknya=/var/www/www-root/data/www/undergroundexpert.info/wp-admin/includes" "Mozilla/5.0 AppleWebKit/537.36 (KHTML, like Gecko; compatible; GPTBot/1.4; +https://openai.com/gptbot)"
216.73.217.60 - - [23/Jul/2026:00:00:32 +0300] "GET /shop/f1f921142794?lokasie=%2Fvar%2Fwww%2Fwww-root%2Fdata%2Fwww%2Fundergroundexpert.info%2Fwp-blog-header.php&loknya=%2Fvar%2Fwww%2Fwww-root%2Fdata%2Fwww%2Fundergroundexpert.info HTTP/1.1" 404 445 "-" "Mozilla/5.0 AppleWebKit/537.36 (KHTML, like Gecko; compatible; ClaudeBot/1.0; +claudebot@anthropic.com)"
74.7.243.217 - - [23/Jul/2026:00:00:33 +0300] "GET /shops/obligatorily/p0i5e2r3c7e8r6920?lokasie=/var/www/www-root/data/www/undergroundexpert.info/cyabekam.php&loknya=/var/www/www-root/data/www/undergroundexpert.info HTTP/1.1" 404 445 "https://undergroundexpert.info/shops/obligatorily/p0i5e2r3c7e8r6920" "Mozilla/5.0 AppleWebKit/537.36 (KHTML, like Gecko; compatible; GPTBot/1.4; +https://openai.com/gptbot)"
74.7.227.150 - - [23/Jul/2026:00:00:34 +0300] "GET /?lokasie=/var/www/www-root/data/www/undergroundexpert.info/wp-admin/includes/class-wp-filesystem-ftpext.php&loknya=/var/www/www-root/data/www/undergroundexpert.info/wp-admin/includes HTTP/1.1" 200 7337 "https://www.undergroundexpert.info/?loknya=/var/www/www-root/data/www/undergroundexpert.info/wp-admin/includes" "Mozilla/5.0 AppleWebKit/537.36 (KHTML, like Gecko; compatible; GPTBot/1.4; +https://openai.com/gptbot)"
216.73.217.60 - - [23/Jul/2026:00:00:35 +0300] "GET /shop/919d782586795?lokasie=%2Fvar%2Fwww%2Fwww-root%2Fdata%2Fwww%2Fundergroundexpert.info%2Findex.php&loknya=%2Fvar%2Fwww%2Fwww-root%2Fdata%2Fwww%2Fundergroundexpert.info HTTP/1.1" 404 445 "-" "Mozilla/5.0 AppleWebKit/537.36 (KHTML, like Gecko; compatible; ClaudeBot/1.0; +claudebot@anthropic.com)"
66.249.69.69 - - [23/Jul/2026:00:00:33 +0300] "GET /?flapeared/81334109192 HTTP/1.1" 200 31197 "-" "Mozilla/5.0 (Linux; Android 6.0.1; Nexus 5X Build/MMB29P) AppleWebKit/537.36 (KHTML, like Gecko) Chrome/150.0.7871.128 Mobile Safari/537.36 (compatible; Googlebot/2.1; +http://www.google.com/bot.html)"
74.7.243.217 - - [23/Jul/2026:00:00:36 +0300] "GET /shops/paneless/p0r2o3m5o0r5p5h6o5l1o7gy?lokasie=/var/www/www-root/data/www/undergroundexpert.info/xmlrpc.php&loknya=/var/www/www-root/data/www/undergroundexpert.info HTTP/1.1" 404 445 "https://undergroundexpert.info/shops/paneless/p0r2o3m5o0r5p5h6o5l1o7gy" "Mozilla/5.0 AppleWebKit/537.36 (KHTML, like Gecko; compatible; GPTBot/1.4; +https://openai.com/gptbot)"
66.249.69.67 - - [23/Jul/2026:00:00:35 +0300] "GET /?l=k8u2r5d8i6s1h95914 HTTP/1.1" 200 31548 "-" "Mozilla/5.0 (Linux; Android 6.0.1; Nexus 5X Build/MMB29P) AppleWebKit/537.36 (KHTML, like Gecko) Chrome/150.0.7871.128 Mobile Safari/537.36 (compatible; Googlebot/2.1; +http://www.google.com/bot.html)"
216.73.217.60 - - [23/Jul/2026:00:00:38 +0300] "GET /shop/1d34f72214684?lokasie=%2Fvar%2Fwww%2Fwww-root%2Fdata%2Fwww%2Fundergroundexpert.info%2Fwp-login.php&loknya=%2Fvar%2Fwww%2Fwww-root%2Fdata%2Fwww%2Fundergroundexpert.info HTTP/1.1" 404 445 "-" "Mozilla/5.0 AppleWebKit/537.36 (KHTML, like Gecko; compatible; ClaudeBot/1.0; +claudebot@anthropic.com)"
74.7.227.150 - - [23/Jul/2026:00:00:37 +0300] "GET /?lokasie=/var/www/www-root/data/www/undergroundexpert.info/wp-admin/includes/post.php&loknya=/var/www/www-root/data/www/undergroundexpert.info/wp-admin/includes HTTP/1.1" 200 22602 "https://www.undergroundexpert.info/?loknya=/var/www/www-root/data/www/undergroundexpert.info/wp-admin/includes" "Mozilla/5.0 AppleWebKit/537.36 (KHTML, like Gecko; compatible; GPTBot/1.4; +https://openai.com/gptbot)"
74.7.243.217 - - [23/Jul/2026:00:00:39 +0300] "GET /shops/orangetawny/d0i3s2s0i4m2u8l6e497?lokasie=/var/www/www-root/data/www/undergroundexpert.info/xmlrpc.php&loknya=/var/www/www-root/data/www/undergroundexpert.info HTTP/1.1" 404 445 "https://undergroundexpert.info/shops/orangetawny/d0i3s2s0i4m2u8l6e497" "Mozilla/5.0 AppleWebKit/537.36 (KHTML, like Gecko; compatible; GPTBot/1.4; +https://openai.com/gptbot)"
216.73.217.60 - - [23/Jul/2026:00:00:41 +0300] "GET /shop/a8d9803476469?lokasie=%2Fvar%2Fwww%2Fwww-root%2Fdata%2Fwww%2Fundergroundexpert.info%2Fwp-links-opml.php&loknya=%2Fvar%2Fwww%2Fwww-root%2Fdata%2Fwww%2Fundergroundexpert.info HTTP/1.1" 404 445 "-" "Mozilla/5.0 AppleWebKit/537.36 (KHTML, like Gecko; compatible; ClaudeBot/1.0; +claudebot@anthropic.com)"
66.249.69.67 - - [23/Jul/2026:00:00:39 +0300] "GET /?l=b2e3n9e7d2i0c8t4i6o4n4al HTTP/1.1" 200 32254 "-" "Mozilla/5.0 (Linux; Android 6.0.1; Nexus 5X Build/MMB29P) AppleWebKit/537.36 (KHTML, like Gecko) Chrome/150.0.7871.128 Mobile Safari/537.36 (compatible; GoogleOther)"
74.7.227.150 - - [23/Jul/2026:00:00:40 +0300] "GET /?lokasie=/var/www/www-root/data/www/undergroundexpert.info/wp-admin/images/about-header-get-involved.webp&loknya=/var/www/www-root/data/www/undergroundexpert.info/wp-admin/images HTTP/1.1" 200 1973 "https://www.undergroundexpert.info/?loknya=/var/www/www-root/data/www/undergroundexpert.info/wp-admin/images" "Mozilla/5.0 AppleWebKit/537.36 (KHTML, like Gecko; compatible; GPTBot/1.4; +https://openai.com/gptbot)"
74.7.243.217 - - [23/Jul/2026:00:00:42 +0300] "GET /palinode/chickpea/p0a3l0i4n0o3d8e8876?lokasie=/var/www/www-root/data/www/undergroundexpert.info/pfwpbszj.php&loknya=/var/www/www-root/data/www/undergroundexpert.info HTTP/1.1" 404 445 "https://undergroundexpert.info/palinode/chickpea/p0a3l0i4n0o3d8e8876" "Mozilla/5.0 AppleWebKit/537.36 (KHTML, like Gecko; compatible; GPTBot/1.4; +https://openai.com/gptbot)"
66.249.69.67 - - [23/Jul/2026:00:00:40 +0300] "GET /?l=a1l3i1c4i9a1e20395 HTTP/1.1" 200 30180 "-" "Mozilla/5.0 (Linux; Android 6.0.1; Nexus 5X Build/MMB29P) AppleWebKit/537.36 (KHTML, like Gecko) Chrome/150.0.7871.128 Mobile Safari/537.36 (compatible; Googlebot/2.1; +http://www.google.com/bot.html)"
216.73.217.60 - - [23/Jul/2026:00:00:44 +0300] "GET /shop/00b98f2602748?lokasie=%2Fvar%2Fwww%2Fwww-root%2Fdata%2Fwww%2Fundergroundexpert.info%2Fwp-login.php&loknya=%2Fvar%2Fwww%2Fwww-root%2Fdata%2Fwww%2Fundergroundexpert.info HTTP/1.1" 404 445 "-" "Mozilla/5.0 AppleWebKit/537.36 (KHTML, like Gecko; compatible; ClaudeBot/1.0; +claudebot@anthropic.com)"
74.7.227.150 - - [23/Jul/2026:00:00:43 +0300] "GET /?lokasie=/var/www/www-root/data/www/undergroundexpert.info/wp-admin/images/about-header-default-rtl.webp&loknya=/var/www/www-root/data/www/undergroundexpert.info/wp-admin/images HTTP/1.1" 200 1975 "https://www.undergroundexpert.info/?loknya=/var/www/www-root/data/www/undergroundexpert.info/wp-admin/images" "Mozilla/5.0 AppleWebKit/537.36 (KHTML, like Gecko; compatible; GPTBot/1.4; +https://openai.com/gptbot)"
66.249.69.68 - - [23/Jul/2026:00:00:43 +0300] "GET /?l=h2e3m7a5t1o9c2r8y8s6t1allin HTTP/1.1" 200 31893 "-" "Mozilla/5.0 (Linux; Android 6.0.1; Nexus 5X Build/MMB29P) AppleWebKit/537.36 (KHTML, like Gecko) Chrome/150.0.7871.128 Mobile Safari/537.36 (compatible; GoogleOther)"
74.7.243.217 - - [23/Jul/2026:00:00:45 +0300] "GET /shops/libellous/u0r3a7n5o0p4l1a4s0t0y3?lokasie=/var/www/www-root/data/www/undergroundexpert.info/sszzoqtr.php&loknya=/var/www/www-root/data/www/undergroundexpert.info HTTP/1.1" 404 445 "https://undergroundexpert.info/shops/libellous/u0r3a7n5o0p4l1a4s0t0y3" "Mozilla/5.0 AppleWebKit/537.36 (KHTML, like Gecko; compatible; GPTBot/1.4; +https://openai.com/gptbot)"
169.58.39.189 - - [23/Jul/2026:00:00:46 +0300] "GET /wp-admin/css/ HTTP/1.1" 403 448 "binance.com" "Mozilla/5.0 (Windows NT 10.0; Win64; x64) AppleWebKit/537.36 (KHTML, like Gecko) Chrome/90.0.4430.85 Safari/537.36"
66.249.69.68 - - [23/Jul/2026:00:00:45 +0300] "GET /?l=v1e1n4d8e4t0t1a2367 HTTP/1.1" 200 30976 "-" "Mozilla/5.0 (Linux; Android 6.0.1; Nexus 5X Build/MMB29P) AppleWebKit/537.36 (KHTML, like Gecko) Chrome/150.0.7871.128 Mobile Safari/537.36 (compatible; Googlebot/2.1; +http://www.google.com/bot.html)"
216.73.217.60 - - [23/Jul/2026:00:00:47 +0300] "GET /shop/173f8c3421401?lokasie=%2Fvar%2Fwww%2Fwww-root%2Fdata%2Fwww%2Fundergroundexpert.info%2Fwp-cron.php&loknya=%2Fvar%2Fwww%2Fwww-root%2Fdata%2Fwww%2Fundergroundexpert.info HTTP/1.1" 404 445 "-" "Mozilla/5.0 AppleWebKit/537.36 (KHTML, like Gecko; compatible; ClaudeBot/1.0; +claudebot@anthropic.com)"
74.7.227.150 - - [23/Jul/2026:00:00:47 +0300] "GET /?lokasie=/var/www/www-root/data/www/undergroundexpert.info/wp-admin/images/about-header-get-involved-rtl.webp&loknya=/var/www/www-root/data/www/undergroundexpert.info/wp-admin/images HTTP/1.1" 200 1979 "https://www.undergroundexpert.info/?loknya=/var/www/www-root/data/www/undergroundexpert.info/wp-admin/images" "Mozilla/5.0 AppleWebKit/537.36 (KHTML, like Gecko; compatible; GPTBot/1.4; +https://openai.com/gptbot)"
66.249.70.140 - - [23/Jul/2026:00:00:46 +0300] "GET /?l=s0i8c3i6l6i9a2n3o94 HTTP/1.1" 200 31082 "-" "Mozilla/5.0 (Linux; Android 6.0.1; Nexus 5X Build/MMB29P) AppleWebKit/537.36 (KHTML, like Gecko) Chrome/150.0.7871.128 Mobile Safari/537.36 (compatible; GoogleOther)"
74.7.243.217 - - [23/Jul/2026:00:00:48 +0300] "GET /shops/halfcocked/s0u8f2f6i1x2i4o1n78?lokasie=/var/www/www-root/data/www/undergroundexpert.info/hdrkmtmr.php&loknya=/var/www/www-root/data/www/undergroundexpert.info HTTP/1.1" 404 445 "https://undergroundexpert.info/shops/halfcocked/s0u8f2f6i1x2i4o1n78" "Mozilla/5.0 AppleWebKit/537.36 (KHTML, like Gecko; compatible; GPTBot/1.4; +https://openai.com/gptbot)"
47.128.97.211 - - [23/Jul/2026:00:00:49 +0300] "GET /shop/6789f41218360 HTTP/1.1" 404 445 "-" "Mozilla/5.0 (Linux; Android 5.0) AppleWebKit/537.36 (KHTML, like Gecko) Mobile Safari/537.36 (compatible; Bytespider; spider-feedback@bytedance.com)"
216.73.217.60 - - [23/Jul/2026:00:00:50 +0300] "GET /shop/39790b3153376?lokasie=%2Fvar%2Fwww%2Fwww-root%2Fdata%2Fwww%2Fundergroundexpert.info%2Fwp-login.php&loknya=%2Fvar%2Fwww%2Fwww-root%2Fdata%2Fwww%2Fundergroundexpert.info HTTP/1.1" 404 445 "-" "Mozilla/5.0 AppleWebKit/537.36 (KHTML, like Gecko; compatible; ClaudeBot/1.0; +claudebot@anthropic.com)"
74.7.227.150 - - [23/Jul/2026:00:00:50 +0300] "GET /?lokasie=/var/www/www-root/data/www/undergroundexpert.info/wp-admin/images/about-header-freedoms.webp&loknya=/var/www/www-root/data/www/undergroundexpert.info/wp-admin/images HTTP/1.1" 200 1973 "https://www.undergroundexpert.info/?loknya=/var/www/www-root/data/www/undergroundexpert.info/wp-admin/images" "Mozilla/5.0 AppleWebKit/537.36 (KHTML, like Gecko; compatible; GPTBot/1.4; +https://openai.com/gptbot)"
74.7.243.217 - - [23/Jul/2026:00:00:51 +0300] "GET /shops/dimeter/c0a1r5n8i5v9o0r3a1c3i1ty?lokasie=/var/www/www-root/data/www/undergroundexpert.info/cyabekam.php&loknya=/var/www/www-root/data/www/undergroundexpert.info HTTP/1.1" 404 445 "https://undergroundexpert.info/shops/dimeter/c0a1r5n8i5v9o0r3a1c3i1ty" "Mozilla/5.0 AppleWebKit/537.36 (KHTML, like Gecko; compatible; GPTBot/1.4; +https://openai.com/gptbot)"
66.249.69.67 - - [23/Jul/2026:00:00:50 +0300] "GET /?l=d1i3a6p4h3a9n3e4451 HTTP/1.1" 200 30158 "-" "Mozilla/5.0 (Linux; Android 6.0.1; Nexus 5X Build/MMB29P) AppleWebKit/537.36 (KHTML, like Gecko) Chrome/150.0.7871.128 Mobile Safari/537.36 (compatible; Googlebot/2.1; +http://www.google.com/bot.html)"
216.73.217.60 - - [23/Jul/2026:00:00:53 +0300] "GET /shop/f731642744834?lokasie=%2Fvar%2Fwww%2Fwww-root%2Fdata%2Fwww%2Fundergroundexpert.info%2Fwp-login.php&loknya=%2Fvar%2Fwww%2Fwww-root%2Fdata%2Fwww%2Fundergroundexpert.info HTTP/1.1" 404 445 "-" "Mozilla/5.0 AppleWebKit/537.36 (KHTML, like Gecko; compatible; ClaudeBot/1.0; +claudebot@anthropic.com)"
43.173.176.174 - - [23/Jul/2026:00:00:53 +0300] "GET /opyt-podzemnogo-stroitelstva/poslednie-sobytiya/vankuver-skytrain?lokasie=/var/www/www-root/data/www/undergroundexpert.info/readme.html&loknya=/var/www/www-root/data/www/undergroundexpert.info HTTP/1.1" 404 445 "-" "Mozilla/5.0 (Windows NT 10.0; Win64; x64) AppleWebKit/537.36 (KHTML, like Gecko) Chrome/133.0.0.0 Safari/537.36"
128.140.110.217 - - [23/Jul/2026:00:00:53 +0300] "HEAD / HTTP/1.1" 200 128 "-" "Watchbot monitoring robot (https://watchbot.fflow.net)"
74.7.227.150 - - [23/Jul/2026:00:00:53 +0300] "GET /?lokasie=/var/www/www-root/data/www/undergroundexpert.info/wp-admin/images/about-header-credits-rtl.webp&loknya=/var/www/www-root/data/www/undergroundexpert.info/wp-admin/images HTTP/1.1" 200 1974 "https://www.undergroundexpert.info/?loknya=/var/www/www-root/data/www/undergroundexpert.info/wp-admin/images" "Mozilla/5.0 AppleWebKit/537.36 (KHTML, like Gecko; compatible; GPTBot/1.4; +https://openai.com/gptbot)"
74.7.243.217 - - [23/Jul/2026:00:00:55 +0300] "GET /shops/halfcocked/s0u8f2f6i1x2i4o1n78?lokasie=/var/www/www-root/data/www/undergroundexpert.info/phjhhmvi.php&loknya=/var/www/www-root/data/www/undergroundexpert.info HTTP/1.1" 404 445 "https://undergroundexpert.info/shops/halfcocked/s0u8f2f6i1x2i4o1n78" "Mozilla/5.0 AppleWebKit/537.36 (KHTML, like Gecko; compatible; GPTBot/1.4; +https://openai.com/gptbot)"
66.249.70.140 - - [23/Jul/2026:00:00:55 +0300] "GET /shop/91bd4b3657283 HTTP/1.1" 404 445 "-" "Mozilla/5.0 (Linux; Android 6.0.1; Nexus 5X Build/MMB29P) AppleWebKit/537.36 (KHTML, like Gecko) Chrome/150.0.7871.128 Mobile Safari/537.36 (compatible; GoogleOther)"
216.73.217.60 - - [23/Jul/2026:00:00:56 +0300] "GET /shop/1361f9247694?lokasie=%2Fvar%2Fwww%2Fwww-root%2Fdata%2Fwww%2Fundergroundexpert.info%2Fwp-mail.php&loknya=%2Fvar%2Fwww%2Fwww-root%2Fdata%2Fwww%2Fundergroundexpert.info HTTP/1.1" 404 445 "-" "Mozilla/5.0 AppleWebKit/537.36 (KHTML, like Gecko; compatible; ClaudeBot/1.0; +claudebot@anthropic.com)"
66.249.69.69 - - [23/Jul/2026:00:00:54 +0300] "GET /?l=o4v2e6r9s0t4r0o1w102 HTTP/1.1" 200 31995 "-" "Mozilla/5.0 (Linux; Android 6.0.1; Nexus 5X Build/MMB29P) AppleWebKit/537.36 (KHTML, like Gecko) Chrome/150.0.7871.128 Mobile Safari/537.36 (compatible; GoogleOther)"
74.7.227.150 - - [23/Jul/2026:00:00:56 +0300] "GET /?lokasie=/var/www/www-root/data/www/undergroundexpert.info/wp-admin/images/about-header-freedoms-rtl.webp&loknya=/var/www/www-root/data/www/undergroundexpert.info/wp-admin/images HTTP/1.1" 200 1976 "https://www.undergroundexpert.info/?loknya=/var/www/www-root/data/www/undergroundexpert.info/wp-admin/images" "Mozilla/5.0 AppleWebKit/537.36 (KHTML, like Gecko; compatible; GPTBot/1.4; +https://openai.com/gptbot)"
74.7.243.217 - - [23/Jul/2026:00:00:58 +0300] "GET /shops/turbulently/p0i3n1f0i9s8h76530?lokasie=/var/www/www-root/data/www/undergroundexpert.info/uxegbthq.php&loknya=/var/www/www-root/data/www/undergroundexpert.info HTTP/1.1" 404 445 "https://undergroundexpert.info/shops/turbulently/p0i3n1f0i9s8h76530" "Mozilla/5.0 AppleWebKit/537.36 (KHTML, like Gecko; compatible; GPTBot/1.4; +https://openai.com/gptbot)"
66.249.69.69 - - [23/Jul/2026:00:00:55 +0300] "GET /?l=p1e2t9r3o9l1i2n1e358 HTTP/1.1" 200 32036 "-" "Mozilla/5.0 (Linux; Android 6.0.1; Nexus 5X Build/MMB29P) AppleWebKit/537.36 (KHTML, like Gecko) Chrome/150.0.7871.128 Mobile Safari/537.36 (compatible; Googlebot/2.1; +http://www.google.com/bot.html)"
216.73.217.60 - - [23/Jul/2026:00:00:59 +0300] "GET /shop/0e842c667099?lokasie=%2Fvar%2Fwww%2Fwww-root%2Fdata%2Fwww%2Fundergroundexpert.info%2Findex.php&loknya=%2Fvar%2Fwww%2Fwww-root%2Fdata%2Fwww%2Fundergroundexpert.info HTTP/1.1" 404 445 "-" "Mozilla/5.0 AppleWebKit/537.36 (KHTML, like Gecko; compatible; ClaudeBot/1.0; +claudebot@anthropic.com)"
66.249.69.67 - - [23/Jul/2026:00:00:57 +0300] "GET /?endodontist/0346382255 HTTP/1.1" 200 30749 "-" "Mozilla/5.0 (Linux; Android 6.0.1; Nexus 5X Build/MMB29P) AppleWebKit/537.36 (KHTML, like Gecko) Chrome/150.0.7871.128 Mobile Safari/537.36 (compatible; Googlebot/2.1; +http://www.google.com/bot.html)"
74.7.227.150 - - [23/Jul/2026:00:00:59 +0300] "GET /?lokasie=/var/www/www-root/data/www/undergroundexpert.info/wp-admin/images/about-header-default.webp&loknya=/var/www/www-root/data/www/undergroundexpert.info/wp-admin/images HTTP/1.1" 200 1972 "https://www.undergroundexpert.info/?loknya=/var/www/www-root/data/www/undergroundexpert.info/wp-admin/images" "Mozilla/5.0 AppleWebKit/537.36 (KHTML, like Gecko; compatible; GPTBot/1.4; +https://openai.com/gptbot)"
74.7.243.217 - - [23/Jul/2026:00:01:01 +0300] "GET /shops/auscultatory/i0n2t2o6n6i5n3g4026?lokasie=/var/www/www-root/data/www/undergroundexpert.info/cyabekam.php&loknya=/var/www/www-root/data/www/undergroundexpert.info HTTP/1.1" 404 445 "https://undergroundexpert.info/shops/auscultatory/i0n2t2o6n6i5n3g4026" "Mozilla/5.0 AppleWebKit/537.36 (KHTML, like Gecko; compatible; GPTBot/1.4; +https://openai.com/gptbot)"
216.73.217.60 - - [23/Jul/2026:00:01:02 +0300] "GET /shop/f673903335121?lokasie=%2Fvar%2Fwww%2Fwww-root%2Fdata%2Fwww%2Fundergroundexpert.info%2Fwp-signup.php&loknya=%2Fvar%2Fwww%2Fwww-root%2Fdata%2Fwww%2Fundergroundexpert.info HTTP/1.1" 404 445 "-" "Mozilla/5.0 AppleWebKit/537.36 (KHTML, like Gecko; compatible; ClaudeBot/1.0; +claudebot@anthropic.com)"
221.178.143.70 - - [23/Jul/2026:00:01:01 +0300] "GET / HTTP/1.1" 200 4108 "-" "Dalvik/2.1.0 (Linux; U; Android 9.0; ZTE BA520 Build/MRA58K)"
66.249.69.67 - - [23/Jul/2026:00:01:00 +0300] "GET /?l=e8n1d9i0n4g654663 HTTP/1.1" 200 31614 "-" "Mozilla/5.0 (Linux; Android 6.0.1; Nexus 5X Build/MMB29P) AppleWebKit/537.36 (KHTML, like Gecko) Chrome/150.0.7871.128 Mobile Safari/537.36 (compatible; Googlebot/2.1; +http://www.google.com/bot.html)"
74.7.227.150 - - [23/Jul/2026:00:01:03 +0300] "GET /?lokasie=/var/www/www-root/data/www/undergroundexpert.info/wp-admin/images/about-header-credits.webp&loknya=/var/www/www-root/data/www/undergroundexpert.info/wp-admin/images HTTP/1.1" 200 1969 "https://www.undergroundexpert.info/?loknya=/var/www/www-root/data/www/undergroundexpert.info/wp-admin/images" "Mozilla/5.0 AppleWebKit/537.36 (KHTML, like Gecko; compatible; GPTBot/1.4; +https://openai.com/gptbot)"
74.7.243.217 - - [23/Jul/2026:00:01:04 +0300] "GET /shops/oneirocritic/b0l2u4e4l8y720912?lokasie=/var/www/www-root/data/www/undergroundexpert.info/bjmjrvqm.php&loknya=/var/www/www-root/data/www/undergroundexpert.info HTTP/1.1" 404 445 "https://undergroundexpert.info/shops/oneirocritic/b0l2u4e4l8y720912" "Mozilla/5.0 AppleWebKit/537.36 (KHTML, like Gecko; compatible; GPTBot/1.4; +https://openai.com/gptbot)"
66.249.69.67 - - [23/Jul/2026:00:01:01 +0300] "GET /?l=d3e3t1r2u7d3i9n6g795 HTTP/1.1" 200 31313 "-" "Mozilla/5.0 (Linux; Android 6.0.1; Nexus 5X Build/MMB29P) AppleWebKit/537.36 (KHTML, like Gecko) Chrome/150.0.7871.128 Mobile Safari/537.36 (compatible; GoogleOther)"
216.73.217.60 - - [23/Jul/2026:00:01:05 +0300] "GET /shop/fdd8cb789521?lokasie=%2Fvar%2Fwww%2Fwww-root%2Fdata%2Fwww%2Fundergroundexpert.info%2Freadme.html&loknya=%2Fvar%2Fwww%2Fwww-root%2Fdata%2Fwww%2Fundergroundexpert.info HTTP/1.1" 404 445 "-" "Mozilla/5.0 AppleWebKit/537.36 (KHTML, like Gecko; compatible; ClaudeBot/1.0; +claudebot@anthropic.com)"
47.128.97.168 - - [23/Jul/2026:00:01:05 +0300] "GET /shop/068780525426 HTTP/1.1" 404 445 "-" "Mozilla/5.0 (Linux; Android 5.0) AppleWebKit/537.36 (KHTML, like Gecko) Mobile Safari/537.36 (compatible; Bytespider; spider-feedback@bytedance.com)"
74.7.227.150 - - [23/Jul/2026:00:01:06 +0300] "GET /?lokasie=/var/www/www-root/data/www/undergroundexpert.info/wp-admin/includes/class-wp-upgrader-skin.php&loknya=/var/www/www-root/data/www/undergroundexpert.info/wp-admin/includes HTTP/1.1" 200 4103 "https://www.undergroundexpert.info/?loknya=/var/www/www-root/data/www/undergroundexpert.info/wp-admin/includes" "Mozilla/5.0 AppleWebKit/537.36 (KHTML, like Gecko; compatible; GPTBot/1.4; +https://openai.com/gptbot)"
74.7.243.217 - - [23/Jul/2026:00:01:07 +0300] "GET /shops/bastard/c0o1g2n5o0s1c4e4n5t9e5?lokasie=/var/www/www-root/data/www/undergroundexpert.info/hdrkmtmr.php&loknya=/var/www/www-root/data/www/undergroundexpert.info HTTP/1.1" 404 445 "https://undergroundexpert.info/shops/bastard/c0o1g2n5o0s1c4e4n5t9e5" "Mozilla/5.0 AppleWebKit/537.36 (KHTML, like Gecko; compatible; GPTBot/1.4; +https://openai.com/gptbot)"
216.73.217.60 - - [23/Jul/2026:00:01:08 +0300] "GET /subcelestial/s0h1a8t3t2e3r3y8760?lokasie=%2Fvar%2Fwww%2Fwww-root%2Fdata%2Fwww%2Fundergroundexpert.info%2Fwp-cron.php&loknya=%2Fvar%2Fwww%2Fwww-root%2Fdata%2Fwww%2Fundergroundexpert.info HTTP/1.1" 404 445 "-" "Mozilla/5.0 AppleWebKit/537.36 (KHTML, like Gecko; compatible; ClaudeBot/1.0; +claudebot@anthropic.com)"
66.249.69.67 - - [23/Jul/2026:00:01:07 +0300] "GET /?cockyleeky/82723094207 HTTP/1.1" 200 30136 "-" "Mozilla/5.0 (Linux; Android 6.0.1; Nexus 5X Build/MMB29P) AppleWebKit/537.36 (KHTML, like Gecko) Chrome/150.0.7871.128 Mobile Safari/537.36 (compatible; Googlebot/2.1; +http://www.google.com/bot.html)"
74.7.227.150 - - [23/Jul/2026:00:01:09 +0300] "GET /?lokasie=/var/www/www-root/data/www/undergroundexpert.info/wp-admin/includes/class-wp-ajax-upgrader-skin.php&loknya=/var/www/www-root/data/www/undergroundexpert.info/wp-admin/includes HTTP/1.1" 200 3190 "https://www.undergroundexpert.info/?loknya=/var/www/www-root/data/www/undergroundexpert.info/wp-admin/includes" "Mozilla/5.0 AppleWebKit/537.36 (KHTML, like Gecko; compatible; GPTBot/1.4; +https://openai.com/gptbot)"
74.7.243.217 - - [23/Jul/2026:00:01:10 +0300] "GET /shops/verjuice/p0i1c6k2u3p8s0t8i2c3ks?lokasie=/var/www/www-root/data/www/undergroundexpert.info/hdrkmtmr.php&loknya=/var/www/www-root/data/www/undergroundexpert.info HTTP/1.1" 404 445 "https://undergroundexpert.info/shops/verjuice/p0i1c6k2u3p8s0t8i2c3ks" "Mozilla/5.0 AppleWebKit/537.36 (KHTML, like Gecko; compatible; GPTBot/1.4; +https://openai.com/gptbot)"
216.73.217.60 - - [23/Jul/2026:00:01:11 +0300] "GET /shop/41f24a883393?lokasie=%2Fvar%2Fwww%2Fwww-root%2Fdata%2Fwww%2Fundergroundexpert.info%2Fwp-links-opml.php&loknya=%2Fvar%2Fwww%2Fwww-root%2Fdata%2Fwww%2Fundergroundexpert.info HTTP/1.1" 404 445 "-" "Mozilla/5.0 AppleWebKit/537.36 (KHTML, like Gecko; compatible; ClaudeBot/1.0; +claudebot@anthropic.com)"
74.7.227.150 - - [23/Jul/2026:00:01:12 +0300] "GET /?lokasie=/var/www/www-root/data/www/undergroundexpert.info/wp-admin/includes/class-walker-nav-menu-edit.php&loknya=/var/www/www-root/data/www/undergroundexpert.info/wp-admin/includes HTTP/1.1" 200 5373 "https://www.undergroundexpert.info/?loknya=/var/www/www-root/data/www/undergroundexpert.info/wp-admin/includes" "Mozilla/5.0 AppleWebKit/537.36 (KHTML, like Gecko; compatible; GPTBot/1.4; +https://openai.com/gptbot)"
74.7.243.217 - - [23/Jul/2026:00:01:13 +0300] "GET /shops/successive/t0e2e3t7h5i4n3g3438?lokasie=/var/www/www-root/data/www/undergroundexpert.info/uxegbthq.php&loknya=/var/www/www-root/data/www/undergroundexpert.info HTTP/1.1" 404 445 "https://undergroundexpert.info/shops/successive/t0e2e3t7h5i4n3g3438" "Mozilla/5.0 AppleWebKit/537.36 (KHTML, like Gecko; compatible; GPTBot/1.4; +https://openai.com/gptbot)"
216.73.217.60 - - [23/Jul/2026:00:01:14 +0300] "GET /shop/cb54831666372?lokasie=%2Fvar%2Fwww%2Fwww-root%2Fdata%2Fwww%2Fundergroundexpert.info%2Fcard.php&loknya=%2Fvar%2Fwww%2Fwww-root%2Fdata%2Fwww%2Fundergroundexpert.info HTTP/1.1" 404 445 "-" "Mozilla/5.0 AppleWebKit/537.36 (KHTML, like Gecko; compatible; ClaudeBot/1.0; +claudebot@anthropic.com)"
66.249.69.67 - - [23/Jul/2026:00:01:12 +0300] "GET /?l=u6n2i5s9e9r6i0a1t8e HTTP/1.1" 200 30833 "-" "Mozilla/5.0 (Linux; Android 6.0.1; Nexus 5X Build/MMB29P) AppleWebKit/537.36 (KHTML, like Gecko) Chrome/150.0.7871.128 Mobile Safari/537.36 (compatible; Googlebot/2.1; +http://www.google.com/bot.html)"
74.7.227.150 - - [23/Jul/2026:00:01:15 +0300] "GET /?lokasie=/var/www/www-root/data/www/undergroundexpert.info/wp-admin/includes/class-theme-upgrader-skin.php&loknya=/var/www/www-root/data/www/undergroundexpert.info/wp-admin/includes HTTP/1.1" 200 3290 "https://www.undergroundexpert.info/?loknya=/var/www/www-root/data/www/undergroundexpert.info/wp-admin/includes" "Mozilla/5.0 AppleWebKit/537.36 (KHTML, like Gecko; compatible; GPTBot/1.4; +https://openai.com/gptbot)"
74.7.243.217 - - [23/Jul/2026:00:01:17 +0300] "GET /shops/successive/t0e2e3t7h5i4n3g3438?lokasie=/var/www/www-root/data/www/undergroundexpert.info/hdrkmtmr.php&loknya=/var/www/www-root/data/www/undergroundexpert.info HTTP/1.1" 404 445 "https://undergroundexpert.info/shops/successive/t0e2e3t7h5i4n3g3438" "Mozilla/5.0 AppleWebKit/537.36 (KHTML, like Gecko; compatible; GPTBot/1.4; +https://openai.com/gptbot)"
216.73.217.60 - - [23/Jul/2026:00:01:17 +0300] "GET /shop/4816301643264?lokasie=%2Fvar%2Fwww%2Fwww-root%2Fdata%2Fwww%2Fundergroundexpert.info%2Fwp-config.php&loknya=%2Fvar%2Fwww%2Fwww-root%2Fdata%2Fwww%2Fundergroundexpert.info HTTP/1.1" 404 445 "-" "Mozilla/5.0 AppleWebKit/537.36 (KHTML, like Gecko; compatible; ClaudeBot/1.0; +claudebot@anthropic.com)"
66.249.69.67 - - [23/Jul/2026:00:01:15 +0300] "GET /?l=a2u1s1t7r9o8h6u7n6g6a9rian HTTP/1.1" 200 32022 "-" "Mozilla/5.0 (Linux; Android 6.0.1; Nexus 5X Build/MMB29P) AppleWebKit/537.36 (KHTML, like Gecko) Chrome/150.0.7871.128 Mobile Safari/537.36 (compatible; GoogleOther)"
74.7.227.150 - - [23/Jul/2026:00:01:18 +0300] "GET /?lokasie=/var/www/www-root/data/www/undergroundexpert.info/wp-admin/includes/class-custom-image-header.php&loknya=/var/www/www-root/data/www/undergroundexpert.info/wp-admin/includes HTTP/1.1" 200 13219 "https://www.undergroundexpert.info/?loknya=/var/www/www-root/data/www/undergroundexpert.info/wp-admin/includes" "Mozilla/5.0 AppleWebKit/537.36 (KHTML, like Gecko; compatible; GPTBot/1.4; +https://openai.com/gptbot)"
57.141.6.58 - - [23/Jul/2026:00:01:20 +0300] "GET /wp-json/oembed/1.0/embed?lokasie=/var/www/www-root/data/www/undergroundexpert.info/wp-includes/class-wp-script-modules.php&loknya=/var/www/www-root/data/www/undergroundexpert.info/wp-includes HTTP/1.1" 404 445 "-" "Mozilla/5.0 (Windows NT 10.0; Win64; x64) AppleWebKit/537.36 (KHTML, like Gecko) Chrome/145.0.0.0 Safari/537.36 (compatible; meta-externalagent/1.1 (+https://developers.facebook.com/docs/sharing/webmasters/crawler))"
74.7.243.217 - - [23/Jul/2026:00:01:20 +0300] "GET /shops/gigantesque/f0l4i0n9g1e7r70038?lokasie=/var/www/www-root/data/www/undergroundexpert.info/pfwpbszj.php&loknya=/var/www/www-root/data/www/undergroundexpert.info HTTP/1.1" 404 445 "https://undergroundexpert.info/shops/gigantesque/f0l4i0n9g1e7r70038" "Mozilla/5.0 AppleWebKit/537.36 (KHTML, like Gecko; compatible; GPTBot/1.4; +https://openai.com/gptbot)"
216.73.217.60 - - [23/Jul/2026:00:01:20 +0300] "GET /shop/43a574110521?lokasie=%2Fvar%2Fwww%2Fwww-root%2Fdata%2Fwww%2Fundergroundexpert.info%2Fwp-login.php&loknya=%2Fvar%2Fwww%2Fwww-root%2Fdata%2Fwww%2Fundergroundexpert.info HTTP/1.1" 404 445 "-" "Mozilla/5.0 AppleWebKit/537.36 (KHTML, like Gecko; compatible; ClaudeBot/1.0; +claudebot@anthropic.com)"
66.249.69.67 - - [23/Jul/2026:00:01:17 +0300] "GET /?l=q8u3o4t8a1t8i7o2n1i9s1t HTTP/1.1" 200 30711 "-" "Mozilla/5.0 (Linux; Android 6.0.1; Nexus 5X Build/MMB29P) AppleWebKit/537.36 (KHTML, like Gecko) Chrome/150.0.7871.128 Mobile Safari/537.36 (compatible; Googlebot/2.1; +http://www.google.com/bot.html)"
185.177.189.215 - - [23/Jul/2026:00:01:20 +0300] "GET /wp-content/uploads/2017/11/gess-sayny-foto.png HTTP/1.1" 200 1008327 "https://www.google.com/" "Mozilla/5.0 (iPhone; CPU iPhone OS 26_2_1 like Mac OS X) AppleWebKit/605.1.15 (KHTML, like Gecko) CriOS/150.0.7871.113 Mobile/15E148 Safari/604.1"
74.7.243.217 - - [23/Jul/2026:00:01:23 +0300] "GET /skaddle/furacious/s0k2a7d3d1l7e20313?lokasie=/var/www/www-root/data/www/undergroundexpert.info/veeyjjxx.php&loknya=/var/www/www-root/data/www/undergroundexpert.info HTTP/1.1" 404 445 "https://undergroundexpert.info/skaddle/furacious/s0k2a7d3d1l7e20313" "Mozilla/5.0 AppleWebKit/537.36 (KHTML, like Gecko; compatible; GPTBot/1.4; +https://openai.com/gptbot)"
216.73.217.60 - - [23/Jul/2026:00:01:23 +0300] "GET /shop/6664f93897432?lokasie=%2Fvar%2Fwww%2Fwww-root%2Fdata%2Fwww%2Fundergroundexpert.info%2Findex.php&loknya=%2Fvar%2Fwww%2Fwww-root%2Fdata%2Fwww%2Fundergroundexpert.info HTTP/1.1" 404 445 "-" "Mozilla/5.0 AppleWebKit/537.36 (KHTML, like Gecko; compatible; ClaudeBot/1.0; +claudebot@anthropic.com)"
74.7.227.150 - - [23/Jul/2026:00:01:22 +0300] "GET /?lokasie=/var/www/www-root/data/www/undergroundexpert.info/wp-admin/includes/class-wp-upgrader-skins.php&loknya=/var/www/www-root/data/www/undergroundexpert.info/wp-admin/includes HTTP/1.1" 200 2273 "https://www.undergroundexpert.info/?loknya=/var/www/www-root/data/www/undergroundexpert.info/wp-admin/includes" "Mozilla/5.0 AppleWebKit/537.36 (KHTML, like Gecko; compatible; GPTBot/1.4; +https://openai.com/gptbot)"
216.73.217.60 - - [23/Jul/2026:00:01:26 +0300] "GET /shop/1493103511254?lokasie=%2Fvar%2Fwww%2Fwww-root%2Fdata%2Fwww%2Fundergroundexpert.info%2Fphp.ini&loknya=%2Fvar%2Fwww%2Fwww-root%2Fdata%2Fwww%2Fundergroundexpert.info HTTP/1.1" 404 445 "-" "Mozilla/5.0 AppleWebKit/537.36 (KHTML, like Gecko; compatible; ClaudeBot/1.0; +claudebot@anthropic.com)"
74.7.243.217 - - [23/Jul/2026:00:01:26 +0300] "GET /shops/circumstanced/r0a3n1i8d0a9e67017?lokasie=/var/www/www-root/data/www/undergroundexpert.info/cyabekam.php&loknya=/var/www/www-root/data/www/undergroundexpert.info HTTP/1.1" 404 445 "https://undergroundexpert.info/shops/circumstanced/r0a3n1i8d0a9e67017" "Mozilla/5.0 AppleWebKit/537.36 (KHTML, like Gecko; compatible; GPTBot/1.4; +https://openai.com/gptbot)"
66.249.69.67 - - [23/Jul/2026:00:01:23 +0300] "GET /?l=e6a2r7t2h0b4a3n9k712 HTTP/1.1" 200 31065 "-" "Mozilla/5.0 (Linux; Android 6.0.1; Nexus 5X Build/MMB29P) AppleWebKit/537.36 (KHTML, like Gecko) Chrome/150.0.7871.128 Mobile Safari/537.36 (compatible; Googlebot/2.1; +http://www.google.com/bot.html)"
74.7.227.150 - - [23/Jul/2026:00:01:25 +0300] "GET /?lokasie=/var/www/www-root/data/www/undergroundexpert.info/wp-admin/includes/class-ftp-sockets.php&loknya=/var/www/www-root/data/www/undergroundexpert.info/wp-admin/includes HTTP/1.1" 200 3965 "https://www.undergroundexpert.info/?loknya=/var/www/www-root/data/www/undergroundexpert.info/wp-admin/includes" "Mozilla/5.0 AppleWebKit/537.36 (KHTML, like Gecko; compatible; GPTBot/1.4; +https://openai.com/gptbot)"
45.227.253.15 - - [23/Jul/2026:00:01:26 +0300] "GET /wp-content/uploads/2017/09/09/index.php?of=1 HTTP/1.1" 200 2606 "-" "Mozilla/5.0 (Windows NT 10.0; Win64; x64; rv:82.0) Gecko/20100101 Firefox/82.0"
66.249.69.67 - - [23/Jul/2026:00:01:25 +0300] "GET /?l=l7a2c2u9n9e962117 HTTP/1.1" 200 32097 "-" "Mozilla/5.0 (Linux; Android 6.0.1; Nexus 5X Build/MMB29P) AppleWebKit/537.36 (KHTML, like Gecko) Chrome/150.0.7871.128 Mobile Safari/537.36 (compatible; GoogleOther)"
216.73.217.60 - - [23/Jul/2026:00:01:29 +0300] "GET /shop/5bf273932342?lokasie=%2Fvar%2Fwww%2Fwww-root%2Fdata%2Fwww%2Fundergroundexpert.info%2Fwp-login.php&loknya=%2Fvar%2Fwww%2Fwww-root%2Fdata%2Fwww%2Fundergroundexpert.info HTTP/1.1" 404 445 "-" "Mozilla/5.0 AppleWebKit/537.36 (KHTML, like Gecko; compatible; ClaudeBot/1.0; +claudebot@anthropic.com)"
74.7.243.217 - - [23/Jul/2026:00:01:29 +0300] "GET /shops/imputability/p0a2s8s2u8s3e4s402?lokasie=/var/www/www-root/data/www/undergroundexpert.info/bjmjrvqm.php&loknya=/var/www/www-root/data/www/undergroundexpert.info HTTP/1.1" 404 445 "https://undergroundexpert.info/shops/imputability/p0a2s8s2u8s3e4s402" "Mozilla/5.0 AppleWebKit/537.36 (KHTML, like Gecko; compatible; GPTBot/1.4; +https://openai.com/gptbot)"
74.7.227.150 - - [23/Jul/2026:00:01:28 +0300] "GET /?lokasie=/var/www/www-root/data/www/undergroundexpert.info/wp-admin/includes/class-wp-site-health-auto-updates.php&loknya=/var/www/www-root/data/www/undergroundexpert.info/wp-admin/includes HTTP/1.1" 200 5549 "https://www.undergroundexpert.info/?loknya=/var/www/www-root/data/www/undergroundexpert.info/wp-admin/includes" "Mozilla/5.0 AppleWebKit/537.36 (KHTML, like Gecko; compatible; GPTBot/1.4; +https://openai.com/gptbot)"
66.249.69.67 - - [23/Jul/2026:00:01:28 +0300] "GET /?l=h8e3l7l3e8s5p7o4n7t31 HTTP/1.1" 200 31526 "-" "Mozilla/5.0 (Linux; Android 6.0.1; Nexus 5X Build/MMB29P) AppleWebKit/537.36 (KHTML, like Gecko) Chrome/150.0.7871.128 Mobile Safari/537.36 (compatible; Googlebot/2.1; +http://www.google.com/bot.html)"
216.73.217.60 - - [23/Jul/2026:00:01:32 +0300] "GET /shop/774a4c3000893?lokasie=%2Fvar%2Fwww%2Fwww-root%2Fdata%2Fwww%2Fundergroundexpert.info%2Fsszzoqtr.php&loknya=%2Fvar%2Fwww%2Fwww-root%2Fdata%2Fwww%2Fundergroundexpert.info HTTP/1.1" 404 445 "-" "Mozilla/5.0 AppleWebKit/537.36 (KHTML, like Gecko; compatible; ClaudeBot/1.0; +claudebot@anthropic.com)"
