74.7.243.217 - - [23/Jul/2026:00:25:56 +0300] "GET /shops/enterobacterium/t0h1r3o9e5571164?lokasie=/var/www/www-root/data/www/undergroundexpert.info/pfwpbszj.php&loknya=/var/www/www-root/data/www/undergroundexpert.info HTTP/1.1" 404 445 "https://undergroundexpert.info/shops/enterobacterium/t0h1r3o9e5571164" "Mozilla/5.0 AppleWebKit/537.36 (KHTML, like Gecko; compatible; GPTBot/1.4; +https://openai.com/gptbot)"
66.249.69.67 - - [23/Jul/2026:00:25:55 +0300] "GET /?l=c0o3n1s1o1r1t8e5d074 HTTP/1.1" 200 31637 "-" "Mozilla/5.0 (Linux; Android 6.0.1; Nexus 5X Build/MMB29P) AppleWebKit/537.36 (KHTML, like Gecko) Chrome/150.0.7871.128 Mobile Safari/537.36 (compatible; GoogleOther)"
66.249.70.141 - - [23/Jul/2026:00:25:56 +0300] "GET /?l=t2e2r4r1i0e5n8n5i3a1k9 HTTP/1.1" 200 31981 "-" "Mozilla/5.0 (Linux; Android 6.0.1; Nexus 5X Build/MMB29P) AppleWebKit/537.36 (KHTML, like Gecko) Chrome/150.0.7871.128 Mobile Safari/537.36 (compatible; Googlebot/2.1; +http://www.google.com/bot.html)"
216.73.217.60 - - [23/Jul/2026:00:25:58 +0300] "GET /?loknya=%2Fvar%2Fwww%2Fwww-root%2Fdata%2Fwww%2Fundergroundexpert.info%2Fwp-includes%2Fblocks%2Fpost-content HTTP/1.1" 200 2622 "-" "Mozilla/5.0 AppleWebKit/537.36 (KHTML, like Gecko; compatible; ClaudeBot/1.0; +claudebot@anthropic.com)"
74.7.227.150 - - [23/Jul/2026:00:25:59 +0300] "GET /?lokasie=/var/www/www-root/data/www/undergroundexpert.info/wp-includes/php-ai-client/src/Providers/Http/DTO/Response.php&loknya=/var/www/www-root/data/www/undergroundexpert.info/wp-includes/php-ai-client/src/Providers/Http/DTO HTTP/1.1" 200 3603 "https://www.undergroundexpert.info/?loknya=/var/www/www-root/data/www/undergroundexpert.info/wp-includes/php-ai-client/src/Providers/Http/DTO" "Mozilla/5.0 AppleWebKit/537.36 (KHTML, like Gecko; compatible; GPTBot/1.4; +https://openai.com/gptbot)"
66.249.70.141 - - [23/Jul/2026:00:25:58 +0300] "GET /?l=s2e1v9e7n7t2h7l2y934 HTTP/1.1" 200 32490 "-" "Mozilla/5.0 (Linux; Android 6.0.1; Nexus 5X Build/MMB29P) AppleWebKit/537.36 (KHTML, like Gecko) Chrome/150.0.7871.128 Mobile Safari/537.36 (compatible; Googlebot/2.1; +http://www.google.com/bot.html)"
66.249.69.67 - - [23/Jul/2026:00:25:58 +0300] "GET /?l=s2p9h5e8r6u6l9a7t6e4 HTTP/1.1" 200 31510 "-" "Mozilla/5.0 (Linux; Android 6.0.1; Nexus 5X Build/MMB29P) AppleWebKit/537.36 (KHTML, like Gecko) Chrome/150.0.7871.128 Mobile Safari/537.36 (compatible; GoogleOther)"
74.7.243.217 - - [23/Jul/2026:00:26:00 +0300] "GET /shops/wearily/s0h3e5r6i4f2f2w7i2c1k4?lokasie=/var/www/www-root/data/www/undergroundexpert.info/bjmjrvqm.php&loknya=/var/www/www-root/data/www/undergroundexpert.info HTTP/1.1" 404 445 "https://undergroundexpert.info/shops/wearily/s0h3e5r6i4f2f2w7i2c1k4" "Mozilla/5.0 AppleWebKit/537.36 (KHTML, like Gecko; compatible; GPTBot/1.4; +https://openai.com/gptbot)"
66.249.69.67 - - [23/Jul/2026:00:25:59 +0300] "GET /?l=b5u2n6d8e3r865342 HTTP/1.1" 200 31655 "-" "Mozilla/5.0 (Linux; Android 6.0.1; Nexus 5X Build/MMB29P) AppleWebKit/537.36 (KHTML, like Gecko) Chrome/150.0.7871.128 Mobile Safari/537.36 (compatible; Googlebot/2.1; +http://www.google.com/bot.html)"
114.119.146.197 - - [23/Jul/2026:00:26:01 +0300] "GET /opyt-podzemnogo-stroitelstva/poslednie-sobytiya/podvodnyj-tonnel-kvebek/print?loknya=/var/www/www-root/data/www/ HTTP/1.1" 404 445 "https://undergroundexpert.info/opyt-podzemnogo-stroitelstva/poslednie-sobytiya/podvodnyj-tonnel-kvebek/print" "Mozilla/5.0 (Linux; Android 7.0;) AppleWebKit/537.36 (HTML, like Gecko) Mobile Safari/537.36 (compatible; PetalBot;+https://webmaster.petalsearch.com/site/petalbot)"
216.73.217.60 - - [23/Jul/2026:00:26:01 +0300] "GET /shop/b201ac1517012?loknya=%2Fvar%2Fwww%2Fwww-root%2Fdata%2Fwww%2Fundergroundexpert.info%2F.render-cache HTTP/1.1" 404 445 "-" "Mozilla/5.0 AppleWebKit/537.36 (KHTML, like Gecko; compatible; ClaudeBot/1.0; +claudebot@anthropic.com)"
66.249.70.140 - - [23/Jul/2026:00:26:01 +0300] "GET /?l=z4o3o9l0o4g7i5s5t79 HTTP/1.1" 200 31955 "-" "Mozilla/5.0 (Linux; Android 6.0.1; Nexus 5X Build/MMB29P) AppleWebKit/537.36 (KHTML, like Gecko) Chrome/150.0.7871.128 Mobile Safari/537.36 (compatible; GoogleOther)"
74.7.227.150 - - [23/Jul/2026:00:26:02 +0300] "GET /index.php?loknya=/var/www/www-root/data/www/undergroundexpert.info/wp-content/plugins/file-manager-advanced/application/library/php-parser/vendor/nikic/php-parser/lib/PhpParser/Lexer HTTP/1.1" 200 2597 "https://www.undergroundexpert.info/index.php?loknya=/var/www/www-root/data/www/undergroundexpert.info/wp-content/plugins/file-manager-advanced/application/library/php-parser/vendor/nikic/php-parser/lib/PhpParser" "Mozilla/5.0 AppleWebKit/537.36 (KHTML, like Gecko; compatible; GPTBot/1.4; +https://openai.com/gptbot)"
74.7.243.217 - - [23/Jul/2026:00:26:03 +0300] "GET /shops/mateotechny/h0y9p6n2o6t9i8z7e4?lokasie=/var/www/www-root/data/www/undergroundexpert.info/pfwpbszj.php&loknya=/var/www/www-root/data/www/undergroundexpert.info HTTP/1.1" 404 445 "https://undergroundexpert.info/shops/mateotechny/h0y9p6n2o6t9i8z7e4" "Mozilla/5.0 AppleWebKit/537.36 (KHTML, like Gecko; compatible; GPTBot/1.4; +https://openai.com/gptbot)"
216.73.217.60 - - [23/Jul/2026:00:26:04 +0300] "GET /shop/9e01ed38911?loknya=%2Fvar HTTP/1.1" 404 445 "-" "Mozilla/5.0 AppleWebKit/537.36 (KHTML, like Gecko; compatible; ClaudeBot/1.0; +claudebot@anthropic.com)"
74.7.227.150 - - [23/Jul/2026:00:26:05 +0300] "GET /index.php?loknya=/var/www/www-root/data/www/undergroundexpert.info/wp-content/plugins/file-manager-advanced/application/library/php-parser/vendor/nikic/php-parser/lib/PhpParser/Node HTTP/1.1" 200 3388 "https://www.undergroundexpert.info/index.php?loknya=/var/www/www-root/data/www/undergroundexpert.info/wp-content/plugins/file-manager-advanced/application/library/php-parser/vendor/nikic/php-parser/lib/PhpParser" "Mozilla/5.0 AppleWebKit/537.36 (KHTML, like Gecko; compatible; GPTBot/1.4; +https://openai.com/gptbot)"
74.7.243.217 - - [23/Jul/2026:00:26:06 +0300] "GET /elohist/octothorp/e0l2o9h3i5s0t29692?lokasie=/var/www/www-root/data/www/undergroundexpert.info/sszzoqtr.php&loknya=/var/www/www-root/data/www/undergroundexpert.info HTTP/1.1" 404 445 "https://undergroundexpert.info/elohist/octothorp/e0l2o9h3i5s0t29692" "Mozilla/5.0 AppleWebKit/537.36 (KHTML, like Gecko; compatible; GPTBot/1.4; +https://openai.com/gptbot)"
66.249.69.67 - - [23/Jul/2026:00:26:05 +0300] "GET /?ligamental/1513166644 HTTP/1.1" 200 32208 "-" "Mozilla/5.0 (Linux; Android 6.0.1; Nexus 5X Build/MMB29P) AppleWebKit/537.36 (KHTML, like Gecko) Chrome/150.0.7871.128 Mobile Safari/537.36 (compatible; Googlebot/2.1; +http://www.google.com/bot.html)"
216.73.217.60 - - [23/Jul/2026:00:26:07 +0300] "GET /shop/6407012674841?loknya=%2Fvar%2Fwww%2Fwww-root%2Fdata%2Fwww%2Fundergroundexpert.info%2F.render-cache HTTP/1.1" 404 445 "-" "Mozilla/5.0 AppleWebKit/537.36 (KHTML, like Gecko; compatible; ClaudeBot/1.0; +claudebot@anthropic.com)"
66.249.70.140 - - [23/Jul/2026:00:26:06 +0300] "GET /?l=s2a7n6d3i5e7r647 HTTP/1.1" 200 32177 "-" "Mozilla/5.0 (Linux; Android 6.0.1; Nexus 5X Build/MMB29P) AppleWebKit/537.36 (KHTML, like Gecko) Chrome/150.0.7871.128 Mobile Safari/537.36 (compatible; Googlebot/2.1; +http://www.google.com/bot.html)"
66.249.69.68 - - [23/Jul/2026:00:26:07 +0300] "GET /?l=c8e2n9s3u3r3e20455 HTTP/1.1" 200 31411 "-" "Mozilla/5.0 (Linux; Android 6.0.1; Nexus 5X Build/MMB29P) AppleWebKit/537.36 (KHTML, like Gecko) Chrome/150.0.7871.128 Mobile Safari/537.36 (compatible; GoogleOther)"
74.7.227.150 - - [23/Jul/2026:00:26:08 +0300] "GET /index.php?loknya=/var/www/www-root/data/www/undergroundexpert.info/wp-content/plugins/file-manager-advanced/application/library/php-parser/vendor/nikic/php-parser/lib/PhpParser/Internal HTTP/1.1" 200 2670 "https://www.undergroundexpert.info/index.php?loknya=/var/www/www-root/data/www/undergroundexpert.info/wp-content/plugins/file-manager-advanced/application/library/php-parser/vendor/nikic/php-parser/lib/PhpParser" "Mozilla/5.0 AppleWebKit/537.36 (KHTML, like Gecko; compatible; GPTBot/1.4; +https://openai.com/gptbot)"
172.121.173.93 - - [23/Jul/2026:00:26:09 +0300] "GET /issledovaniya-i-tehnologii/analitika/samye-glubokie-shahty-v-mire HTTP/1.1" 404 445 "-" "Mozilla/5.0 (Macintosh; Intel Mac OS X 10_15_7) AppleWebKit/537.36 (KHTML, like Gecko) Chrome/142.0.0.0 Safari/537.36"
74.7.243.217 - - [23/Jul/2026:00:26:09 +0300] "GET /shops/galaxies/p0u1z2z0l1e9m9e3n6t50?lokasie=/var/www/www-root/data/www/undergroundexpert.info/bjmjrvqm.php&loknya=/var/www/www-root/data/www/undergroundexpert.info HTTP/1.1" 404 445 "https://undergroundexpert.info/shops/galaxies/p0u1z2z0l1e9m9e3n6t50" "Mozilla/5.0 AppleWebKit/537.36 (KHTML, like Gecko; compatible; GPTBot/1.4; +https://openai.com/gptbot)"
216.73.217.60 - - [23/Jul/2026:00:26:10 +0300] "GET /shop/4625e02747096?loknya=%2Fvar HTTP/1.1" 404 445 "-" "Mozilla/5.0 AppleWebKit/537.36 (KHTML, like Gecko; compatible; ClaudeBot/1.0; +claudebot@anthropic.com)"
66.249.70.140 - - [23/Jul/2026:00:26:09 +0300] "GET /?l=p2o3d0o4p7h7y7l7l7i3n6 HTTP/1.1" 200 31737 "-" "Mozilla/5.0 (Linux; Android 6.0.1; Nexus 5X Build/MMB29P) AppleWebKit/537.36 (KHTML, like Gecko) Chrome/150.0.7871.128 Mobile Safari/537.36 (compatible; Googlebot/2.1; +http://www.google.com/bot.html)"
66.249.69.67 - - [23/Jul/2026:00:26:12 +0300] "GET /shops/garran/f7o3u6l5s2p8o8k8e6n43 HTTP/1.1" 404 449 "-" "Mozilla/5.0 (Linux; Android 6.0.1; Nexus 5X Build/MMB29P) AppleWebKit/537.36 (KHTML, like Gecko) Chrome/150.0.7871.128 Mobile Safari/537.36 (compatible; GoogleOther)"
74.7.227.150 - - [23/Jul/2026:00:26:12 +0300] "GET /index.php?loknya=/var/www/www-root/data/www/undergroundexpert.info/wp-content/plugins/file-manager-advanced/application/library/php-parser/vendor/nikic/php-parser/lib/PhpParser/Builder HTTP/1.1" 200 3160 "https://www.undergroundexpert.info/index.php?loknya=/var/www/www-root/data/www/undergroundexpert.info/wp-content/plugins/file-manager-advanced/application/library/php-parser/vendor/nikic/php-parser/lib/PhpParser" "Mozilla/5.0 AppleWebKit/537.36 (KHTML, like Gecko; compatible; GPTBot/1.4; +https://openai.com/gptbot)"
74.7.243.217 - - [23/Jul/2026:00:26:12 +0300] "GET /shops/floccillation/e0x1i1m8i0u4s93418?lokasie=/var/www/www-root/data/www/undergroundexpert.info/phjhhmvi.php&loknya=/var/www/www-root/data/www/undergroundexpert.info HTTP/1.1" 404 445 "https://undergroundexpert.info/shops/floccillation/e0x1i1m8i0u4s93418" "Mozilla/5.0 AppleWebKit/537.36 (KHTML, like Gecko; compatible; GPTBot/1.4; +https://openai.com/gptbot)"
216.73.217.60 - - [23/Jul/2026:00:26:13 +0300] "GET /shop/8bb2b3756686?loknya=%2Fvar%2Fwww%2Fwww-root%2Fdata%2Fwww%2Fundergroundexpert.info%2Fwp-includes HTTP/1.1" 404 445 "-" "Mozilla/5.0 AppleWebKit/537.36 (KHTML, like Gecko; compatible; ClaudeBot/1.0; +claudebot@anthropic.com)"
66.249.70.140 - - [23/Jul/2026:00:26:12 +0300] "GET /?l=a2k2o8c4a8n0t0h8e5r8a5 HTTP/1.1" 200 31702 "-" "Mozilla/5.0 (Linux; Android 6.0.1; Nexus 5X Build/MMB29P) AppleWebKit/537.36 (KHTML, like Gecko) Chrome/150.0.7871.128 Mobile Safari/537.36 (compatible; Googlebot/2.1; +http://www.google.com/bot.html)"
66.249.69.67 - - [23/Jul/2026:00:26:12 +0300] "GET /?l=d2r2a6b9b8e3t32347 HTTP/1.1" 200 31929 "-" "Mozilla/5.0 (Linux; Android 6.0.1; Nexus 5X Build/MMB29P) AppleWebKit/537.36 (KHTML, like Gecko) Chrome/150.0.7871.128 Mobile Safari/537.36 (compatible; Googlebot/2.1; +http://www.google.com/bot.html)"
74.7.227.150 - - [23/Jul/2026:00:26:15 +0300] "GET /index.php?loknya=/var/www/www-root/data/www/undergroundexpert.info/wp-content/plugins/file-manager-advanced/application/library/php-parser/vendor/nikic/php-parser/lib/PhpParser/Comment HTTP/1.1" 200 2501 "https://www.undergroundexpert.info/index.php?loknya=/var/www/www-root/data/www/undergroundexpert.info/wp-content/plugins/file-manager-advanced/application/library/php-parser/vendor/nikic/php-parser/lib/PhpParser" "Mozilla/5.0 AppleWebKit/537.36 (KHTML, like Gecko; compatible; GPTBot/1.4; +https://openai.com/gptbot)"
74.7.243.217 - - [23/Jul/2026:00:26:15 +0300] "GET /shops/bouches/i0m2p7e3c1u5n5i6o7s9i0ty?lokasie=/var/www/www-root/data/www/undergroundexpert.info/phjhhmvi.php&loknya=/var/www/www-root/data/www/undergroundexpert.info HTTP/1.1" 404 445 "https://undergroundexpert.info/shops/bouches/i0m2p7e3c1u5n5i6o7s9i0ty" "Mozilla/5.0 AppleWebKit/537.36 (KHTML, like Gecko; compatible; GPTBot/1.4; +https://openai.com/gptbot)"
216.73.217.60 - - [23/Jul/2026:00:26:16 +0300] "GET /shop/6e529b3793486?loknya=%2F HTTP/1.1" 404 445 "-" "Mozilla/5.0 AppleWebKit/537.36 (KHTML, like Gecko; compatible; ClaudeBot/1.0; +claudebot@anthropic.com)"
66.249.69.67 - - [23/Jul/2026:00:26:14 +0300] "GET /?l=e0s1p2i9e5d358928 HTTP/1.1" 200 30643 "-" "Mozilla/5.0 (Linux; Android 6.0.1; Nexus 5X Build/MMB29P) AppleWebKit/537.36 (KHTML, like Gecko) Chrome/150.0.7871.128 Mobile Safari/537.36 (compatible; GoogleOther)"
66.249.70.140 - - [23/Jul/2026:00:26:14 +0300] "GET /?l=s9a1p7i4n8d3a5c8e3o4u3s HTTP/1.1" 200 31585 "-" "Mozilla/5.0 (Linux; Android 6.0.1; Nexus 5X Build/MMB29P) AppleWebKit/537.36 (KHTML, like Gecko) Chrome/150.0.7871.128 Mobile Safari/537.36 (compatible; Googlebot/2.1; +http://www.google.com/bot.html)"
66.249.69.67 - - [23/Jul/2026:00:26:16 +0300] "GET /?l=g9u3r6g4l3e848599 HTTP/1.1" 200 32043 "-" "Mozilla/5.0 (Linux; Android 6.0.1; Nexus 5X Build/MMB29P) AppleWebKit/537.36 (KHTML, like Gecko) Chrome/150.0.7871.128 Mobile Safari/537.36 (compatible; Googlebot/2.1; +http://www.google.com/bot.html)"
66.249.69.67 - - [23/Jul/2026:00:26:16 +0300] "GET /?l=b5o1r9d2l2a5n7d6871 HTTP/1.1" 200 31599 "-" "Mozilla/5.0 (Linux; Android 6.0.1; Nexus 5X Build/MMB29P) AppleWebKit/537.36 (KHTML, like Gecko) Chrome/150.0.7871.128 Mobile Safari/537.36 (compatible; Googlebot/2.1; +http://www.google.com/bot.html)"
74.7.243.217 - - [23/Jul/2026:00:26:18 +0300] "GET /shops/subsannation/s0q4u0i5n8c7h5670?lokasie=/var/www/www-root/data/www/undergroundexpert.info/bjmjrvqm.php&loknya=/var/www/www-root/data/www/undergroundexpert.info HTTP/1.1" 404 445 "https://undergroundexpert.info/shops/subsannation/s0q4u0i5n8c7h5670" "Mozilla/5.0 AppleWebKit/537.36 (KHTML, like Gecko; compatible; GPTBot/1.4; +https://openai.com/gptbot)"
74.7.227.150 - - [23/Jul/2026:00:26:18 +0300] "GET /index.php?loknya=/var/www/www-root/data/www/undergroundexpert.info/wp-content/plugins/file-manager-advanced/application/rary/php-parser/vendor/nikic/php-parser HTTP/1.1" 200 2290 "https://www.undergroundexpert.info/index.php?loknya=/var/www/www-root/data/www/undergroundexpert.info/wp-content/plugins/file-manager-advanced/application/rary/php-parser/vendor/nikic/php-parser/" "Mozilla/5.0 AppleWebKit/537.36 (KHTML, like Gecko; compatible; GPTBot/1.4; +https://openai.com/gptbot)"
216.73.217.60 - - [23/Jul/2026:00:26:19 +0300] "GET /shop/0e9d383931644?loknya=%2Fvar HTTP/1.1" 404 445 "-" "Mozilla/5.0 AppleWebKit/537.36 (KHTML, like Gecko; compatible; ClaudeBot/1.0; +claudebot@anthropic.com)"
66.249.70.140 - - [23/Jul/2026:00:26:17 +0300] "GET /?l=d0e1g1a6r8n4i3s1h4i1n6g HTTP/1.1" 200 31962 "-" "Mozilla/5.0 (Linux; Android 6.0.1; Nexus 5X Build/MMB29P) AppleWebKit/537.36 (KHTML, like Gecko) Chrome/150.0.7871.128 Mobile Safari/537.36 (compatible; Googlebot/2.1; +http://www.google.com/bot.html)"
66.249.69.67 - - [23/Jul/2026:00:26:19 +0300] "GET /?acrostic/53583296015 HTTP/1.1" 200 30734 "-" "Mozilla/5.0 (Linux; Android 6.0.1; Nexus 5X Build/MMB29P) AppleWebKit/537.36 (KHTML, like Gecko) Chrome/150.0.7871.128 Mobile Safari/537.36 (compatible; Googlebot/2.1; +http://www.google.com/bot.html)"
74.7.243.217 - - [23/Jul/2026:00:26:22 +0300] "GET /shops/mezzotintoing/k0i3d6n3e4y926951?lokasie=/var/www/www-root/data/www/undergroundexpert.info/pfwpbszj.php&loknya=/var/www/www-root/data/www/undergroundexpert.info HTTP/1.1" 404 445 "https://undergroundexpert.info/shops/mezzotintoing/k0i3d6n3e4y926951" "Mozilla/5.0 AppleWebKit/537.36 (KHTML, like Gecko; compatible; GPTBot/1.4; +https://openai.com/gptbot)"
74.7.227.150 - - [23/Jul/2026:00:26:21 +0300] "GET /index.php?loknya=/var/www/www-root/data/www/undergroundexpert.info/wp-content/plugins/file-manager-advanced/application/library/php-parser/vendor/nikic/php-parser/lib/PhpParser/NodeVisitor HTTP/1.1" 200 2760 "https://www.undergroundexpert.info/index.php?loknya=/var/www/www-root/data/www/undergroundexpert.info/wp-content/plugins/file-manager-advanced/application/library/php-parser/vendor/nikic/php-parser/lib/PhpParser" "Mozilla/5.0 AppleWebKit/537.36 (KHTML, like Gecko; compatible; GPTBot/1.4; +https://openai.com/gptbot)"
216.73.217.60 - - [23/Jul/2026:00:26:22 +0300] "GET /shop/3481812229944?loknya=%2Fvar HTTP/1.1" 404 445 "-" "Mozilla/5.0 AppleWebKit/537.36 (KHTML, like Gecko; compatible; ClaudeBot/1.0; +claudebot@anthropic.com)"
66.249.70.140 - - [23/Jul/2026:00:26:20 +0300] "GET /?l=e7f4f0o0r5t7l4e6s8s62 HTTP/1.1" 200 32467 "-" "Mozilla/5.0 (Linux; Android 6.0.1; Nexus 5X Build/MMB29P) AppleWebKit/537.36 (KHTML, like Gecko) Chrome/150.0.7871.128 Mobile Safari/537.36 (compatible; Googlebot/2.1; +http://www.google.com/bot.html)"
66.249.69.67 - - [23/Jul/2026:00:26:22 +0300] "GET /shops/geometry/n1o3s1o2c8o1m1i8a9l89 HTTP/1.1" 404 449 "-" "Mozilla/5.0 (Linux; Android 6.0.1; Nexus 5X Build/MMB29P) AppleWebKit/537.36 (KHTML, like Gecko) Chrome/150.0.7871.128 Mobile Safari/537.36 (compatible; GoogleOther)"
66.249.69.68 - - [23/Jul/2026:00:26:22 +0300] "GET /?l=c3l1e3p6s9y7d5r3a495 HTTP/1.1" 200 30436 "-" "Mozilla/5.0 (Linux; Android 6.0.1; Nexus 5X Build/MMB29P) AppleWebKit/537.36 (KHTML, like Gecko) Chrome/150.0.7871.128 Mobile Safari/537.36 (compatible; Googlebot/2.1; +http://www.google.com/bot.html)"
74.7.227.150 - - [23/Jul/2026:00:26:24 +0300] "GET /index.php?loknya=/var/www/www-root/data/www/undergroundexpert.info/wp-content/plugins/file-manager-advanced/application/rary/vendor/ HTTP/1.1" 200 2259 "https://www.undergroundexpert.info/index.php?loknya=/var/www/www-root/data/www/undergroundexpert.info/wp-content/plugins/file-manager-advanced/application/rary/vendor/nikic/" "Mozilla/5.0 AppleWebKit/537.36 (KHTML, like Gecko; compatible; GPTBot/1.4; +https://openai.com/gptbot)"
74.7.243.217 - - [23/Jul/2026:00:26:25 +0300] "GET /shops/worshipping/p0u1z3z0l4e9d2o8m636?lokasie=/var/www/www-root/data/www/undergroundexpert.info/phjhhmvi.php&loknya=/var/www/www-root/data/www/undergroundexpert.info HTTP/1.1" 404 445 "https://undergroundexpert.info/shops/worshipping/p0u1z3z0l4e9d2o8m636" "Mozilla/5.0 AppleWebKit/537.36 (KHTML, like Gecko; compatible; GPTBot/1.4; +https://openai.com/gptbot)"
216.73.217.60 - - [23/Jul/2026:00:26:25 +0300] "GET /shop/8f8060148920?loknya=%2Fvar HTTP/1.1" 404 445 "-" "Mozilla/5.0 AppleWebKit/537.36 (KHTML, like Gecko; compatible; ClaudeBot/1.0; +claudebot@anthropic.com)"
66.249.69.67 - - [23/Jul/2026:00:26:24 +0300] "GET /?headmost/12580836454 HTTP/1.1" 200 31174 "-" "Mozilla/5.0 (Linux; Android 6.0.1; Nexus 5X Build/MMB29P) AppleWebKit/537.36 (KHTML, like Gecko) Chrome/150.0.7871.128 Mobile Safari/537.36 (compatible; Googlebot/2.1; +http://www.google.com/bot.html)"
66.249.69.67 - - [23/Jul/2026:00:26:24 +0300] "GET /?l=p3h1y5t8o7g9r7a6p6h2y8 HTTP/1.1" 200 30782 "-" "Mozilla/5.0 (Linux; Android 6.0.1; Nexus 5X Build/MMB29P) AppleWebKit/537.36 (KHTML, like Gecko) Chrome/150.0.7871.128 Mobile Safari/537.36 (compatible; GoogleOther)"
216.73.217.60 - - [23/Jul/2026:00:26:28 +0300] "GET /shop/7d5445623211?loknya=%2Fvar HTTP/1.1" 404 445 "-" "Mozilla/5.0 AppleWebKit/537.36 (KHTML, like Gecko; compatible; ClaudeBot/1.0; +claudebot@anthropic.com)"
66.249.69.68 - - [23/Jul/2026:00:26:26 +0300] "GET /?l=s3p2i4l8l3e1t02119 HTTP/1.1" 200 30704 "-" "Mozilla/5.0 (Linux; Android 6.0.1; Nexus 5X Build/MMB29P) AppleWebKit/537.36 (KHTML, like Gecko) Chrome/150.0.7871.128 Mobile Safari/537.36 (compatible; GoogleOther)"
74.7.243.217 - - [23/Jul/2026:00:26:28 +0300] "GET /shops/crumeniferus/h0e4a1t8h1e5r9y3416?lokasie=/var/www/www-root/data/www/undergroundexpert.info/phjhhmvi.php&loknya=/var/www/www-root/data/www/undergroundexpert.info HTTP/1.1" 404 445 "https://undergroundexpert.info/shops/crumeniferus/h0e4a1t8h1e5r9y3416" "Mozilla/5.0 AppleWebKit/537.36 (KHTML, like Gecko; compatible; GPTBot/1.4; +https://openai.com/gptbot)"
74.7.227.150 - - [23/Jul/2026:00:26:27 +0300] "GET /index.php?loknya=/var/www/www-root/data/www/undergroundexpert.info/wp-content/plugins/file-manager-advanced/application/rary/vendor HTTP/1.1" 200 2257 "https://www.undergroundexpert.info/index.php?loknya=/var/www/www-root/data/www/undergroundexpert.info/wp-content/plugins/file-manager-advanced/application/rary/vendor/nikic/" "Mozilla/5.0 AppleWebKit/537.36 (KHTML, like Gecko; compatible; GPTBot/1.4; +https://openai.com/gptbot)"
66.249.69.68 - - [23/Jul/2026:00:26:27 +0300] "GET /?legumin/51543482120 HTTP/1.1" 200 31571 "-" "Mozilla/5.0 (Linux; Android 6.0.1; Nexus 5X Build/MMB29P) AppleWebKit/537.36 (KHTML, like Gecko) Chrome/150.0.7871.128 Mobile Safari/537.36 (compatible; Googlebot/2.1; +http://www.google.com/bot.html)"
66.249.70.140 - - [23/Jul/2026:00:26:28 +0300] "GET /?l=i7n2t5e7r7l7u7d5e4d34 HTTP/1.1" 200 32342 "-" "Mozilla/5.0 (Linux; Android 6.0.1; Nexus 5X Build/MMB29P) AppleWebKit/537.36 (KHTML, like Gecko) Chrome/150.0.7871.128 Mobile Safari/537.36 (compatible; Googlebot/2.1; +http://www.google.com/bot.html)"
66.249.69.67 - - [23/Jul/2026:00:26:29 +0300] "GET /?l=g7l1o9b9o1s8i5t5y595 HTTP/1.1" 200 31279 "-" "Mozilla/5.0 (Linux; Android 6.0.1; Nexus 5X Build/MMB29P) AppleWebKit/537.36 (KHTML, like Gecko) Chrome/150.0.7871.128 Mobile Safari/537.36 (compatible; GoogleOther)"
216.73.217.60 - - [23/Jul/2026:00:26:31 +0300] "GET /shop/9664833648970?loknya=%2Fvar%2Fwww%2Fwww-root%2Fdata%2Fwww%2Fundergroundexpert.info%2F.render-cache HTTP/1.1" 404 445 "-" "Mozilla/5.0 AppleWebKit/537.36 (KHTML, like Gecko; compatible; ClaudeBot/1.0; +claudebot@anthropic.com)"
74.7.243.217 - - [23/Jul/2026:00:26:31 +0300] "GET /shops/chipmonk/a0r3g7e1n4t1a4m6i4n5e4?lokasie=/var/www/www-root/data/www/undergroundexpert.info/veeyjjxx.php&loknya=/var/www/www-root/data/www/undergroundexpert.info HTTP/1.1" 404 445 "https://undergroundexpert.info/shops/chipmonk/a0r3g7e1n4t1a4m6i4n5e4" "Mozilla/5.0 AppleWebKit/537.36 (KHTML, like Gecko; compatible; GPTBot/1.4; +https://openai.com/gptbot)"
74.7.227.150 - - [23/Jul/2026:00:26:31 +0300] "GET /index.php?loknya=/var/www/www-root/data/www/undergroundexpert.info/wp-content/plugins/file-manager-advanced/application/library/php-parser/vendor/nikic/php-parser/lib/Php/ HTTP/1.1" 200 2320 "https://www.undergroundexpert.info/index.php?loknya=/var/www/www-root/data/www/undergroundexpert.info/wp-content/plugins/file-manager-advanced/application/library/php-parser/vendor/nikic/php-parser/lib/PhpParser/Parser" "Mozilla/5.0 AppleWebKit/537.36 (KHTML, like Gecko; compatible; GPTBot/1.4; +https://openai.com/gptbot)"
66.249.70.140 - - [23/Jul/2026:00:26:30 +0300] "GET /?l=o7r4p1h1a1r1i0o6n046 HTTP/1.1" 200 32143 "-" "Mozilla/5.0 (Linux; Android 6.0.1; Nexus 5X Build/MMB29P) AppleWebKit/537.36 (KHTML, like Gecko) Chrome/150.0.7871.128 Mobile Safari/537.36 (compatible; Googlebot/2.1; +http://www.google.com/bot.html)"
216.73.217.60 - - [23/Jul/2026:00:26:34 +0300] "GET /shop/0d05a72104222?loknya=%2Fvar HTTP/1.1" 404 445 "-" "Mozilla/5.0 AppleWebKit/537.36 (KHTML, like Gecko; compatible; ClaudeBot/1.0; +claudebot@anthropic.com)"
74.7.243.217 - - [23/Jul/2026:00:26:34 +0300] "GET /shops/sequester/d0i3s0t1a1i5n3i0n3g32?lokasie=/var/www/www-root/data/www/undergroundexpert.info/phjhhmvi.php&loknya=/var/www/www-root/data/www/undergroundexpert.info HTTP/1.1" 404 445 "https://undergroundexpert.info/shops/sequester/d0i3s0t1a1i5n3i0n3g32" "Mozilla/5.0 AppleWebKit/537.36 (KHTML, like Gecko; compatible; GPTBot/1.4; +https://openai.com/gptbot)"
74.7.227.150 - - [23/Jul/2026:00:26:34 +0300] "GET /index.php?loknya=/var/www/www-root/data/www/undergroundexpert.info/wp-content/plugins/file-manager-advanced/application/rary/vendor/nikic HTTP/1.1" 200 2269 "https://www.undergroundexpert.info/index.php?loknya=/var/www/www-root/data/www/undergroundexpert.info/wp-content/plugins/file-manager-advanced/application/rary/vendor/nikic/" "Mozilla/5.0 AppleWebKit/537.36 (KHTML, like Gecko; compatible; GPTBot/1.4; +https://openai.com/gptbot)"
66.249.70.140 - - [23/Jul/2026:00:26:33 +0300] "GET /?l=u9n4p0r3e0d3i1c6t002 HTTP/1.1" 200 32406 "-" "Mozilla/5.0 (Linux; Android 6.0.1; Nexus 5X Build/MMB29P) AppleWebKit/537.36 (KHTML, like Gecko) Chrome/150.0.7871.128 Mobile Safari/537.36 (compatible; Googlebot/2.1; +http://www.google.com/bot.html)"
66.249.69.68 - - [23/Jul/2026:00:26:32 +0300] "GET /?l=f5u8l5l2e0d72068 HTTP/1.1" 200 31781 "-" "Mozilla/5.0 (Linux; Android 6.0.1; Nexus 5X Build/MMB29P) AppleWebKit/537.36 (KHTML, like Gecko) Chrome/150.0.7871.128 Mobile Safari/537.36 (compatible; Googlebot/2.1; +http://www.google.com/bot.html)"
74.7.243.217 - - [23/Jul/2026:00:26:37 +0300] "GET /shops/trance/p0e1c7t7o4r7i5l2o1q8uous?lokasie=/var/www/www-root/data/www/undergroundexpert.info/phjhhmvi.php&loknya=/var/www/www-root/data/www/undergroundexpert.info HTTP/1.1" 404 445 "https://undergroundexpert.info/shops/trance/p0e1c7t7o4r7i5l2o1q8uous" "Mozilla/5.0 AppleWebKit/537.36 (KHTML, like Gecko; compatible; GPTBot/1.4; +https://openai.com/gptbot)"
74.7.227.150 - - [23/Jul/2026:00:26:37 +0300] "GET /index.php?loknya=/var/www/www-root/data/www/undergroundexpert.info/wp-content/plugins/file-manager-advanced/application/library/php-parser/vendor/nikic/php-parser/lib/PhpParser/ HTTP/1.1" 200 3743 "https://www.undergroundexpert.info/index.php?loknya=/var/www/www-root/data/www/undergroundexpert.info/wp-content/plugins/file-manager-advanced/application/library/php-parser/vendor/nikic/php-parser/lib/PhpParser/Lexer" "Mozilla/5.0 AppleWebKit/537.36 (KHTML, like Gecko; compatible; GPTBot/1.4; +https://openai.com/gptbot)"
66.249.70.140 - - [23/Jul/2026:00:26:36 +0300] "GET /?l=s3i5s4k9i6w8i3t993 HTTP/1.1" 200 31594 "-" "Mozilla/5.0 (Linux; Android 6.0.1; Nexus 5X Build/MMB29P) AppleWebKit/537.36 (KHTML, like Gecko) Chrome/150.0.7871.128 Mobile Safari/537.36 (compatible; GoogleOther)"
66.249.69.67 - - [23/Jul/2026:00:26:36 +0300] "GET /?l=o1k9a3p7i8a14668 HTTP/1.1" 200 30827 "-" "Mozilla/5.0 (Linux; Android 6.0.1; Nexus 5X Build/MMB29P) AppleWebKit/537.36 (KHTML, like Gecko) Chrome/150.0.7871.128 Mobile Safari/537.36 (compatible; GoogleOther)"
216.73.217.60 - - [23/Jul/2026:00:26:39 +0300] "GET /shop/c8b3443987874?loknya=%2Fvar%2Fwww%2Fwww-root%2Fdata%2Fwww%2Fundergroundexpert.info%2F.render-cache HTTP/1.1" 404 445 "-" "Mozilla/5.0 AppleWebKit/537.36 (KHTML, like Gecko; compatible; ClaudeBot/1.0; +claudebot@anthropic.com)"
66.249.70.140 - - [23/Jul/2026:00:26:38 +0300] "GET /?righteoused/41288652706 HTTP/1.1" 200 31235 "-" "Mozilla/5.0 (Linux; Android 6.0.1; Nexus 5X Build/MMB29P) AppleWebKit/537.36 (KHTML, like Gecko) Chrome/150.0.7871.128 Mobile Safari/537.36 (compatible; Googlebot/2.1; +http://www.google.com/bot.html)"
66.249.69.68 - - [23/Jul/2026:00:26:39 +0300] "GET /?l=s7t2y6l4i2s2h6l0y804 HTTP/1.1" 200 32289 "-" "Mozilla/5.0 (Linux; Android 6.0.1; Nexus 5X Build/MMB29P) AppleWebKit/537.36 (KHTML, like Gecko) Chrome/150.0.7871.128 Mobile Safari/537.36 (compatible; GoogleOther)"
74.7.243.217 - - [23/Jul/2026:00:26:40 +0300] "GET /shops/sphygmographic/d0e2i5s4m1755241?lokasie=/var/www/www-root/data/www/undergroundexpert.info/veeyjjxx.php&loknya=/var/www/www-root/data/www/undergroundexpert.info HTTP/1.1" 404 445 "https://undergroundexpert.info/shops/sphygmographic/d0e2i5s4m1755241" "Mozilla/5.0 AppleWebKit/537.36 (KHTML, like Gecko; compatible; GPTBot/1.4; +https://openai.com/gptbot)"
74.7.227.150 - - [23/Jul/2026:00:26:40 +0300] "GET /index.php?loknya=/var/www/www-root/data/www/undergroundexpert.info/wp-content/plugins/file-manager-advanced/application/library/php-parser/vendor/nikic/php-parser/lib/PhpParser/Node/Expr HTTP/1.1" 200 4464 "https://www.undergroundexpert.info/index.php?loknya=/var/www/www-root/data/www/undergroundexpert.info/wp-content/plugins/file-manager-advanced/application/library/php-parser/vendor/nikic/php-parser/lib/PhpParser/Node" "Mozilla/5.0 AppleWebKit/537.36 (KHTML, like Gecko; compatible; GPTBot/1.4; +https://openai.com/gptbot)"
216.73.217.60 - - [23/Jul/2026:00:26:41 +0300] "GET /shop/eb9bb43779704?loknya=%2Fvar%2Fwww%2Fwww-root%2Fdata HTTP/1.1" 404 445 "-" "Mozilla/5.0 AppleWebKit/537.36 (KHTML, like Gecko; compatible; ClaudeBot/1.0; +claudebot@anthropic.com)"
66.249.69.69 - - [23/Jul/2026:00:26:40 +0300] "GET /?l=d8e2s5m2o6g2n7a9t6h5a6e HTTP/1.1" 200 31204 "-" "Mozilla/5.0 (Linux; Android 6.0.1; Nexus 5X Build/MMB29P) AppleWebKit/537.36 (KHTML, like Gecko) Chrome/150.0.7871.128 Mobile Safari/537.36 (compatible; Googlebot/2.1; +http://www.google.com/bot.html)"
66.249.69.68 - - [23/Jul/2026:00:26:41 +0300] "GET /?l=r1e3v2a0l9e9s5c1e4n1ce HTTP/1.1" 200 30665 "-" "Mozilla/5.0 (Linux; Android 6.0.1; Nexus 5X Build/MMB29P) AppleWebKit/537.36 (KHTML, like Gecko) Chrome/150.0.7871.128 Mobile Safari/537.36 (compatible; GoogleOther)"
66.249.70.141 - - [23/Jul/2026:00:26:41 +0300] "GET /?l=c6o2n6t2i8n9u0a6t8i0on HTTP/1.1" 200 31559 "-" "Mozilla/5.0 (Linux; Android 6.0.1; Nexus 5X Build/MMB29P) AppleWebKit/537.36 (KHTML, like Gecko) Chrome/150.0.7871.128 Mobile Safari/537.36 (compatible; Googlebot/2.1; +http://www.google.com/bot.html)"
74.7.243.217 - - [23/Jul/2026:00:26:44 +0300] "GET /shops/gastriloquous/s0p1r9i1n2g675851?lokasie=/var/www/www-root/data/www/undergroundexpert.info/uxegbthq.php&loknya=/var/www/www-root/data/www/undergroundexpert.info HTTP/1.1" 404 445 "https://undergroundexpert.info/shops/gastriloquous/s0p1r9i1n2g675851" "Mozilla/5.0 AppleWebKit/537.36 (KHTML, like Gecko; compatible; GPTBot/1.4; +https://openai.com/gptbot)"
74.7.227.150 - - [23/Jul/2026:00:26:43 +0300] "GET /index.php?loknya=/var/www/www-root/data/www/undergroundexpert.info/wp-content/plugins/file-manager-advanced/application/library/php-parser/vendor/nikic/php-parser/lib/PhpParser/Node/Stmt HTTP/1.1" 200 4395 "https://www.undergroundexpert.info/index.php?loknya=/var/www/www-root/data/www/undergroundexpert.info/wp-content/plugins/file-manager-advanced/application/library/php-parser/vendor/nikic/php-parser/lib/PhpParser/Node" "Mozilla/5.0 AppleWebKit/537.36 (KHTML, like Gecko; compatible; GPTBot/1.4; +https://openai.com/gptbot)"
66.249.69.69 - - [23/Jul/2026:00:26:42 +0300] "GET /?l=p6y1e7l9i9t6i3s0782 HTTP/1.1" 200 31843 "-" "Mozilla/5.0 (Linux; Android 6.0.1; Nexus 5X Build/MMB29P) AppleWebKit/537.36 (KHTML, like Gecko) Chrome/150.0.7871.128 Mobile Safari/537.36 (compatible; Googlebot/2.1; +http://www.google.com/bot.html)"
216.73.217.60 - - [23/Jul/2026:00:26:45 +0300] "GET /shop/374be21239092?loknya=%2Fvar%2Fwww%2Fwww-root%2Fdata%2Fwww%2Fundergroundexpert.info%2Fwp-includes%2FText HTTP/1.1" 404 445 "-" "Mozilla/5.0 AppleWebKit/537.36 (KHTML, like Gecko; compatible; ClaudeBot/1.0; +claudebot@anthropic.com)"
66.249.70.141 - - [23/Jul/2026:00:26:43 +0300] "GET /?l=w7e1e1k3s8292007 HTTP/1.1" 200 32257 "-" "Mozilla/5.0 (Linux; Android 6.0.1; Nexus 5X Build/MMB29P) AppleWebKit/537.36 (KHTML, like Gecko) Chrome/150.0.7871.128 Mobile Safari/537.36 (compatible; Googlebot/2.1; +http://www.google.com/bot.html)"
66.249.70.141 - - [23/Jul/2026:00:26:46 +0300] "GET /shop/e067933213520 HTTP/1.1" 404 445 "-" "Mozilla/5.0 (Linux; Android 6.0.1; Nexus 5X Build/MMB29P) AppleWebKit/537.36 (KHTML, like Gecko) Chrome/150.0.7871.128 Mobile Safari/537.36 (compatible; Googlebot/2.1; +http://www.google.com/bot.html)"
74.7.227.150 - - [23/Jul/2026:00:26:46 +0300] "GET /index.php?loknya=/var/www/www-root/data/www/undergroundexpert.info/wp-content/plugins/file-manager-advanced/application/library/php-parser/vendor/nikic/php-parser/lib/PhpParser/Node/Name HTTP/1.1" 200 2571 "https://www.undergroundexpert.info/index.php?loknya=/var/www/www-root/data/www/undergroundexpert.info/wp-content/plugins/file-manager-advanced/application/library/php-parser/vendor/nikic/php-parser/lib/PhpParser/Node" "Mozilla/5.0 AppleWebKit/537.36 (KHTML, like Gecko; compatible; GPTBot/1.4; +https://openai.com/gptbot)"
74.7.243.217 - - [23/Jul/2026:00:26:47 +0300] "GET /shops/fireworm/c0o1m3m5u7n9i2c7a9t7e7d?lokasie=/var/www/www-root/data/www/undergroundexpert.info/uxegbthq.php&loknya=/var/www/www-root/data/www/undergroundexpert.info HTTP/1.1" 404 445 "https://undergroundexpert.info/shops/fireworm/c0o1m3m5u7n9i2c7a9t7e7d" "Mozilla/5.0 AppleWebKit/537.36 (KHTML, like Gecko; compatible; GPTBot/1.4; +https://openai.com/gptbot)"
66.249.69.67 - - [23/Jul/2026:00:26:46 +0300] "GET /?l=s5t3r0a4t7e8g6e5t7i1c4s HTTP/1.1" 200 31433 "-" "Mozilla/5.0 (Linux; Android 6.0.1; Nexus 5X Build/MMB29P) AppleWebKit/537.36 (KHTML, like Gecko) Chrome/150.0.7871.128 Mobile Safari/537.36 (compatible; Googlebot/2.1; +http://www.google.com/bot.html)"
216.73.217.60 - - [23/Jul/2026:00:26:48 +0300] "GET /shop/5a1e752025874?loknya=%2Fvar%2Fwww%2Fwww-root%2Fdata%2Fwww%2Fundergroundexpert.info%2F.render-cache HTTP/1.1" 404 445 "-" "Mozilla/5.0 AppleWebKit/537.36 (KHTML, like Gecko; compatible; ClaudeBot/1.0; +claudebot@anthropic.com)"
66.249.69.69 - - [23/Jul/2026:00:26:46 +0300] "GET /?l=i0n3g6e4n2u8i5t1y357 HTTP/1.1" 200 31392 "-" "Mozilla/5.0 (Linux; Android 6.0.1; Nexus 5X Build/MMB29P) AppleWebKit/537.36 (KHTML, like Gecko) Chrome/150.0.7871.128 Mobile Safari/537.36 (compatible; GoogleOther)"
74.7.227.150 - - [23/Jul/2026:00:26:49 +0300] "GET /index.php?loknya=/var/www/www-root/data/www/undergroundexpert.info/wp-content/plugins/file-manager-advanced/application/library/php-parser/vendor/nikic/php-parser/lib/PhpParser/Node/Scalar HTTP/1.1" 200 2836 "https://www.undergroundexpert.info/index.php?loknya=/var/www/www-root/data/www/undergroundexpert.info/wp-content/plugins/file-manager-advanced/application/library/php-parser/vendor/nikic/php-parser/lib/PhpParser/Node" "Mozilla/5.0 AppleWebKit/537.36 (KHTML, like Gecko; compatible; GPTBot/1.4; +https://openai.com/gptbot)"
66.249.70.140 - - [23/Jul/2026:00:26:48 +0300] "GET /?l=e9y2e5p3i9e1c8e6672 HTTP/1.1" 200 31241 "-" "Mozilla/5.0 (Linux; Android 6.0.1; Nexus 5X Build/MMB29P) AppleWebKit/537.36 (KHTML, like Gecko) Chrome/150.0.7871.128 Mobile Safari/537.36 (compatible; Googlebot/2.1; +http://www.google.com/bot.html)"
74.7.243.217 - - [23/Jul/2026:00:26:50 +0300] "GET /shops/retchlessness/a0s6p4e2r7a2t5e193?lokasie=/var/www/www-root/data/www/undergroundexpert.info/pfwpbszj.php&loknya=/var/www/www-root/data/www/undergroundexpert.info HTTP/1.1" 404 445 "https://undergroundexpert.info/shops/retchlessness/a0s6p4e2r7a2t5e193" "Mozilla/5.0 AppleWebKit/537.36 (KHTML, like Gecko; compatible; GPTBot/1.4; +https://openai.com/gptbot)"
216.73.217.60 - - [23/Jul/2026:00:26:51 +0300] "GET /shop/7c38f6821944?loknya=%2Fvar%2Fwww%2Fwww-root%2Fdata%2Fwww%2Fundergroundexpert.info%2F.render-cache HTTP/1.1" 404 445 "-" "Mozilla/5.0 AppleWebKit/537.36 (KHTML, like Gecko; compatible; ClaudeBot/1.0; +claudebot@anthropic.com)"
66.249.69.69 - - [23/Jul/2026:00:26:49 +0300] "GET /?l=p0r3i0m7a3g2e12658 HTTP/1.1" 200 32287 "-" "Mozilla/5.0 (Linux; Android 6.0.1; Nexus 5X Build/MMB29P) AppleWebKit/537.36 (KHTML, like Gecko) Chrome/150.0.7871.128 Mobile Safari/537.36 (compatible; GoogleOther)"
74.7.227.150 - - [23/Jul/2026:00:26:53 +0300] "GET /index.php?loknya=/var/www/www-root/data/www/undergroundexpert.info/wp-content/plugins/file-manager-advanced/application/library/php-parser/vendor/nikic/php-parser/lib/PhpParser/Lexer/TokenEmulator HTTP/1.1" 200 3126 "https://www.undergroundexpert.info/index.php?loknya=/var/www/www-root/data/www/undergroundexpert.info/wp-content/plugins/file-manager-advanced/application/library/php-parser/vendor/nikic/php-parser/lib/PhpParser/Lexer" "Mozilla/5.0 AppleWebKit/537.36 (KHTML, like Gecko; compatible; GPTBot/1.4; +https://openai.com/gptbot)"
74.7.243.217 - - [23/Jul/2026:00:26:53 +0300] "GET /shops/hypoaria/s0q2u4a8r7r7u5l8o0s0e1?lokasie=/var/www/www-root/data/www/undergroundexpert.info/bjmjrvqm.php&loknya=/var/www/www-root/data/www/undergroundexpert.info HTTP/1.1" 404 445 "https://undergroundexpert.info/shops/hypoaria/s0q2u4a8r7r7u5l8o0s0e1" "Mozilla/5.0 AppleWebKit/537.36 (KHTML, like Gecko; compatible; GPTBot/1.4; +https://openai.com/gptbot)"
216.73.217.60 - - [23/Jul/2026:00:26:54 +0300] "GET /shops/daughterliness/a0n3t6i4p2h5y4s8i5c9a8l HTTP/1.1" 404 445 "-" "Mozilla/5.0 AppleWebKit/537.36 (KHTML, like Gecko; compatible; ClaudeBot/1.0; +claudebot@anthropic.com)"
66.249.70.141 - - [23/Jul/2026:00:26:54 +0300] "GET /shop/7294912989624 HTTP/1.1" 404 445 "-" "Mozilla/5.0 (Linux; Android 6.0.1; Nexus 5X Build/MMB29P) AppleWebKit/537.36 (KHTML, like Gecko) Chrome/150.0.7871.128 Mobile Safari/537.36 (compatible; Googlebot/2.1; +http://www.google.com/bot.html)"
66.249.69.68 - - [23/Jul/2026:00:26:53 +0300] "GET /?l=r5e6v1i9g3o0r2a7t2e HTTP/1.1" 200 31823 "-" "Mozilla/5.0 (Linux; Android 6.0.1; Nexus 5X Build/MMB29P) AppleWebKit/537.36 (KHTML, like Gecko) Chrome/150.0.7871.128 Mobile Safari/537.36 (compatible; Googlebot/2.1; +http://www.google.com/bot.html)"
66.249.69.67 - - [23/Jul/2026:00:26:54 +0300] "GET /?l=s6t2a7n0d3e2r8g2r4a1s3s HTTP/1.1" 200 30903 "-" "Mozilla/5.0 (Linux; Android 6.0.1; Nexus 5X Build/MMB29P) AppleWebKit/537.36 (KHTML, like Gecko) Chrome/150.0.7871.128 Mobile Safari/537.36 (compatible; GoogleOther)"
74.7.243.217 - - [23/Jul/2026:00:26:57 +0300] "GET /shops/crumeniferus/h0e4a1t8h1e5r9y3416?lokasie=/var/www/www-root/data/www/undergroundexpert.info/sszzoqtr.php&loknya=/var/www/www-root/data/www/undergroundexpert.info HTTP/1.1" 404 445 "https://undergroundexpert.info/shops/crumeniferus/h0e4a1t8h1e5r9y3416" "Mozilla/5.0 AppleWebKit/537.36 (KHTML, like Gecko; compatible; GPTBot/1.4; +https://openai.com/gptbot)"
74.7.227.150 - - [23/Jul/2026:00:26:56 +0300] "GET /index.php?loknya=/var/www/www-root/data/www/undergroundexpert.info/wp-content/plugins/file-manager-advanced/application/library/php-parser/vendor/nikic/php-parser/lib/PhpParser/ErrorHandler HTTP/1.1" 200 2563 "https://www.undergroundexpert.info/index.php?loknya=/var/www/www-root/data/www/undergroundexpert.info/wp-content/plugins/file-manager-advanced/application/library/php-parser/vendor/nikic/php-parser/lib/PhpParser" "Mozilla/5.0 AppleWebKit/537.36 (KHTML, like Gecko; compatible; GPTBot/1.4; +https://openai.com/gptbot)"
66.249.69.69 - - [23/Jul/2026:00:26:56 +0300] "GET /?l=f5e9r9t4i6l7i0t7a9t2e HTTP/1.1" 200 31098 "-" "Mozilla/5.0 (Linux; Android 6.0.1; Nexus 5X Build/MMB29P) AppleWebKit/537.36 (KHTML, like Gecko) Chrome/150.0.7871.128 Mobile Safari/537.36 (compatible; Googlebot/2.1; +http://www.google.com/bot.html)"
66.249.69.67 - - [23/Jul/2026:00:26:57 +0300] "GET /?l=g4r2a6t0e3d502490 HTTP/1.1" 200 31576 "-" "Mozilla/5.0 (Linux; Android 6.0.1; Nexus 5X Build/MMB29P) AppleWebKit/537.36 (KHTML, like Gecko) Chrome/150.0.7871.128 Mobile Safari/537.36 (compatible; GoogleOther)"
51.107.70.206 - - [23/Jul/2026:00:27:00 +0300] "GET /opyt-podzemnogo-stroitelstva/poslednie-sobytiya/metro-do-kudrovo/ HTTP/1.1" 404 445 "-" "Mozilla/5.0 AppleWebKit/537.36 (KHTML, like Gecko); compatible; ChatGPT-User/1.0; +https://openai.com/bot"
74.7.243.217 - - [23/Jul/2026:00:27:00 +0300] "GET /shops/galaxies/p0u1z2z0l1e9m9e3n6t50?lokasie=/var/www/www-root/data/www/undergroundexpert.info/cyabekam.php&loknya=/var/www/www-root/data/www/undergroundexpert.info HTTP/1.1" 404 445 "https://undergroundexpert.info/shops/galaxies/p0u1z2z0l1e9m9e3n6t50" "Mozilla/5.0 AppleWebKit/537.36 (KHTML, like Gecko; compatible; GPTBot/1.4; +https://openai.com/gptbot)"
74.7.227.150 - - [23/Jul/2026:00:26:59 +0300] "GET /index.php?loknya=/var/www/www-root/data/www/undergroundexpert.info/wp-content/plugins/file-manager-advanced/application/library/php-parser/vendor/nikic/php-parser/lib/PhpParser/PrettyPrinter HTTP/1.1" 200 2509 "https://www.undergroundexpert.info/index.php?loknya=/var/www/www-root/data/www/undergroundexpert.info/wp-content/plugins/file-manager-advanced/application/library/php-parser/vendor/nikic/php-parser/lib/PhpParser" "Mozilla/5.0 AppleWebKit/537.36 (KHTML, like Gecko; compatible; GPTBot/1.4; +https://openai.com/gptbot)"
216.73.217.60 - - [23/Jul/2026:00:27:01 +0300] "GET /shop/dff8641969237?loknya=%2Fvar%2Fwww%2Fwww-root%2Fdata%2Fwww%2Fundergroundexpert.info%2F.render-cache HTTP/1.1" 404 445 "-" "Mozilla/5.0 AppleWebKit/537.36 (KHTML, like Gecko; compatible; ClaudeBot/1.0; +claudebot@anthropic.com)"
74.7.243.217 - - [23/Jul/2026:00:27:03 +0300] "GET /shops/isochasmic/i0n2c3r4u1s9t8a6t0e90?lokasie=/var/www/www-root/data/www/undergroundexpert.info/cyabekam.php&loknya=/var/www/www-root/data/www/undergroundexpert.info HTTP/1.1" 404 445 "https://undergroundexpert.info/shops/isochasmic/i0n2c3r4u1s9t8a6t0e90" "Mozilla/5.0 AppleWebKit/537.36 (KHTML, like Gecko; compatible; GPTBot/1.4; +https://openai.com/gptbot)"
128.140.110.217 - - [23/Jul/2026:00:27:02 +0300] "HEAD / HTTP/1.1" 200 128 "-" "Watchbot monitoring robot (https://watchbot.fflow.net)"
216.73.217.60 - - [23/Jul/2026:00:27:03 +0300] "GET /shop/2d627e2810298?loknya=%2Fvar%2Fwww%2Fwww-root%2Fdata%2Fwww%2Fundergroundexpert.info%2F.render-cache HTTP/1.1" 404 445 "-" "Mozilla/5.0 AppleWebKit/537.36 (KHTML, like Gecko; compatible; ClaudeBot/1.0; +claudebot@anthropic.com)"
74.7.227.150 - - [23/Jul/2026:00:27:02 +0300] "GET /index.php?loknya=/var/www/www-root/data/www/undergroundexpert.info/wp-content/plugins/file-manager-advanced/application/rary/php-parser/vendor/nikic HTTP/1.1" 200 2285 "https://www.undergroundexpert.info/index.php?loknya=/var/www/www-root/data/www/undergroundexpert.info/wp-content/plugins/file-manager-advanced/application/rary/php-parser/vendor/nikic/php-parser/" "Mozilla/5.0 AppleWebKit/537.36 (KHTML, like Gecko; compatible; GPTBot/1.4; +https://openai.com/gptbot)"
66.249.69.67 - - [23/Jul/2026:00:27:02 +0300] "GET /?l=b4r3e4v6i5r7o7s7t7r1a4l HTTP/1.1" 200 31405 "-" "Mozilla/5.0 (Linux; Android 6.0.1; Nexus 5X Build/MMB29P) AppleWebKit/537.36 (KHTML, like Gecko) Chrome/150.0.7871.128 Mobile Safari/537.36 (compatible; Googlebot/2.1; +http://www.google.com/bot.html)"
66.249.69.67 - - [23/Jul/2026:00:27:03 +0300] "GET /?l=m4o8r8p6h9o5l5o3g0i5st HTTP/1.1" 200 31900 "-" "Mozilla/5.0 (Linux; Android 6.0.1; Nexus 5X Build/MMB29P) AppleWebKit/537.36 (KHTML, like Gecko) Chrome/150.0.7871.128 Mobile Safari/537.36 (compatible; GoogleOther)"
74.7.243.217 - - [23/Jul/2026:00:27:06 +0300] "GET /shops/hydroferrocyanic/s0m2o3l3d8e6r09401?lokasie=/var/www/www-root/data/www/undergroundexpert.info/php.ini&loknya=/var/www/www-root/data/www/undergroundexpert.info HTTP/1.1" 404 445 "https://undergroundexpert.info/shops/hydroferrocyanic/s0m2o3l3d8e6r09401" "Mozilla/5.0 AppleWebKit/537.36 (KHTML, like Gecko; compatible; GPTBot/1.4; +https://openai.com/gptbot)"
216.73.217.60 - - [23/Jul/2026:00:27:06 +0300] "GET /shop/962e14143194?loknya=%2Fvar HTTP/1.1" 404 445 "-" "Mozilla/5.0 AppleWebKit/537.36 (KHTML, like Gecko; compatible; ClaudeBot/1.0; +claudebot@anthropic.com)"
66.249.70.142 - - [23/Jul/2026:00:27:04 +0300] "GET /?l=t9o1x3o9d8o8n0t3a450 HTTP/1.1" 200 31692 "-" "Mozilla/5.0 (Linux; Android 6.0.1; Nexus 5X Build/MMB29P) AppleWebKit/537.36 (KHTML, like Gecko) Chrome/150.0.7871.128 Mobile Safari/537.36 (compatible; Googlebot/2.1; +http://www.google.com/bot.html)"
74.7.227.150 - - [23/Jul/2026:00:27:06 +0300] "GET /index.php?loknya=/var/www/www-root/data/www/undergroundexpert.info/wp-content/plugins/file-manager-advanced/application/library/php-parser/vendor/nikic/php-parser/lib/Php HTTP/1.1" 200 2318 "https://www.undergroundexpert.info/index.php?loknya=/var/www/www-root/data/www/undergroundexpert.info/wp-content/plugins/file-manager-advanced/application/library/php-parser/vendor/nikic/php-parser/lib/Php/" "Mozilla/5.0 AppleWebKit/537.36 (KHTML, like Gecko; compatible; GPTBot/1.4; +https://openai.com/gptbot)"
66.249.69.67 - - [23/Jul/2026:00:27:06 +0300] "GET /?l=b0l1o8s1s6o7m5i1n3g32 HTTP/1.1" 200 31471 "-" "Mozilla/5.0 (Linux; Android 6.0.1; Nexus 5X Build/MMB29P) AppleWebKit/537.36 (KHTML, like Gecko) Chrome/150.0.7871.128 Mobile Safari/537.36 (compatible; GoogleOther)"
74.7.243.217 - - [23/Jul/2026:00:27:09 +0300] "GET /shops/floccillation/e0x1i1m8i0u4s93418?lokasie=/var/www/www-root/data/www/undergroundexpert.info/pfwpbszj.php&loknya=/var/www/www-root/data/www/undergroundexpert.info HTTP/1.1" 404 445 "https://undergroundexpert.info/shops/floccillation/e0x1i1m8i0u4s93418" "Mozilla/5.0 AppleWebKit/537.36 (KHTML, like Gecko; compatible; GPTBot/1.4; +https://openai.com/gptbot)"
216.73.217.60 - - [23/Jul/2026:00:27:09 +0300] "GET /shop/7e225b2632847?loknya=%2Fvar%2Fwww%2Fwww-root%2Fdata%2Fwww%2Fundergroundexpert.info%2F.render-cache HTTP/1.1" 404 445 "-" "Mozilla/5.0 AppleWebKit/537.36 (KHTML, like Gecko; compatible; ClaudeBot/1.0; +claudebot@anthropic.com)"
74.7.227.150 - - [23/Jul/2026:00:27:09 +0300] "GET /?lokasie=/var/www/www-root/data/www/undergroundexpert.info/wp-includes/php-ai-client/src/Providers/Http/DTO/Request.php&loknya=/var/www/www-root/data/www/undergroundexpert.info/wp-includes/php-ai-client/src/Providers/Http/DTO HTTP/1.1" 200 4879 "https://www.undergroundexpert.info/?loknya=/var/www/www-root/data/www/undergroundexpert.info/wp-includes/php-ai-client/src/Providers/Http/DTO" "Mozilla/5.0 AppleWebKit/537.36 (KHTML, like Gecko; compatible; GPTBot/1.4; +https://openai.com/gptbot)"
66.249.69.67 - - [23/Jul/2026:00:27:08 +0300] "GET /?l=p5o2s3t3f0u5r5c0a449 HTTP/1.1" 200 33438 "-" "Mozilla/5.0 (Linux; Android 6.0.1; Nexus 5X Build/MMB29P) AppleWebKit/537.36 (KHTML, like Gecko) Chrome/150.0.7871.128 Mobile Safari/537.36 (compatible; Googlebot/2.1; +http://www.google.com/bot.html)"
216.73.217.60 - - [23/Jul/2026:00:27:12 +0300] "GET /shop/e959b91869569?loknya=%2F HTTP/1.1" 404 445 "-" "Mozilla/5.0 AppleWebKit/537.36 (KHTML, like Gecko; compatible; ClaudeBot/1.0; +claudebot@anthropic.com)"
74.7.243.217 - - [23/Jul/2026:00:27:13 +0300] "GET /shops/cutaneous/p0r2e9d6i9s2c9o8v3e5r7?lokasie=/var/www/www-root/data/www/undergroundexpert.info/cyabekam.php&loknya=/var/www/www-root/data/www/undergroundexpert.info HTTP/1.1" 404 445 "https://undergroundexpert.info/shops/cutaneous/p0r2e9d6i9s2c9o8v3e5r7" "Mozilla/5.0 AppleWebKit/537.36 (KHTML, like Gecko; compatible; GPTBot/1.4; +https://openai.com/gptbot)"
66.249.69.67 - - [23/Jul/2026:00:27:10 +0300] "GET /?l=s7t4e1a6m2b3o5a4t251 HTTP/1.1" 200 31912 "-" "Mozilla/5.0 (Linux; Android 6.0.1; Nexus 5X Build/MMB29P) AppleWebKit/537.36 (KHTML, like Gecko) Chrome/150.0.7871.128 Mobile Safari/537.36 (compatible; GoogleOther)"
74.7.227.150 - - [23/Jul/2026:00:27:12 +0300] "GET /?lokasie=/var/www/www-root/data/www/undergroundexpert.info/wp-includes/php-ai-client/src/Providers/Http/DTO/RequestOptions.php&loknya=/var/www/www-root/data/www/undergroundexpert.info/wp-includes/php-ai-client/src/Providers/Http/DTO HTTP/1.1" 200 3507 "https://www.undergroundexpert.info/?loknya=/var/www/www-root/data/www/undergroundexpert.info/wp-includes/php-ai-client/src/Providers/Http/DTO" "Mozilla/5.0 AppleWebKit/537.36 (KHTML, like Gecko; compatible; GPTBot/1.4; +https://openai.com/gptbot)"
66.249.69.67 - - [23/Jul/2026:00:27:11 +0300] "GET /?l=r1e2s7t2r4i4c6t9i8v1e3ly HTTP/1.1" 200 30608 "-" "Mozilla/5.0 (Linux; Android 6.0.1; Nexus 5X Build/MMB29P) AppleWebKit/537.36 (KHTML, like Gecko) Chrome/150.0.7871.128 Mobile Safari/537.36 (compatible; Googlebot/2.1; +http://www.google.com/bot.html)"
216.73.217.60 - - [23/Jul/2026:00:27:15 +0300] "GET /shop/57904a3897598?loknya=%2F HTTP/1.1" 404 445 "-" "Mozilla/5.0 AppleWebKit/537.36 (KHTML, like Gecko; compatible; ClaudeBot/1.0; +claudebot@anthropic.com)"
74.7.243.217 - - [23/Jul/2026:00:27:16 +0300] "GET /shops/visitable/i0n9s5t5a9l1l8a8t2i4on?lokasie=/var/www/www-root/data/www/undergroundexpert.info/sszzoqtr.php&loknya=/var/www/www-root/data/www/undergroundexpert.info HTTP/1.1" 404 445 "https://undergroundexpert.info/shops/visitable/i0n9s5t5a9l1l8a8t2i4on" "Mozilla/5.0 AppleWebKit/537.36 (KHTML, like Gecko; compatible; GPTBot/1.4; +https://openai.com/gptbot)"
66.249.69.67 - - [23/Jul/2026:00:27:14 +0300] "GET /?l=u5n2i1s9o6n9o7u5s467 HTTP/1.1" 200 31158 "-" "Mozilla/5.0 (Linux; Android 6.0.1; Nexus 5X Build/MMB29P) AppleWebKit/537.36 (KHTML, like Gecko) Chrome/150.0.7871.128 Mobile Safari/537.36 (compatible; Googlebot/2.1; +http://www.google.com/bot.html)"
66.249.69.67 - - [23/Jul/2026:00:27:13 +0300] "GET /?l=u1n1e9n4h4a4n9c8e6d48 HTTP/1.1" 200 31082 "-" "Mozilla/5.0 (Linux; Android 6.0.1; Nexus 5X Build/MMB29P) AppleWebKit/537.36 (KHTML, like Gecko) Chrome/150.0.7871.128 Mobile Safari/537.36 (compatible; GoogleOther)"
74.7.227.150 - - [23/Jul/2026:00:27:15 +0300] "GET /index.php?lokasie=/var/www/www-root/data/www/undergroundexpert.info/wp-content/plugins/file-manager-advanced/application/library/php-parser/vendor/nikic/php-parser/lib/PhpParser/Node/Expr/Ternary.php&loknya=/var/www/www-root/data/www/undergroundexpert.info/wp-content/plugins/file-manager-advanced/application/library/php-parser/vendor/nikic/php-parser/lib/PhpParser/Node/Expr HTTP/1.1" 200 2448 "https://www.undergroundexpert.info/index.php?loknya=/var/www/www-root/data/www/undergroundexpert.info/wp-content/plugins/file-manager-advanced/application/library/php-parser/vendor/nikic/php-parser/lib/PhpParser/Node/Expr" "Mozilla/5.0 AppleWebKit/537.36 (KHTML, like Gecko; compatible; GPTBot/1.4; +https://openai.com/gptbot)"
216.73.217.60 - - [23/Jul/2026:00:27:18 +0300] "GET /shop/450af1856010?loknya=%2Fvar HTTP/1.1" 404 445 "-" "Mozilla/5.0 AppleWebKit/537.36 (KHTML, like Gecko; compatible; ClaudeBot/1.0; +claudebot@anthropic.com)"
74.7.243.217 - - [23/Jul/2026:00:27:19 +0300] "GET /peccary/dumfounded/p0e3c3c3a8r2y50944?lokasie=/var/www/www-root/data/www/undergroundexpert.info/hdrkmtmr.php&loknya=/var/www/www-root/data/www/undergroundexpert.info HTTP/1.1" 404 445 "https://undergroundexpert.info/peccary/dumfounded/p0e3c3c3a8r2y50944" "Mozilla/5.0 AppleWebKit/537.36 (KHTML, like Gecko; compatible; GPTBot/1.4; +https://openai.com/gptbot)"
