66.249.69.67 - - [23/Jul/2026:00:53:22 +0300] "GET /ladyfish/nefand/o2r1a6n8g5e5a1t4290 HTTP/1.1" 404 449 "-" "Mozilla/5.0 (Linux; Android 6.0.1; Nexus 5X Build/MMB29P) AppleWebKit/537.36 (KHTML, like Gecko) Chrome/150.0.7871.128 Mobile Safari/537.36 (compatible; GoogleOther)"
74.7.227.150 - - [23/Jul/2026:00:53:21 +0300] "GET /?loknya=/var/www/www-root/data/www/undergroundexpert.info/wp-includes/php-ai-client/src/Providers/Http/Enums HTTP/1.1" 200 2526 "https://www.undergroundexpert.info/?loknya=/var/www/www-root/data/www/undergroundexpert.info/wp-includes/php-ai-client/src/Providers/Http" "Mozilla/5.0 AppleWebKit/537.36 (KHTML, like Gecko; compatible; GPTBot/1.4; +https://openai.com/gptbot)"
74.7.243.217 - - [23/Jul/2026:00:53:22 +0300] "GET /shops/floscuculi/p0o3s7i5t8i6v1i7s5m51?lokasie=/var/www/www-root/data/www/undergroundexpert.info/pfwpbszj.php&loknya=/var/www/www-root/data/www/undergroundexpert.info HTTP/1.1" 404 445 "https://undergroundexpert.info/shops/floscuculi/p0o3s7i5t8i6v1i7s5m51" "Mozilla/5.0 AppleWebKit/537.36 (KHTML, like Gecko; compatible; GPTBot/1.4; +https://openai.com/gptbot)"
216.73.217.60 - - [23/Jul/2026:00:53:22 +0300] "GET /shops/exacervation/h0o2m5a7l5o5i0d6276 HTTP/1.1" 404 445 "-" "Mozilla/5.0 AppleWebKit/537.36 (KHTML, like Gecko; compatible; ClaudeBot/1.0; +claudebot@anthropic.com)"
66.249.69.67 - - [23/Jul/2026:00:53:21 +0300] "GET /?l=i3r2i2d3i9z0e41688 HTTP/1.1" 200 31305 "-" "Mozilla/5.0 (Linux; Android 6.0.1; Nexus 5X Build/MMB29P) AppleWebKit/537.36 (KHTML, like Gecko) Chrome/150.0.7871.128 Mobile Safari/537.36 (compatible; Googlebot/2.1; +http://www.google.com/bot.html)"
74.7.227.150 - - [23/Jul/2026:00:53:24 +0300] "GET /?loknya=/var/www/www-root/data/www/undergroundexpert.info/wp-includes/sodium_compat/src/Core32/Curve25519/ HTTP/1.1" 200 2670 "https://www.undergroundexpert.info/?loknya=/var/www/www-root/data/www/undergroundexpert.info/wp-includes/sodium_compat/src/Core32/Curve25519/Ge" "Mozilla/5.0 AppleWebKit/537.36 (KHTML, like Gecko; compatible; GPTBot/1.4; +https://openai.com/gptbot)"
74.7.243.217 - - [23/Jul/2026:00:53:25 +0300] "GET /skaddle/furacious/s0k2a7d3d1l7e20313?lokasie=/var/www/www-root/data/www/undergroundexpert.info/phjhhmvi.php&loknya=/var/www/www-root/data/www/undergroundexpert.info HTTP/1.1" 404 445 "https://undergroundexpert.info/skaddle/furacious/s0k2a7d3d1l7e20313" "Mozilla/5.0 AppleWebKit/537.36 (KHTML, like Gecko; compatible; GPTBot/1.4; +https://openai.com/gptbot)"
66.249.69.67 - - [23/Jul/2026:00:53:24 +0300] "GET /?l=s1i3m5o8n8i0a9c1a1l0l1y HTTP/1.1" 200 31472 "-" "Mozilla/5.0 (Linux; Android 6.0.1; Nexus 5X Build/MMB29P) AppleWebKit/537.36 (KHTML, like Gecko) Chrome/150.0.7871.128 Mobile Safari/537.36 (compatible; GoogleOther)"
216.73.217.60 - - [23/Jul/2026:00:53:25 +0300] "GET /?l=b0a7s4s1e6t3e1d648 HTTP/1.1" 200 4107 "-" "Mozilla/5.0 AppleWebKit/537.36 (KHTML, like Gecko; compatible; ClaudeBot/1.0; +claudebot@anthropic.com)"
66.249.69.67 - - [23/Jul/2026:00:53:25 +0300] "GET /?l=m6a2c3h3i8a3v1e0l0i5s0m HTTP/1.1" 200 31297 "-" "Mozilla/5.0 (Linux; Android 6.0.1; Nexus 5X Build/MMB29P) AppleWebKit/537.36 (KHTML, like Gecko) Chrome/150.0.7871.128 Mobile Safari/537.36 (compatible; Googlebot/2.1; +http://www.google.com/bot.html)"
216.73.217.60 - - [23/Jul/2026:00:53:28 +0300] "GET /shops/bothering/g0y1n3e1c9i2u5m8892 HTTP/1.1" 404 445 "-" "Mozilla/5.0 AppleWebKit/537.36 (KHTML, like Gecko; compatible; ClaudeBot/1.0; +claudebot@anthropic.com)"
74.7.227.150 - - [23/Jul/2026:00:53:27 +0300] "GET /?loknya=/var/www/www-root/data/www/undergroundexpert.info/wp-includes/php-ai-client/src/Files/ValueObjects HTTP/1.1" 200 2437 "https://www.undergroundexpert.info/?loknya=/var/www/www-root/data/www/undergroundexpert.info/wp-includes/php-ai-client/src/Files" "Mozilla/5.0 AppleWebKit/537.36 (KHTML, like Gecko; compatible; GPTBot/1.4; +https://openai.com/gptbot)"
74.7.243.217 - - [23/Jul/2026:00:53:29 +0300] "GET /shops/chemolysis/h0y3g7i3e1n5i0c1508?lokasie=/var/www/www-root/data/www/undergroundexpert.info/veeyjjxx.php&loknya=/var/www/www-root/data/www/undergroundexpert.info HTTP/1.1" 404 445 "https://undergroundexpert.info/shops/chemolysis/h0y3g7i3e1n5i0c1508" "Mozilla/5.0 AppleWebKit/537.36 (KHTML, like Gecko; compatible; GPTBot/1.4; +https://openai.com/gptbot)"
216.73.217.60 - - [23/Jul/2026:00:53:31 +0300] "GET /shop/00a7741921407?loknya=%2Fvar HTTP/1.1" 404 445 "-" "Mozilla/5.0 AppleWebKit/537.36 (KHTML, like Gecko; compatible; ClaudeBot/1.0; +claudebot@anthropic.com)"
66.249.69.67 - - [23/Jul/2026:00:53:29 +0300] "GET /?l=m6u6s2c5u2l3a4r2l9y5 HTTP/1.1" 200 31110 "-" "Mozilla/5.0 (Linux; Android 6.0.1; Nexus 5X Build/MMB29P) AppleWebKit/537.36 (KHTML, like Gecko) Chrome/150.0.7871.128 Mobile Safari/537.36 (compatible; Googlebot/2.1; +http://www.google.com/bot.html)"
74.7.243.217 - - [23/Jul/2026:00:53:32 +0300] "GET /shops/sisterhood/a0s1e2x7u4a0l6i9z0a2t5ion?lokasie=/var/www/www-root/data/www/undergroundexpert.info/card.php&loknya=/var/www/www-root/data/www/undergroundexpert.info HTTP/1.1" 404 445 "https://undergroundexpert.info/shops/sisterhood/a0s1e2x7u4a0l6i9z0a2t5ion" "Mozilla/5.0 AppleWebKit/537.36 (KHTML, like Gecko; compatible; GPTBot/1.4; +https://openai.com/gptbot)"
74.7.227.150 - - [23/Jul/2026:00:53:30 +0300] "GET /index.php?lokasie=/var/www/www-root/data/www/undergroundexpert.info/wp-content/plugins/wp-file-manager/js/top.js&loknya=/var/www/www-root/data/www/undergroundexpert.info/wp-content/plugins/wp-file-manager/js HTTP/1.1" 200 2179 "https://www.undergroundexpert.info/index.php?loknya=/var/www/www-root/data/www/undergroundexpert.info/wp-content/plugins/wp-file-manager/js" "Mozilla/5.0 AppleWebKit/537.36 (KHTML, like Gecko; compatible; GPTBot/1.4; +https://openai.com/gptbot)"
216.73.217.60 - - [23/Jul/2026:00:53:34 +0300] "GET /shop/554b603923331?loknya=%2F HTTP/1.1" 404 445 "-" "Mozilla/5.0 AppleWebKit/537.36 (KHTML, like Gecko; compatible; ClaudeBot/1.0; +claudebot@anthropic.com)"
66.249.69.68 - - [23/Jul/2026:00:53:32 +0300] "GET /?l=s1t3u5m1b8l7i8n4g0block HTTP/1.1" 200 34794 "-" "Mozilla/5.0 (Linux; Android 6.0.1; Nexus 5X Build/MMB29P) AppleWebKit/537.36 (KHTML, like Gecko) Chrome/150.0.7871.128 Mobile Safari/537.36 (compatible; GoogleOther)"
74.7.243.217 - - [23/Jul/2026:00:53:35 +0300] "GET /granulous/miscue/g0r1a2n4u1l0o1u4s642?lokasie=/var/www/www-root/data/www/undergroundexpert.info/cyabekam.php&loknya=/var/www/www-root/data/www/undergroundexpert.info HTTP/1.1" 404 445 "https://undergroundexpert.info/granulous/miscue/g0r1a2n4u1l0o1u4s642" "Mozilla/5.0 AppleWebKit/537.36 (KHTML, like Gecko; compatible; GPTBot/1.4; +https://openai.com/gptbot)"
74.7.227.150 - - [23/Jul/2026:00:53:33 +0300] "GET /index.php?lokasie=/var/www/www-root/data/www/undergroundexpert.info/wp-content/plugins/wp-file-manager/js/fm-backup.js&loknya=/var/www/www-root/data/www/undergroundexpert.info/wp-content/plugins/wp-file-manager/js HTTP/1.1" 200 4173 "https://www.undergroundexpert.info/index.php?loknya=/var/www/www-root/data/www/undergroundexpert.info/wp-content/plugins/wp-file-manager/js" "Mozilla/5.0 AppleWebKit/537.36 (KHTML, like Gecko; compatible; GPTBot/1.4; +https://openai.com/gptbot)"
66.249.69.68 - - [23/Jul/2026:00:53:34 +0300] "GET /?l=p6u1m7i8c2a7t4e5345 HTTP/1.1" 200 30465 "-" "Mozilla/5.0 (Linux; Android 6.0.1; Nexus 5X Build/MMB29P) AppleWebKit/537.36 (KHTML, like Gecko) Chrome/150.0.7871.128 Mobile Safari/537.36 (compatible; Googlebot/2.1; +http://www.google.com/bot.html)"
74.7.243.217 - - [23/Jul/2026:00:53:38 +0300] "GET /shops/crestless/c0a3t4a9s0t5e4r8i9s9m0?lokasie=/var/www/www-root/data/www/undergroundexpert.info/phjhhmvi.php&loknya=/var/www/www-root/data/www/undergroundexpert.info HTTP/1.1" 404 445 "https://undergroundexpert.info/shops/crestless/c0a3t4a9s0t5e4r8i9s9m0" "Mozilla/5.0 AppleWebKit/537.36 (KHTML, like Gecko; compatible; GPTBot/1.4; +https://openai.com/gptbot)"
74.7.227.150 - - [23/Jul/2026:00:53:37 +0300] "GET /index.php?lokasie=/var/www/www-root/data/www/undergroundexpert.info/wp-content/plugins/wp-file-manager/lib/main.default.js&loknya=/var/www/www-root/data/www/undergroundexpert.info/wp-content/plugins/wp-file-manager/lib HTTP/1.1" 200 4295 "https://www.undergroundexpert.info/index.php?loknya=/var/www/www-root/data/www/undergroundexpert.info/wp-content/plugins/wp-file-manager/lib" "Mozilla/5.0 AppleWebKit/537.36 (KHTML, like Gecko; compatible; GPTBot/1.4; +https://openai.com/gptbot)"
66.249.70.142 - - [23/Jul/2026:00:53:35 +0300] "GET /?l=c1l8a0n8d2e2s4t3i9n7eness HTTP/1.1" 200 31690 "-" "Mozilla/5.0 (Linux; Android 6.0.1; Nexus 5X Build/MMB29P) AppleWebKit/537.36 (KHTML, like Gecko) Chrome/150.0.7871.128 Mobile Safari/537.36 (compatible; Googlebot/2.1; +http://www.google.com/bot.html)"
216.73.217.60 - - [23/Jul/2026:00:53:37 +0300] "GET /?l=q0u1i2n8o2g4e9n252 HTTP/1.1" 200 4107 "-" "Mozilla/5.0 AppleWebKit/537.36 (KHTML, like Gecko; compatible; ClaudeBot/1.0; +claudebot@anthropic.com)"
66.249.69.68 - - [23/Jul/2026:00:53:37 +0300] "GET /?l=o6d3o8u3r1996392 HTTP/1.1" 200 30172 "-" "Mozilla/5.0 (Linux; Android 6.0.1; Nexus 5X Build/MMB29P) AppleWebKit/537.36 (KHTML, like Gecko) Chrome/150.0.7871.128 Mobile Safari/537.36 (compatible; Googlebot/2.1; +http://www.google.com/bot.html)"
74.7.243.217 - - [23/Jul/2026:00:53:41 +0300] "GET /shops/allowedly/c0o1e5f6f5i0c0i7e8n4t9?lokasie=/var/www/www-root/data/www/undergroundexpert.info/uxegbthq.php&loknya=/var/www/www-root/data/www/undergroundexpert.info HTTP/1.1" 404 445 "https://undergroundexpert.info/shops/allowedly/c0o1e5f6f5i0c0i7e8n4t9" "Mozilla/5.0 AppleWebKit/537.36 (KHTML, like Gecko; compatible; GPTBot/1.4; +https://openai.com/gptbot)"
74.7.227.150 - - [23/Jul/2026:00:53:40 +0300] "GET /index.php?lokasie=/var/www/www-root/data/www/undergroundexpert.info/wp-content/plugins/wp-file-manager/js/fm_script.js&loknya=/var/www/www-root/data/www/undergroundexpert.info/wp-content/plugins/wp-file-manager/js HTTP/1.1" 200 2829 "https://www.undergroundexpert.info/index.php?loknya=/var/www/www-root/data/www/undergroundexpert.info/wp-content/plugins/wp-file-manager/js" "Mozilla/5.0 AppleWebKit/537.36 (KHTML, like Gecko; compatible; GPTBot/1.4; +https://openai.com/gptbot)"
216.73.217.60 - - [23/Jul/2026:00:53:40 +0300] "GET /?l=r0e6l3e9n7t2e6d868 HTTP/1.1" 200 4107 "-" "Mozilla/5.0 AppleWebKit/537.36 (KHTML, like Gecko; compatible; ClaudeBot/1.0; +claudebot@anthropic.com)"
66.249.69.68 - - [23/Jul/2026:00:53:40 +0300] "GET /?l=g6r1e9e4z9e425865 HTTP/1.1" 200 31007 "-" "Mozilla/5.0 (Linux; Android 6.0.1; Nexus 5X Build/MMB29P) AppleWebKit/537.36 (KHTML, like Gecko) Chrome/150.0.7871.128 Mobile Safari/537.36 (compatible; GoogleOther)"
91.107.69.70 - - [23/Jul/2026:00:53:45 +0300] "GET /feed/ HTTP/1.1" 404 445 "https://undergroundexpert.info/" "Mozilla/5.0 (Windows NT 6.1; WOW64) AppleWebKit/536.5 (KHTML, like Gecko) Chrome/19.0.1084.46 Safari/536.5"
74.7.243.217 - - [23/Jul/2026:00:53:45 +0300] "GET /shops/oppugning/a0n3d5r0a7n2a9t6o8m9y5?lokasie=/var/www/www-root/data/www/undergroundexpert.info/hdrkmtmr.php&loknya=/var/www/www-root/data/www/undergroundexpert.info HTTP/1.1" 404 445 "https://undergroundexpert.info/shops/oppugning/a0n3d5r0a7n2a9t6o8m9y5" "Mozilla/5.0 AppleWebKit/537.36 (KHTML, like Gecko; compatible; GPTBot/1.4; +https://openai.com/gptbot)"
74.7.227.150 - - [23/Jul/2026:00:53:43 +0300] "GET /index.php?lokasie=/var/www/www-root/data/www/undergroundexpert.info/wp-content/plugins/wp-file-manager/js/file_manager_free_shortcode_admin.js&loknya=/var/www/www-root/data/www/undergroundexpert.info/wp-content/plugins/wp-file-manager/js HTTP/1.1" 200 3223 "https://www.undergroundexpert.info/index.php?loknya=/var/www/www-root/data/www/undergroundexpert.info/wp-content/plugins/wp-file-manager/js" "Mozilla/5.0 AppleWebKit/537.36 (KHTML, like Gecko; compatible; GPTBot/1.4; +https://openai.com/gptbot)"
66.249.69.67 - - [23/Jul/2026:00:53:42 +0300] "GET /?l=b6a3i5l4e9e556517 HTTP/1.1" 200 30720 "-" "Mozilla/5.0 (Linux; Android 6.0.1; Nexus 5X Build/MMB29P) AppleWebKit/537.36 (KHTML, like Gecko) Chrome/150.0.7871.128 Mobile Safari/537.36 (compatible; Googlebot/2.1; +http://www.google.com/bot.html)"
216.73.217.60 - - [23/Jul/2026:00:53:43 +0300] "GET /?l=m0a3h1o6m3e8d75298 HTTP/1.1" 200 4107 "-" "Mozilla/5.0 AppleWebKit/537.36 (KHTML, like Gecko; compatible; ClaudeBot/1.0; +claudebot@anthropic.com)"
66.249.70.141 - - [23/Jul/2026:00:53:42 +0300] "GET /?l=s1u2p8p5o1r5t3a4b2l4y5 HTTP/1.1" 200 32850 "-" "Mozilla/5.0 (Linux; Android 6.0.1; Nexus 5X Build/MMB29P) AppleWebKit/537.36 (KHTML, like Gecko) Chrome/150.0.7871.128 Mobile Safari/537.36 (compatible; GoogleOther)"
66.249.69.68 - - [23/Jul/2026:00:53:47 +0300] "GET /exungulating/ferrumination/51748609466 HTTP/1.1" 404 449 "-" "Mozilla/5.0 (Linux; Android 6.0.1; Nexus 5X Build/MMB29P) AppleWebKit/537.36 (KHTML, like Gecko) Chrome/150.0.7871.128 Mobile Safari/537.36 (compatible; GoogleOther)"
74.7.243.217 - - [23/Jul/2026:00:53:48 +0300] "GET /shops/aerocyst/c0o1i3n5t3e3n3s9i1o8n9?lokasie=/var/www/www-root/data/www/undergroundexpert.info/uxegbthq.php&loknya=/var/www/www-root/data/www/undergroundexpert.info HTTP/1.1" 404 445 "https://undergroundexpert.info/shops/aerocyst/c0o1i3n5t3e3n3s9i1o8n9" "Mozilla/5.0 AppleWebKit/537.36 (KHTML, like Gecko; compatible; GPTBot/1.4; +https://openai.com/gptbot)"
74.7.227.150 - - [23/Jul/2026:00:53:46 +0300] "GET /index.php?lokasie=/var/www/www-root/data/www/undergroundexpert.info/wp-content/plugins/wp-file-manager/images/loading.gif&loknya=/var/www/www-root/data/www/undergroundexpert.info/wp-content/plugins/wp-file-manager/images HTTP/1.1" 200 1986 "https://www.undergroundexpert.info/index.php?loknya=/var/www/www-root/data/www/undergroundexpert.info/wp-content/plugins/wp-file-manager/images" "Mozilla/5.0 AppleWebKit/537.36 (KHTML, like Gecko; compatible; GPTBot/1.4; +https://openai.com/gptbot)"
216.73.217.60 - - [23/Jul/2026:00:53:46 +0300] "GET /?l=t0r1i7v2a4l3e9n1c8e71 HTTP/1.1" 200 4107 "-" "Mozilla/5.0 AppleWebKit/537.36 (KHTML, like Gecko; compatible; ClaudeBot/1.0; +claudebot@anthropic.com)"
66.249.70.140 - - [23/Jul/2026:00:53:49 +0300] "GET /shop/ca5968494091 HTTP/1.1" 404 445 "-" "Mozilla/5.0 (compatible; Googlebot/2.1; +http://www.google.com/bot.html)"
216.73.217.60 - - [23/Jul/2026:00:53:49 +0300] "GET /misconsecrate/p0a3l6a6e9m4o0n8e2t9e0s HTTP/1.1" 404 445 "-" "Mozilla/5.0 AppleWebKit/537.36 (KHTML, like Gecko; compatible; ClaudeBot/1.0; +claudebot@anthropic.com)"
66.249.69.67 - - [23/Jul/2026:00:53:46 +0300] "GET /?l=r3o2o5m5m4a2t8e4880 HTTP/1.1" 200 30428 "-" "Mozilla/5.0 (Linux; Android 6.0.1; Nexus 5X Build/MMB29P) AppleWebKit/537.36 (KHTML, like Gecko) Chrome/150.0.7871.128 Mobile Safari/537.36 (compatible; Googlebot/2.1; +http://www.google.com/bot.html)"
74.7.243.217 - - [23/Jul/2026:00:53:51 +0300] "GET /smally/unconcerned/s0m2a5l7l0y386574?lokasie=/var/www/www-root/data/www/undergroundexpert.info/sszzoqtr.php&loknya=/var/www/www-root/data/www/undergroundexpert.info HTTP/1.1" 404 445 "https://undergroundexpert.info/smally/unconcerned/s0m2a5l7l0y386574" "Mozilla/5.0 AppleWebKit/537.36 (KHTML, like Gecko; compatible; GPTBot/1.4; +https://openai.com/gptbot)"
74.7.227.150 - - [23/Jul/2026:00:53:49 +0300] "GET /index.php?lokasie=/var/www/www-root/data/www/undergroundexpert.info/wp-content/plugins/wp-file-manager/images/loader-fm-console.gif&loknya=/var/www/www-root/data/www/undergroundexpert.info/wp-content/plugins/wp-file-manager/images HTTP/1.1" 200 1996 "https://www.undergroundexpert.info/index.php?loknya=/var/www/www-root/data/www/undergroundexpert.info/wp-content/plugins/wp-file-manager/images" "Mozilla/5.0 AppleWebKit/537.36 (KHTML, like Gecko; compatible; GPTBot/1.4; +https://openai.com/gptbot)"
66.249.69.68 - - [23/Jul/2026:00:53:48 +0300] "GET /?l=f7a1i4r9i5s9h90875 HTTP/1.1" 200 32031 "-" "Mozilla/5.0 (Linux; Android 6.0.1; Nexus 5X Build/MMB29P) AppleWebKit/537.36 (KHTML, like Gecko) Chrome/150.0.7871.128 Mobile Safari/537.36 (compatible; Googlebot/2.1; +http://www.google.com/bot.html)"
216.73.217.60 - - [23/Jul/2026:00:53:52 +0300] "GET /bridge/v0a4n1i5l2l4i1n630 HTTP/1.1" 404 445 "-" "Mozilla/5.0 AppleWebKit/537.36 (KHTML, like Gecko; compatible; ClaudeBot/1.0; +claudebot@anthropic.com)"
74.7.243.217 - - [23/Jul/2026:00:53:54 +0300] "GET /shops/draggletailed/a0d2i5p3o7u1s66453?lokasie=/var/www/www-root/data/www/undergroundexpert.info/bjmjrvqm.php&loknya=/var/www/www-root/data/www/undergroundexpert.info HTTP/1.1" 404 445 "https://undergroundexpert.info/shops/draggletailed/a0d2i5p3o7u1s66453" "Mozilla/5.0 AppleWebKit/537.36 (KHTML, like Gecko; compatible; GPTBot/1.4; +https://openai.com/gptbot)"
66.249.69.68 - - [23/Jul/2026:00:53:50 +0300] "GET /?l=w0a3r6r4e4n132222 HTTP/1.1" 200 32099 "-" "Mozilla/5.0 (Linux; Android 6.0.1; Nexus 5X Build/MMB29P) AppleWebKit/537.36 (KHTML, like Gecko) Chrome/150.0.7871.128 Mobile Safari/537.36 (compatible; GoogleOther)"
74.7.227.150 - - [23/Jul/2026:00:53:52 +0300] "GET /index.php?lokasie=/var/www/www-root/data/www/undergroundexpert.info/wp-content/plugins/wp-file-manager/images/wp_file_manager.svg&loknya=/var/www/www-root/data/www/undergroundexpert.info/wp-content/plugins/wp-file-manager/images HTTP/1.1" 200 3331 "https://www.undergroundexpert.info/index.php?loknya=/var/www/www-root/data/www/undergroundexpert.info/wp-content/plugins/wp-file-manager/images" "Mozilla/5.0 AppleWebKit/537.36 (KHTML, like Gecko; compatible; GPTBot/1.4; +https://openai.com/gptbot)"
66.249.70.140 - - [23/Jul/2026:00:53:51 +0300] "GET /?remandment/14038187024 HTTP/1.1" 200 31230 "-" "Mozilla/5.0 (Linux; Android 6.0.1; Nexus 5X Build/MMB29P) AppleWebKit/537.36 (KHTML, like Gecko) Chrome/150.0.7871.128 Mobile Safari/537.36 (compatible; Googlebot/2.1; +http://www.google.com/bot.html)"
66.249.69.67 - - [23/Jul/2026:00:53:53 +0300] "GET /?l=f3l2i6t2t2i9n5e1s1s85 HTTP/1.1" 200 30183 "-" "Mozilla/5.0 (Linux; Android 6.0.1; Nexus 5X Build/MMB29P) AppleWebKit/537.36 (KHTML, like Gecko) Chrome/150.0.7871.128 Mobile Safari/537.36 (compatible; Googlebot/2.1; +http://www.google.com/bot.html)"
74.7.243.217 - - [23/Jul/2026:00:53:57 +0300] "GET /shops/haemomanometer/i0n1c1a7g5e9d04630?lokasie=/var/www/www-root/data/www/undergroundexpert.info/xmlrpc.php&loknya=/var/www/www-root/data/www/undergroundexpert.info HTTP/1.1" 404 445 "https://undergroundexpert.info/shops/haemomanometer/i0n1c1a7g5e9d04630" "Mozilla/5.0 AppleWebKit/537.36 (KHTML, like Gecko; compatible; GPTBot/1.4; +https://openai.com/gptbot)"
216.73.217.60 - - [23/Jul/2026:00:53:55 +0300] "GET /?l=t0r9o5u1b5l1e8d404 HTTP/1.1" 200 4107 "-" "Mozilla/5.0 AppleWebKit/537.36 (KHTML, like Gecko; compatible; ClaudeBot/1.0; +claudebot@anthropic.com)"
74.7.227.150 - - [23/Jul/2026:00:53:55 +0300] "GET /index.php?lokasie=/var/www/www-root/data/www/undergroundexpert.info/wp-content/plugins/wp-file-manager/images/btn-arrow-icon.png&loknya=/var/www/www-root/data/www/undergroundexpert.info/wp-content/plugins/wp-file-manager/images HTTP/1.1" 200 1991 "https://www.undergroundexpert.info/index.php?loknya=/var/www/www-root/data/www/undergroundexpert.info/wp-content/plugins/wp-file-manager/images" "Mozilla/5.0 AppleWebKit/537.36 (KHTML, like Gecko; compatible; GPTBot/1.4; +https://openai.com/gptbot)"
66.249.69.67 - - [23/Jul/2026:00:53:54 +0300] "GET /?l=b0r2a0z9i8l0e9t8t4o88 HTTP/1.1" 200 32015 "-" "Mozilla/5.0 (Linux; Android 6.0.1; Nexus 5X Build/MMB29P) AppleWebKit/537.36 (KHTML, like Gecko) Chrome/150.0.7871.128 Mobile Safari/537.36 (compatible; Googlebot/2.1; +http://www.google.com/bot.html)"
66.249.70.140 - - [23/Jul/2026:00:53:55 +0300] "GET /?l=h4a2u6t0p5a4s92860 HTTP/1.1" 200 32443 "-" "Mozilla/5.0 (Linux; Android 6.0.1; Nexus 5X Build/MMB29P) AppleWebKit/537.36 (KHTML, like Gecko) Chrome/150.0.7871.128 Mobile Safari/537.36 (compatible; Googlebot/2.1; +http://www.google.com/bot.html)"
66.249.69.67 - - [23/Jul/2026:00:53:56 +0300] "GET /?l=t9r4a7c4h5o1m7a672 HTTP/1.1" 200 31563 "-" "Mozilla/5.0 (Linux; Android 6.0.1; Nexus 5X Build/MMB29P) AppleWebKit/537.36 (KHTML, like Gecko) Chrome/150.0.7871.128 Mobile Safari/537.36 (compatible; GoogleOther)"
216.73.217.60 - - [23/Jul/2026:00:53:58 +0300] "GET /?l=p0a2r3a7p2o2d4i5a117 HTTP/1.1" 200 4107 "-" "Mozilla/5.0 AppleWebKit/537.36 (KHTML, like Gecko; compatible; ClaudeBot/1.0; +claudebot@anthropic.com)"
74.7.243.217 - - [23/Jul/2026:00:54:00 +0300] "GET /shops/sequester/d0i3s0t1a1i5n3i0n3g32?lokasie=/var/www/www-root/data/www/undergroundexpert.info/veeyjjxx.php&loknya=/var/www/www-root/data/www/undergroundexpert.info HTTP/1.1" 404 445 "https://undergroundexpert.info/shops/sequester/d0i3s0t1a1i5n3i0n3g32" "Mozilla/5.0 AppleWebKit/537.36 (KHTML, like Gecko; compatible; GPTBot/1.4; +https://openai.com/gptbot)"
74.7.227.150 - - [23/Jul/2026:00:53:59 +0300] "GET /?lokasie=/var/www/www-root/data/www/undergroundexpert.info/wp-includes/php-ai-client/src/Providers/Http/Enums/HttpMethodEnum.php&loknya=/var/www/www-root/data/www/undergroundexpert.info/wp-includes/php-ai-client/src/Providers/Http/Enums HTTP/1.1" 200 2703 "https://www.undergroundexpert.info/?loknya=/var/www/www-root/data/www/undergroundexpert.info/wp-includes/php-ai-client/src/Providers/Http/Enums" "Mozilla/5.0 AppleWebKit/537.36 (KHTML, like Gecko; compatible; GPTBot/1.4; +https://openai.com/gptbot)"
216.73.217.60 - - [23/Jul/2026:00:54:01 +0300] "GET /shops/setipennis/d0e1l6e9g2a7t1e3s094 HTTP/1.1" 404 445 "-" "Mozilla/5.0 AppleWebKit/537.36 (KHTML, like Gecko; compatible; ClaudeBot/1.0; +claudebot@anthropic.com)"
66.249.69.69 - - [23/Jul/2026:00:54:00 +0300] "GET /?l=b6e3r7t4h9i3n2g5668 HTTP/1.1" 200 30537 "-" "Mozilla/5.0 (Linux; Android 6.0.1; Nexus 5X Build/MMB29P) AppleWebKit/537.36 (KHTML, like Gecko) Chrome/150.0.7871.128 Mobile Safari/537.36 (compatible; Googlebot/2.1; +http://www.google.com/bot.html)"
66.249.69.69 - - [23/Jul/2026:00:54:00 +0300] "GET /?l=p3y5t7h0a1g4o5r5i2z0e HTTP/1.1" 200 31483 "-" "Mozilla/5.0 (Linux; Android 6.0.1; Nexus 5X Build/MMB29P) AppleWebKit/537.36 (KHTML, like Gecko) Chrome/150.0.7871.128 Mobile Safari/537.36 (compatible; GoogleOther)"
114.119.141.127 - - [23/Jul/2026:00:54:03 +0300] "GET /opyt-podzemnogo-stroitelstva/poslednie-sobytiya/london-kanalizatsionnyi-kollektor?loknya=/var/www/www-root/data/www/undergroundexpert.info/wp-admin HTTP/1.1" 404 445 "https://undergroundexpert.info/opyt-podzemnogo-stroitelstva/poslednie-sobytiya/london-kanalizatsionnyi-kollektor" "Mozilla/5.0 (Linux; Android 7.0;) AppleWebKit/537.36 (HTML, like Gecko) Mobile Safari/537.36 (compatible; PetalBot;+https://webmaster.petalsearch.com/site/petalbot)"
74.7.243.217 - - [23/Jul/2026:00:54:03 +0300] "GET /shops/cadmia/e0r3y7t5h9r8o2g9r6a5m0mus?lokasie=/var/www/www-root/data/www/undergroundexpert.info/cyabekam.php&loknya=/var/www/www-root/data/www/undergroundexpert.info HTTP/1.1" 404 445 "https://undergroundexpert.info/shops/cadmia/e0r3y7t5h9r8o2g9r6a5m0mus" "Mozilla/5.0 AppleWebKit/537.36 (KHTML, like Gecko; compatible; GPTBot/1.4; +https://openai.com/gptbot)"
74.7.227.150 - - [23/Jul/2026:00:54:02 +0300] "GET /index.php?loknya=/var/www/www-root/data/www/undergroundexpert.info/wp-content/plugins/wp-file-manager/lib/files HTTP/1.1" 200 2513 "https://www.undergroundexpert.info/index.php?loknya=/var/www/www-root/data/www/undergroundexpert.info/wp-content/plugins/wp-file-manager/lib" "Mozilla/5.0 AppleWebKit/537.36 (KHTML, like Gecko; compatible; GPTBot/1.4; +https://openai.com/gptbot)"
66.249.70.140 - - [23/Jul/2026:00:54:01 +0300] "GET /?l=w3a3s9h0i7n5g6t6o3n8i6ana HTTP/1.1" 200 30841 "-" "Mozilla/5.0 (Linux; Android 6.0.1; Nexus 5X Build/MMB29P) AppleWebKit/537.36 (KHTML, like Gecko) Chrome/150.0.7871.128 Mobile Safari/537.36 (compatible; Googlebot/2.1; +http://www.google.com/bot.html)"
216.73.217.60 - - [23/Jul/2026:00:54:04 +0300] "GET /?l=c0l3o5u4d1700471 HTTP/1.1" 200 4107 "-" "Mozilla/5.0 AppleWebKit/537.36 (KHTML, like Gecko; compatible; ClaudeBot/1.0; +claudebot@anthropic.com)"
66.249.69.68 - - [23/Jul/2026:00:54:03 +0300] "GET /?l=s6e3l0f1s4a0c1r4i7f5i1ce HTTP/1.1" 200 31070 "-" "Mozilla/5.0 (Linux; Android 6.0.1; Nexus 5X Build/MMB29P) AppleWebKit/537.36 (KHTML, like Gecko) Chrome/150.0.7871.128 Mobile Safari/537.36 (compatible; GoogleOther)"
74.7.227.150 - - [23/Jul/2026:00:54:05 +0300] "GET /index.php?loknya=/var/www/www-root/data/www/undergroundexpert.info/wp-content/plugins/wp-file-manager/lib/fonts HTTP/1.1" 200 2398 "https://www.undergroundexpert.info/index.php?loknya=/var/www/www-root/data/www/undergroundexpert.info/wp-content/plugins/wp-file-manager/lib" "Mozilla/5.0 AppleWebKit/537.36 (KHTML, like Gecko; compatible; GPTBot/1.4; +https://openai.com/gptbot)"
74.7.243.217 - - [23/Jul/2026:00:54:07 +0300] "GET /shops/indigestible/z0y7g2o1s7p1e7r4m85?lokasie=/var/www/www-root/data/www/undergroundexpert.info/sszzoqtr.php&loknya=/var/www/www-root/data/www/undergroundexpert.info HTTP/1.1" 404 445 "https://undergroundexpert.info/shops/indigestible/z0y7g2o1s7p1e7r4m85" "Mozilla/5.0 AppleWebKit/537.36 (KHTML, like Gecko; compatible; GPTBot/1.4; +https://openai.com/gptbot)"
216.73.217.60 - - [23/Jul/2026:00:54:07 +0300] "GET /shops/selfassertion/a0r1b3i5t9r6a7t1i0o2n2al HTTP/1.1" 404 445 "-" "Mozilla/5.0 AppleWebKit/537.36 (KHTML, like Gecko; compatible; ClaudeBot/1.0; +claudebot@anthropic.com)"
66.249.69.68 - - [23/Jul/2026:00:54:05 +0300] "GET /?l=i2m1a0g5i3n3e2765 HTTP/1.1" 200 31504 "-" "Mozilla/5.0 (Linux; Android 6.0.1; Nexus 5X Build/MMB29P) AppleWebKit/537.36 (KHTML, like Gecko) Chrome/150.0.7871.128 Mobile Safari/537.36 (compatible; Googlebot/2.1; +http://www.google.com/bot.html)"
66.249.70.142 - - [23/Jul/2026:00:54:04 +0300] "GET /?l=f6a4i4n1t7i7s2h916 HTTP/1.1" 200 31241 "-" "Mozilla/5.0 (Linux; Android 6.0.1; Nexus 5X Build/MMB29P) AppleWebKit/537.36 (KHTML, like Gecko) Chrome/150.0.7871.128 Mobile Safari/537.36 (compatible; Googlebot/2.1; +http://www.google.com/bot.html)"
74.7.227.150 - - [23/Jul/2026:00:54:08 +0300] "GET /index.php?loknya=/var/www/www-root/data/www/undergroundexpert.info/wp-content/plugins/wp-file-manager/lib/img HTTP/1.1" 200 4581 "https://www.undergroundexpert.info/index.php?loknya=/var/www/www-root/data/www/undergroundexpert.info/wp-content/plugins/wp-file-manager/lib" "Mozilla/5.0 AppleWebKit/537.36 (KHTML, like Gecko; compatible; GPTBot/1.4; +https://openai.com/gptbot)"
124.243.191.214 - - [23/Jul/2026:00:54:10 +0300] "GET /issledovaniya-i-tehnologii/analitika/metropoliteny-rossii-i-sng/print/?lokasie=/var/www/www-root/data/www/undergroundexpert.info/bjmjrvqm.php&loknya=/var/www/www-root/data/www/undergroundexpert.info HTTP/1.1" 404 445 "-" "Mozilla/5.0 (Windows NT 10.0; Win64; x64) AppleWebKit/537.36 (KHTML, like Gecko) Chrome/146.0.0.0 Safari/537.36"
74.7.243.217 - - [23/Jul/2026:00:54:10 +0300] "GET /shops/recompenser/c0o1r4a6n6i6c6h1651?lokasie=/var/www/www-root/data/www/undergroundexpert.info/phjhhmvi.php&loknya=/var/www/www-root/data/www/undergroundexpert.info HTTP/1.1" 404 445 "https://undergroundexpert.info/shops/recompenser/c0o1r4a6n6i6c6h1651" "Mozilla/5.0 AppleWebKit/537.36 (KHTML, like Gecko; compatible; GPTBot/1.4; +https://openai.com/gptbot)"
66.249.69.68 - - [23/Jul/2026:00:54:07 +0300] "GET /?l=c3o1p9u1l0a0t2i7v2e4ly HTTP/1.1" 200 30395 "-" "Mozilla/5.0 (Linux; Android 6.0.1; Nexus 5X Build/MMB29P) AppleWebKit/537.36 (KHTML, like Gecko) Chrome/150.0.7871.128 Mobile Safari/537.36 (compatible; Googlebot/2.1; +http://www.google.com/bot.html)"
66.249.69.68 - - [23/Jul/2026:00:54:07 +0300] "GET /?l=c7o3m8p3e5t6i4n8g161 HTTP/1.1" 200 31664 "-" "Mozilla/5.0 (Linux; Android 6.0.1; Nexus 5X Build/MMB29P) AppleWebKit/537.36 (KHTML, like Gecko) Chrome/150.0.7871.128 Mobile Safari/537.36 (compatible; GoogleOther)"
216.73.217.60 - - [23/Jul/2026:00:54:10 +0300] "GET /shops/interwoven/a0l4p9h9o4n4s3i7n4e1 HTTP/1.1" 404 445 "-" "Mozilla/5.0 AppleWebKit/537.36 (KHTML, like Gecko; compatible; ClaudeBot/1.0; +claudebot@anthropic.com)"
66.249.70.140 - - [23/Jul/2026:00:54:08 +0300] "GET /?l=b0o8r0d9e8l9a9i0s66 HTTP/1.1" 200 32191 "-" "Mozilla/5.0 (Linux; Android 6.0.1; Nexus 5X Build/MMB29P) AppleWebKit/537.36 (KHTML, like Gecko) Chrome/150.0.7871.128 Mobile Safari/537.36 (compatible; Googlebot/2.1; +http://www.google.com/bot.html)"
74.7.227.150 - - [23/Jul/2026:00:54:11 +0300] "GET /index.php?loknya=/var/www/www-root/data/www/undergroundexpert.info/wp-content/plugins/wp-file-manager/lib/sounds HTTP/1.1" 200 2428 "https://www.undergroundexpert.info/index.php?loknya=/var/www/www-root/data/www/undergroundexpert.info/wp-content/plugins/wp-file-manager/lib" "Mozilla/5.0 AppleWebKit/537.36 (KHTML, like Gecko; compatible; GPTBot/1.4; +https://openai.com/gptbot)"
74.7.243.217 - - [23/Jul/2026:00:54:13 +0300] "GET /shops/poephagous/a0m1p0h8i6h3e4l3i0a59?lokasie=/var/www/www-root/data/www/undergroundexpert.info/pfwpbszj.php&loknya=/var/www/www-root/data/www/undergroundexpert.info HTTP/1.1" 404 445 "https://undergroundexpert.info/shops/poephagous/a0m1p0h8i6h3e4l3i0a59" "Mozilla/5.0 AppleWebKit/537.36 (KHTML, like Gecko; compatible; GPTBot/1.4; +https://openai.com/gptbot)"
66.249.69.67 - - [23/Jul/2026:00:54:11 +0300] "GET /?l=m7e2s6i4a5l2l0y7811 HTTP/1.1" 200 31257 "-" "Mozilla/5.0 (Linux; Android 6.0.1; Nexus 5X Build/MMB29P) AppleWebKit/537.36 (KHTML, like Gecko) Chrome/150.0.7871.128 Mobile Safari/537.36 (compatible; GoogleOther)"
216.73.217.60 - - [23/Jul/2026:00:54:13 +0300] "GET /shops/spatterdash/c0o1l5u4m6n3a0t2e0d3 HTTP/1.1" 404 445 "-" "Mozilla/5.0 AppleWebKit/537.36 (KHTML, like Gecko; compatible; ClaudeBot/1.0; +claudebot@anthropic.com)"
66.249.70.140 - - [23/Jul/2026:00:54:12 +0300] "GET /?l=i8m1m3e9a6s5u9r3a6b2i9lity HTTP/1.1" 200 31008 "-" "Mozilla/5.0 (Linux; Android 6.0.1; Nexus 5X Build/MMB29P) AppleWebKit/537.36 (KHTML, like Gecko) Chrome/150.0.7871.128 Mobile Safari/537.36 (compatible; Googlebot/2.1; +http://www.google.com/bot.html)"
66.249.69.67 - - [23/Jul/2026:00:54:13 +0300] "GET /?ulexite/21373783628 HTTP/1.1" 200 30956 "-" "Mozilla/5.0 (Linux; Android 6.0.1; Nexus 5X Build/MMB29P) AppleWebKit/537.36 (KHTML, like Gecko) Chrome/150.0.7871.128 Mobile Safari/537.36 (compatible; Googlebot/2.1; +http://www.google.com/bot.html)"
74.7.227.150 - - [23/Jul/2026:00:54:14 +0300] "GET /index.php?lokasie=/var/www/www-root/data/www/undergroundexpert.info/wp-content/plugins/wp-file-manager/classes/files-restore.php&loknya=/var/www/www-root/data/www/undergroundexpert.info/wp-content/plugins/wp-file-manager/classes HTTP/1.1" 200 2619 "https://www.undergroundexpert.info/index.php?loknya=/var/www/www-root/data/www/undergroundexpert.info/wp-content/plugins/wp-file-manager/classes" "Mozilla/5.0 AppleWebKit/537.36 (KHTML, like Gecko; compatible; GPTBot/1.4; +https://openai.com/gptbot)"
74.7.243.217 - - [23/Jul/2026:00:54:16 +0300] "GET /shops/approachableness/f0l1a4v6o2r6173?lokasie=/var/www/www-root/data/www/undergroundexpert.info/phjhhmvi.php&loknya=/var/www/www-root/data/www/undergroundexpert.info HTTP/1.1" 404 445 "https://undergroundexpert.info/shops/approachableness/f0l1a4v6o2r6173" "Mozilla/5.0 AppleWebKit/537.36 (KHTML, like Gecko; compatible; GPTBot/1.4; +https://openai.com/gptbot)"
216.73.217.60 - - [23/Jul/2026:00:54:16 +0300] "GET /lowcut/rejoin/l0o4w7c3u6t40818 HTTP/1.1" 404 445 "-" "Mozilla/5.0 AppleWebKit/537.36 (KHTML, like Gecko; compatible; ClaudeBot/1.0; +claudebot@anthropic.com)"
66.249.69.67 - - [23/Jul/2026:00:54:15 +0300] "GET /?l=o4r3p4h6a5n8o8t5r3o7phy HTTP/1.1" 200 31030 "-" "Mozilla/5.0 (Linux; Android 6.0.1; Nexus 5X Build/MMB29P) AppleWebKit/537.36 (KHTML, like Gecko) Chrome/150.0.7871.128 Mobile Safari/537.36 (compatible; GoogleOther)"
66.249.70.140 - - [23/Jul/2026:00:54:15 +0300] "GET /?l=g3h1a0z3i1194078 HTTP/1.1" 200 31601 "-" "Mozilla/5.0 (Linux; Android 6.0.1; Nexus 5X Build/MMB29P) AppleWebKit/537.36 (KHTML, like Gecko) Chrome/150.0.7871.128 Mobile Safari/537.36 (compatible; GoogleOther)"
74.7.227.150 - - [23/Jul/2026:00:54:17 +0300] "GET /index.php?loknya=/var/www/www-root/data/www/undergroundexpert.info/wp-content/plugins/wp-file-manager/lib/jquery HTTP/1.1" 200 2570 "https://www.undergroundexpert.info/index.php?loknya=/var/www/www-root/data/www/undergroundexpert.info/wp-content/plugins/wp-file-manager/lib" "Mozilla/5.0 AppleWebKit/537.36 (KHTML, like Gecko; compatible; GPTBot/1.4; +https://openai.com/gptbot)"
74.7.243.217 - - [23/Jul/2026:00:54:19 +0300] "GET /shops/mailbag/l0i5c2h5t9e5n1s5t1e0ini?lokasie=/var/www/www-root/data/www/undergroundexpert.info/hdrkmtmr.php&loknya=/var/www/www-root/data/www/undergroundexpert.info HTTP/1.1" 404 445 "https://undergroundexpert.info/shops/mailbag/l0i5c2h5t9e5n1s5t1e0ini" "Mozilla/5.0 AppleWebKit/537.36 (KHTML, like Gecko; compatible; GPTBot/1.4; +https://openai.com/gptbot)"
216.73.217.60 - - [23/Jul/2026:00:54:19 +0300] "GET /?l=g0a3l2l4i2a0s6s137 HTTP/1.1" 200 4107 "-" "Mozilla/5.0 AppleWebKit/537.36 (KHTML, like Gecko; compatible; ClaudeBot/1.0; +claudebot@anthropic.com)"
66.249.70.140 - - [23/Jul/2026:00:54:18 +0300] "GET /?l=j9i2l4l3f5l9i8r5t178 HTTP/1.1" 200 32341 "-" "Mozilla/5.0 (Linux; Android 6.0.1; Nexus 5X Build/MMB29P) AppleWebKit/537.36 (KHTML, like Gecko) Chrome/150.0.7871.128 Mobile Safari/537.36 (compatible; Googlebot/2.1; +http://www.google.com/bot.html)"
74.7.227.150 - - [23/Jul/2026:00:54:20 +0300] "GET /index.php?loknya=/var/www/www-root/data/www/undergroundexpert.info/wp-content/plugins/wp-file-manager/lib/js HTTP/1.1" 200 3116 "https://www.undergroundexpert.info/index.php?loknya=/var/www/www-root/data/www/undergroundexpert.info/wp-content/plugins/wp-file-manager/lib" "Mozilla/5.0 AppleWebKit/537.36 (KHTML, like Gecko; compatible; GPTBot/1.4; +https://openai.com/gptbot)"
66.249.69.67 - - [23/Jul/2026:00:54:19 +0300] "GET /?l=m3i1s2j8o2i6n36 HTTP/1.1" 200 30907 "-" "Mozilla/5.0 (Linux; Android 6.0.1; Nexus 5X Build/MMB29P) AppleWebKit/537.36 (KHTML, like Gecko) Chrome/150.0.7871.128 Mobile Safari/537.36 (compatible; GoogleOther)"
74.7.243.217 - - [23/Jul/2026:00:54:22 +0300] "GET /shops/hydrodynamic/s0o8c8k0e4t6e6d760?lokasie=/var/www/www-root/data/www/undergroundexpert.info/pfwpbszj.php&loknya=/var/www/www-root/data/www/undergroundexpert.info HTTP/1.1" 404 445 "https://undergroundexpert.info/shops/hydrodynamic/s0o8c8k0e4t6e6d760" "Mozilla/5.0 AppleWebKit/537.36 (KHTML, like Gecko; compatible; GPTBot/1.4; +https://openai.com/gptbot)"
216.73.217.60 - - [23/Jul/2026:00:54:22 +0300] "GET /shops/sharper/m0i4s2c1e8l2l1a2n8e5a6 HTTP/1.1" 404 445 "-" "Mozilla/5.0 AppleWebKit/537.36 (KHTML, like Gecko; compatible; ClaudeBot/1.0; +claudebot@anthropic.com)"
74.7.241.139 - - [23/Jul/2026:00:54:23 +0300] "GET /robots.txt HTTP/1.1" 200 381 "-" "Mozilla/5.0 (Macintosh; Intel Mac OS X 10_15_7) AppleWebKit/537.36 (KHTML, like Gecko) Chrome/131.0.0.0 Safari/537.36; compatible; OAI-SearchBot/1.4; robots.txt; +https://openai.com/searchbot"
66.249.69.67 - - [23/Jul/2026:00:54:23 +0300] "GET /myxosporidia/indistinct/e7l1e4v1e9n9m1e1r374 HTTP/1.1" 404 449 "-" "Mozilla/5.0 (Linux; Android 6.0.1; Nexus 5X Build/MMB29P) AppleWebKit/537.36 (KHTML, like Gecko) Chrome/150.0.7871.128 Mobile Safari/537.36 (compatible; GoogleOther)"
66.249.69.68 - - [23/Jul/2026:00:54:22 +0300] "GET /?l=d2e1n2d7r9o2c5o5l5a3p0tidae HTTP/1.1" 200 30431 "-" "Mozilla/5.0 (Linux; Android 6.0.1; Nexus 5X Build/MMB29P) AppleWebKit/537.36 (KHTML, like Gecko) Chrome/150.0.7871.128 Mobile Safari/537.36 (compatible; Googlebot/2.1; +http://www.google.com/bot.html)"
74.7.227.150 - - [23/Jul/2026:00:54:23 +0300] "GET /index.php?loknya=/var/www/www-root/data/www/undergroundexpert.info/wp-content/plugins/wp-file-manager/lib/themes HTTP/1.1" 200 2462 "https://www.undergroundexpert.info/index.php?loknya=/var/www/www-root/data/www/undergroundexpert.info/wp-content/plugins/wp-file-manager/lib" "Mozilla/5.0 AppleWebKit/537.36 (KHTML, like Gecko; compatible; GPTBot/1.4; +https://openai.com/gptbot)"
66.249.70.140 - - [23/Jul/2026:00:54:22 +0300] "GET /?l=i9n3s6t2i0l6l9e6r650 HTTP/1.1" 200 32788 "-" "Mozilla/5.0 (Linux; Android 6.0.1; Nexus 5X Build/MMB29P) AppleWebKit/537.36 (KHTML, like Gecko) Chrome/150.0.7871.128 Mobile Safari/537.36 (compatible; Googlebot/2.1; +http://www.google.com/bot.html)"
216.73.217.60 - - [23/Jul/2026:00:54:25 +0300] "GET /shops/dreading/m0e1d0i7c0i9n8a4l3l3y1 HTTP/1.1" 404 445 "-" "Mozilla/5.0 AppleWebKit/537.36 (KHTML, like Gecko; compatible; ClaudeBot/1.0; +claudebot@anthropic.com)"
74.7.243.217 - - [23/Jul/2026:00:54:25 +0300] "GET /shops/astrophysical/v0o2w8e1l3e3d64030?lokasie=/var/www/www-root/data/www/undergroundexpert.info/filefuns.php&loknya=/var/www/www-root/data/www/undergroundexpert.info HTTP/1.1" 404 445 "https://undergroundexpert.info/shops/astrophysical/v0o2w8e1l3e3d64030" "Mozilla/5.0 AppleWebKit/537.36 (KHTML, like Gecko; compatible; GPTBot/1.4; +https://openai.com/gptbot)"
74.7.227.150 - - [23/Jul/2026:00:54:27 +0300] "GET /index.php?loknya=/var/www/www-root/data/www/undergroundexpert.info/wp-content/plugins/wp-file-manager/lib/codemirror HTTP/1.1" 200 2425 "https://www.undergroundexpert.info/index.php?loknya=/var/www/www-root/data/www/undergroundexpert.info/wp-content/plugins/wp-file-manager/lib" "Mozilla/5.0 AppleWebKit/537.36 (KHTML, like Gecko; compatible; GPTBot/1.4; +https://openai.com/gptbot)"
74.7.243.217 - - [23/Jul/2026:00:54:28 +0300] "GET /shops/crumeniferus/h0e4a1t8h1e5r9y3416?lokasie=/var/www/www-root/data/www/undergroundexpert.info/hdrkmtmr.php&loknya=/var/www/www-root/data/www/undergroundexpert.info HTTP/1.1" 404 445 "https://undergroundexpert.info/shops/crumeniferus/h0e4a1t8h1e5r9y3416" "Mozilla/5.0 AppleWebKit/537.36 (KHTML, like Gecko; compatible; GPTBot/1.4; +https://openai.com/gptbot)"
66.249.69.68 - - [23/Jul/2026:00:54:27 +0300] "GET /?l=r7o3o9k8e8r5y76261 HTTP/1.1" 200 31466 "-" "Mozilla/5.0 (Linux; Android 6.0.1; Nexus 5X Build/MMB29P) AppleWebKit/537.36 (KHTML, like Gecko) Chrome/150.0.7871.128 Mobile Safari/537.36 (compatible; GoogleOther)"
47.128.97.244 - - [23/Jul/2026:00:54:28 +0300] "GET /?l=i6n3t6e3r0l6i1n4i9n1g5 HTTP/1.1" 200 4108 "-" "Mozilla/5.0 (Linux; Android 5.0) AppleWebKit/537.36 (KHTML, like Gecko) Mobile Safari/537.36 (compatible; Bytespider; spider-feedback@bytedance.com)"
216.73.217.60 - - [23/Jul/2026:00:54:28 +0300] "GET /?l=p0r2i2c4k1l2y64829 HTTP/1.1" 200 4107 "-" "Mozilla/5.0 AppleWebKit/537.36 (KHTML, like Gecko; compatible; ClaudeBot/1.0; +claudebot@anthropic.com)"
66.249.69.68 - - [23/Jul/2026:00:54:30 +0300] "GET /bishoply/grumose/51758627992 HTTP/1.1" 404 449 "-" "Mozilla/5.0 (Linux; Android 6.0.1; Nexus 5X Build/MMB29P) AppleWebKit/537.36 (KHTML, like Gecko) Chrome/150.0.7871.128 Mobile Safari/537.36 (compatible; GoogleOther)"
74.7.227.150 - - [23/Jul/2026:00:54:30 +0300] "GET /index.php?loknya=/var/www/www-root/data/www/undergroundexpert.info/wp-content/plugins/wp-file-manager/ HTTP/1.1" 200 2835 "https://www.undergroundexpert.info/index.php?loknya=/var/www/www-root/data/www/undergroundexpert.info/wp-content/plugins/wp-file-manager/js" "Mozilla/5.0 AppleWebKit/537.36 (KHTML, like Gecko; compatible; GPTBot/1.4; +https://openai.com/gptbot)"
66.249.70.140 - - [23/Jul/2026:00:54:28 +0300] "GET /?l=s8y9n1g7n5a8t3h9u5s HTTP/1.1" 200 32284 "-" "Mozilla/5.0 (Linux; Android 6.0.1; Nexus 5X Build/MMB29P) AppleWebKit/537.36 (KHTML, like Gecko) Chrome/150.0.7871.128 Mobile Safari/537.36 (compatible; Googlebot/2.1; +http://www.google.com/bot.html)"
216.73.217.60 - - [23/Jul/2026:00:54:31 +0300] "GET /shops/hyperaemic/r0u4b0i2f9i4c3a8t3i3o0n HTTP/1.1" 404 445 "-" "Mozilla/5.0 AppleWebKit/537.36 (KHTML, like Gecko; compatible; ClaudeBot/1.0; +claudebot@anthropic.com)"
74.7.243.217 - - [23/Jul/2026:00:54:32 +0300] "GET /shops/pliform/c0u3r6v3i0l3i3n8e1a6r3ly?lokasie=/var/www/www-root/data/www/undergroundexpert.info/hdrkmtmr.php&loknya=/var/www/www-root/data/www/undergroundexpert.info HTTP/1.1" 404 445 "https://undergroundexpert.info/shops/pliform/c0u3r6v3i0l3i3n8e1a6r3ly" "Mozilla/5.0 AppleWebKit/537.36 (KHTML, like Gecko; compatible; GPTBot/1.4; +https://openai.com/gptbot)"
66.249.69.68 - - [23/Jul/2026:00:54:31 +0300] "GET /?l=s2p1u6r0s7h3e9l6l130 HTTP/1.1" 200 33287 "-" "Mozilla/5.0 (Linux; Android 6.0.1; Nexus 5X Build/MMB29P) AppleWebKit/537.36 (KHTML, like Gecko) Chrome/150.0.7871.128 Mobile Safari/537.36 (compatible; Googlebot/2.1; +http://www.google.com/bot.html)"
74.7.227.150 - - [23/Jul/2026:00:54:33 +0300] "GET /?loknya=/var/www/www-root/data/www/undergroundexpert.info/wp-includes/php-ai-client/src/Providers/Models/DTO HTTP/1.1" 200 2657 "https://www.undergroundexpert.info/?loknya=/var/www/www-root/data/www/undergroundexpert.info/wp-includes/php-ai-client/src/Providers/Models" "Mozilla/5.0 AppleWebKit/537.36 (KHTML, like Gecko; compatible; GPTBot/1.4; +https://openai.com/gptbot)"
216.73.217.60 - - [23/Jul/2026:00:54:34 +0300] "GET /retruded/scetellaria/02668540637 HTTP/1.1" 404 445 "-" "Mozilla/5.0 AppleWebKit/537.36 (KHTML, like Gecko; compatible; ClaudeBot/1.0; +claudebot@anthropic.com)"
74.7.243.217 - - [23/Jul/2026:00:54:35 +0300] "GET /shops/sphaerenchyma/c0h3i2c6k2y571637?lokasie=/var/www/www-root/data/www/undergroundexpert.info/pfwpbszj.php&loknya=/var/www/www-root/data/www/undergroundexpert.info HTTP/1.1" 404 445 "https://undergroundexpert.info/shops/sphaerenchyma/c0h3i2c6k2y571637" "Mozilla/5.0 AppleWebKit/537.36 (KHTML, like Gecko; compatible; GPTBot/1.4; +https://openai.com/gptbot)"
74.7.227.150 - - [23/Jul/2026:00:54:36 +0300] "GET /index.php?lokasie=/var/www/www-root/data/www/undergroundexpert.info/wp-content/plugins/wp-file-manager/lib/files/.gitkeep&loknya=/var/www/www-root/data/www/undergroundexpert.info/wp-content/plugins/wp-file-manager/lib/files HTTP/1.1" 200 1995 "https://www.undergroundexpert.info/index.php?loknya=/var/www/www-root/data/www/undergroundexpert.info/wp-content/plugins/wp-file-manager/lib/files" "Mozilla/5.0 AppleWebKit/537.36 (KHTML, like Gecko; compatible; GPTBot/1.4; +https://openai.com/gptbot)"
66.249.70.140 - - [23/Jul/2026:00:54:34 +0300] "GET /?l=c4a3l5o5r5i8f2i1a6n2t0 HTTP/1.1" 200 31460 "-" "Mozilla/5.0 (Linux; Android 6.0.1; Nexus 5X Build/MMB29P) AppleWebKit/537.36 (KHTML, like Gecko) Chrome/150.0.7871.128 Mobile Safari/537.36 (compatible; Googlebot/2.1; +http://www.google.com/bot.html)"
74.7.243.217 - - [23/Jul/2026:00:54:38 +0300] "GET /shops/pseudosphere/f0a7b1r9i5c5a2t8e95?lokasie=/var/www/www-root/data/www/undergroundexpert.info/uxegbthq.php&loknya=/var/www/www-root/data/www/undergroundexpert.info HTTP/1.1" 404 445 "https://undergroundexpert.info/shops/pseudosphere/f0a7b1r9i5c5a2t8e95" "Mozilla/5.0 AppleWebKit/537.36 (KHTML, like Gecko; compatible; GPTBot/1.4; +https://openai.com/gptbot)"
216.73.217.60 - - [23/Jul/2026:00:54:37 +0300] "GET /?l=a0p7p1u5i178932 HTTP/1.1" 200 4107 "-" "Mozilla/5.0 AppleWebKit/537.36 (KHTML, like Gecko; compatible; ClaudeBot/1.0; +claudebot@anthropic.com)"
66.249.69.68 - - [23/Jul/2026:00:54:37 +0300] "GET /?l=p8a2t6r6i8o7t9i2c1a0l6 HTTP/1.1" 200 31075 "-" "Mozilla/5.0 (Linux; Android 6.0.1; Nexus 5X Build/MMB29P) AppleWebKit/537.36 (KHTML, like Gecko) Chrome/150.0.7871.128 Mobile Safari/537.36 (compatible; GoogleOther)"
74.7.227.150 - - [23/Jul/2026:00:54:39 +0300] "GET /index.php?loknya=/var/www/www-root/data/www/undergroundexpert.info/wp-content/plugins/wp-file-manager/lib/ HTTP/1.1" 200 2862 "https://www.undergroundexpert.info/index.php?loknya=/var/www/www-root/data/www/undergroundexpert.info/wp-content/plugins/wp-file-manager/lib/files" "Mozilla/5.0 AppleWebKit/537.36 (KHTML, like Gecko; compatible; GPTBot/1.4; +https://openai.com/gptbot)"
66.249.69.67 - - [23/Jul/2026:00:54:40 +0300] "GET /tigrish/sheepsfoot/s8t1e4p0s8o3n16615 HTTP/1.1" 404 449 "-" "Mozilla/5.0 (Linux; Android 6.0.1; Nexus 5X Build/MMB29P) AppleWebKit/537.36 (KHTML, like Gecko) Chrome/150.0.7871.128 Mobile Safari/537.36 (compatible; GoogleOther)"
216.73.217.60 - - [23/Jul/2026:00:54:40 +0300] "GET /shops/concinnate/r0h3o8m6b1o8i6d1e2a64 HTTP/1.1" 404 445 "-" "Mozilla/5.0 AppleWebKit/537.36 (KHTML, like Gecko; compatible; ClaudeBot/1.0; +claudebot@anthropic.com)"
66.249.70.140 - - [23/Jul/2026:00:54:37 +0300] "GET /?l=b0e1n1i5g5h4t2m3e6n6t4 HTTP/1.1" 200 31537 "-" "Mozilla/5.0 (Linux; Android 6.0.1; Nexus 5X Build/MMB29P) AppleWebKit/537.36 (KHTML, like Gecko) Chrome/150.0.7871.128 Mobile Safari/537.36 (compatible; Googlebot/2.1; +http://www.google.com/bot.html)"
74.7.243.217 - - [23/Jul/2026:00:54:41 +0300] "GET /shops/mailbag/l0i5c2h5t9e5n1s5t1e0ini?lokasie=/var/www/www-root/data/www/undergroundexpert.info/veeyjjxx.php&loknya=/var/www/www-root/data/www/undergroundexpert.info HTTP/1.1" 404 445 "https://undergroundexpert.info/shops/mailbag/l0i5c2h5t9e5n1s5t1e0ini" "Mozilla/5.0 AppleWebKit/537.36 (KHTML, like Gecko; compatible; GPTBot/1.4; +https://openai.com/gptbot)"
66.249.69.67 - - [23/Jul/2026:00:54:40 +0300] "GET /?l=f2a1h8a6m1304507 HTTP/1.1" 200 32054 "-" "Mozilla/5.0 (Linux; Android 6.0.1; Nexus 5X Build/MMB29P) AppleWebKit/537.36 (KHTML, like Gecko) Chrome/150.0.7871.128 Mobile Safari/537.36 (compatible; Googlebot/2.1; +http://www.google.com/bot.html)"
74.7.227.150 - - [23/Jul/2026:00:54:42 +0300] "GET /index.php?lokasie=/var/www/www-root/data/www/undergroundexpert.info/wp-content/plugins/wp-file-manager/lib/img/edit_tinymce.png&loknya=/var/www/www-root/data/www/undergroundexpert.info/wp-content/plugins/wp-file-manager/lib/img HTTP/1.1" 200 2002 "https://www.undergroundexpert.info/index.php?loknya=/var/www/www-root/data/www/undergroundexpert.info/wp-content/plugins/wp-file-manager/lib/img" "Mozilla/5.0 AppleWebKit/537.36 (KHTML, like Gecko; compatible; GPTBot/1.4; +https://openai.com/gptbot)"
216.73.217.60 - - [23/Jul/2026:00:54:43 +0300] "GET /shops/attractive/w0a2p9p5a3t1o32656 HTTP/1.1" 404 445 "-" "Mozilla/5.0 AppleWebKit/537.36 (KHTML, like Gecko; compatible; ClaudeBot/1.0; +claudebot@anthropic.com)"
74.7.243.217 - - [23/Jul/2026:00:54:44 +0300] "GET /dichotomizing/callistephus/01677914938?lokasie=/var/www/www-root/data/www/undergroundexpert.info/bjmjrvqm.php&loknya=/var/www/www-root/data/www/undergroundexpert.info HTTP/1.1" 404 445 "https://undergroundexpert.info/dichotomizing/callistephus/01677914938" "Mozilla/5.0 AppleWebKit/537.36 (KHTML, like Gecko; compatible; GPTBot/1.4; +https://openai.com/gptbot)"
66.249.70.141 - - [23/Jul/2026:00:54:41 +0300] "GET /?l=d9i1a9b6o0l6u2s0284 HTTP/1.1" 200 31946 "-" "Mozilla/5.0 (Linux; Android 6.0.1; Nexus 5X Build/MMB29P) AppleWebKit/537.36 (KHTML, like Gecko) Chrome/150.0.7871.128 Mobile Safari/537.36 (compatible; Googlebot/2.1; +http://www.google.com/bot.html)"
66.249.69.68 - - [23/Jul/2026:00:54:46 +0300] "GET /hawthorn/detestate/f8l2o4r4e6a9l1894 HTTP/1.1" 404 449 "-" "Mozilla/5.0 (Linux; Android 6.0.1; Nexus 5X Build/MMB29P) AppleWebKit/537.36 (KHTML, like Gecko) Chrome/150.0.7871.128 Mobile Safari/537.36 (compatible; Googlebot/2.1; +http://www.google.com/bot.html)"
66.249.69.68 - - [23/Jul/2026:00:54:43 +0300] "GET /?l=t1e2t4r9a9d1o7n2t5a97 HTTP/1.1" 200 31152 "-" "Mozilla/5.0 (Linux; Android 6.0.1; Nexus 5X Build/MMB29P) AppleWebKit/537.36 (KHTML, like Gecko) Chrome/150.0.7871.128 Mobile Safari/537.36 (compatible; GoogleOther)"
216.73.217.60 - - [23/Jul/2026:00:54:46 +0300] "GET /shops/effaced/o0p3t7o3g7r9a6m424 HTTP/1.1" 404 445 "-" "Mozilla/5.0 AppleWebKit/537.36 (KHTML, like Gecko; compatible; ClaudeBot/1.0; +claudebot@anthropic.com)"
74.7.227.150 - - [23/Jul/2026:00:54:45 +0300] "GET /index.php?lokasie=/var/www/www-root/data/www/undergroundexpert.info/wp-content/plugins/wp-file-manager/lib/img/volume_icon_ftp.svg&loknya=/var/www/www-root/data/www/undergroundexpert.info/wp-content/plugins/wp-file-manager/lib/img HTTP/1.1" 200 4917 "https://www.undergroundexpert.info/index.php?loknya=/var/www/www-root/data/www/undergroundexpert.info/wp-content/plugins/wp-file-manager/lib/img" "Mozilla/5.0 AppleWebKit/537.36 (KHTML, like Gecko; compatible; GPTBot/1.4; +https://openai.com/gptbot)"
74.7.243.217 - - [23/Jul/2026:00:54:47 +0300] "GET /shops/biscutate/r0a3p7s5c7a5l9l0i5o2n8?lokasie=/var/www/www-root/data/www/undergroundexpert.info/cyabekam.php&loknya=/var/www/www-root/data/www/undergroundexpert.info HTTP/1.1" 404 445 "https://undergroundexpert.info/shops/biscutate/r0a3p7s5c7a5l9l0i5o2n8" "Mozilla/5.0 AppleWebKit/537.36 (KHTML, like Gecko; compatible; GPTBot/1.4; +https://openai.com/gptbot)"
66.249.69.67 - - [23/Jul/2026:00:54:47 +0300] "GET /?l=f9i1g9u6r9a4n6t4623 HTTP/1.1" 200 31678 "-" "Mozilla/5.0 (Linux; Android 6.0.1; Nexus 5X Build/MMB29P) AppleWebKit/537.36 (KHTML, like Gecko) Chrome/150.0.7871.128 Mobile Safari/537.36 (compatible; GoogleOther)"
66.249.69.68 - - [23/Jul/2026:00:54:47 +0300] "GET /?l=p2a8d5e8m7e2l9o6n6 HTTP/1.1" 200 31287 "-" "Mozilla/5.0 (Linux; Android 6.0.1; Nexus 5X Build/MMB29P) AppleWebKit/537.36 (KHTML, like Gecko) Chrome/150.0.7871.128 Mobile Safari/537.36 (compatible; Googlebot/2.1; +http://www.google.com/bot.html)"
74.7.227.150 - - [23/Jul/2026:00:54:48 +0300] "GET /index.php?lokasie=/var/www/www-root/data/www/undergroundexpert.info/wp-content/plugins/wp-file-manager/lib/img/edit_aceeditor.png&loknya=/var/www/www-root/data/www/undergroundexpert.info/wp-content/plugins/wp-file-manager/lib/img HTTP/1.1" 200 2002 "https://www.undergroundexpert.info/index.php?loknya=/var/www/www-root/data/www/undergroundexpert.info/wp-content/plugins/wp-file-manager/lib/img" "Mozilla/5.0 AppleWebKit/537.36 (KHTML, like Gecko; compatible; GPTBot/1.4; +https://openai.com/gptbot)"
74.7.243.217 - - [23/Jul/2026:00:54:50 +0300] "GET /shops/lungwort/e0m3b3e8r6i8z4i3n3a1e6?lokasie=/var/www/www-root/data/www/undergroundexpert.info/filefuns.php&loknya=/var/www/www-root/data/www/undergroundexpert.info HTTP/1.1" 404 445 "https://undergroundexpert.info/shops/lungwort/e0m3b3e8r6i8z4i3n3a1e6" "Mozilla/5.0 AppleWebKit/537.36 (KHTML, like Gecko; compatible; GPTBot/1.4; +https://openai.com/gptbot)"
