216.73.217.60 - - [23/Jul/2026:00:16:51 +0300] "GET /shop/f09a2c3552511?loknya=%2Fvar HTTP/1.1" 404 445 "-" "Mozilla/5.0 AppleWebKit/537.36 (KHTML, like Gecko; compatible; ClaudeBot/1.0; +claudebot@anthropic.com)"
74.7.243.217 - - [23/Jul/2026:00:16:51 +0300] "GET /shops/limicoline/s0c1e5l5e4r2a2t4370?lokasie=/var/www/www-root/data/www/undergroundexpert.info/hdrkmtmr.php&loknya=/var/www/www-root/data/www/undergroundexpert.info HTTP/1.1" 404 445 "https://undergroundexpert.info/shops/limicoline/s0c1e5l5e4r2a2t4370" "Mozilla/5.0 AppleWebKit/537.36 (KHTML, like Gecko; compatible; GPTBot/1.4; +https://openai.com/gptbot)"
66.249.69.67 - - [23/Jul/2026:00:16:47 +0300] "GET /?mannerism/51085519555 HTTP/1.1" 200 31233 "-" "Mozilla/5.0 (Linux; Android 6.0.1; Nexus 5X Build/MMB29P) AppleWebKit/537.36 (KHTML, like Gecko) Chrome/150.0.7871.128 Mobile Safari/537.36 (compatible; Googlebot/2.1; +http://www.google.com/bot.html)"
66.249.69.68 - - [23/Jul/2026:00:16:49 +0300] "GET /?l=s8c3u5f1f1l5e5d2068 HTTP/1.1" 200 31200 "-" "Mozilla/5.0 (Linux; Android 6.0.1; Nexus 5X Build/MMB29P) AppleWebKit/537.36 (KHTML, like Gecko) Chrome/150.0.7871.128 Mobile Safari/537.36 (compatible; Googlebot/2.1; +http://www.google.com/bot.html)"
74.7.227.150 - - [23/Jul/2026:00:16:52 +0300] "GET /?lokasie=/var/www/www-root/data/www/undergroundexpert.info/wp-admin//filefuns.php&loknya=/var/www/www-root/data/www/undergroundexpert.info/wp-admin/ HTTP/1.1" 200 4354 "https://www.undergroundexpert.info/?loknya=/var/www/www-root/data/www/undergroundexpert.info/wp-admin/" "Mozilla/5.0 AppleWebKit/537.36 (KHTML, like Gecko; compatible; GPTBot/1.4; +https://openai.com/gptbot)"
216.73.217.60 - - [23/Jul/2026:00:16:54 +0300] "GET /shops/demolisher/r0a1m2p0l3e3r94101 HTTP/1.1" 404 445 "-" "Mozilla/5.0 AppleWebKit/537.36 (KHTML, like Gecko; compatible; ClaudeBot/1.0; +claudebot@anthropic.com)"
66.249.69.68 - - [23/Jul/2026:00:16:51 +0300] "GET /?whanghee/11455381034 HTTP/1.1" 200 31825 "-" "Mozilla/5.0 (Linux; Android 6.0.1; Nexus 5X Build/MMB29P) AppleWebKit/537.36 (KHTML, like Gecko) Chrome/150.0.7871.128 Mobile Safari/537.36 (compatible; Googlebot/2.1; +http://www.google.com/bot.html)"
74.7.243.217 - - [23/Jul/2026:00:16:55 +0300] "GET /shops/sphaerenchyma/c0h3i2c6k2y571637?lokasie=/var/www/www-root/data/www/undergroundexpert.info/sszzoqtr.php&loknya=/var/www/www-root/data/www/undergroundexpert.info HTTP/1.1" 404 445 "https://undergroundexpert.info/shops/sphaerenchyma/c0h3i2c6k2y571637" "Mozilla/5.0 AppleWebKit/537.36 (KHTML, like Gecko; compatible; GPTBot/1.4; +https://openai.com/gptbot)"
66.249.69.70 - - [23/Jul/2026:00:16:53 +0300] "GET /?l=t1i3l6e6d0r0a7i7n422 HTTP/1.1" 200 30707 "-" "Mozilla/5.0 (Linux; Android 6.0.1; Nexus 5X Build/MMB29P) AppleWebKit/537.36 (KHTML, like Gecko) Chrome/150.0.7871.128 Mobile Safari/537.36 (compatible; Googlebot/2.1; +http://www.google.com/bot.html)"
74.7.227.150 - - [23/Jul/2026:00:16:55 +0300] "GET /?lokasie=/var/www/www-root/data/www/undergroundexpert.info/wp-admin//font-library.php&loknya=/var/www/www-root/data/www/undergroundexpert.info/wp-admin/ HTTP/1.1" 200 2422 "https://www.undergroundexpert.info/?loknya=/var/www/www-root/data/www/undergroundexpert.info/wp-admin/" "Mozilla/5.0 AppleWebKit/537.36 (KHTML, like Gecko; compatible; GPTBot/1.4; +https://openai.com/gptbot)"
74.7.243.217 - - [23/Jul/2026:00:16:58 +0300] "GET /shops/pridefulness/g0a2l0l9o6o3n02047?lokasie=/var/www/www-root/data/www/undergroundexpert.info/uxegbthq.php&loknya=/var/www/www-root/data/www/undergroundexpert.info HTTP/1.1" 404 445 "https://undergroundexpert.info/shops/pridefulness/g0a2l0l9o6o3n02047" "Mozilla/5.0 AppleWebKit/537.36 (KHTML, like Gecko; compatible; GPTBot/1.4; +https://openai.com/gptbot)"
66.249.69.67 - - [23/Jul/2026:00:16:55 +0300] "GET /?l=d9e3c2o5c2t8i4n8g477 HTTP/1.1" 200 32227 "-" "Mozilla/5.0 (Linux; Android 6.0.1; Nexus 5X Build/MMB29P) AppleWebKit/537.36 (KHTML, like Gecko) Chrome/150.0.7871.128 Mobile Safari/537.36 (compatible; Googlebot/2.1; +http://www.google.com/bot.html)"
66.249.69.69 - - [23/Jul/2026:00:16:59 +0300] "GET /syllabuses/oneway/k4i1n9g4s7i7z5e8109 HTTP/1.1" 404 449 "-" "Mozilla/5.0 (Linux; Android 6.0.1; Nexus 5X Build/MMB29P) AppleWebKit/537.36 (KHTML, like Gecko) Chrome/150.0.7871.128 Mobile Safari/537.36 (compatible; GoogleOther)"
66.249.69.70 - - [23/Jul/2026:00:16:55 +0300] "GET /?l=i1n9v8e1s0t0m8e6n5t HTTP/1.1" 200 30771 "-" "Mozilla/5.0 (Linux; Android 6.0.1; Nexus 5X Build/MMB29P) AppleWebKit/537.36 (KHTML, like Gecko) Chrome/150.0.7871.128 Mobile Safari/537.36 (compatible; Googlebot/2.1; +http://www.google.com/bot.html)"
216.73.217.60 - - [23/Jul/2026:00:16:57 +0300] "GET /?l=p0o3l2l7u4t8e6r7864 HTTP/1.1" 200 4107 "-" "Mozilla/5.0 AppleWebKit/537.36 (KHTML, like Gecko; compatible; ClaudeBot/1.0; +claudebot@anthropic.com)"
74.7.227.150 - - [23/Jul/2026:00:16:58 +0300] "GET /?lokasie=/var/www/www-root/data/www/undergroundexpert.info//wp-admin/ms-upgrade-network.php&loknya=/var/www/www-root/data/www/undergroundexpert.info//wp-admin HTTP/1.1" 200 2089 "https://www.undergroundexpert.info/?loknya=/var/www/www-root/data/www/undergroundexpert.info//wp-admin" "Mozilla/5.0 AppleWebKit/537.36 (KHTML, like Gecko; compatible; GPTBot/1.4; +https://openai.com/gptbot)"
74.7.243.217 - - [23/Jul/2026:00:17:01 +0300] "GET /shops/caviler/d0i4p1l8o0m3a8t1i3s1m7?lokasie=/var/www/www-root/data/www/undergroundexpert.info/pfwpbszj.php&loknya=/var/www/www-root/data/www/undergroundexpert.info HTTP/1.1" 404 445 "https://undergroundexpert.info/shops/caviler/d0i4p1l8o0m3a8t1i3s1m7" "Mozilla/5.0 AppleWebKit/537.36 (KHTML, like Gecko; compatible; GPTBot/1.4; +https://openai.com/gptbot)"
57.141.6.4 - - [23/Jul/2026:00:17:01 +0300] "GET /metropoliteny-mira-i-rf/metro-mira/metro-pkhenyana/?loknya=/var/www/www-root/data/www/undergroundexpert.info/wp-admin HTTP/1.1" 404 445 "-" "Mozilla/5.0 (Windows NT 10.0; Win64; x64) AppleWebKit/537.36 (KHTML, like Gecko) Chrome/145.0.0.0 Safari/537.36 (compatible; meta-externalagent/1.1 (+https://developers.facebook.com/docs/sharing/webmasters/crawler))"
18.192.166.72 - - [23/Jul/2026:00:17:01 +0300] "HEAD / HTTP/1.1" 301 0 "http://www.undergroundexpert.info" "Mozilla/5.0+(compatible; UptimeRobot/2.0; http://www.uptimerobot.com/)"
216.73.217.60 - - [23/Jul/2026:00:17:02 +0300] "GET /shops/actinophone/b0l4a2m5e1w6o6r0t2h0i4ness HTTP/1.1" 404 445 "-" "Mozilla/5.0 AppleWebKit/537.36 (KHTML, like Gecko; compatible; ClaudeBot/1.0; +claudebot@anthropic.com)"
66.249.69.71 - - [23/Jul/2026:00:16:58 +0300] "GET /?diaphanometer/82435506002 HTTP/1.1" 200 32106 "-" "Mozilla/5.0 (Linux; Android 6.0.1; Nexus 5X Build/MMB29P) AppleWebKit/537.36 (KHTML, like Gecko) Chrome/150.0.7871.128 Mobile Safari/537.36 (compatible; Googlebot/2.1; +http://www.google.com/bot.html)"
74.7.243.217 - - [23/Jul/2026:00:17:04 +0300] "GET /shops/unglazed/p0h1e1n6y1l9a2m6i2n6e5?lokasie=/var/www/www-root/data/www/undergroundexpert.info/filefuns.php&loknya=/var/www/www-root/data/www/undergroundexpert.info HTTP/1.1" 404 445 "https://undergroundexpert.info/shops/unglazed/p0h1e1n6y1l9a2m6i2n6e5" "Mozilla/5.0 AppleWebKit/537.36 (KHTML, like Gecko; compatible; GPTBot/1.4; +https://openai.com/gptbot)"
74.7.227.150 - - [23/Jul/2026:00:17:01 +0300] "GET /?lokasie=/var/www/www-root/data/www/undergroundexpert.info/wp-admin//admin-functions.php&loknya=/var/www/www-root/data/www/undergroundexpert.info/wp-admin/ HTTP/1.1" 200 2183 "https://www.undergroundexpert.info/?loknya=/var/www/www-root/data/www/undergroundexpert.info/wp-admin/" "Mozilla/5.0 AppleWebKit/537.36 (KHTML, like Gecko; compatible; GPTBot/1.4; +https://openai.com/gptbot)"
216.73.217.60 - - [23/Jul/2026:00:17:05 +0300] "GET /shops/resiance/c0a3n8c5e8l4l0o9u6s08 HTTP/1.1" 404 445 "-" "Mozilla/5.0 AppleWebKit/537.36 (KHTML, like Gecko; compatible; ClaudeBot/1.0; +claudebot@anthropic.com)"
18.192.166.72 - - [23/Jul/2026:00:17:01 +0300] "HEAD / HTTP/1.1" 200 128 "http://www.undergroundexpert.info" "Mozilla/5.0+(compatible; UptimeRobot/2.0; http://www.uptimerobot.com/)"
66.249.69.71 - - [23/Jul/2026:00:17:01 +0300] "GET /?l=c8h2l6o7r5i2n4a6t4e21 HTTP/1.1" 200 30770 "-" "Mozilla/5.0 (Linux; Android 6.0.1; Nexus 5X Build/MMB29P) AppleWebKit/537.36 (KHTML, like Gecko) Chrome/150.0.7871.128 Mobile Safari/537.36 (compatible; Googlebot/2.1; +http://www.google.com/bot.html)"
66.249.69.64 - - [23/Jul/2026:00:17:01 +0300] "GET /?l=p2e2r1p8l8e1x93039 HTTP/1.1" 200 31268 "-" "Mozilla/5.0 (Linux; Android 6.0.1; Nexus 5X Build/MMB29P) AppleWebKit/537.36 (KHTML, like Gecko) Chrome/150.0.7871.128 Mobile Safari/537.36 (compatible; Googlebot/2.1; +http://www.google.com/bot.html)"
66.249.69.67 - - [23/Jul/2026:00:17:02 +0300] "GET /?l=m5a8d6r7e5p3o2r6a1r7ia HTTP/1.1" 200 31019 "-" "Mozilla/5.0 (Linux; Android 6.0.1; Nexus 5X Build/MMB29P) AppleWebKit/537.36 (KHTML, like Gecko) Chrome/150.0.7871.128 Mobile Safari/537.36 (compatible; Googlebot/2.1; +http://www.google.com/bot.html)"
74.7.243.217 - - [23/Jul/2026:00:17:07 +0300] "GET /shops/fireworm/c0o1m3m5u7n9i2c7a9t7e7d?lokasie=/var/www/www-root/data/www/undergroundexpert.info/veeyjjxx.php&loknya=/var/www/www-root/data/www/undergroundexpert.info HTTP/1.1" 404 445 "https://undergroundexpert.info/shops/fireworm/c0o1m3m5u7n9i2c7a9t7e7d" "Mozilla/5.0 AppleWebKit/537.36 (KHTML, like Gecko; compatible; GPTBot/1.4; +https://openai.com/gptbot)"
216.73.217.60 - - [23/Jul/2026:00:17:08 +0300] "GET /helioscopia/amphioxidae/h0e2l4i4o2s9c4o4p8i5a4 HTTP/1.1" 404 445 "-" "Mozilla/5.0 AppleWebKit/537.36 (KHTML, like Gecko; compatible; ClaudeBot/1.0; +claudebot@anthropic.com)"
74.7.227.150 - - [23/Jul/2026:00:17:05 +0300] "GET /?lokasie=/var/www/www-root/data/www/undergroundexpert.info/wp-admin//ms-delete-site.php&loknya=/var/www/www-root/data/www/undergroundexpert.info/wp-admin/ HTTP/1.1" 200 3858 "https://www.undergroundexpert.info/?loknya=/var/www/www-root/data/www/undergroundexpert.info/wp-admin/" "Mozilla/5.0 AppleWebKit/537.36 (KHTML, like Gecko; compatible; GPTBot/1.4; +https://openai.com/gptbot)"
74.7.243.217 - - [23/Jul/2026:00:17:11 +0300] "GET /shops/stercorianism/h0o3c7k2l8e1d24819?lokasie=/var/www/www-root/data/www/undergroundexpert.info/veeyjjxx.php&loknya=/var/www/www-root/data/www/undergroundexpert.info HTTP/1.1" 404 445 "https://undergroundexpert.info/shops/stercorianism/h0o3c7k2l8e1d24819" "Mozilla/5.0 AppleWebKit/537.36 (KHTML, like Gecko; compatible; GPTBot/1.4; +https://openai.com/gptbot)"
66.249.69.70 - - [23/Jul/2026:00:17:05 +0300] "GET /?l=c6o3e1v2o7u3s7168 HTTP/1.1" 200 30673 "-" "Mozilla/5.0 (Linux; Android 6.0.1; Nexus 5X Build/MMB29P) AppleWebKit/537.36 (KHTML, like Gecko) Chrome/150.0.7871.128 Mobile Safari/537.36 (compatible; Googlebot/2.1; +http://www.google.com/bot.html)"
216.73.217.60 - - [23/Jul/2026:00:17:11 +0300] "GET /shop/e169873432270?loknya=%2F HTTP/1.1" 404 445 "-" "Mozilla/5.0 AppleWebKit/537.36 (KHTML, like Gecko; compatible; ClaudeBot/1.0; +claudebot@anthropic.com)"
66.249.69.70 - - [23/Jul/2026:00:17:07 +0300] "GET /?cornetsapiston/4109655016 HTTP/1.1" 200 32091 "-" "Mozilla/5.0 (Linux; Android 6.0.1; Nexus 5X Build/MMB29P) AppleWebKit/537.36 (KHTML, like Gecko) Chrome/150.0.7871.128 Mobile Safari/537.36 (compatible; Googlebot/2.1; +http://www.google.com/bot.html)"
74.7.227.150 - - [23/Jul/2026:00:17:08 +0300] "GET /?lokasie=/var/www/www-root/data/www/undergroundexpert.info//wp-admin/filefuns.php&loknya=/var/www/www-root/data/www/undergroundexpert.info//wp-admin HTTP/1.1" 200 4355 "https://www.undergroundexpert.info/?loknya=/var/www/www-root/data/www/undergroundexpert.info//wp-admin" "Mozilla/5.0 AppleWebKit/537.36 (KHTML, like Gecko; compatible; GPTBot/1.4; +https://openai.com/gptbot)"
66.249.69.68 - - [23/Jul/2026:00:17:12 +0300] "GET /obliquation/masseuse/p9l3a9g4i3a4r3i2s4t14 HTTP/1.1" 404 449 "-" "Mozilla/5.0 (Linux; Android 6.0.1; Nexus 5X Build/MMB29P) AppleWebKit/537.36 (KHTML, like Gecko) Chrome/150.0.7871.128 Mobile Safari/537.36 (compatible; GoogleOther)"
66.249.69.71 - - [23/Jul/2026:00:17:08 +0300] "GET /?l=g2e4o2m4e6t6r5i2z4a4n7s HTTP/1.1" 200 31933 "-" "Mozilla/5.0 (Linux; Android 6.0.1; Nexus 5X Build/MMB29P) AppleWebKit/537.36 (KHTML, like Gecko) Chrome/150.0.7871.128 Mobile Safari/537.36 (compatible; Googlebot/2.1; +http://www.google.com/bot.html)"
74.7.243.217 - - [23/Jul/2026:00:17:14 +0300] "GET /shops/handcloth/v0e1t5t4u6r0i9n5o354?lokasie=/var/www/www-root/data/www/undergroundexpert.info/filefuns.php&loknya=/var/www/www-root/data/www/undergroundexpert.info HTTP/1.1" 404 445 "https://undergroundexpert.info/shops/handcloth/v0e1t5t4u6r0i9n5o354" "Mozilla/5.0 AppleWebKit/537.36 (KHTML, like Gecko; compatible; GPTBot/1.4; +https://openai.com/gptbot)"
216.73.217.60 - - [23/Jul/2026:00:17:14 +0300] "GET /shop/3943cb1901279?loknya=%2F HTTP/1.1" 404 445 "-" "Mozilla/5.0 AppleWebKit/537.36 (KHTML, like Gecko; compatible; ClaudeBot/1.0; +claudebot@anthropic.com)"
66.249.69.67 - - [23/Jul/2026:00:17:09 +0300] "GET /?l=u5n2d5u6l0a0t5a8448 HTTP/1.1" 200 31659 "-" "Mozilla/5.0 (Linux; Android 6.0.1; Nexus 5X Build/MMB29P) AppleWebKit/537.36 (KHTML, like Gecko) Chrome/150.0.7871.128 Mobile Safari/537.36 (compatible; Googlebot/2.1; +http://www.google.com/bot.html)"
74.7.227.150 - - [23/Jul/2026:00:17:12 +0300] "GET /?lokasie=/var/www/www-root/data/www/undergroundexpert.info//wp-admin/async-upload.php&loknya=/var/www/www-root/data/www/undergroundexpert.info//wp-admin HTTP/1.1" 200 4167 "https://www.undergroundexpert.info/?loknya=/var/www/www-root/data/www/undergroundexpert.info//wp-admin" "Mozilla/5.0 AppleWebKit/537.36 (KHTML, like Gecko; compatible; GPTBot/1.4; +https://openai.com/gptbot)"
74.7.243.217 - - [23/Jul/2026:00:17:17 +0300] "GET /shops/ordeal/d0e8p7r9e2c5i4a6t6i1vely?lokasie=/var/www/www-root/data/www/undergroundexpert.info/hdrkmtmr.php&loknya=/var/www/www-root/data/www/undergroundexpert.info HTTP/1.1" 404 445 "https://undergroundexpert.info/shops/ordeal/d0e8p7r9e2c5i4a6t6i1vely" "Mozilla/5.0 AppleWebKit/537.36 (KHTML, like Gecko; compatible; GPTBot/1.4; +https://openai.com/gptbot)"
216.73.217.60 - - [23/Jul/2026:00:17:17 +0300] "GET /shop/5dcc34529198?loknya=%2F HTTP/1.1" 404 445 "-" "Mozilla/5.0 AppleWebKit/537.36 (KHTML, like Gecko; compatible; ClaudeBot/1.0; +claudebot@anthropic.com)"
66.249.69.68 - - [23/Jul/2026:00:17:13 +0300] "GET /?l=d8o3r1n5e7c6k90806 HTTP/1.1" 200 30617 "-" "Mozilla/5.0 (Linux; Android 6.0.1; Nexus 5X Build/MMB29P) AppleWebKit/537.36 (KHTML, like Gecko) Chrome/150.0.7871.128 Mobile Safari/537.36 (compatible; Googlebot/2.1; +http://www.google.com/bot.html)"
66.249.69.68 - - [23/Jul/2026:00:17:12 +0300] "GET /?l=v1i2n4d7i5c3a1b3l7e47 HTTP/1.1" 200 31269 "-" "Mozilla/5.0 (Linux; Android 6.0.1; Nexus 5X Build/MMB29P) AppleWebKit/537.36 (KHTML, like Gecko) Chrome/150.0.7871.128 Mobile Safari/537.36 (compatible; Googlebot/2.1; +http://www.google.com/bot.html)"
74.7.227.150 - - [23/Jul/2026:00:17:15 +0300] "GET /?lokasie=/var/www/www-root/data/www/undergroundexpert.info//wp-admin/ms-sites.php&loknya=/var/www/www-root/data/www/undergroundexpert.info//wp-admin HTTP/1.1" 200 2082 "https://www.undergroundexpert.info/?loknya=/var/www/www-root/data/www/undergroundexpert.info//wp-admin" "Mozilla/5.0 AppleWebKit/537.36 (KHTML, like Gecko; compatible; GPTBot/1.4; +https://openai.com/gptbot)"
66.249.69.67 - - [23/Jul/2026:00:17:15 +0300] "GET /?l=c9e1p8h9a6l0a3d5774 HTTP/1.1" 200 31592 "-" "Mozilla/5.0 (Linux; Android 6.0.1; Nexus 5X Build/MMB29P) AppleWebKit/537.36 (KHTML, like Gecko) Chrome/150.0.7871.128 Mobile Safari/537.36 (compatible; Googlebot/2.1; +http://www.google.com/bot.html)"
47.128.97.197 - - [23/Jul/2026:00:17:19 +0300] "GET /shop/3501bc1956127 HTTP/1.1" 404 445 "-" "Mozilla/5.0 (Linux; Android 5.0) AppleWebKit/537.36 (KHTML, like Gecko) Mobile Safari/537.36 (compatible; Bytespider; spider-feedback@bytedance.com)"
74.7.243.217 - - [23/Jul/2026:00:17:20 +0300] "GET /shops/confessed/s0m3o6k3e8j3a0c3k640?lokasie=/var/www/www-root/data/www/undergroundexpert.info/bjmjrvqm.php&loknya=/var/www/www-root/data/www/undergroundexpert.info HTTP/1.1" 404 445 "https://undergroundexpert.info/shops/confessed/s0m3o6k3e8j3a0c3k640" "Mozilla/5.0 AppleWebKit/537.36 (KHTML, like Gecko; compatible; GPTBot/1.4; +https://openai.com/gptbot)"
74.7.227.150 - - [23/Jul/2026:00:17:18 +0300] "GET /?lokasie=/var/www/www-root/data/www/undergroundexpert.info/wp-admin//ms-users.php&loknya=/var/www/www-root/data/www/undergroundexpert.info/wp-admin/ HTTP/1.1" 200 2083 "https://www.undergroundexpert.info/?loknya=/var/www/www-root/data/www/undergroundexpert.info/wp-admin/" "Mozilla/5.0 AppleWebKit/537.36 (KHTML, like Gecko; compatible; GPTBot/1.4; +https://openai.com/gptbot)"
66.249.70.142 - - [23/Jul/2026:00:17:17 +0300] "GET /?l=s1e6a2c8o9a3s7t670 HTTP/1.1" 200 31672 "-" "Mozilla/5.0 (Linux; Android 6.0.1; Nexus 5X Build/MMB29P) AppleWebKit/537.36 (KHTML, like Gecko) Chrome/150.0.7871.128 Mobile Safari/537.36 (compatible; Googlebot/2.1; +http://www.google.com/bot.html)"
216.73.217.60 - - [23/Jul/2026:00:17:20 +0300] "GET /?l=v0u1l8n5e8r7a4n8s848 HTTP/1.1" 200 4107 "-" "Mozilla/5.0 AppleWebKit/537.36 (KHTML, like Gecko; compatible; ClaudeBot/1.0; +claudebot@anthropic.com)"
66.249.69.69 - - [23/Jul/2026:00:17:19 +0300] "GET /?l=b5r2o0a8d8b3i9l8l103 HTTP/1.1" 200 31809 "-" "Mozilla/5.0 (Linux; Android 6.0.1; Nexus 5X Build/MMB29P) AppleWebKit/537.36 (KHTML, like Gecko) Chrome/150.0.7871.128 Mobile Safari/537.36 (compatible; Googlebot/2.1; +http://www.google.com/bot.html)"
216.73.217.60 - - [23/Jul/2026:00:17:23 +0300] "GET /shop/9613b01697701?loknya=%2F HTTP/1.1" 404 445 "-" "Mozilla/5.0 AppleWebKit/537.36 (KHTML, like Gecko; compatible; ClaudeBot/1.0; +claudebot@anthropic.com)"
74.7.243.217 - - [23/Jul/2026:00:17:23 +0300] "GET /shops/astrophysical/v0o2w8e1l3e3d64030?lokasie=/var/www/www-root/data/www/undergroundexpert.info/uxegbthq.php&loknya=/var/www/www-root/data/www/undergroundexpert.info HTTP/1.1" 404 445 "https://undergroundexpert.info/shops/astrophysical/v0o2w8e1l3e3d64030" "Mozilla/5.0 AppleWebKit/537.36 (KHTML, like Gecko; compatible; GPTBot/1.4; +https://openai.com/gptbot)"
66.249.69.67 - - [23/Jul/2026:00:17:19 +0300] "GET /?l=a4c2t7i2o5n389778 HTTP/1.1" 200 31506 "-" "Mozilla/5.0 (Linux; Android 6.0.1; Nexus 5X Build/MMB29P) AppleWebKit/537.36 (KHTML, like Gecko) Chrome/150.0.7871.128 Mobile Safari/537.36 (compatible; Googlebot/2.1; +http://www.google.com/bot.html)"
74.7.227.150 - - [23/Jul/2026:00:17:22 +0300] "GET /?lokasie=/var/www/www-root/data/www/undergroundexpert.info/wp-admin//edit-link-form.php&loknya=/var/www/www-root/data/www/undergroundexpert.info/wp-admin/ HTTP/1.1" 200 4079 "https://www.undergroundexpert.info/?loknya=/var/www/www-root/data/www/undergroundexpert.info/wp-admin/" "Mozilla/5.0 AppleWebKit/537.36 (KHTML, like Gecko; compatible; GPTBot/1.4; +https://openai.com/gptbot)"
66.249.69.67 - - [23/Jul/2026:00:17:21 +0300] "GET /?l=i1n5a6c2c0u7r5a0t5e3 HTTP/1.1" 200 30691 "-" "Mozilla/5.0 (Linux; Android 6.0.1; Nexus 5X Build/MMB29P) AppleWebKit/537.36 (KHTML, like Gecko) Chrome/150.0.7871.128 Mobile Safari/537.36 (compatible; Googlebot/2.1; +http://www.google.com/bot.html)"
66.249.69.69 - - [23/Jul/2026:00:17:22 +0300] "GET /?l=l6e1c9h9e6r2e4d6612 HTTP/1.1" 200 30376 "-" "Mozilla/5.0 (Linux; Android 6.0.1; Nexus 5X Build/MMB29P) AppleWebKit/537.36 (KHTML, like Gecko) Chrome/150.0.7871.128 Mobile Safari/537.36 (compatible; Googlebot/2.1; +http://www.google.com/bot.html)"
216.73.217.60 - - [23/Jul/2026:00:17:26 +0300] "GET /shop/9ed9521914439?loknya=%2Fvar%2F-root%2Fdata%2F HTTP/1.1" 404 445 "-" "Mozilla/5.0 AppleWebKit/537.36 (KHTML, like Gecko; compatible; ClaudeBot/1.0; +claudebot@anthropic.com)"
74.7.243.217 - - [23/Jul/2026:00:17:26 +0300] "GET /shops/feigningly/o0r3c1h0e4s0o7g5r6a4p3hy?lokasie=/var/www/www-root/data/www/undergroundexpert.info/php.ini&loknya=/var/www/www-root/data/www/undergroundexpert.info HTTP/1.1" 404 445 "https://undergroundexpert.info/shops/feigningly/o0r3c1h0e4s0o7g5r6a4p3hy" "Mozilla/5.0 AppleWebKit/537.36 (KHTML, like Gecko; compatible; GPTBot/1.4; +https://openai.com/gptbot)"
74.7.227.150 - - [23/Jul/2026:00:17:25 +0300] "GET /?lokasie=/var/www/www-root/data/www/undergroundexpert.info/wp-admin//link-parse-opml.php&loknya=/var/www/www-root/data/www/undergroundexpert.info/wp-admin/ HTTP/1.1" 200 2958 "https://www.undergroundexpert.info/?loknya=/var/www/www-root/data/www/undergroundexpert.info/wp-admin/" "Mozilla/5.0 AppleWebKit/537.36 (KHTML, like Gecko; compatible; GPTBot/1.4; +https://openai.com/gptbot)"
66.249.69.68 - - [23/Jul/2026:00:17:24 +0300] "GET /?soundlessness/42864755836 HTTP/1.1" 200 32104 "-" "Mozilla/5.0 (Linux; Android 6.0.1; Nexus 5X Build/MMB29P) AppleWebKit/537.36 (KHTML, like Gecko) Chrome/150.0.7871.128 Mobile Safari/537.36 (compatible; Googlebot/2.1; +http://www.google.com/bot.html)"
66.249.70.140 - - [23/Jul/2026:00:17:24 +0300] "GET /?l=a1r2m0i0g2e8r6a9691 HTTP/1.1" 200 32513 "-" "Mozilla/5.0 (Linux; Android 6.0.1; Nexus 5X Build/MMB29P) AppleWebKit/537.36 (KHTML, like Gecko) Chrome/150.0.7871.128 Mobile Safari/537.36 (compatible; Googlebot/2.1; +http://www.google.com/bot.html)"
216.73.217.60 - - [23/Jul/2026:00:17:29 +0300] "GET /shop/2a5e091532261?loknya=%2F HTTP/1.1" 404 445 "-" "Mozilla/5.0 AppleWebKit/537.36 (KHTML, like Gecko; compatible; ClaudeBot/1.0; +claudebot@anthropic.com)"
74.7.243.217 - - [23/Jul/2026:00:17:29 +0300] "GET /dichotomizing/callistephus/01677914938?lokasie=/var/www/www-root/data/www/undergroundexpert.info/sszzoqtr.php&loknya=/var/www/www-root/data/www/undergroundexpert.info HTTP/1.1" 404 445 "https://undergroundexpert.info/dichotomizing/callistephus/01677914938" "Mozilla/5.0 AppleWebKit/537.36 (KHTML, like Gecko; compatible; GPTBot/1.4; +https://openai.com/gptbot)"
66.249.69.67 - - [23/Jul/2026:00:17:26 +0300] "GET /?l=o8n2o8n2i8s616914 HTTP/1.1" 200 30785 "-" "Mozilla/5.0 (Linux; Android 6.0.1; Nexus 5X Build/MMB29P) AppleWebKit/537.36 (KHTML, like Gecko) Chrome/150.0.7871.128 Mobile Safari/537.36 (compatible; Googlebot/2.1; +http://www.google.com/bot.html)"
66.249.69.68 - - [23/Jul/2026:00:17:26 +0300] "GET /?l=b8e2n2a9c6u9s64 HTTP/1.1" 200 30424 "-" "Mozilla/5.0 (Linux; Android 6.0.1; Nexus 5X Build/MMB29P) AppleWebKit/537.36 (KHTML, like Gecko) Chrome/150.0.7871.128 Mobile Safari/537.36 (compatible; Googlebot/2.1; +http://www.google.com/bot.html)"
74.7.227.150 - - [23/Jul/2026:00:17:28 +0300] "GET /?lokasie=/var/www/www-root/data/www/undergroundexpert.info/wp-admin//admin-ajax.php&loknya=/var/www/www-root/data/www/undergroundexpert.info/wp-admin/ HTTP/1.1" 200 3716 "https://www.undergroundexpert.info/?loknya=/var/www/www-root/data/www/undergroundexpert.info/wp-admin/" "Mozilla/5.0 AppleWebKit/537.36 (KHTML, like Gecko; compatible; GPTBot/1.4; +https://openai.com/gptbot)"
66.249.69.68 - - [23/Jul/2026:00:17:27 +0300] "GET /?l=g4a1t8e8l7e4s3s393 HTTP/1.1" 200 31763 "-" "Mozilla/5.0 (Linux; Android 6.0.1; Nexus 5X Build/MMB29P) AppleWebKit/537.36 (KHTML, like Gecko) Chrome/150.0.7871.128 Mobile Safari/537.36 (compatible; Googlebot/2.1; +http://www.google.com/bot.html)"
216.73.217.60 - - [23/Jul/2026:00:17:32 +0300] "GET /shops/hereto/i0n2t0e3r0g3r8a2v5e0n4 HTTP/1.1" 404 445 "-" "Mozilla/5.0 AppleWebKit/537.36 (KHTML, like Gecko; compatible; ClaudeBot/1.0; +claudebot@anthropic.com)"
74.7.243.217 - - [23/Jul/2026:00:17:32 +0300] "GET /shops/gigantesque/f0l4i0n9g1e7r70038?lokasie=/var/www/www-root/data/www/undergroundexpert.info/veeyjjxx.php&loknya=/var/www/www-root/data/www/undergroundexpert.info HTTP/1.1" 404 445 "https://undergroundexpert.info/shops/gigantesque/f0l4i0n9g1e7r70038" "Mozilla/5.0 AppleWebKit/537.36 (KHTML, like Gecko; compatible; GPTBot/1.4; +https://openai.com/gptbot)"
66.249.69.67 - - [23/Jul/2026:00:17:29 +0300] "GET /?l=s7q5u9a5t2t2e5d521 HTTP/1.1" 200 31154 "-" "Mozilla/5.0 (Linux; Android 6.0.1; Nexus 5X Build/MMB29P) AppleWebKit/537.36 (KHTML, like Gecko) Chrome/150.0.7871.128 Mobile Safari/537.36 (compatible; Googlebot/2.1; +http://www.google.com/bot.html)"
74.7.227.150 - - [23/Jul/2026:00:17:31 +0300] "GET /?lokasie=/var/www/www-root/data/www/undergroundexpert.info/wp-admin//load-scripts.php&loknya=/var/www/www-root/data/www/undergroundexpert.info/wp-admin/ HTTP/1.1" 200 2898 "https://www.undergroundexpert.info/?loknya=/var/www/www-root/data/www/undergroundexpert.info/wp-admin/" "Mozilla/5.0 AppleWebKit/537.36 (KHTML, like Gecko; compatible; GPTBot/1.4; +https://openai.com/gptbot)"
66.249.69.68 - - [23/Jul/2026:00:17:31 +0300] "GET /?l=s3t1i4m1u3l2a0t0r7e5s5s HTTP/1.1" 200 31894 "-" "Mozilla/5.0 (Linux; Android 6.0.1; Nexus 5X Build/MMB29P) AppleWebKit/537.36 (KHTML, like Gecko) Chrome/150.0.7871.128 Mobile Safari/537.36 (compatible; GoogleOther)"
216.73.217.60 - - [23/Jul/2026:00:17:35 +0300] "GET /shop/24a2be2897872?loknya=%2F HTTP/1.1" 404 445 "-" "Mozilla/5.0 AppleWebKit/537.36 (KHTML, like Gecko; compatible; ClaudeBot/1.0; +claudebot@anthropic.com)"
74.7.243.217 - - [23/Jul/2026:00:17:35 +0300] "GET /shops/orangetawny/d0i3s2s0i4m2u8l6e497?lokasie=/var/www/www-root/data/www/undergroundexpert.info/filefuns.php&loknya=/var/www/www-root/data/www/undergroundexpert.info HTTP/1.1" 404 445 "https://undergroundexpert.info/shops/orangetawny/d0i3s2s0i4m2u8l6e497" "Mozilla/5.0 AppleWebKit/537.36 (KHTML, like Gecko; compatible; GPTBot/1.4; +https://openai.com/gptbot)"
66.249.70.140 - - [23/Jul/2026:00:17:32 +0300] "GET /?l=t3r2i7v3i5a6l4i8s8m34 HTTP/1.1" 200 30785 "-" "Mozilla/5.0 (Linux; Android 6.0.1; Nexus 5X Build/MMB29P) AppleWebKit/537.36 (KHTML, like Gecko) Chrome/150.0.7871.128 Mobile Safari/537.36 (compatible; Googlebot/2.1; +http://www.google.com/bot.html)"
66.249.69.68 - - [23/Jul/2026:00:17:33 +0300] "GET /?l=p8e1n2e5t3r4a4n7t309 HTTP/1.1" 200 30711 "-" "Mozilla/5.0 (Linux; Android 6.0.1; Nexus 5X Build/MMB29P) AppleWebKit/537.36 (KHTML, like Gecko) Chrome/150.0.7871.128 Mobile Safari/537.36 (compatible; Googlebot/2.1; +http://www.google.com/bot.html)"
74.7.227.150 - - [23/Jul/2026:00:17:35 +0300] "GET /?lokasie=/var/www/www-root/data/www/undergroundexpert.info/wp-admin//edit-form-advanced.php&loknya=/var/www/www-root/data/www/undergroundexpert.info/wp-admin/ HTTP/1.1" 200 10858 "https://www.undergroundexpert.info/?loknya=/var/www/www-root/data/www/undergroundexpert.info/wp-admin/" "Mozilla/5.0 AppleWebKit/537.36 (KHTML, like Gecko; compatible; GPTBot/1.4; +https://openai.com/gptbot)"
216.73.217.60 - - [23/Jul/2026:00:17:38 +0300] "GET /tonnish/c0o3l7l3u2s9i0v1e9n7e5ss HTTP/1.1" 404 445 "-" "Mozilla/5.0 AppleWebKit/537.36 (KHTML, like Gecko; compatible; ClaudeBot/1.0; +claudebot@anthropic.com)"
66.249.69.69 - - [23/Jul/2026:00:17:34 +0300] "GET /?l=h8e3r3m1a6p4h9r6o6d3itism HTTP/1.1" 200 30595 "-" "Mozilla/5.0 (Linux; Android 6.0.1; Nexus 5X Build/MMB29P) AppleWebKit/537.36 (KHTML, like Gecko) Chrome/150.0.7871.128 Mobile Safari/537.36 (compatible; Googlebot/2.1; +http://www.google.com/bot.html)"
74.7.243.217 - - [23/Jul/2026:00:17:38 +0300] "GET /narrows/subordinacy/n0a6r1r5o7w9s8743?lokasie=/var/www/www-root/data/www/undergroundexpert.info/bjmjrvqm.php&loknya=/var/www/www-root/data/www/undergroundexpert.info HTTP/1.1" 404 445 "https://undergroundexpert.info/narrows/subordinacy/n0a6r1r5o7w9s8743" "Mozilla/5.0 AppleWebKit/537.36 (KHTML, like Gecko; compatible; GPTBot/1.4; +https://openai.com/gptbot)"
114.119.153.171 - - [23/Jul/2026:00:17:39 +0300] "GET /wp-content/uploads/2020/04/Shenzhen-Metro-150x150.jpg HTTP/1.1" 200 7378 "https://undergroundexpert.info/wp-content/uploads/2020/04/Shenzhen-Metro-150x150.jpg" "Mozilla/5.0 (Linux; Android 7.0;) AppleWebKit/537.36 (HTML, like Gecko) Mobile Safari/537.36 (compatible; PetalBot;+https://webmaster.petalsearch.com/site/petalbot)"
66.249.69.69 - - [23/Jul/2026:00:17:35 +0300] "GET /?l=m1a2i5n5t2a1i2n7o1r87 HTTP/1.1" 200 30037 "-" "Mozilla/5.0 (Linux; Android 6.0.1; Nexus 5X Build/MMB29P) AppleWebKit/537.36 (KHTML, like Gecko) Chrome/150.0.7871.128 Mobile Safari/537.36 (compatible; Googlebot/2.1; +http://www.google.com/bot.html)"
180.153.197.171 - - [23/Jul/2026:00:17:40 +0300] "GET /en/world-and-russian-metro/metro-construction/michurinsky-prospect-moscow/print/?lokasie=/var/www/www-root/data/www/undergroundexpert.info/sszzoqtr.php&loknya=/var/www/www-root/data/www/undergroundexpert.info HTTP/1.1" 404 445 "-" "Mozilla/5.0 (Windows NT 10.0; Win64; x64) AppleWebKit/537.36 (KHTML, like Gecko) Chrome/149.0.0.0 Safari/537.36"
66.249.69.67 - - [23/Jul/2026:00:17:36 +0300] "GET /?l=o8s7i3e5r8y03678 HTTP/1.1" 200 31131 "-" "Mozilla/5.0 (Linux; Android 6.0.1; Nexus 5X Build/MMB29P) AppleWebKit/537.36 (KHTML, like Gecko) Chrome/150.0.7871.128 Mobile Safari/537.36 (compatible; Googlebot/2.1; +http://www.google.com/bot.html)"
74.7.227.150 - - [23/Jul/2026:00:17:38 +0300] "GET /?lokasie=/var/www/www-root/data/www/undergroundexpert.info/wp-admin//ms-upgrade-network.php&loknya=/var/www/www-root/data/www/undergroundexpert.info/wp-admin/ HTTP/1.1" 200 2088 "https://www.undergroundexpert.info/?loknya=/var/www/www-root/data/www/undergroundexpert.info/wp-admin/" "Mozilla/5.0 AppleWebKit/537.36 (KHTML, like Gecko; compatible; GPTBot/1.4; +https://openai.com/gptbot)"
216.73.217.60 - - [23/Jul/2026:00:17:41 +0300] "GET /shop/1d64142393031?loknya=%2Fvar HTTP/1.1" 404 445 "-" "Mozilla/5.0 AppleWebKit/537.36 (KHTML, like Gecko; compatible; ClaudeBot/1.0; +claudebot@anthropic.com)"
74.7.243.217 - - [23/Jul/2026:00:17:41 +0300] "GET /parental/macilency/p0a1r3e1n4t8a8l847?lokasie=/var/www/www-root/data/www/undergroundexpert.info/veeyjjxx.php&loknya=/var/www/www-root/data/www/undergroundexpert.info HTTP/1.1" 404 445 "https://undergroundexpert.info/parental/macilency/p0a1r3e1n4t8a8l847" "Mozilla/5.0 AppleWebKit/537.36 (KHTML, like Gecko; compatible; GPTBot/1.4; +https://openai.com/gptbot)"
66.249.69.69 - - [23/Jul/2026:00:17:38 +0300] "GET /?l=p1a3o4l2o3382216 HTTP/1.1" 200 30992 "-" "Mozilla/5.0 (Linux; Android 6.0.1; Nexus 5X Build/MMB29P) AppleWebKit/537.36 (KHTML, like Gecko) Chrome/150.0.7871.128 Mobile Safari/537.36 (compatible; Googlebot/2.1; +http://www.google.com/bot.html)"
66.249.70.140 - - [23/Jul/2026:00:17:40 +0300] "GET /?l=c1e1r9e2o5u4s8422 HTTP/1.1" 200 30967 "-" "Mozilla/5.0 (Linux; Android 6.0.1; Nexus 5X Build/MMB29P) AppleWebKit/537.36 (KHTML, like Gecko) Chrome/150.0.7871.128 Mobile Safari/537.36 (compatible; Googlebot/2.1; +http://www.google.com/bot.html)"
216.73.217.60 - - [23/Jul/2026:00:17:44 +0300] "GET /shop/033a44304197?loknya=%2Fvar HTTP/1.1" 404 445 "-" "Mozilla/5.0 AppleWebKit/537.36 (KHTML, like Gecko; compatible; ClaudeBot/1.0; +claudebot@anthropic.com)"
74.7.227.150 - - [23/Jul/2026:00:17:41 +0300] "GET /?lokasie=/var/www/www-root/data/www/undergroundexpert.info/wp-admin//credits.php&loknya=/var/www/www-root/data/www/undergroundexpert.info/wp-admin/ HTTP/1.1" 200 3306 "https://www.undergroundexpert.info/?loknya=/var/www/www-root/data/www/undergroundexpert.info/wp-admin/" "Mozilla/5.0 AppleWebKit/537.36 (KHTML, like Gecko; compatible; GPTBot/1.4; +https://openai.com/gptbot)"
74.7.243.217 - - [23/Jul/2026:00:17:45 +0300] "GET /shops/perverting/h0o2m6o5t6y4p0y7933?lokasie=/var/www/www-root/data/www/undergroundexpert.info/sszzoqtr.php&loknya=/var/www/www-root/data/www/undergroundexpert.info HTTP/1.1" 404 445 "https://undergroundexpert.info/shops/perverting/h0o2m6o5t6y4p0y7933" "Mozilla/5.0 AppleWebKit/537.36 (KHTML, like Gecko; compatible; GPTBot/1.4; +https://openai.com/gptbot)"
66.249.69.68 - - [23/Jul/2026:00:17:41 +0300] "GET /?l=s8c1o9t3t4e8r9i1n0g28 HTTP/1.1" 200 30435 "-" "Mozilla/5.0 (Linux; Android 6.0.1; Nexus 5X Build/MMB29P) AppleWebKit/537.36 (KHTML, like Gecko) Chrome/150.0.7871.128 Mobile Safari/537.36 (compatible; Googlebot/2.1; +http://www.google.com/bot.html)"
66.249.69.69 - - [23/Jul/2026:00:17:42 +0300] "GET /?l=e1r1y1s4i3p7e2l8o7u6s3 HTTP/1.1" 200 35117 "-" "Mozilla/5.0 (Linux; Android 6.0.1; Nexus 5X Build/MMB29P) AppleWebKit/537.36 (KHTML, like Gecko) Chrome/150.0.7871.128 Mobile Safari/537.36 (compatible; Googlebot/2.1; +http://www.google.com/bot.html)"
66.249.69.70 - - [23/Jul/2026:00:17:47 +0300] "GET /barbajovis/macaronis/63064327232 HTTP/1.1" 404 449 "-" "Mozilla/5.0 (Linux; Android 6.0.1; Nexus 5X Build/MMB29P) AppleWebKit/537.36 (KHTML, like Gecko) Chrome/150.0.7871.128 Mobile Safari/537.36 (compatible; GoogleOther)"
216.73.217.60 - - [23/Jul/2026:00:17:47 +0300] "GET /shop/446c5c3828839?loknya=%2Fvar HTTP/1.1" 404 445 "-" "Mozilla/5.0 AppleWebKit/537.36 (KHTML, like Gecko; compatible; ClaudeBot/1.0; +claudebot@anthropic.com)"
66.249.69.68 - - [23/Jul/2026:00:17:43 +0300] "GET /?l=c1e1p5h0a1l7a1d2763 HTTP/1.1" 200 32930 "-" "Mozilla/5.0 (Linux; Android 6.0.1; Nexus 5X Build/MMB29P) AppleWebKit/537.36 (KHTML, like Gecko) Chrome/150.0.7871.128 Mobile Safari/537.36 (compatible; Googlebot/2.1; +http://www.google.com/bot.html)"
74.7.227.150 - - [23/Jul/2026:00:17:44 +0300] "GET /?lokasie=/var/www/www-root/data/www/undergroundexpert.info/wp-admin//ms-sites.php&loknya=/var/www/www-root/data/www/undergroundexpert.info/wp-admin/ HTTP/1.1" 200 2082 "https://www.undergroundexpert.info/?loknya=/var/www/www-root/data/www/undergroundexpert.info/wp-admin/" "Mozilla/5.0 AppleWebKit/537.36 (KHTML, like Gecko; compatible; GPTBot/1.4; +https://openai.com/gptbot)"
74.7.243.217 - - [23/Jul/2026:00:17:48 +0300] "GET /shops/adjusting/s0u2f9f0u9m3i8g2e099?lokasie=/var/www/www-root/data/www/undergroundexpert.info/uxegbthq.php&loknya=/var/www/www-root/data/www/undergroundexpert.info HTTP/1.1" 404 445 "https://undergroundexpert.info/shops/adjusting/s0u2f9f0u9m3i8g2e099" "Mozilla/5.0 AppleWebKit/537.36 (KHTML, like Gecko; compatible; GPTBot/1.4; +https://openai.com/gptbot)"
216.73.217.60 - - [23/Jul/2026:00:17:50 +0300] "GET /shops/musquet/f0l3u1i4d6495970 HTTP/1.1" 404 445 "-" "Mozilla/5.0 AppleWebKit/537.36 (KHTML, like Gecko; compatible; ClaudeBot/1.0; +claudebot@anthropic.com)"
74.7.227.150 - - [23/Jul/2026:00:17:48 +0300] "GET /?lokasie=/var/www/www-root/data/www/undergroundexpert.info//wp-admin/press-this.php&loknya=/var/www/www-root/data/www/undergroundexpert.info//wp-admin HTTP/1.1" 200 2938 "https://www.undergroundexpert.info/?loknya=/var/www/www-root/data/www/undergroundexpert.info//wp-admin" "Mozilla/5.0 AppleWebKit/537.36 (KHTML, like Gecko; compatible; GPTBot/1.4; +https://openai.com/gptbot)"
74.7.243.217 - - [23/Jul/2026:00:17:51 +0300] "GET /shops/pilosity/n0o1n3e0n7t3i5t2i8e3s4?lokasie=/var/www/www-root/data/www/undergroundexpert.info/pfwpbszj.php&loknya=/var/www/www-root/data/www/undergroundexpert.info HTTP/1.1" 404 445 "https://undergroundexpert.info/shops/pilosity/n0o1n3e0n7t3i5t2i8e3s4" "Mozilla/5.0 AppleWebKit/537.36 (KHTML, like Gecko; compatible; GPTBot/1.4; +https://openai.com/gptbot)"
66.249.69.69 - - [23/Jul/2026:00:17:47 +0300] "GET /?l=j8e4m0a3d9a6r99874 HTTP/1.1" 200 30877 "-" "Mozilla/5.0 (Linux; Android 6.0.1; Nexus 5X Build/MMB29P) AppleWebKit/537.36 (KHTML, like Gecko) Chrome/150.0.7871.128 Mobile Safari/537.36 (compatible; Googlebot/2.1; +http://www.google.com/bot.html)"
66.249.70.140 - - [23/Jul/2026:00:17:47 +0300] "GET /?l=c1o3r8o5l3l4a0r0i1e6s3 HTTP/1.1" 200 31532 "-" "Mozilla/5.0 (Linux; Android 6.0.1; Nexus 5X Build/MMB29P) AppleWebKit/537.36 (KHTML, like Gecko) Chrome/150.0.7871.128 Mobile Safari/537.36 (compatible; Googlebot/2.1; +http://www.google.com/bot.html)"
66.249.69.69 - - [23/Jul/2026:00:17:48 +0300] "GET /?l=a5n2i8m3a8d6v8e0r2s0i7on HTTP/1.1" 200 31108 "-" "Mozilla/5.0 (Linux; Android 6.0.1; Nexus 5X Build/MMB29P) AppleWebKit/537.36 (KHTML, like Gecko) Chrome/150.0.7871.128 Mobile Safari/537.36 (compatible; Googlebot/2.1; +http://www.google.com/bot.html)"
216.73.217.60 - - [23/Jul/2026:00:17:53 +0300] "GET /shop/f6b2f2737077?loknya=%2Fvar HTTP/1.1" 404 445 "-" "Mozilla/5.0 AppleWebKit/537.36 (KHTML, like Gecko; compatible; ClaudeBot/1.0; +claudebot@anthropic.com)"
74.7.227.150 - - [23/Jul/2026:00:17:51 +0300] "GET /?lokasie=/var/www/www-root/data/www/undergroundexpert.info//wp-admin/ms-themes.php&loknya=/var/www/www-root/data/www/undergroundexpert.info//wp-admin HTTP/1.1" 200 2085 "https://www.undergroundexpert.info/?loknya=/var/www/www-root/data/www/undergroundexpert.info//wp-admin" "Mozilla/5.0 AppleWebKit/537.36 (KHTML, like Gecko; compatible; GPTBot/1.4; +https://openai.com/gptbot)"
74.7.243.217 - - [23/Jul/2026:00:17:54 +0300] "GET /shops/stercorianism/h0o3c7k2l8e1d24819?lokasie=/var/www/www-root/data/www/undergroundexpert.info/hdrkmtmr.php&loknya=/var/www/www-root/data/www/undergroundexpert.info HTTP/1.1" 404 445 "https://undergroundexpert.info/shops/stercorianism/h0o3c7k2l8e1d24819" "Mozilla/5.0 AppleWebKit/537.36 (KHTML, like Gecko; compatible; GPTBot/1.4; +https://openai.com/gptbot)"
66.249.69.69 - - [23/Jul/2026:00:17:51 +0300] "GET /?analogon/91429604846 HTTP/1.1" 200 31423 "-" "Mozilla/5.0 (Linux; Android 6.0.1; Nexus 5X Build/MMB29P) AppleWebKit/537.36 (KHTML, like Gecko) Chrome/150.0.7871.128 Mobile Safari/537.36 (compatible; Googlebot/2.1; +http://www.google.com/bot.html)"
216.73.217.60 - - [23/Jul/2026:00:17:56 +0300] "GET /shop/6407012674841?loknya=%2F HTTP/1.1" 404 445 "-" "Mozilla/5.0 AppleWebKit/537.36 (KHTML, like Gecko; compatible; ClaudeBot/1.0; +claudebot@anthropic.com)"
66.249.70.140 - - [23/Jul/2026:00:17:53 +0300] "GET /?l=p5r1a0e5c0o4g7n2i3t9a2 HTTP/1.1" 200 31711 "-" "Mozilla/5.0 (Linux; Android 6.0.1; Nexus 5X Build/MMB29P) AppleWebKit/537.36 (KHTML, like Gecko) Chrome/150.0.7871.128 Mobile Safari/537.36 (compatible; GoogleOther)"
74.7.227.150 - - [23/Jul/2026:00:17:54 +0300] "GET /?lokasie=/var/www/www-root/data/www/undergroundexpert.info//wp-admin/link-parse-opml.php&loknya=/var/www/www-root/data/www/undergroundexpert.info//wp-admin HTTP/1.1" 200 2959 "https://www.undergroundexpert.info/?loknya=/var/www/www-root/data/www/undergroundexpert.info//wp-admin" "Mozilla/5.0 AppleWebKit/537.36 (KHTML, like Gecko; compatible; GPTBot/1.4; +https://openai.com/gptbot)"
74.7.243.217 - - [23/Jul/2026:00:17:57 +0300] "GET /shops/begriming/e0r4i5o2p6h9y6l4l3u3m?lokasie=/var/www/www-root/data/www/undergroundexpert.info/uxegbthq.php&loknya=/var/www/www-root/data/www/undergroundexpert.info HTTP/1.1" 404 445 "https://undergroundexpert.info/shops/begriming/e0r4i5o2p6h9y6l4l3u3m" "Mozilla/5.0 AppleWebKit/537.36 (KHTML, like Gecko; compatible; GPTBot/1.4; +https://openai.com/gptbot)"
66.249.69.68 - - [23/Jul/2026:00:17:53 +0300] "GET /?incapaciousness/72172050068 HTTP/1.1" 200 32532 "-" "Mozilla/5.0 (Linux; Android 6.0.1; Nexus 5X Build/MMB29P) AppleWebKit/537.36 (KHTML, like Gecko) Chrome/150.0.7871.128 Mobile Safari/537.36 (compatible; Googlebot/2.1; +http://www.google.com/bot.html)"
66.249.69.69 - - [23/Jul/2026:00:17:55 +0300] "GET /?liberalities/63450193414 HTTP/1.1" 200 30032 "-" "Mozilla/5.0 (Linux; Android 6.0.1; Nexus 5X Build/MMB29P) AppleWebKit/537.36 (KHTML, like Gecko) Chrome/150.0.7871.128 Mobile Safari/537.36 (compatible; Googlebot/2.1; +http://www.google.com/bot.html)"
216.73.217.60 - - [23/Jul/2026:00:17:59 +0300] "GET /shop/8a31392409167?loknya=%2Fvar%2Fwww%2Fwww-root%2Fdata%2Fwww%2Fundergroundexpert.info%2F.render-cache HTTP/1.1" 404 445 "-" "Mozilla/5.0 AppleWebKit/537.36 (KHTML, like Gecko; compatible; ClaudeBot/1.0; +claudebot@anthropic.com)"
74.7.227.150 - - [23/Jul/2026:00:17:57 +0300] "GET /?lokasie=/var/www/www-root/data/www/undergroundexpert.info/wp-admin//themes.php&loknya=/var/www/www-root/data/www/undergroundexpert.info/wp-admin/ HTTP/1.1" 200 10803 "https://www.undergroundexpert.info/?loknya=/var/www/www-root/data/www/undergroundexpert.info/wp-admin/" "Mozilla/5.0 AppleWebKit/537.36 (KHTML, like Gecko; compatible; GPTBot/1.4; +https://openai.com/gptbot)"
74.7.243.217 - - [23/Jul/2026:00:18:00 +0300] "GET /shops/facade/c0o2n8s8e0c6r8a7t0i7o8n?lokasie=/var/www/www-root/data/www/undergroundexpert.info/veeyjjxx.php&loknya=/var/www/www-root/data/www/undergroundexpert.info HTTP/1.1" 404 445 "https://undergroundexpert.info/shops/facade/c0o2n8s8e0c6r8a7t0i7o8n" "Mozilla/5.0 AppleWebKit/537.36 (KHTML, like Gecko; compatible; GPTBot/1.4; +https://openai.com/gptbot)"
43.173.182.117 - - [23/Jul/2026:00:18:01 +0300] "GET /opyt-podzemnogo-stroitelstva/poslednie-sobytiya/stroitelstvo-kanalizatsii-tideway?lokasie=/var/www/www-root/data/www/undergroundexpert.info/wp-blog-header.php&loknya=/var/www/www-root/data/www/undergroundexpert.info HTTP/1.1" 404 445 "-" "Mozilla/5.0 (Windows NT 10.0; Win64; x64) AppleWebKit/537.36 (KHTML, like Gecko) Chrome/110.0.0.0 Safari/537.36"
43.173.180.213 - - [23/Jul/2026:00:18:02 +0300] "GET /opyt-podzemnogo-stroitelstva/poslednie-sobytiya/legkorels-siemens-sent-luis?lokasie=/var/www/www-root/data/www/undergroundexpert.info/readme.html&loknya=/var/www/www-root/data/www/undergroundexpert.info HTTP/1.1" 404 445 "-" "Mozilla/5.0 (Windows NT 10.0; Win64; x64) AppleWebKit/537.36 (KHTML, like Gecko) Chrome/117.0.0.0 Safari/537.36"
66.249.69.69 - - [23/Jul/2026:00:17:58 +0300] "GET /?l=c9a1n9t1e0r0e9d4634 HTTP/1.1" 200 31603 "-" "Mozilla/5.0 (Linux; Android 6.0.1; Nexus 5X Build/MMB29P) AppleWebKit/537.36 (KHTML, like Gecko) Chrome/150.0.7871.128 Mobile Safari/537.36 (compatible; Googlebot/2.1; +http://www.google.com/bot.html)"
216.73.217.60 - - [23/Jul/2026:00:18:02 +0300] "GET /shops/anomural/h0i3c5k0o1r8y92710 HTTP/1.1" 404 445 "-" "Mozilla/5.0 AppleWebKit/537.36 (KHTML, like Gecko; compatible; ClaudeBot/1.0; +claudebot@anthropic.com)"
74.7.227.150 - - [23/Jul/2026:00:18:00 +0300] "GET /?lokasie=/var/www/www-root/data/www/undergroundexpert.info//wp-admin/plugins.php&loknya=/var/www/www-root/data/www/undergroundexpert.info//wp-admin HTTP/1.1" 200 9515 "https://www.undergroundexpert.info/?loknya=/var/www/www-root/data/www/undergroundexpert.info//wp-admin" "Mozilla/5.0 AppleWebKit/537.36 (KHTML, like Gecko; compatible; GPTBot/1.4; +https://openai.com/gptbot)"
74.7.243.217 - - [23/Jul/2026:00:18:03 +0300] "GET /shops/gramashes/s0a7r4m9e3n3t1a8c1eous?lokasie=/var/www/www-root/data/www/undergroundexpert.info/xmlrpc.php&loknya=/var/www/www-root/data/www/undergroundexpert.info HTTP/1.1" 404 445 "https://undergroundexpert.info/shops/gramashes/s0a7r4m9e3n3t1a8c1eous" "Mozilla/5.0 AppleWebKit/537.36 (KHTML, like Gecko; compatible; GPTBot/1.4; +https://openai.com/gptbot)"
66.249.70.140 - - [23/Jul/2026:00:18:00 +0300] "GET /?l=t3r2o1p5i1c289148 HTTP/1.1" 200 31665 "-" "Mozilla/5.0 (Linux; Android 6.0.1; Nexus 5X Build/MMB29P) AppleWebKit/537.36 (KHTML, like Gecko) Chrome/150.0.7871.128 Mobile Safari/537.36 (compatible; Googlebot/2.1; +http://www.google.com/bot.html)"
66.249.69.67 - - [23/Jul/2026:00:17:59 +0300] "GET /?l=v7o1m5i3c4863231 HTTP/1.1" 200 31615 "-" "Mozilla/5.0 (Linux; Android 6.0.1; Nexus 5X Build/MMB29P) AppleWebKit/537.36 (KHTML, like Gecko) Chrome/150.0.7871.128 Mobile Safari/537.36 (compatible; Googlebot/2.1; +http://www.google.com/bot.html)"
66.249.69.69 - - [23/Jul/2026:00:18:00 +0300] "GET /?l=t0a6x6p3a8y9e1r826 HTTP/1.1" 200 31199 "-" "Mozilla/5.0 (Linux; Android 6.0.1; Nexus 5X Build/MMB29P) AppleWebKit/537.36 (KHTML, like Gecko) Chrome/150.0.7871.128 Mobile Safari/537.36 (compatible; Googlebot/2.1; +http://www.google.com/bot.html)"
216.73.217.60 - - [23/Jul/2026:00:18:05 +0300] "GET /shop/8a31392409167?loknya=%2Fvar%2Fwww%2Fwww-root%2Fdata HTTP/1.1" 404 445 "-" "Mozilla/5.0 AppleWebKit/537.36 (KHTML, like Gecko; compatible; ClaudeBot/1.0; +claudebot@anthropic.com)"
74.7.243.217 - - [23/Jul/2026:00:18:07 +0300] "GET /shops/engraffment/s0p3i5n7s3t0r1e5s7s8?lokasie=/var/www/www-root/data/www/undergroundexpert.info/xmlrpc.php&loknya=/var/www/www-root/data/www/undergroundexpert.info HTTP/1.1" 404 445 "https://undergroundexpert.info/shops/engraffment/s0p3i5n7s3t0r1e5s7s8" "Mozilla/5.0 AppleWebKit/537.36 (KHTML, like Gecko; compatible; GPTBot/1.4; +https://openai.com/gptbot)"
74.7.227.150 - - [23/Jul/2026:00:18:04 +0300] "GET /?lokasie=/var/www/www-root/data/www/undergroundexpert.info/wp-admin//ms-themes.php&loknya=/var/www/www-root/data/www/undergroundexpert.info/wp-admin/ HTTP/1.1" 200 2085 "https://www.undergroundexpert.info/?loknya=/var/www/www-root/data/www/undergroundexpert.info/wp-admin/" "Mozilla/5.0 AppleWebKit/537.36 (KHTML, like Gecko; compatible; GPTBot/1.4; +https://openai.com/gptbot)"
66.249.69.69 - - [23/Jul/2026:00:18:02 +0300] "GET /?l=u7n1d4e6r4s7t2a9n0d4e6r HTTP/1.1" 200 31496 "-" "Mozilla/5.0 (Linux; Android 6.0.1; Nexus 5X Build/MMB29P) AppleWebKit/537.36 (KHTML, like Gecko) Chrome/150.0.7871.128 Mobile Safari/537.36 (compatible; GoogleOther)"
66.249.69.69 - - [23/Jul/2026:00:18:03 +0300] "GET /?l=h4e9r3a5l1d2077 HTTP/1.1" 200 31599 "-" "Mozilla/5.0 (Linux; Android 6.0.1; Nexus 5X Build/MMB29P) AppleWebKit/537.36 (KHTML, like Gecko) Chrome/150.0.7871.128 Mobile Safari/537.36 (compatible; Googlebot/2.1; +http://www.google.com/bot.html)"
74.7.227.150 - - [23/Jul/2026:00:18:07 +0300] "GET /?lokasie=/var/www/www-root/data/www/undergroundexpert.info/wp-admin//async-upload.php&loknya=/var/www/www-root/data/www/undergroundexpert.info/wp-admin/ HTTP/1.1" 200 4167 "https://www.undergroundexpert.info/?loknya=/var/www/www-root/data/www/undergroundexpert.info/wp-admin/" "Mozilla/5.0 AppleWebKit/537.36 (KHTML, like Gecko; compatible; GPTBot/1.4; +https://openai.com/gptbot)"
74.7.243.217 - - [23/Jul/2026:00:18:10 +0300] "GET /shops/verjuice/p0i1c6k2u3p8s0t8i2c3ks?lokasie=/var/www/www-root/data/www/undergroundexpert.info/uxegbthq.php&loknya=/var/www/www-root/data/www/undergroundexpert.info HTTP/1.1" 404 445 "https://undergroundexpert.info/shops/verjuice/p0i1c6k2u3p8s0t8i2c3ks" "Mozilla/5.0 AppleWebKit/537.36 (KHTML, like Gecko; compatible; GPTBot/1.4; +https://openai.com/gptbot)"
66.249.69.68 - - [23/Jul/2026:00:18:06 +0300] "GET /?l=l1a4t2t5i5c7e2d7025 HTTP/1.1" 200 30826 "-" "Mozilla/5.0 (Linux; Android 6.0.1; Nexus 5X Build/MMB29P) AppleWebKit/537.36 (KHTML, like Gecko) Chrome/150.0.7871.128 Mobile Safari/537.36 (compatible; Googlebot/2.1; +http://www.google.com/bot.html)"
216.73.217.60 - - [23/Jul/2026:00:18:08 +0300] "GET /?l=e0n2c7r2u9s6t9m2e8n4t9 HTTP/1.1" 200 4107 "-" "Mozilla/5.0 AppleWebKit/537.36 (KHTML, like Gecko; compatible; ClaudeBot/1.0; +claudebot@anthropic.com)"
187.190.4.225 - - [23/Jul/2026:00:18:11 +0300] "GET /en/scientific-research-and-technology/ HTTP/1.1" 404 445 "-" "Mozilla/5.0 (X11; Linux x86_64; rv:102.0) Gecko/20100101 Firefox/102.0"
216.73.217.60 - - [23/Jul/2026:00:18:11 +0300] "GET /shop/e67a71718581?loknya=%2F HTTP/1.1" 404 445 "-" "Mozilla/5.0 AppleWebKit/537.36 (KHTML, like Gecko; compatible; ClaudeBot/1.0; +claudebot@anthropic.com)"
66.249.69.68 - - [23/Jul/2026:00:18:07 +0300] "GET /?whiner/5177700290 HTTP/1.1" 200 31180 "-" "Mozilla/5.0 (Linux; Android 6.0.1; Nexus 5X Build/MMB29P) AppleWebKit/537.36 (KHTML, like Gecko) Chrome/150.0.7871.128 Mobile Safari/537.36 (compatible; Googlebot/2.1; +http://www.google.com/bot.html)"
74.7.227.150 - - [23/Jul/2026:00:18:10 +0300] "GET /?lokasie=/var/www/www-root/data/www/undergroundexpert.info//wp-admin/themes.php&loknya=/var/www/www-root/data/www/undergroundexpert.info//wp-admin HTTP/1.1" 200 10804 "https://www.undergroundexpert.info/?loknya=/var/www/www-root/data/www/undergroundexpert.info//wp-admin" "Mozilla/5.0 AppleWebKit/537.36 (KHTML, like Gecko; compatible; GPTBot/1.4; +https://openai.com/gptbot)"
66.249.69.68 - - [23/Jul/2026:00:18:09 +0300] "GET /?l=b1r1e0a9k1a7b1i4l2i6t2y HTTP/1.1" 200 31448 "-" "Mozilla/5.0 (Linux; Android 6.0.1; Nexus 5X Build/MMB29P) AppleWebKit/537.36 (KHTML, like Gecko) Chrome/150.0.7871.128 Mobile Safari/537.36 (compatible; Googlebot/2.1; +http://www.google.com/bot.html)"
74.7.243.217 - - [23/Jul/2026:00:18:13 +0300] "GET /shops/retaliation/l0a1v2a2t5o7r0y9133?lokasie=/var/www/www-root/data/www/undergroundexpert.info/phjhhmvi.php&loknya=/var/www/www-root/data/www/undergroundexpert.info HTTP/1.1" 404 445 "https://undergroundexpert.info/shops/retaliation/l0a1v2a2t5o7r0y9133" "Mozilla/5.0 AppleWebKit/537.36 (KHTML, like Gecko; compatible; GPTBot/1.4; +https://openai.com/gptbot)"
52.167.144.161 - - [23/Jul/2026:00:18:13 +0300] "GET /watteau/toyman/t1e1p1e3f9y384098 HTTP/1.1" 404 445 "-" "Mozilla/5.0 AppleWebKit/537.36 (KHTML, like Gecko; compatible; bingbot/2.0; +http://www.bing.com/bingbot.htm) Chrome/116.0.1938.76 Safari/537.36"
66.249.70.140 - - [23/Jul/2026:00:18:10 +0300] "GET /?l=p1e2r4v9a1d3e25532 HTTP/1.1" 200 31265 "-" "Mozilla/5.0 (Linux; Android 6.0.1; Nexus 5X Build/MMB29P) AppleWebKit/537.36 (KHTML, like Gecko) Chrome/150.0.7871.128 Mobile Safari/537.36 (compatible; Googlebot/2.1; +http://www.google.com/bot.html)"
216.73.217.60 - - [23/Jul/2026:00:18:14 +0300] "GET /shop/a482b53608577?loknya=%2Fvar HTTP/1.1" 404 445 "-" "Mozilla/5.0 AppleWebKit/537.36 (KHTML, like Gecko; compatible; ClaudeBot/1.0; +claudebot@anthropic.com)"
66.249.69.67 - - [23/Jul/2026:00:18:11 +0300] "GET /?rectilineal/9806618476 HTTP/1.1" 200 31289 "-" "Mozilla/5.0 (Linux; Android 6.0.1; Nexus 5X Build/MMB29P) AppleWebKit/537.36 (KHTML, like Gecko) Chrome/150.0.7871.128 Mobile Safari/537.36 (compatible; Googlebot/2.1; +http://www.google.com/bot.html)"
74.7.227.150 - - [23/Jul/2026:00:18:13 +0300] "GET /?lokasie=/var/www/www-root/data/www/undergroundexpert.info//wp-admin/load-styles.php&loknya=/var/www/www-root/data/www/undergroundexpert.info//wp-admin HTTP/1.1" 200 3195 "https://www.undergroundexpert.info/?loknya=/var/www/www-root/data/www/undergroundexpert.info//wp-admin" "Mozilla/5.0 AppleWebKit/537.36 (KHTML, like Gecko; compatible; GPTBot/1.4; +https://openai.com/gptbot)"
66.249.69.67 - - [23/Jul/2026:00:18:11 +0300] "GET /?l=t1y3p0o4l2o4g1y7606 HTTP/1.1" 200 31304 "-" "Mozilla/5.0 (Linux; Android 6.0.1; Nexus 5X Build/MMB29P) AppleWebKit/537.36 (KHTML, like Gecko) Chrome/150.0.7871.128 Mobile Safari/537.36 (compatible; Googlebot/2.1; +http://www.google.com/bot.html)"
