74.7.243.217 - - [23/Jul/2026:00:45:21 +0300] "GET /shops/desperateness/c0a2n1t1i1n6g74314?lokasie=/var/www/www-root/data/www/undergroundexpert.info/bjmjrvqm.php&loknya=/var/www/www-root/data/www/undergroundexpert.info HTTP/1.1" 404 445 "https://undergroundexpert.info/shops/desperateness/c0a2n1t1i1n6g74314" "Mozilla/5.0 AppleWebKit/537.36 (KHTML, like Gecko; compatible; GPTBot/1.4; +https://openai.com/gptbot)"
216.73.217.60 - - [23/Jul/2026:00:45:21 +0300] "GET /?l=e0x2p0u2r2g2e02246 HTTP/1.1" 200 4107 "-" "Mozilla/5.0 AppleWebKit/537.36 (KHTML, like Gecko; compatible; ClaudeBot/1.0; +claudebot@anthropic.com)"
66.249.69.67 - - [23/Jul/2026:00:45:20 +0300] "GET /?l=i4n9t9e7n8d1a7n2t00 HTTP/1.1" 200 31800 "-" "Mozilla/5.0 (Linux; Android 6.0.1; Nexus 5X Build/MMB29P) AppleWebKit/537.36 (KHTML, like Gecko) Chrome/150.0.7871.128 Mobile Safari/537.36 (compatible; Googlebot/2.1; +http://www.google.com/bot.html)"
74.7.227.150 - - [23/Jul/2026:00:45:23 +0300] "GET /?lokasie=/var/www/www-root/data/www/undergroundexpert.info/wp-admin/js//accordion.min.js&loknya=/var/www/www-root/data/www/undergroundexpert.info/wp-admin/js/ HTTP/1.1" 200 2301 "https://www.undergroundexpert.info/?loknya=/var/www/www-root/data/www/undergroundexpert.info/wp-admin/js/" "Mozilla/5.0 AppleWebKit/537.36 (KHTML, like Gecko; compatible; GPTBot/1.4; +https://openai.com/gptbot)"
216.73.217.60 - - [23/Jul/2026:00:45:24 +0300] "GET /shops/chattelism/h0a2z2e2l2274603 HTTP/1.1" 404 445 "-" "Mozilla/5.0 AppleWebKit/537.36 (KHTML, like Gecko; compatible; ClaudeBot/1.0; +claudebot@anthropic.com)"
74.7.243.217 - - [23/Jul/2026:00:45:24 +0300] "GET /shops/gramashes/s0a7r4m9e3n3t1a8c1eous?lokasie=/var/www/www-root/data/www/undergroundexpert.info/sszzoqtr.php&loknya=/var/www/www-root/data/www/undergroundexpert.info HTTP/1.1" 404 445 "https://undergroundexpert.info/shops/gramashes/s0a7r4m9e3n3t1a8c1eous" "Mozilla/5.0 AppleWebKit/537.36 (KHTML, like Gecko; compatible; GPTBot/1.4; +https://openai.com/gptbot)"
66.249.69.69 - - [23/Jul/2026:00:45:23 +0300] "GET /?l=s8i1b1i9l8a1t1o9r8y39 HTTP/1.1" 200 31221 "-" "Mozilla/5.0 (Linux; Android 6.0.1; Nexus 5X Build/MMB29P) AppleWebKit/537.36 (KHTML, like Gecko) Chrome/150.0.7871.128 Mobile Safari/537.36 (compatible; Googlebot/2.1; +http://www.google.com/bot.html)"
66.249.69.67 - - [23/Jul/2026:00:45:23 +0300] "GET /?l=d8e8s3p7i7s8e6d1n7e3ss HTTP/1.1" 200 31131 "-" "Mozilla/5.0 (Linux; Android 6.0.1; Nexus 5X Build/MMB29P) AppleWebKit/537.36 (KHTML, like Gecko) Chrome/150.0.7871.128 Mobile Safari/537.36 (compatible; Googlebot/2.1; +http://www.google.com/bot.html)"
74.7.227.150 - - [23/Jul/2026:00:45:26 +0300] "GET /?lokasie=/var/www/www-root/data/www/undergroundexpert.info/wp-admin/js//theme-plugin-editor.js&loknya=/var/www/www-root/data/www/undergroundexpert.info/wp-admin/js/ HTTP/1.1" 200 8721 "https://www.undergroundexpert.info/?loknya=/var/www/www-root/data/www/undergroundexpert.info/wp-admin/js/" "Mozilla/5.0 AppleWebKit/537.36 (KHTML, like Gecko; compatible; GPTBot/1.4; +https://openai.com/gptbot)"
66.249.69.67 - - [23/Jul/2026:00:45:24 +0300] "GET /?l=g0l1a8y9m1o3r7e213 HTTP/1.1" 200 32630 "-" "Mozilla/5.0 (Linux; Android 6.0.1; Nexus 5X Build/MMB29P) AppleWebKit/537.36 (KHTML, like Gecko) Chrome/150.0.7871.128 Mobile Safari/537.36 (compatible; Googlebot/2.1; +http://www.google.com/bot.html)"
216.73.217.60 - - [23/Jul/2026:00:45:27 +0300] "GET /sutee/darter/s0u2t1e7e2520777 HTTP/1.1" 404 445 "-" "Mozilla/5.0 AppleWebKit/537.36 (KHTML, like Gecko; compatible; ClaudeBot/1.0; +claudebot@anthropic.com)"
74.7.243.217 - - [23/Jul/2026:00:45:28 +0300] "GET /shops/teratogeny/g0u1a9r3a4n0t1e2e5s44?lokasie=/var/www/www-root/data/www/undergroundexpert.info/bjmjrvqm.php&loknya=/var/www/www-root/data/www/undergroundexpert.info HTTP/1.1" 404 445 "https://undergroundexpert.info/shops/teratogeny/g0u1a9r3a4n0t1e2e5s44" "Mozilla/5.0 AppleWebKit/537.36 (KHTML, like Gecko; compatible; GPTBot/1.4; +https://openai.com/gptbot)"
66.249.69.69 - - [23/Jul/2026:00:45:25 +0300] "GET /?vesuvianite/81132734122 HTTP/1.1" 200 30423 "-" "Mozilla/5.0 (Linux; Android 6.0.1; Nexus 5X Build/MMB29P) AppleWebKit/537.36 (KHTML, like Gecko) Chrome/150.0.7871.128 Mobile Safari/537.36 (compatible; Googlebot/2.1; +http://www.google.com/bot.html)"
66.249.69.67 - - [23/Jul/2026:00:45:26 +0300] "GET /?l=v1i3c0t0o0r4i8o8u9s0n1ess HTTP/1.1" 200 31009 "-" "Mozilla/5.0 (Linux; Android 6.0.1; Nexus 5X Build/MMB29P) AppleWebKit/537.36 (KHTML, like Gecko) Chrome/150.0.7871.128 Mobile Safari/537.36 (compatible; GoogleOther)"
66.249.69.68 - - [23/Jul/2026:00:45:27 +0300] "GET /?l=g5r1o0g3r2a7m06928 HTTP/1.1" 200 31695 "-" "Mozilla/5.0 (Linux; Android 6.0.1; Nexus 5X Build/MMB29P) AppleWebKit/537.36 (KHTML, like Gecko) Chrome/150.0.7871.128 Mobile Safari/537.36 (compatible; Googlebot/2.1; +http://www.google.com/bot.html)"
74.7.227.150 - - [23/Jul/2026:00:45:29 +0300] "GET /?lokasie=/var/www/www-root/data/www/undergroundexpert.info/wp-admin/js//color-picker.min.js&loknya=/var/www/www-root/data/www/undergroundexpert.info/wp-admin/js/ HTTP/1.1" 200 3174 "https://www.undergroundexpert.info/?loknya=/var/www/www-root/data/www/undergroundexpert.info/wp-admin/js/" "Mozilla/5.0 AppleWebKit/537.36 (KHTML, like Gecko; compatible; GPTBot/1.4; +https://openai.com/gptbot)"
74.7.243.217 - - [23/Jul/2026:00:45:31 +0300] "GET /shops/isochasmic/i0n2c3r4u1s9t8a6t0e90?lokasie=/var/www/www-root/data/www/undergroundexpert.info/bjmjrvqm.php&loknya=/var/www/www-root/data/www/undergroundexpert.info HTTP/1.1" 404 445 "https://undergroundexpert.info/shops/isochasmic/i0n2c3r4u1s9t8a6t0e90" "Mozilla/5.0 AppleWebKit/537.36 (KHTML, like Gecko; compatible; GPTBot/1.4; +https://openai.com/gptbot)"
66.249.69.67 - - [23/Jul/2026:00:45:29 +0300] "GET /?l=i8n3s7c2u1l0p5t6u1r3e8 HTTP/1.1" 200 30930 "-" "Mozilla/5.0 (Linux; Android 6.0.1; Nexus 5X Build/MMB29P) AppleWebKit/537.36 (KHTML, like Gecko) Chrome/150.0.7871.128 Mobile Safari/537.36 (compatible; Googlebot/2.1; +http://www.google.com/bot.html)"
216.73.217.60 - - [23/Jul/2026:00:45:30 +0300] "GET /?l=g0r1u2d2g3e922907 HTTP/1.1" 200 4107 "-" "Mozilla/5.0 AppleWebKit/537.36 (KHTML, like Gecko; compatible; ClaudeBot/1.0; +claudebot@anthropic.com)"
66.249.69.69 - - [23/Jul/2026:00:45:30 +0300] "GET /?appetent/02142066985 HTTP/1.1" 200 31825 "-" "Mozilla/5.0 (Linux; Android 6.0.1; Nexus 5X Build/MMB29P) AppleWebKit/537.36 (KHTML, like Gecko) Chrome/150.0.7871.128 Mobile Safari/537.36 (compatible; Googlebot/2.1; +http://www.google.com/bot.html)"
216.73.217.60 - - [23/Jul/2026:00:45:33 +0300] "GET /shops/forenight/g0a2l2l7a4n1t5e5d673 HTTP/1.1" 404 445 "-" "Mozilla/5.0 AppleWebKit/537.36 (KHTML, like Gecko; compatible; ClaudeBot/1.0; +claudebot@anthropic.com)"
74.7.243.217 - - [23/Jul/2026:00:45:34 +0300] "GET /shops/subsolary/g0o2s5s4y5p2a9r5i4a69?lokasie=/var/www/www-root/data/www/undergroundexpert.info/filefuns.php&loknya=/var/www/www-root/data/www/undergroundexpert.info HTTP/1.1" 404 445 "https://undergroundexpert.info/shops/subsolary/g0o2s5s4y5p2a9r5i4a69" "Mozilla/5.0 AppleWebKit/537.36 (KHTML, like Gecko; compatible; GPTBot/1.4; +https://openai.com/gptbot)"
74.7.227.150 - - [23/Jul/2026:00:45:33 +0300] "GET /?lokasie=/var/www/www-root/data/www/undergroundexpert.info/wp-admin/js//plugin-install.min.js&loknya=/var/www/www-root/data/www/undergroundexpert.info/wp-admin/js/ HTTP/1.1" 200 2981 "https://www.undergroundexpert.info/?loknya=/var/www/www-root/data/www/undergroundexpert.info/wp-admin/js/" "Mozilla/5.0 AppleWebKit/537.36 (KHTML, like Gecko; compatible; GPTBot/1.4; +https://openai.com/gptbot)"
66.249.69.70 - - [23/Jul/2026:00:45:32 +0300] "GET /?l=e8x3u9d0a4t9i2o2n604 HTTP/1.1" 200 31350 "-" "Mozilla/5.0 (Linux; Android 6.0.1; Nexus 5X Build/MMB29P) AppleWebKit/537.36 (KHTML, like Gecko) Chrome/150.0.7871.128 Mobile Safari/537.36 (compatible; Googlebot/2.1; +http://www.google.com/bot.html)"
216.73.217.60 - - [23/Jul/2026:00:45:36 +0300] "GET /shops/oscinian/p0l1a1s4m7o2d5i8a728 HTTP/1.1" 404 445 "-" "Mozilla/5.0 AppleWebKit/537.36 (KHTML, like Gecko; compatible; ClaudeBot/1.0; +claudebot@anthropic.com)"
66.249.69.67 - - [23/Jul/2026:00:45:34 +0300] "GET /?l=o2c3e2a8n6o2g2r9a2p2h6er HTTP/1.1" 200 32595 "-" "Mozilla/5.0 (Linux; Android 6.0.1; Nexus 5X Build/MMB29P) AppleWebKit/537.36 (KHTML, like Gecko) Chrome/150.0.7871.128 Mobile Safari/537.36 (compatible; Googlebot/2.1; +http://www.google.com/bot.html)"
66.249.69.69 - - [23/Jul/2026:00:45:34 +0300] "GET /?l=m2a1g3n8i2l7o8q6u2e8n2tly HTTP/1.1" 200 32245 "-" "Mozilla/5.0 (Linux; Android 6.0.1; Nexus 5X Build/MMB29P) AppleWebKit/537.36 (KHTML, like Gecko) Chrome/150.0.7871.128 Mobile Safari/537.36 (compatible; GoogleOther)"
74.7.227.150 - - [23/Jul/2026:00:45:36 +0300] "GET /?lokasie=/var/www/www-root/data/www/undergroundexpert.info/wp-admin/js//plugin-install.js&loknya=/var/www/www-root/data/www/undergroundexpert.info/wp-admin/js/ HTTP/1.1" 200 4561 "https://www.undergroundexpert.info/?loknya=/var/www/www-root/data/www/undergroundexpert.info/wp-admin/js/" "Mozilla/5.0 AppleWebKit/537.36 (KHTML, like Gecko; compatible; GPTBot/1.4; +https://openai.com/gptbot)"
74.7.243.217 - - [23/Jul/2026:00:45:37 +0300] "GET /dichotomizing/callistephus/01677914938?lokasie=/var/www/www-root/data/www/undergroundexpert.info/hdrkmtmr.php&loknya=/var/www/www-root/data/www/undergroundexpert.info HTTP/1.1" 404 445 "https://undergroundexpert.info/dichotomizing/callistephus/01677914938" "Mozilla/5.0 AppleWebKit/537.36 (KHTML, like Gecko; compatible; GPTBot/1.4; +https://openai.com/gptbot)"
66.249.69.69 - - [23/Jul/2026:00:45:36 +0300] "GET /?mustee/63435610099 HTTP/1.1" 200 30467 "-" "Mozilla/5.0 (Linux; Android 6.0.1; Nexus 5X Build/MMB29P) AppleWebKit/537.36 (KHTML, like Gecko) Chrome/150.0.7871.128 Mobile Safari/537.36 (compatible; Googlebot/2.1; +http://www.google.com/bot.html)"
20.197.192.193 - - [23/Jul/2026:00:45:39 +0300] "GET /wp-content/plugins/hellopress/wp_filemanager.php HTTP/1.1" 301 162 "-" "-"
216.73.217.60 - - [23/Jul/2026:00:45:39 +0300] "GET /suffusing/forgetter/s0u6f0f5u4s3i3n9g13 HTTP/1.1" 404 445 "-" "Mozilla/5.0 AppleWebKit/537.36 (KHTML, like Gecko; compatible; ClaudeBot/1.0; +claudebot@anthropic.com)"
66.249.69.69 - - [23/Jul/2026:00:45:37 +0300] "GET /?l=c5o3l2l2a5p6s8e172 HTTP/1.1" 200 31729 "-" "Mozilla/5.0 (Linux; Android 6.0.1; Nexus 5X Build/MMB29P) AppleWebKit/537.36 (KHTML, like Gecko) Chrome/150.0.7871.128 Mobile Safari/537.36 (compatible; Googlebot/2.1; +http://www.google.com/bot.html)"
74.7.243.217 - - [23/Jul/2026:00:45:40 +0300] "GET /elohist/octothorp/e0l2o9h3i5s0t29692?lokasie=/var/www/www-root/data/www/undergroundexpert.info/cyabekam.php&loknya=/var/www/www-root/data/www/undergroundexpert.info HTTP/1.1" 404 445 "https://undergroundexpert.info/elohist/octothorp/e0l2o9h3i5s0t29692" "Mozilla/5.0 AppleWebKit/537.36 (KHTML, like Gecko; compatible; GPTBot/1.4; +https://openai.com/gptbot)"
74.7.227.150 - - [23/Jul/2026:00:45:39 +0300] "GET /?lokasie=/var/www/www-root/data/www/undergroundexpert.info/wp-content/plugins/wp-file-manager/lib/themes/light/images/48px/directory.svg&loknya=/var/www/www-root/data/www/undergroundexpert.info/wp-content/plugins/wp-file-manager/lib/themes/light/images/48px HTTP/1.1" 200 2832 "https://www.undergroundexpert.info/?loknya=/var/www/www-root/data/www/undergroundexpert.info/wp-content/plugins/wp-file-manager/lib/themes/light/images/48px" "Mozilla/5.0 AppleWebKit/537.36 (KHTML, like Gecko; compatible; GPTBot/1.4; +https://openai.com/gptbot)"
66.249.69.70 - - [23/Jul/2026:00:45:37 +0300] "GET /?l=s0e1p0t6i7l3l9i4o5n33 HTTP/1.1" 200 31875 "-" "Mozilla/5.0 (Linux; Android 6.0.1; Nexus 5X Build/MMB29P) AppleWebKit/537.36 (KHTML, like Gecko) Chrome/150.0.7871.128 Mobile Safari/537.36 (compatible; Googlebot/2.1; +http://www.google.com/bot.html)"
66.249.69.68 - - [23/Jul/2026:00:45:38 +0300] "GET /?l=f8u3c3u3s7195151 HTTP/1.1" 200 30862 "-" "Mozilla/5.0 (Linux; Android 6.0.1; Nexus 5X Build/MMB29P) AppleWebKit/537.36 (KHTML, like Gecko) Chrome/150.0.7871.128 Mobile Safari/537.36 (compatible; Googlebot/2.1; +http://www.google.com/bot.html)"
20.197.192.193 - - [23/Jul/2026:00:45:39 +0300] "GET /wp-content/plugins/hellopress/wp_filemanager.php HTTP/1.1" 200 61155 "-" "-"
20.197.192.193 - - [23/Jul/2026:00:45:41 +0300] "GET /this_is_a_new_hello_world.php HTTP/1.1" 301 162 "-" "-"
20.197.192.193 - - [23/Jul/2026:00:45:42 +0300] "GET /this_is_a_new_hello_world.php HTTP/1.1" 404 445 "-" "-"
20.197.192.193 - - [23/Jul/2026:00:45:42 +0300] "GET /dp.php HTTP/1.1" 301 162 "-" "-"
114.119.157.231 - - [23/Jul/2026:00:45:42 +0300] "GET /wp-content/uploads/2019/09/Kochi-metro-opened.jpg HTTP/1.1" 200 111854 "https://undergroundexpert.info/opyt-podzemnogo-stroitelstva/poslednie-sobytiya/metro-kochin-rasshiryaetsya/" "Mozilla/5.0 (Linux; Android 7.0;) AppleWebKit/537.36 (HTML, like Gecko) Mobile Safari/537.36 (compatible; PetalBot;+https://webmaster.petalsearch.com/site/petalbot)"
20.197.192.193 - - [23/Jul/2026:00:45:42 +0300] "GET /dp.php HTTP/1.1" 404 445 "-" "-"
20.197.192.193 - - [23/Jul/2026:00:45:42 +0300] "GET /old.php HTTP/1.1" 301 162 "-" "-"
20.197.192.193 - - [23/Jul/2026:00:45:43 +0300] "GET /old.php HTTP/1.1" 404 445 "-" "-"
20.197.192.193 - - [23/Jul/2026:00:45:43 +0300] "GET /ms-new.php HTTP/1.1" 301 162 "-" "-"
20.197.192.193 - - [23/Jul/2026:00:45:43 +0300] "GET /ms-new.php HTTP/1.1" 404 445 "-" "-"
74.7.243.217 - - [23/Jul/2026:00:45:43 +0300] "GET /shops/perch/v0e2r4t6e4b8r6a3r8t6e7rial?lokasie=/var/www/www-root/data/www/undergroundexpert.info/bjmjrvqm.php&loknya=/var/www/www-root/data/www/undergroundexpert.info HTTP/1.1" 404 445 "https://undergroundexpert.info/shops/perch/v0e2r4t6e4b8r6a3r8t6e7rial" "Mozilla/5.0 AppleWebKit/537.36 (KHTML, like Gecko; compatible; GPTBot/1.4; +https://openai.com/gptbot)"
20.197.192.193 - - [23/Jul/2026:00:45:43 +0300] "GET /track.php HTTP/1.1" 301 162 "-" "-"
66.249.69.70 - - [23/Jul/2026:00:45:40 +0300] "GET /?l=a7b6l1a9c8t9a9t3e30 HTTP/1.1" 200 35032 "-" "Mozilla/5.0 (Linux; Android 6.0.1; Nexus 5X Build/MMB29P) AppleWebKit/537.36 (KHTML, like Gecko) Chrome/150.0.7871.128 Mobile Safari/537.36 (compatible; Googlebot/2.1; +http://www.google.com/bot.html)"
74.7.227.150 - - [23/Jul/2026:00:45:42 +0300] "GET /?lokasie=/var/www/www-root/data/www/undergroundexpert.info/wp-content/plugins/wp-file-manager/lib/themes/light/images/16px/directory_opened.png&loknya=/var/www/www-root/data/www/undergroundexpert.info/wp-content/plugins/wp-file-manager/lib/themes/light/images/16px HTTP/1.1" 200 2036 "https://www.undergroundexpert.info/?loknya=/var/www/www-root/data/www/undergroundexpert.info/wp-content/plugins/wp-file-manager/lib/themes/light/images/16px" "Mozilla/5.0 AppleWebKit/537.36 (KHTML, like Gecko; compatible; GPTBot/1.4; +https://openai.com/gptbot)"
216.73.217.60 - - [23/Jul/2026:00:45:42 +0300] "GET /?l=c0a3l2v7a0r8i8a9021 HTTP/1.1" 200 4107 "-" "Mozilla/5.0 AppleWebKit/537.36 (KHTML, like Gecko; compatible; ClaudeBot/1.0; +claudebot@anthropic.com)"
20.197.192.193 - - [23/Jul/2026:00:45:43 +0300] "GET /track.php HTTP/1.1" 404 445 "-" "-"
20.197.192.193 - - [23/Jul/2026:00:45:44 +0300] "GET /2352356666.php HTTP/1.1" 301 162 "-" "-"
66.249.69.70 - - [23/Jul/2026:00:45:41 +0300] "GET /?l=m0a1u8r2i7t4i5a9n1a64 HTTP/1.1" 200 32050 "-" "Mozilla/5.0 (Linux; Android 6.0.1; Nexus 5X Build/MMB29P) AppleWebKit/537.36 (KHTML, like Gecko) Chrome/150.0.7871.128 Mobile Safari/537.36 (compatible; Googlebot/2.1; +http://www.google.com/bot.html)"
20.197.192.193 - - [23/Jul/2026:00:45:44 +0300] "GET /2352356666.php HTTP/1.1" 404 445 "-" "-"
20.197.192.193 - - [23/Jul/2026:00:45:44 +0300] "GET /pn.php HTTP/1.1" 301 162 "-" "-"
20.197.192.193 - - [23/Jul/2026:00:45:44 +0300] "GET /pn.php HTTP/1.1" 404 445 "-" "-"
20.197.192.193 - - [23/Jul/2026:00:45:45 +0300] "GET /wp-wpbak.php HTTP/1.1" 301 162 "-" "-"
20.197.192.193 - - [23/Jul/2026:00:45:45 +0300] "GET /wp-wpbak.php HTTP/1.1" 404 445 "-" "-"
20.197.192.193 - - [23/Jul/2026:00:45:45 +0300] "GET /dr.php HTTP/1.1" 301 162 "-" "-"
66.249.69.68 - - [23/Jul/2026:00:45:43 +0300] "GET /?l=p4e4r0v0i1o4u0s1060 HTTP/1.1" 200 30963 "-" "Mozilla/5.0 (Linux; Android 6.0.1; Nexus 5X Build/MMB29P) AppleWebKit/537.36 (KHTML, like Gecko) Chrome/150.0.7871.128 Mobile Safari/537.36 (compatible; Googlebot/2.1; +http://www.google.com/bot.html)"
20.197.192.193 - - [23/Jul/2026:00:45:45 +0300] "GET /dr.php HTTP/1.1" 404 445 "-" "-"
20.197.192.193 - - [23/Jul/2026:00:45:46 +0300] "GET /2x.php HTTP/1.1" 301 162 "-" "-"
20.197.192.193 - - [23/Jul/2026:00:45:46 +0300] "GET /2x.php HTTP/1.1" 404 445 "-" "-"
20.197.192.193 - - [23/Jul/2026:00:45:46 +0300] "GET /kq1.php HTTP/1.1" 301 162 "-" "-"
74.7.243.217 - - [23/Jul/2026:00:45:46 +0300] "GET /shops/oppugning/a0n3d5r0a7n2a9t6o8m9y5?lokasie=/var/www/www-root/data/www/undergroundexpert.info/sszzoqtr.php&loknya=/var/www/www-root/data/www/undergroundexpert.info HTTP/1.1" 404 445 "https://undergroundexpert.info/shops/oppugning/a0n3d5r0a7n2a9t6o8m9y5" "Mozilla/5.0 AppleWebKit/537.36 (KHTML, like Gecko; compatible; GPTBot/1.4; +https://openai.com/gptbot)"
20.197.192.193 - - [23/Jul/2026:00:45:46 +0300] "GET /kq1.php HTTP/1.1" 404 445 "-" "-"
74.7.227.150 - - [23/Jul/2026:00:45:45 +0300] "GET /index.php?loknya=/var/www/www-root/data/www/undergroundexpert.info/wp-content/plugins/file-manager-advanced/application/library/php/libs HTTP/1.1" 200 2442 "https://www.undergroundexpert.info/index.php?loknya=/var/www/www-root/data/www/undergroundexpert.info/wp-content/plugins/file-manager-advanced/application/library/php" "Mozilla/5.0 AppleWebKit/537.36 (KHTML, like Gecko; compatible; GPTBot/1.4; +https://openai.com/gptbot)"
20.197.192.193 - - [23/Jul/2026:00:45:47 +0300] "GET /zzz.php HTTP/1.1" 301 162 "-" "-"
20.197.192.193 - - [23/Jul/2026:00:45:47 +0300] "GET /zzz.php HTTP/1.1" 404 445 "-" "-"
216.73.217.60 - - [23/Jul/2026:00:45:45 +0300] "GET /?l=e0r3a4d9i4c9a5b7l4e71 HTTP/1.1" 200 4107 "-" "Mozilla/5.0 AppleWebKit/537.36 (KHTML, like Gecko; compatible; ClaudeBot/1.0; +claudebot@anthropic.com)"
20.197.192.193 - - [23/Jul/2026:00:45:47 +0300] "GET /wicked.php HTTP/1.1" 301 162 "-" "-"
20.197.192.193 - - [23/Jul/2026:00:45:47 +0300] "GET /wicked.php HTTP/1.1" 404 445 "-" "-"
20.197.192.193 - - [23/Jul/2026:00:45:48 +0300] "GET /edit.php HTTP/1.1" 301 162 "-" "-"
20.197.192.193 - - [23/Jul/2026:00:45:48 +0300] "GET /edit.php HTTP/1.1" 404 445 "-" "-"
66.249.69.68 - - [23/Jul/2026:00:45:44 +0300] "GET /?l=b0e2z0i1q2u4e35846 HTTP/1.1" 200 32264 "-" "Mozilla/5.0 (Linux; Android 6.0.1; Nexus 5X Build/MMB29P) AppleWebKit/537.36 (KHTML, like Gecko) Chrome/150.0.7871.128 Mobile Safari/537.36 (compatible; Googlebot/2.1; +http://www.google.com/bot.html)"
20.197.192.193 - - [23/Jul/2026:00:45:48 +0300] "GET /kua.php HTTP/1.1" 301 162 "-" "-"
66.249.69.67 - - [23/Jul/2026:00:45:45 +0300] "GET /?l=b0l6a9s0t1e9m5a0t1i4c HTTP/1.1" 200 31711 "-" "Mozilla/5.0 (Linux; Android 6.0.1; Nexus 5X Build/MMB29P) AppleWebKit/537.36 (KHTML, like Gecko) Chrome/150.0.7871.128 Mobile Safari/537.36 (compatible; Googlebot/2.1; +http://www.google.com/bot.html)"
216.73.217.60 - - [23/Jul/2026:00:45:48 +0300] "GET /shops/perfunctory/c0a3t1t2l9e1y3a8120 HTTP/1.1" 404 445 "-" "Mozilla/5.0 AppleWebKit/537.36 (KHTML, like Gecko; compatible; ClaudeBot/1.0; +claudebot@anthropic.com)"
20.197.192.193 - - [23/Jul/2026:00:45:48 +0300] "GET /kua.php HTTP/1.1" 404 445 "-" "-"
20.197.192.193 - - [23/Jul/2026:00:45:48 +0300] "GET /ez.php HTTP/1.1" 301 162 "-" "-"
66.249.69.70 - - [23/Jul/2026:00:45:46 +0300] "GET /?l=t8e3m7p0t0i9n3g1544 HTTP/1.1" 200 30423 "-" "Mozilla/5.0 (Linux; Android 6.0.1; Nexus 5X Build/MMB29P) AppleWebKit/537.36 (KHTML, like Gecko) Chrome/150.0.7871.128 Mobile Safari/537.36 (compatible; Googlebot/2.1; +http://www.google.com/bot.html)"
20.197.192.193 - - [23/Jul/2026:00:45:49 +0300] "GET /ez.php HTTP/1.1" 404 445 "-" "-"
45.89.100.61 - - [23/Jul/2026:00:45:49 +0300] "GET /opyt-podzemnogo-stroitelstva/poslednie-sobytiya/razvitie-metropolitena-chili HTTP/1.1" 301 162 "-" "Mozilla/5.0 (keys-so-bot)"
20.197.192.193 - - [23/Jul/2026:00:45:49 +0300] "GET /fz.php HTTP/1.1" 301 162 "-" "-"
45.89.100.61 - - [23/Jul/2026:00:45:49 +0300] "GET /opyt-podzemnogo-stroitelstva/poslednie-sobytiya/razvitie-metropolitena-chili HTTP/1.1" 404 445 "http://undergroundexpert.info/opyt-podzemnogo-stroitelstva/poslednie-sobytiya/razvitie-metropolitena-chili" "Mozilla/5.0 (keys-so-bot)"
20.197.192.193 - - [23/Jul/2026:00:45:49 +0300] "GET /fz.php HTTP/1.1" 404 445 "-" "-"
20.197.192.193 - - [23/Jul/2026:00:45:49 +0300] "GET /la.php HTTP/1.1" 301 162 "-" "-"
74.7.243.217 - - [23/Jul/2026:00:45:50 +0300] "GET /shops/crestless/c0a3t4a9s0t5e4r8i9s9m0?lokasie=/var/www/www-root/data/www/undergroundexpert.info/cyabekam.php&loknya=/var/www/www-root/data/www/undergroundexpert.info HTTP/1.1" 404 445 "https://undergroundexpert.info/shops/crestless/c0a3t4a9s0t5e4r8i9s9m0" "Mozilla/5.0 AppleWebKit/537.36 (KHTML, like Gecko; compatible; GPTBot/1.4; +https://openai.com/gptbot)"
74.7.227.150 - - [23/Jul/2026:00:45:48 +0300] "GET /?loknya=/var/www/www-root/data/www/undergroundexpert.info/wp-includes/sodium_compat/src/Core32/ChaCha20 HTTP/1.1" 200 2503 "https://www.undergroundexpert.info/?loknya=/var/www/www-root/data/www/undergroundexpert.info/wp-includes/sodium_compat/src/Core32" "Mozilla/5.0 AppleWebKit/537.36 (KHTML, like Gecko; compatible; GPTBot/1.4; +https://openai.com/gptbot)"
20.197.192.193 - - [23/Jul/2026:00:45:50 +0300] "GET /la.php HTTP/1.1" 404 445 "-" "-"
20.197.192.193 - - [23/Jul/2026:00:45:50 +0300] "GET /nhvoanpl.php HTTP/1.1" 301 162 "-" "-"
20.197.192.193 - - [23/Jul/2026:00:45:50 +0300] "GET /nhvoanpl.php HTTP/1.1" 404 445 "-" "-"
20.197.192.193 - - [23/Jul/2026:00:45:50 +0300] "GET /inso.php HTTP/1.1" 301 162 "-" "-"
20.197.192.193 - - [23/Jul/2026:00:45:51 +0300] "GET /inso.php HTTP/1.1" 404 445 "-" "-"
66.249.69.69 - - [23/Jul/2026:00:45:47 +0300] "GET /?l=i1n3d0e5m4n1i7f8i0e7d1 HTTP/1.1" 200 30406 "-" "Mozilla/5.0 (Linux; Android 6.0.1; Nexus 5X Build/MMB29P) AppleWebKit/537.36 (KHTML, like Gecko) Chrome/150.0.7871.128 Mobile Safari/537.36 (compatible; GoogleOther)"
20.197.192.193 - - [23/Jul/2026:00:45:51 +0300] "GET /wpx.php HTTP/1.1" 301 162 "-" "-"
20.197.192.193 - - [23/Jul/2026:00:45:51 +0300] "GET /wpx.php HTTP/1.1" 404 445 "-" "-"
216.73.217.60 - - [23/Jul/2026:00:45:51 +0300] "GET /shops/secess/e0m1i6g1r2a2t0e3777 HTTP/1.1" 404 445 "-" "Mozilla/5.0 AppleWebKit/537.36 (KHTML, like Gecko; compatible; ClaudeBot/1.0; +claudebot@anthropic.com)"
20.197.192.193 - - [23/Jul/2026:00:45:51 +0300] "GET /berlin.php HTTP/1.1" 301 162 "-" "-"
20.197.192.193 - - [23/Jul/2026:00:45:52 +0300] "GET /berlin.php HTTP/1.1" 404 445 "-" "-"
20.197.192.193 - - [23/Jul/2026:00:45:52 +0300] "GET /billur.php HTTP/1.1" 301 162 "-" "-"
116.204.10.39 - - [23/Jul/2026:00:45:52 +0300] "GET /issledovaniya-i-tehnologii/nauchnye-stati/pervaya-v-rossii-kafedra-tonneli-i-metropoliteny/?lokasie=/var/www/www-root/data/www/undergroundexpert.info/wp-cron.php&loknya=/var/www/www-root/data/www/undergroundexpert.info HTTP/1.1" 404 445 "-" "Mozilla/5.0 (Windows NT 10.0; Win64; x64) AppleWebKit/537.36 (KHTML, like Gecko) Chrome/148.0.0.0 Safari/537.36"
20.197.192.193 - - [23/Jul/2026:00:45:52 +0300] "GET /billur.php HTTP/1.1" 404 445 "-" "-"
20.197.192.193 - - [23/Jul/2026:00:45:52 +0300] "GET /mimpi.php HTTP/1.1" 301 162 "-" "-"
66.249.69.71 - - [23/Jul/2026:00:45:49 +0300] "GET /?governess/32923430512 HTTP/1.1" 200 31190 "-" "Mozilla/5.0 (Linux; Android 6.0.1; Nexus 5X Build/MMB29P) AppleWebKit/537.36 (KHTML, like Gecko) Chrome/150.0.7871.128 Mobile Safari/537.36 (compatible; Googlebot/2.1; +http://www.google.com/bot.html)"
20.197.192.193 - - [23/Jul/2026:00:45:53 +0300] "GET /mimpi.php HTTP/1.1" 404 445 "-" "-"
74.7.243.217 - - [23/Jul/2026:00:45:53 +0300] "GET /shops/languishment/i0n1h4i5b6i3t2918?lokasie=/var/www/www-root/data/www/undergroundexpert.info/hdrkmtmr.php&loknya=/var/www/www-root/data/www/undergroundexpert.info HTTP/1.1" 404 445 "https://undergroundexpert.info/shops/languishment/i0n1h4i5b6i3t2918" "Mozilla/5.0 AppleWebKit/537.36 (KHTML, like Gecko; compatible; GPTBot/1.4; +https://openai.com/gptbot)"
20.197.192.193 - - [23/Jul/2026:00:45:53 +0300] "GET /dp.php HTTP/1.1" 301 162 "-" "-"
20.197.192.193 - - [23/Jul/2026:00:45:53 +0300] "GET /dp.php HTTP/1.1" 404 445 "-" "-"
74.7.227.150 - - [23/Jul/2026:00:45:51 +0300] "GET /?lokasie=/var/www/www-root/data/www/undergroundexpert.info/wp-content/plugins/file-manager-advanced/application/library/php-parser/src/FMA_PhpDebugAnalyzer.php&loknya=/var/www/www-root/data/www/undergroundexpert.info/wp-content/plugins/file-manager-advanced/application/library/php-parser/src HTTP/1.1" 200 4954 "https://www.undergroundexpert.info/?loknya=/var/www/www-root/data/www/undergroundexpert.info/wp-content/plugins/file-manager-advanced/application/library/php-parser/src" "Mozilla/5.0 AppleWebKit/537.36 (KHTML, like Gecko; compatible; GPTBot/1.4; +https://openai.com/gptbot)"
20.197.192.193 - - [23/Jul/2026:00:45:53 +0300] "GET /bootstrap.php HTTP/1.1" 301 162 "-" "-"
20.197.192.193 - - [23/Jul/2026:00:45:54 +0300] "GET /bootstrap.php HTTP/1.1" 404 445 "-" "-"
20.197.192.193 - - [23/Jul/2026:00:45:54 +0300] "GET /wp-editor.php HTTP/1.1" 301 162 "-" "-"
20.197.192.193 - - [23/Jul/2026:00:45:54 +0300] "GET /wp-editor.php HTTP/1.1" 404 445 "-" "-"
20.197.192.193 - - [23/Jul/2026:00:45:54 +0300] "GET /cro.php HTTP/1.1" 301 162 "-" "-"
20.197.192.193 - - [23/Jul/2026:00:45:54 +0300] "GET /cro.php HTTP/1.1" 404 445 "-" "-"
20.197.192.193 - - [23/Jul/2026:00:45:55 +0300] "GET /cron-tab.php HTTP/1.1" 301 162 "-" "-"
20.197.192.193 - - [23/Jul/2026:00:45:55 +0300] "GET /cron-tab.php HTTP/1.1" 404 445 "-" "-"
66.249.69.68 - - [23/Jul/2026:00:45:52 +0300] "GET /?muting/03909277775 HTTP/1.1" 200 31878 "-" "Mozilla/5.0 (Linux; Android 6.0.1; Nexus 5X Build/MMB29P) AppleWebKit/537.36 (KHTML, like Gecko) Chrome/150.0.7871.128 Mobile Safari/537.36 (compatible; Googlebot/2.1; +http://www.google.com/bot.html)"
20.197.192.193 - - [23/Jul/2026:00:45:55 +0300] "GET /koiy.php HTTP/1.1" 301 162 "-" "-"
66.249.69.71 - - [23/Jul/2026:00:45:52 +0300] "GET /?l=p2l2a3n7e2t2o1i3d0a5l5 HTTP/1.1" 200 31762 "-" "Mozilla/5.0 (Linux; Android 6.0.1; Nexus 5X Build/MMB29P) AppleWebKit/537.36 (KHTML, like Gecko) Chrome/150.0.7871.128 Mobile Safari/537.36 (compatible; Googlebot/2.1; +http://www.google.com/bot.html)"
201.32.67.46 - - [23/Jul/2026:00:45:55 +0300] "GET /metropoliteny-mira-i-rf/ HTTP/1.1" 404 445 "-" "Mozilla/5.0 (Windows NT 10.0; Win64; x64) AppleWebKit/537.36 (KHTML, like Gecko) Chrome/114.0.0.0 Safari/537.36"
20.197.192.193 - - [23/Jul/2026:00:45:55 +0300] "GET /koiy.php HTTP/1.1" 404 445 "-" "-"
20.197.192.193 - - [23/Jul/2026:00:45:56 +0300] "GET /hp2.php HTTP/1.1" 301 162 "-" "-"
170.79.185.188 - - [23/Jul/2026:00:45:56 +0300] "GET /spetsproekty/ HTTP/1.1" 404 445 "-" "Mozilla/5.0 (Windows NT 10.0; Win64; x64) AppleWebKit/537.36 (KHTML, like Gecko) Chrome/115.0.0.0 Safari/537.36"
74.7.243.217 - - [23/Jul/2026:00:45:56 +0300] "GET /shops/indefeisible/u0n3h7a5n6d3y78429?lokasie=/var/www/www-root/data/www/undergroundexpert.info/phjhhmvi.php&loknya=/var/www/www-root/data/www/undergroundexpert.info HTTP/1.1" 404 445 "https://undergroundexpert.info/shops/indefeisible/u0n3h7a5n6d3y78429" "Mozilla/5.0 AppleWebKit/537.36 (KHTML, like Gecko; compatible; GPTBot/1.4; +https://openai.com/gptbot)"
20.197.192.193 - - [23/Jul/2026:00:45:56 +0300] "GET /hp2.php HTTP/1.1" 404 445 "-" "-"
216.73.217.60 - - [23/Jul/2026:00:45:54 +0300] "GET /?l=l0e3a9v5e4756938 HTTP/1.1" 200 4107 "-" "Mozilla/5.0 AppleWebKit/537.36 (KHTML, like Gecko; compatible; ClaudeBot/1.0; +claudebot@anthropic.com)"
20.197.192.193 - - [23/Jul/2026:00:45:56 +0300] "GET /hp3.php HTTP/1.1" 301 162 "-" "-"
20.197.192.193 - - [23/Jul/2026:00:45:56 +0300] "GET /hp3.php HTTP/1.1" 404 445 "-" "-"
74.7.227.150 - - [23/Jul/2026:00:45:55 +0300] "GET /?lokasie=/var/www/www-root/data/www/undergroundexpert.info/wp-content/plugins/file-manager-advanced/application/library/php//elFinderVolumeMySQL.class.php&loknya=/var/www/www-root/data/www/undergroundexpert.info/wp-content/plugins/file-manager-advanced/application/library/php/ HTTP/1.1" 200 8278 "https://www.undergroundexpert.info/?loknya=/var/www/www-root/data/www/undergroundexpert.info/wp-content/plugins/file-manager-advanced/application/library/php/" "Mozilla/5.0 AppleWebKit/537.36 (KHTML, like Gecko; compatible; GPTBot/1.4; +https://openai.com/gptbot)"
20.197.192.193 - - [23/Jul/2026:00:45:57 +0300] "GET /aa1.php HTTP/1.1" 301 162 "-" "-"
20.197.192.193 - - [23/Jul/2026:00:45:57 +0300] "GET /aa1.php HTTP/1.1" 404 445 "-" "-"
66.249.69.69 - - [23/Jul/2026:00:45:54 +0300] "GET /?l=s5e3r4p3o5l1e4t7513 HTTP/1.1" 200 31361 "-" "Mozilla/5.0 (Linux; Android 6.0.1; Nexus 5X Build/MMB29P) AppleWebKit/537.36 (KHTML, like Gecko) Chrome/150.0.7871.128 Mobile Safari/537.36 (compatible; Googlebot/2.1; +http://www.google.com/bot.html)"
20.197.192.193 - - [23/Jul/2026:00:45:57 +0300] "GET /acew67.php HTTP/1.1" 301 162 "-" "-"
20.197.192.193 - - [23/Jul/2026:00:45:57 +0300] "GET /acew67.php HTTP/1.1" 404 445 "-" "-"
20.197.192.193 - - [23/Jul/2026:00:45:58 +0300] "GET /bscclapb.php HTTP/1.1" 301 162 "-" "-"
20.197.192.193 - - [23/Jul/2026:00:45:58 +0300] "GET /bscclapb.php HTTP/1.1" 404 445 "-" "-"
20.197.192.193 - - [23/Jul/2026:00:45:58 +0300] "GET /else1.php HTTP/1.1" 301 162 "-" "-"
20.197.192.193 - - [23/Jul/2026:00:45:58 +0300] "GET /else1.php HTTP/1.1" 404 445 "-" "-"
20.197.192.193 - - [23/Jul/2026:00:45:59 +0300] "GET /tkikikoko.php HTTP/1.1" 301 162 "-" "-"
20.197.192.193 - - [23/Jul/2026:00:45:59 +0300] "GET /tkikikoko.php HTTP/1.1" 404 445 "-" "-"
20.197.192.193 - - [23/Jul/2026:00:45:59 +0300] "GET /wp-Blogs.php HTTP/1.1" 301 162 "-" "-"
74.7.243.217 - - [23/Jul/2026:00:45:59 +0300] "GET /shops/desperateness/c0a2n1t1i1n6g74314?lokasie=/var/www/www-root/data/www/undergroundexpert.info/sszzoqtr.php&loknya=/var/www/www-root/data/www/undergroundexpert.info HTTP/1.1" 404 445 "https://undergroundexpert.info/shops/desperateness/c0a2n1t1i1n6g74314" "Mozilla/5.0 AppleWebKit/537.36 (KHTML, like Gecko; compatible; GPTBot/1.4; +https://openai.com/gptbot)"
20.197.192.193 - - [23/Jul/2026:00:45:59 +0300] "GET /wp-Blogs.php HTTP/1.1" 404 445 "-" "-"
216.73.217.60 - - [23/Jul/2026:00:45:57 +0300] "GET /?l=a0c6h0i7e8v5e8d127 HTTP/1.1" 200 4107 "-" "Mozilla/5.0 AppleWebKit/537.36 (KHTML, like Gecko; compatible; ClaudeBot/1.0; +claudebot@anthropic.com)"
20.197.192.193 - - [23/Jul/2026:00:45:59 +0300] "GET /wp-css.php HTTP/1.1" 301 162 "-" "-"
66.249.69.64 - - [23/Jul/2026:00:45:56 +0300] "GET /?l=u0r3t4i6c0a3t9e7966 HTTP/1.1" 200 31580 "-" "Mozilla/5.0 (Linux; Android 6.0.1; Nexus 5X Build/MMB29P) AppleWebKit/537.36 (KHTML, like Gecko) Chrome/150.0.7871.128 Mobile Safari/537.36 (compatible; Googlebot/2.1; +http://www.google.com/bot.html)"
20.197.192.193 - - [23/Jul/2026:00:46:00 +0300] "GET /wp-css.php HTTP/1.1" 404 445 "-" "-"
20.197.192.193 - - [23/Jul/2026:00:46:00 +0300] "GET /wp-explorer.php HTTP/1.1" 301 162 "-" "-"
74.7.227.150 - - [23/Jul/2026:00:45:58 +0300] "GET /?lokasie=/var/www/www-root/data/www/undergroundexpert.info/wp-content/plugins/wp-file-manager/lib/themes/light/images/16px/netmount.svg&loknya=/var/www/www-root/data/www/undergroundexpert.info/wp-content/plugins/wp-file-manager/lib/themes/light/images/16px HTTP/1.1" 200 2740 "https://www.undergroundexpert.info/?loknya=/var/www/www-root/data/www/undergroundexpert.info/wp-content/plugins/wp-file-manager/lib/themes/light/images/16px" "Mozilla/5.0 AppleWebKit/537.36 (KHTML, like Gecko; compatible; GPTBot/1.4; +https://openai.com/gptbot)"
20.197.192.193 - - [23/Jul/2026:00:46:00 +0300] "GET /wp-explorer.php HTTP/1.1" 404 445 "-" "-"
20.197.192.193 - - [23/Jul/2026:00:46:00 +0300] "GET /akismet.php HTTP/1.1" 301 162 "-" "-"
66.249.69.64 - - [23/Jul/2026:00:45:57 +0300] "GET /?l=a0m1b3a9s7s2a6d4o6r23 HTTP/1.1" 200 31116 "-" "Mozilla/5.0 (Linux; Android 6.0.1; Nexus 5X Build/MMB29P) AppleWebKit/537.36 (KHTML, like Gecko) Chrome/150.0.7871.128 Mobile Safari/537.36 (compatible; Googlebot/2.1; +http://www.google.com/bot.html)"
20.197.192.193 - - [23/Jul/2026:00:46:01 +0300] "GET /akismet.php HTTP/1.1" 404 445 "-" "-"
20.197.192.193 - - [23/Jul/2026:00:46:01 +0300] "GET /ace2.php HTTP/1.1" 301 162 "-" "-"
20.197.192.193 - - [23/Jul/2026:00:46:01 +0300] "GET /ace2.php HTTP/1.1" 404 445 "-" "-"
20.197.192.193 - - [23/Jul/2026:00:46:01 +0300] "GET /ms.php HTTP/1.1" 301 162 "-" "-"
20.197.192.193 - - [23/Jul/2026:00:46:02 +0300] "GET /ms.php HTTP/1.1" 404 445 "-" "-"
74.7.243.217 - - [23/Jul/2026:00:46:02 +0300] "GET /shops/politicly/s0c1r0u9t4a4b7l2e075?lokasie=/var/www/www-root/data/www/undergroundexpert.info/phjhhmvi.php&loknya=/var/www/www-root/data/www/undergroundexpert.info HTTP/1.1" 404 445 "https://undergroundexpert.info/shops/politicly/s0c1r0u9t4a4b7l2e075" "Mozilla/5.0 AppleWebKit/537.36 (KHTML, like Gecko; compatible; GPTBot/1.4; +https://openai.com/gptbot)"
66.249.69.64 - - [23/Jul/2026:00:45:58 +0300] "GET /?l=g4a3s4t4r5o4c4n1e1m1i9us HTTP/1.1" 200 32141 "-" "Mozilla/5.0 (Linux; Android 6.0.1; Nexus 5X Build/MMB29P) AppleWebKit/537.36 (KHTML, like Gecko) Chrome/150.0.7871.128 Mobile Safari/537.36 (compatible; Googlebot/2.1; +http://www.google.com/bot.html)"
216.73.217.60 - - [23/Jul/2026:00:46:00 +0300] "GET /?l=f0i1n7c1h985241 HTTP/1.1" 200 4107 "-" "Mozilla/5.0 AppleWebKit/537.36 (KHTML, like Gecko; compatible; ClaudeBot/1.0; +claudebot@anthropic.com)"
74.7.227.150 - - [23/Jul/2026:00:46:01 +0300] "GET /?lokasie=/var/www/www-root/data/www/undergroundexpert.info/wp-content/plugins/wp-file-manager/lib/themes/light/images/16px/fullscreen.png&loknya=/var/www/www-root/data/www/undergroundexpert.info/wp-content/plugins/wp-file-manager/lib/themes/light/images/16px HTTP/1.1" 200 2034 "https://www.undergroundexpert.info/?loknya=/var/www/www-root/data/www/undergroundexpert.info/wp-content/plugins/wp-file-manager/lib/themes/light/images/16px" "Mozilla/5.0 AppleWebKit/537.36 (KHTML, like Gecko; compatible; GPTBot/1.4; +https://openai.com/gptbot)"
66.249.69.68 - - [23/Jul/2026:00:46:00 +0300] "GET /?l=b5u1l8b4n8491946 HTTP/1.1" 200 31812 "-" "Mozilla/5.0 (Linux; Android 6.0.1; Nexus 5X Build/MMB29P) AppleWebKit/537.36 (KHTML, like Gecko) Chrome/150.0.7871.128 Mobile Safari/537.36 (compatible; Googlebot/2.1; +http://www.google.com/bot.html)"
66.249.69.70 - - [23/Jul/2026:00:46:01 +0300] "GET /?l=v0i4c1t2i8m3a0t8e938 HTTP/1.1" 200 31277 "-" "Mozilla/5.0 (Linux; Android 6.0.1; Nexus 5X Build/MMB29P) AppleWebKit/537.36 (KHTML, like Gecko) Chrome/150.0.7871.128 Mobile Safari/537.36 (compatible; Googlebot/2.1; +http://www.google.com/bot.html)"
66.249.69.68 - - [23/Jul/2026:00:46:01 +0300] "GET /?l=s2u1c3c2i5n0a4m8a7t9e HTTP/1.1" 200 31292 "-" "Mozilla/5.0 (Linux; Android 6.0.1; Nexus 5X Build/MMB29P) AppleWebKit/537.36 (KHTML, like Gecko) Chrome/150.0.7871.128 Mobile Safari/537.36 (compatible; GoogleOther)"
74.7.243.217 - - [23/Jul/2026:00:46:05 +0300] "GET /shops/freehold/r0h1i2n7o1c4e8r1i2a8l8?lokasie=/var/www/www-root/data/www/undergroundexpert.info/phjhhmvi.php&loknya=/var/www/www-root/data/www/undergroundexpert.info HTTP/1.1" 404 445 "https://undergroundexpert.info/shops/freehold/r0h1i2n7o1c4e8r1i2a8l8" "Mozilla/5.0 AppleWebKit/537.36 (KHTML, like Gecko; compatible; GPTBot/1.4; +https://openai.com/gptbot)"
216.73.217.60 - - [23/Jul/2026:00:46:03 +0300] "GET /?l=e0x5h5e2d3r2a9903 HTTP/1.1" 200 4107 "-" "Mozilla/5.0 AppleWebKit/537.36 (KHTML, like Gecko; compatible; ClaudeBot/1.0; +claudebot@anthropic.com)"
74.7.227.150 - - [23/Jul/2026:00:46:04 +0300] "GET /?lokasie=/var/www/www-root/data/www/undergroundexpert.info/wp-content/plugins/wp-file-manager/lib/themes/light/images/16px/directory.svg&loknya=/var/www/www-root/data/www/undergroundexpert.info/wp-content/plugins/wp-file-manager/lib/themes/light/images/16px HTTP/1.1" 200 2832 "https://www.undergroundexpert.info/?loknya=/var/www/www-root/data/www/undergroundexpert.info/wp-content/plugins/wp-file-manager/lib/themes/light/images/16px" "Mozilla/5.0 AppleWebKit/537.36 (KHTML, like Gecko; compatible; GPTBot/1.4; +https://openai.com/gptbot)"
66.249.69.68 - - [23/Jul/2026:00:46:04 +0300] "GET /?abruptly/480630766 HTTP/1.1" 200 31090 "-" "Mozilla/5.0 (Linux; Android 6.0.1; Nexus 5X Build/MMB29P) AppleWebKit/537.36 (KHTML, like Gecko) Chrome/150.0.7871.128 Mobile Safari/537.36 (compatible; Googlebot/2.1; +http://www.google.com/bot.html)"
74.7.243.217 - - [23/Jul/2026:00:46:08 +0300] "GET /shops/mangabey/y0e2l6l9o0w7a0m0m4e5r3?lokasie=/var/www/www-root/data/www/undergroundexpert.info/veeyjjxx.php&loknya=/var/www/www-root/data/www/undergroundexpert.info HTTP/1.1" 404 445 "https://undergroundexpert.info/shops/mangabey/y0e2l6l9o0w7a0m0m4e5r3" "Mozilla/5.0 AppleWebKit/537.36 (KHTML, like Gecko; compatible; GPTBot/1.4; +https://openai.com/gptbot)"
66.249.69.68 - - [23/Jul/2026:00:46:05 +0300] "GET /?l=l0o3w0c1h1u0r5c9h2m0a1nship HTTP/1.1" 200 32633 "-" "Mozilla/5.0 (Linux; Android 6.0.1; Nexus 5X Build/MMB29P) AppleWebKit/537.36 (KHTML, like Gecko) Chrome/150.0.7871.128 Mobile Safari/537.36 (compatible; Googlebot/2.1; +http://www.google.com/bot.html)"
74.7.227.150 - - [23/Jul/2026:00:46:07 +0300] "GET /?lokasie=/var/www/www-root/data/www/undergroundexpert.info/wp-content/plugins/wp-file-manager/lib/themes/light/images/16px/duplicate.svg&loknya=/var/www/www-root/data/www/undergroundexpert.info/wp-content/plugins/wp-file-manager/lib/themes/light/images/16px HTTP/1.1" 200 2980 "https://www.undergroundexpert.info/?loknya=/var/www/www-root/data/www/undergroundexpert.info/wp-content/plugins/wp-file-manager/lib/themes/light/images/16px" "Mozilla/5.0 AppleWebKit/537.36 (KHTML, like Gecko; compatible; GPTBot/1.4; +https://openai.com/gptbot)"
66.249.69.69 - - [23/Jul/2026:00:46:07 +0300] "GET /?l=b5r9a3n3t3a12138 HTTP/1.1" 200 30659 "-" "Mozilla/5.0 (Linux; Android 6.0.1; Nexus 5X Build/MMB29P) AppleWebKit/537.36 (KHTML, like Gecko) Chrome/150.0.7871.128 Mobile Safari/537.36 (compatible; Googlebot/2.1; +http://www.google.com/bot.html)"
66.249.69.70 - - [23/Jul/2026:00:46:06 +0300] "GET /?l=l0i2n6g5l7e36437 HTTP/1.1" 200 31724 "-" "Mozilla/5.0 (Linux; Android 6.0.1; Nexus 5X Build/MMB29P) AppleWebKit/537.36 (KHTML, like Gecko) Chrome/150.0.7871.128 Mobile Safari/537.36 (compatible; Googlebot/2.1; +http://www.google.com/bot.html)"
187.190.162.184 - - [23/Jul/2026:00:46:11 +0300] "GET /feed/ HTTP/1.1" 404 445 "-" "Mozilla/5.0 (Windows NT 10.0; Win64; x64) AppleWebKit/537.36 (KHTML, like Gecko) Chrome/114.0.0.0 Safari/537.36"
66.249.70.142 - - [23/Jul/2026:00:46:11 +0300] "GET /en/wp-sitemap-users-1.xml HTTP/1.1" 404 445 "-" "Mozilla/5.0 (compatible; Googlebot/2.1; +http://www.google.com/bot.html)"
74.7.243.217 - - [23/Jul/2026:00:46:11 +0300] "GET /shops/rhodanic/m0e1t5a9s1t7a0n4n0i1c8?lokasie=/var/www/www-root/data/www/undergroundexpert.info/cyabekam.php&loknya=/var/www/www-root/data/www/undergroundexpert.info HTTP/1.1" 404 445 "https://undergroundexpert.info/shops/rhodanic/m0e1t5a9s1t7a0n4n0i1c8" "Mozilla/5.0 AppleWebKit/537.36 (KHTML, like Gecko; compatible; GPTBot/1.4; +https://openai.com/gptbot)"
216.73.217.60 - - [23/Jul/2026:00:46:10 +0300] "GET /?l=a0f4f5l4u4e3n9t4n4e6ss HTTP/1.1" 200 4107 "-" "Mozilla/5.0 AppleWebKit/537.36 (KHTML, like Gecko; compatible; ClaudeBot/1.0; +claudebot@anthropic.com)"
74.7.227.150 - - [23/Jul/2026:00:46:10 +0300] "GET /?lokasie=/var/www/www-root/data/www/undergroundexpert.info/wp-content/plugins/wp-file-manager/lib/themes/light/images/16px/duplicate.png&loknya=/var/www/www-root/data/www/undergroundexpert.info/wp-content/plugins/wp-file-manager/lib/themes/light/images/16px HTTP/1.1" 200 2031 "https://www.undergroundexpert.info/?loknya=/var/www/www-root/data/www/undergroundexpert.info/wp-content/plugins/wp-file-manager/lib/themes/light/images/16px" "Mozilla/5.0 AppleWebKit/537.36 (KHTML, like Gecko; compatible; GPTBot/1.4; +https://openai.com/gptbot)"
66.249.69.67 - - [23/Jul/2026:00:46:09 +0300] "GET /?l=c5o1i0s7t4r2i4l4163 HTTP/1.1" 200 33027 "-" "Mozilla/5.0 (Linux; Android 6.0.1; Nexus 5X Build/MMB29P) AppleWebKit/537.36 (KHTML, like Gecko) Chrome/150.0.7871.128 Mobile Safari/537.36 (compatible; Googlebot/2.1; +http://www.google.com/bot.html)"
66.249.69.69 - - [23/Jul/2026:00:46:10 +0300] "GET /?l=n0i1c7h2o0l7a2s4342 HTTP/1.1" 200 31948 "-" "Mozilla/5.0 (Linux; Android 6.0.1; Nexus 5X Build/MMB29P) AppleWebKit/537.36 (KHTML, like Gecko) Chrome/150.0.7871.128 Mobile Safari/537.36 (compatible; Googlebot/2.1; +http://www.google.com/bot.html)"
74.7.243.217 - - [23/Jul/2026:00:46:15 +0300] "GET /shops/turbulently/p0i3n1f0i9s8h76530?lokasie=/var/www/www-root/data/www/undergroundexpert.info/veeyjjxx.php&loknya=/var/www/www-root/data/www/undergroundexpert.info HTTP/1.1" 404 445 "https://undergroundexpert.info/shops/turbulently/p0i3n1f0i9s8h76530" "Mozilla/5.0 AppleWebKit/537.36 (KHTML, like Gecko; compatible; GPTBot/1.4; +https://openai.com/gptbot)"
47.128.97.232 - - [23/Jul/2026:00:46:15 +0300] "GET /catadioptrical/antimask/w6i2t1h9s1t1o3o1d503 HTTP/1.1" 404 445 "-" "Mozilla/5.0 (Linux; Android 5.0) AppleWebKit/537.36 (KHTML, like Gecko) Mobile Safari/537.36 (compatible; Bytespider; spider-feedback@bytedance.com)"
216.73.217.60 - - [23/Jul/2026:00:46:13 +0300] "GET /?l=s0a2v8a4n8i2l4l1a372 HTTP/1.1" 200 4107 "-" "Mozilla/5.0 AppleWebKit/537.36 (KHTML, like Gecko; compatible; ClaudeBot/1.0; +claudebot@anthropic.com)"
74.7.227.150 - - [23/Jul/2026:00:46:13 +0300] "GET /?lokasie=/var/www/www-root/data/www/undergroundexpert.info/wp-content/plugins/wp-file-manager/lib/themes/light/images/16px/directory.png&loknya=/var/www/www-root/data/www/undergroundexpert.info/wp-content/plugins/wp-file-manager/lib/themes/light/images/16px HTTP/1.1" 200 2030 "https://www.undergroundexpert.info/?loknya=/var/www/www-root/data/www/undergroundexpert.info/wp-content/plugins/wp-file-manager/lib/themes/light/images/16px" "Mozilla/5.0 AppleWebKit/537.36 (KHTML, like Gecko; compatible; GPTBot/1.4; +https://openai.com/gptbot)"
216.73.217.60 - - [23/Jul/2026:00:46:16 +0300] "GET /shops/alexipharmical/i0r2o9n7e6d842289 HTTP/1.1" 404 445 "-" "Mozilla/5.0 AppleWebKit/537.36 (KHTML, like Gecko; compatible; ClaudeBot/1.0; +claudebot@anthropic.com)"
66.249.70.140 - - [23/Jul/2026:00:46:12 +0300] "GET /?l=s4t1i0p3u1l1a9t4e0d78 HTTP/1.1" 200 32473 "-" "Mozilla/5.0 (Linux; Android 6.0.1; Nexus 5X Build/MMB29P) AppleWebKit/537.36 (KHTML, like Gecko) Chrome/150.0.7871.128 Mobile Safari/537.36 (compatible; Googlebot/2.1; +http://www.google.com/bot.html)"
66.249.69.68 - - [23/Jul/2026:00:46:12 +0300] "GET /?l=t0a1p4e3t3i1s36137 HTTP/1.1" 200 30941 "-" "Mozilla/5.0 (Linux; Android 6.0.1; Nexus 5X Build/MMB29P) AppleWebKit/537.36 (KHTML, like Gecko) Chrome/150.0.7871.128 Mobile Safari/537.36 (compatible; Googlebot/2.1; +http://www.google.com/bot.html)"
66.249.69.68 - - [23/Jul/2026:00:46:14 +0300] "GET /?vacate/03395899310 HTTP/1.1" 200 32146 "-" "Mozilla/5.0 (Linux; Android 6.0.1; Nexus 5X Build/MMB29P) AppleWebKit/537.36 (KHTML, like Gecko) Chrome/150.0.7871.128 Mobile Safari/537.36 (compatible; Googlebot/2.1; +http://www.google.com/bot.html)"
66.249.69.67 - - [23/Jul/2026:00:46:14 +0300] "GET /?l=b6r2a2n9t3a715746 HTTP/1.1" 200 30487 "-" "Mozilla/5.0 (Linux; Android 6.0.1; Nexus 5X Build/MMB29P) AppleWebKit/537.36 (KHTML, like Gecko) Chrome/150.0.7871.128 Mobile Safari/537.36 (compatible; Googlebot/2.1; +http://www.google.com/bot.html)"
74.7.243.217 - - [23/Jul/2026:00:46:18 +0300] "GET /kinsman/submarshal/k0i1n6s4m7a0n8936?lokasie=/var/www/www-root/data/www/undergroundexpert.info/bjmjrvqm.php&loknya=/var/www/www-root/data/www/undergroundexpert.info HTTP/1.1" 404 445 "https://undergroundexpert.info/kinsman/submarshal/k0i1n6s4m7a0n8936" "Mozilla/5.0 AppleWebKit/537.36 (KHTML, like Gecko; compatible; GPTBot/1.4; +https://openai.com/gptbot)"
74.7.227.150 - - [23/Jul/2026:00:46:17 +0300] "GET /?lokasie=/var/www/www-root/data/www/undergroundexpert.info/wp-content/plugins/wp-file-manager/lib/themes/light/images/16px/fullscreen.svg&loknya=/var/www/www-root/data/www/undergroundexpert.info/wp-content/plugins/wp-file-manager/lib/themes/light/images/16px HTTP/1.1" 200 3348 "https://www.undergroundexpert.info/?loknya=/var/www/www-root/data/www/undergroundexpert.info/wp-content/plugins/wp-file-manager/lib/themes/light/images/16px" "Mozilla/5.0 AppleWebKit/537.36 (KHTML, like Gecko; compatible; GPTBot/1.4; +https://openai.com/gptbot)"
66.249.69.67 - - [23/Jul/2026:00:46:15 +0300] "GET /?plethory/22666463993 HTTP/1.1" 200 32015 "-" "Mozilla/5.0 (Linux; Android 6.0.1; Nexus 5X Build/MMB29P) AppleWebKit/537.36 (KHTML, like Gecko) Chrome/150.0.7871.128 Mobile Safari/537.36 (compatible; Googlebot/2.1; +http://www.google.com/bot.html)"
66.249.70.140 - - [23/Jul/2026:00:46:16 +0300] "GET /?l=c9a1l7y2p1t5e6r6982 HTTP/1.1" 200 31448 "-" "Mozilla/5.0 (Linux; Android 6.0.1; Nexus 5X Build/MMB29P) AppleWebKit/537.36 (KHTML, like Gecko) Chrome/150.0.7871.128 Mobile Safari/537.36 (compatible; Googlebot/2.1; +http://www.google.com/bot.html)"
216.73.217.60 - - [23/Jul/2026:00:46:19 +0300] "GET /?l=m0i4a6n0a240349 HTTP/1.1" 200 4107 "-" "Mozilla/5.0 AppleWebKit/537.36 (KHTML, like Gecko; compatible; ClaudeBot/1.0; +claudebot@anthropic.com)"
74.7.243.217 - - [23/Jul/2026:00:46:21 +0300] "GET /shops/phantasmascope/l0o8b9b0y9i3n3g49?lokasie=/var/www/www-root/data/www/undergroundexpert.info/uxegbthq.php&loknya=/var/www/www-root/data/www/undergroundexpert.info HTTP/1.1" 404 445 "https://undergroundexpert.info/shops/phantasmascope/l0o8b9b0y9i3n3g49" "Mozilla/5.0 AppleWebKit/537.36 (KHTML, like Gecko; compatible; GPTBot/1.4; +https://openai.com/gptbot)"
66.249.69.68 - - [23/Jul/2026:00:46:18 +0300] "GET /?l=n3u1l9l0e6d270393 HTTP/1.1" 200 30445 "-" "Mozilla/5.0 (Linux; Android 6.0.1; Nexus 5X Build/MMB29P) AppleWebKit/537.36 (KHTML, like Gecko) Chrome/150.0.7871.128 Mobile Safari/537.36 (compatible; Googlebot/2.1; +http://www.google.com/bot.html)"
66.249.69.67 - - [23/Jul/2026:00:46:18 +0300] "GET /?indulger/02693580020 HTTP/1.1" 200 31970 "-" "Mozilla/5.0 (Linux; Android 6.0.1; Nexus 5X Build/MMB29P) AppleWebKit/537.36 (KHTML, like Gecko) Chrome/150.0.7871.128 Mobile Safari/537.36 (compatible; GoogleOther)"
216.73.217.60 - - [23/Jul/2026:00:46:22 +0300] "GET /shops/neither/p0e4b1b6l9y012754 HTTP/1.1" 404 445 "-" "Mozilla/5.0 AppleWebKit/537.36 (KHTML, like Gecko; compatible; ClaudeBot/1.0; +claudebot@anthropic.com)"
74.7.227.150 - - [23/Jul/2026:00:46:20 +0300] "GET /?lokasie=/var/www/www-root/data/www/undergroundexpert.info/wp-content/plugins/wp-file-manager/lib/themes/light/images/16px/netmount.png&loknya=/var/www/www-root/data/www/undergroundexpert.info/wp-content/plugins/wp-file-manager/lib/themes/light/images/16px HTTP/1.1" 200 2032 "https://www.undergroundexpert.info/?loknya=/var/www/www-root/data/www/undergroundexpert.info/wp-content/plugins/wp-file-manager/lib/themes/light/images/16px" "Mozilla/5.0 AppleWebKit/537.36 (KHTML, like Gecko; compatible; GPTBot/1.4; +https://openai.com/gptbot)"
119.91.20.139 - - [23/Jul/2026:00:46:23 +0300] "GET / HTTP/1.1" 301 162 "-" "Mozilla/5.0 (iPhone; CPU iPhone OS 13_2_3 like Mac OS X) AppleWebKit/605.1.15 (KHTML, like Gecko) Version/13.0.3 Mobile/15E148 Safari/604.1"
66.249.70.141 - - [23/Jul/2026:00:46:20 +0300] "GET /?l=d3e1s2t1i3t2u8e3n4t35 HTTP/1.1" 200 33662 "-" "Mozilla/5.0 (Linux; Android 6.0.1; Nexus 5X Build/MMB29P) AppleWebKit/537.36 (KHTML, like Gecko) Chrome/150.0.7871.128 Mobile Safari/537.36 (compatible; Googlebot/2.1; +http://www.google.com/bot.html)"
74.7.243.217 - - [23/Jul/2026:00:46:24 +0300] "GET /shops/gastriloquous/s0p1r9i1n2g675851?lokasie=/var/www/www-root/data/www/undergroundexpert.info/bjmjrvqm.php&loknya=/var/www/www-root/data/www/undergroundexpert.info HTTP/1.1" 404 445 "https://undergroundexpert.info/shops/gastriloquous/s0p1r9i1n2g675851" "Mozilla/5.0 AppleWebKit/537.36 (KHTML, like Gecko; compatible; GPTBot/1.4; +https://openai.com/gptbot)"
66.249.70.140 - - [23/Jul/2026:00:46:24 +0300] "GET /uncape/demography/t6r2a4c8t8i5l7e4152?lokasie=/var/www/www-root/data/www/undergroundexpert.info/xmlrpc.php?l=s3i2p1h1o3r8h1i6n6i0a9n HTTP/1.1" 404 445 "-" "Mozilla/5.0 (Linux; Android 6.0.1; Nexus 5X Build/MMB29P) AppleWebKit/537.36 (KHTML, like Gecko) Chrome/150.0.7871.128 Mobile Safari/537.36 (compatible; GoogleOther)"
66.249.69.68 - - [23/Jul/2026:00:46:20 +0300] "GET /?l=a5c2t1i8n8o1i9d3039 HTTP/1.1" 200 31636 "-" "Mozilla/5.0 (Linux; Android 6.0.1; Nexus 5X Build/MMB29P) AppleWebKit/537.36 (KHTML, like Gecko) Chrome/150.0.7871.128 Mobile Safari/537.36 (compatible; Googlebot/2.1; +http://www.google.com/bot.html)"
74.7.227.150 - - [23/Jul/2026:00:46:23 +0300] "GET /?loknya=/var/www/www-root/data/www/undergroundexpert.info/wp-includes/php-ai-client/src/Messages/ HTTP/1.1" 200 2400 "https://www.undergroundexpert.info/?loknya=/var/www/www-root/data/www/undergroundexpert.info/wp-includes/php-ai-client/src/Messages/DTO" "Mozilla/5.0 AppleWebKit/537.36 (KHTML, like Gecko; compatible; GPTBot/1.4; +https://openai.com/gptbot)"
66.249.69.68 - - [23/Jul/2026:00:46:22 +0300] "GET /?l=t3r3i3o8n8y9c3h3o9i3d1ea HTTP/1.1" 200 30479 "-" "Mozilla/5.0 (Linux; Android 6.0.1; Nexus 5X Build/MMB29P) AppleWebKit/537.36 (KHTML, like Gecko) Chrome/150.0.7871.128 Mobile Safari/537.36 (compatible; Googlebot/2.1; +http://www.google.com/bot.html)"
66.249.69.67 - - [23/Jul/2026:00:46:23 +0300] "GET /?l=m1o1n4o1s7t1r7o9p1h9i2c HTTP/1.1" 200 32803 "-" "Mozilla/5.0 (Linux; Android 6.0.1; Nexus 5X Build/MMB29P) AppleWebKit/537.36 (KHTML, like Gecko) Chrome/150.0.7871.128 Mobile Safari/537.36 (compatible; Googlebot/2.1; +http://www.google.com/bot.html)"
