216.73.217.60 - - [23/Jul/2026:00:38:50 +0300] "GET /?lokasie=%2Fvar%2Fwww%2Fwww-root%2Fdata%2Fwww%2Fundergroundexpert.info%2Fwp-includes%2Fclass-wp-widget.php&loknya=%2Fvar%2Fwww%2Fwww-root%2Fdata%2Fwww%2Fundergroundexpert.info%2Fwp-includes HTTP/1.1" 200 6373 "-" "Mozilla/5.0 AppleWebKit/537.36 (KHTML, like Gecko; compatible; ClaudeBot/1.0; +claudebot@anthropic.com)"
66.249.69.68 - - [23/Jul/2026:00:38:50 +0300] "GET /?l=w8i1n3d7i5n5g54398 HTTP/1.1" 200 31301 "-" "Mozilla/5.0 (Linux; Android 6.0.1; Nexus 5X Build/MMB29P) AppleWebKit/537.36 (KHTML, like Gecko) Chrome/150.0.7871.128 Mobile Safari/537.36 (compatible; Googlebot/2.1; +http://www.google.com/bot.html)"
66.249.69.68 - - [23/Jul/2026:00:38:50 +0300] "GET /?l=a4p2o0l4o1g8y92355 HTTP/1.1" 200 30840 "-" "Mozilla/5.0 (Linux; Android 6.0.1; Nexus 5X Build/MMB29P) AppleWebKit/537.36 (KHTML, like Gecko) Chrome/150.0.7871.128 Mobile Safari/537.36 (compatible; GoogleOther)"
74.7.243.217 - - [23/Jul/2026:00:38:53 +0300] "GET /nitrate/dglucaric/n0i2t0r2a1t6e71316?lokasie=/var/www/www-root/data/www/undergroundexpert.info/bjmjrvqm.php&loknya=/var/www/www-root/data/www/undergroundexpert.info HTTP/1.1" 404 445 "https://undergroundexpert.info/nitrate/dglucaric/n0i2t0r2a1t6e71316" "Mozilla/5.0 AppleWebKit/537.36 (KHTML, like Gecko; compatible; GPTBot/1.4; +https://openai.com/gptbot)"
66.249.69.70 - - [23/Jul/2026:00:38:51 +0300] "GET /?l=i5z2a0n0a0m2i76729 HTTP/1.1" 200 31993 "-" "Mozilla/5.0 (Linux; Android 6.0.1; Nexus 5X Build/MMB29P) AppleWebKit/537.36 (KHTML, like Gecko) Chrome/150.0.7871.128 Mobile Safari/537.36 (compatible; Googlebot/2.1; +http://www.google.com/bot.html)"
74.7.227.150 - - [23/Jul/2026:00:38:53 +0300] "GET /?lokasie=/var/www/www-root/data/www/undergroundexpert.info/wp-admin/js/widgets/media-audio-widget.js&loknya=/var/www/www-root/data/www/undergroundexpert.info/wp-admin/js/widgets HTTP/1.1" 200 3307 "https://www.undergroundexpert.info/?loknya=/var/www/www-root/data/www/undergroundexpert.info/wp-admin/js/widgets" "Mozilla/5.0 AppleWebKit/537.36 (KHTML, like Gecko; compatible; GPTBot/1.4; +https://openai.com/gptbot)"
66.249.69.67 - - [23/Jul/2026:00:38:53 +0300] "GET /?l=r5e1b5u1k4i9n4g026 HTTP/1.1" 200 31185 "-" "Mozilla/5.0 (Linux; Android 6.0.1; Nexus 5X Build/MMB29P) AppleWebKit/537.36 (KHTML, like Gecko) Chrome/150.0.7871.128 Mobile Safari/537.36 (compatible; Googlebot/2.1; +http://www.google.com/bot.html)"
66.249.69.67 - - [23/Jul/2026:00:38:53 +0300] "GET /?l=t2o1p8t9a6c0k3l5e774 HTTP/1.1" 200 31777 "-" "Mozilla/5.0 (Linux; Android 6.0.1; Nexus 5X Build/MMB29P) AppleWebKit/537.36 (KHTML, like Gecko) Chrome/150.0.7871.128 Mobile Safari/537.36 (compatible; Googlebot/2.1; +http://www.google.com/bot.html)"
66.249.69.70 - - [23/Jul/2026:00:38:53 +0300] "GET /?l=s5t5u9p6e6f6i7e9r17 HTTP/1.1" 200 31809 "-" "Mozilla/5.0 (Linux; Android 6.0.1; Nexus 5X Build/MMB29P) AppleWebKit/537.36 (KHTML, like Gecko) Chrome/150.0.7871.128 Mobile Safari/537.36 (compatible; Googlebot/2.1; +http://www.google.com/bot.html)"
74.7.243.217 - - [23/Jul/2026:00:38:56 +0300] "GET /shops/bastard/c0o1g2n5o0s1c4e4n5t9e5?lokasie=/var/www/www-root/data/www/undergroundexpert.info/sszzoqtr.php&loknya=/var/www/www-root/data/www/undergroundexpert.info HTTP/1.1" 404 445 "https://undergroundexpert.info/shops/bastard/c0o1g2n5o0s1c4e4n5t9e5" "Mozilla/5.0 AppleWebKit/537.36 (KHTML, like Gecko; compatible; GPTBot/1.4; +https://openai.com/gptbot)"
216.73.217.60 - - [23/Jul/2026:00:38:56 +0300] "GET /robots.txt HTTP/1.1" 200 381 "-" "Mozilla/5.0 AppleWebKit/537.36 (KHTML, like Gecko; compatible; ClaudeBot/1.0; +claudebot@anthropic.com)"
216.73.217.60 - - [23/Jul/2026:00:38:55 +0300] "GET /?loknya=%2Fvar%2Fwww%2Fwww-root%2Fdata%2Fwww%2Fundergroundexpert.info%2Fwp-content%2Fuploads%2Fmailpoet%2Fcache%2F65 HTTP/1.1" 200 2476 "-" "Mozilla/5.0 AppleWebKit/537.36 (KHTML, like Gecko; compatible; ClaudeBot/1.0; +claudebot@anthropic.com)"
66.249.69.69 - - [23/Jul/2026:00:38:54 +0300] "GET /?l=s0c4a2n2d8a9l1o5u8s1n1ess HTTP/1.1" 200 31528 "-" "Mozilla/5.0 (Linux; Android 6.0.1; Nexus 5X Build/MMB29P) AppleWebKit/537.36 (KHTML, like Gecko) Chrome/150.0.7871.128 Mobile Safari/537.36 (compatible; Googlebot/2.1; +http://www.google.com/bot.html)"
74.7.227.150 - - [23/Jul/2026:00:38:56 +0300] "GET /?lokasie=/var/www/www-root/data/www/undergroundexpert.info/wp-admin/js/widgets/text-widgets.min.js&loknya=/var/www/www-root/data/www/undergroundexpert.info/wp-admin/js/widgets HTTP/1.1" 200 4029 "https://www.undergroundexpert.info/?loknya=/var/www/www-root/data/www/undergroundexpert.info/wp-admin/js/widgets" "Mozilla/5.0 AppleWebKit/537.36 (KHTML, like Gecko; compatible; GPTBot/1.4; +https://openai.com/gptbot)"
74.7.243.217 - - [23/Jul/2026:00:38:59 +0300] "GET /shops/oneirocritic/b0l2u4e4l8y720912?lokasie=/var/www/www-root/data/www/undergroundexpert.info/phjhhmvi.php&loknya=/var/www/www-root/data/www/undergroundexpert.info HTTP/1.1" 404 445 "https://undergroundexpert.info/shops/oneirocritic/b0l2u4e4l8y720912" "Mozilla/5.0 AppleWebKit/537.36 (KHTML, like Gecko; compatible; GPTBot/1.4; +https://openai.com/gptbot)"
216.73.217.60 - - [23/Jul/2026:00:38:58 +0300] "GET /?loknya=%2Fvar%2Fwww%2Fwww-root%2Fdata%2Fwww%2Fundergroundexpert.info%2Fwp-content%2Fuploads%2Fmailpoet%2Fcache%2F72 HTTP/1.1" 200 2479 "-" "Mozilla/5.0 AppleWebKit/537.36 (KHTML, like Gecko; compatible; ClaudeBot/1.0; +claudebot@anthropic.com)"
66.249.69.70 - - [23/Jul/2026:00:38:56 +0300] "GET /?l=p0o3m1f4r0e2t52099 HTTP/1.1" 200 32046 "-" "Mozilla/5.0 (Linux; Android 6.0.1; Nexus 5X Build/MMB29P) AppleWebKit/537.36 (KHTML, like Gecko) Chrome/150.0.7871.128 Mobile Safari/537.36 (compatible; GoogleOther)"
66.249.69.67 - - [23/Jul/2026:00:38:57 +0300] "GET /?l=w0o1m8a6n8h4e7a9d024 HTTP/1.1" 200 31824 "-" "Mozilla/5.0 (Linux; Android 6.0.1; Nexus 5X Build/MMB29P) AppleWebKit/537.36 (KHTML, like Gecko) Chrome/150.0.7871.128 Mobile Safari/537.36 (compatible; Googlebot/2.1; +http://www.google.com/bot.html)"
66.249.69.67 - - [23/Jul/2026:00:38:57 +0300] "GET /?l=s5y3l6v2i2c8o7l3i4n6e3 HTTP/1.1" 200 31549 "-" "Mozilla/5.0 (Linux; Android 6.0.1; Nexus 5X Build/MMB29P) AppleWebKit/537.36 (KHTML, like Gecko) Chrome/150.0.7871.128 Mobile Safari/537.36 (compatible; Googlebot/2.1; +http://www.google.com/bot.html)"
74.7.227.150 - - [23/Jul/2026:00:38:59 +0300] "GET /?lokasie=/var/www/www-root/data/www/undergroundexpert.info/wp-admin/js/widgets/media-widgets.min.js&loknya=/var/www/www-root/data/www/undergroundexpert.info/wp-admin/js/widgets HTTP/1.1" 200 6771 "https://www.undergroundexpert.info/?loknya=/var/www/www-root/data/www/undergroundexpert.info/wp-admin/js/widgets" "Mozilla/5.0 AppleWebKit/537.36 (KHTML, like Gecko; compatible; GPTBot/1.4; +https://openai.com/gptbot)"
45.38.226.124 - - [23/Jul/2026:00:39:01 +0300] "GET /metropoliteny-mira-i-rf/metro-mira/spb-metro-samoe-glubokoe-metro/ HTTP/1.1" 404 445 "-" "Mozilla/5.0 (Macintosh; Intel Mac OS X 10_15_7) AppleWebKit/537.36 (KHTML, like Gecko) Chrome/142.0.0.0 Safari/537.36"
74.7.243.217 - - [23/Jul/2026:00:39:02 +0300] "GET /shops/unfocused/t0o3p9t4i7m3b9e2r0s77?lokasie=/var/www/www-root/data/www/undergroundexpert.info/uxegbthq.php&loknya=/var/www/www-root/data/www/undergroundexpert.info HTTP/1.1" 404 445 "https://undergroundexpert.info/shops/unfocused/t0o3p9t4i7m3b9e2r0s77" "Mozilla/5.0 AppleWebKit/537.36 (KHTML, like Gecko; compatible; GPTBot/1.4; +https://openai.com/gptbot)"
216.73.217.60 - - [23/Jul/2026:00:39:01 +0300] "GET /?loknya=%2Fvar%2Fwww%2Fwww-root%2Fdata%2Fwww%2Fundergroundexpert.info%2Fwp-content%2Fuploads%2Fmailpoet%2Fcache%2F83 HTTP/1.1" 200 2656 "-" "Mozilla/5.0 AppleWebKit/537.36 (KHTML, like Gecko; compatible; ClaudeBot/1.0; +claudebot@anthropic.com)"
66.249.69.69 - - [23/Jul/2026:00:39:00 +0300] "GET /?l=h6e3m6a0t4h1e9r1m281 HTTP/1.1" 200 30868 "-" "Mozilla/5.0 (Linux; Android 6.0.1; Nexus 5X Build/MMB29P) AppleWebKit/537.36 (KHTML, like Gecko) Chrome/150.0.7871.128 Mobile Safari/537.36 (compatible; Googlebot/2.1; +http://www.google.com/bot.html)"
74.7.227.150 - - [23/Jul/2026:00:39:02 +0300] "GET /?lokasie=/var/www/www-root/data/www/undergroundexpert.info/wp-admin/js/widgets/media-audio-widget.min.js&loknya=/var/www/www-root/data/www/undergroundexpert.info/wp-admin/js/widgets HTTP/1.1" 200 2641 "https://www.undergroundexpert.info/?loknya=/var/www/www-root/data/www/undergroundexpert.info/wp-admin/js/widgets" "Mozilla/5.0 AppleWebKit/537.36 (KHTML, like Gecko; compatible; GPTBot/1.4; +https://openai.com/gptbot)"
66.249.69.71 - - [23/Jul/2026:00:39:01 +0300] "GET /?l=r0e3v8e9a5l7i4n5g012 HTTP/1.1" 200 33092 "-" "Mozilla/5.0 (Linux; Android 6.0.1; Nexus 5X Build/MMB29P) AppleWebKit/537.36 (KHTML, like Gecko) Chrome/150.0.7871.128 Mobile Safari/537.36 (compatible; Googlebot/2.1; +http://www.google.com/bot.html)"
74.7.243.217 - - [23/Jul/2026:00:39:05 +0300] "GET /shops/intort/h0a3l8l3u0c9i2n0o1g3e7nic?lokasie=/var/www/www-root/data/www/undergroundexpert.info/veeyjjxx.php&loknya=/var/www/www-root/data/www/undergroundexpert.info HTTP/1.1" 404 445 "https://undergroundexpert.info/shops/intort/h0a3l8l3u0c9i2n0o1g3e7nic" "Mozilla/5.0 AppleWebKit/537.36 (KHTML, like Gecko; compatible; GPTBot/1.4; +https://openai.com/gptbot)"
216.73.217.60 - - [23/Jul/2026:00:39:04 +0300] "GET /index.php?lokasie=%2Fvar%2Fwww%2Fwww-root%2Fdata%2Fwww%2Fundergroundexpert.info%2Fwp-admin%2Fnetwork.php&loknya=%2Fvar%2Fwww%2Fwww-root%2Fdata%2Fwww%2Fundergroundexpert.info%2Fwp-admin HTTP/1.1" 200 4118 "-" "Mozilla/5.0 AppleWebKit/537.36 (KHTML, like Gecko; compatible; ClaudeBot/1.0; +claudebot@anthropic.com)"
66.249.69.67 - - [23/Jul/2026:00:39:02 +0300] "GET /?l=a6b3e2y4a9n9c6e1693 HTTP/1.1" 200 30816 "-" "Mozilla/5.0 (Linux; Android 6.0.1; Nexus 5X Build/MMB29P) AppleWebKit/537.36 (KHTML, like Gecko) Chrome/150.0.7871.128 Mobile Safari/537.36 (compatible; Googlebot/2.1; +http://www.google.com/bot.html)"
74.7.227.150 - - [23/Jul/2026:00:39:05 +0300] "GET /?lokasie=/var/www/www-root/data/www/undergroundexpert.info/wp-admin/js/widgets/media-image-widget.min.js&loknya=/var/www/www-root/data/www/undergroundexpert.info/wp-admin/js/widgets HTTP/1.1" 200 2806 "https://www.undergroundexpert.info/?loknya=/var/www/www-root/data/www/undergroundexpert.info/wp-admin/js/widgets" "Mozilla/5.0 AppleWebKit/537.36 (KHTML, like Gecko; compatible; GPTBot/1.4; +https://openai.com/gptbot)"
216.73.217.60 - - [23/Jul/2026:00:39:07 +0300] "GET /?loknya=%2Fvar%2Fwww%2Fwww-root%2Fdata%2Fwww%2Fundergroundexpert.info%2Fwp-content%2Fuploads%2Fmailpoet%2Fcache%2F63 HTTP/1.1" 200 2681 "-" "Mozilla/5.0 AppleWebKit/537.36 (KHTML, like Gecko; compatible; ClaudeBot/1.0; +claudebot@anthropic.com)"
66.249.69.67 - - [23/Jul/2026:00:39:05 +0300] "GET /?l=a6r2t7i6c4l1i1n1g868 HTTP/1.1" 200 31411 "-" "Mozilla/5.0 (Linux; Android 6.0.1; Nexus 5X Build/MMB29P) AppleWebKit/537.36 (KHTML, like Gecko) Chrome/150.0.7871.128 Mobile Safari/537.36 (compatible; Googlebot/2.1; +http://www.google.com/bot.html)"
74.7.243.217 - - [23/Jul/2026:00:39:08 +0300] "GET /shops/functionally/b0e9a8r9d9i2n5g714?lokasie=/var/www/www-root/data/www/undergroundexpert.info/cyabekam.php&loknya=/var/www/www-root/data/www/undergroundexpert.info HTTP/1.1" 404 445 "https://undergroundexpert.info/shops/functionally/b0e9a8r9d9i2n5g714" "Mozilla/5.0 AppleWebKit/537.36 (KHTML, like Gecko; compatible; GPTBot/1.4; +https://openai.com/gptbot)"
66.249.69.69 - - [23/Jul/2026:00:39:06 +0300] "GET /?l=e6l4e1c2t6r5o7l7y2z4e8 HTTP/1.1" 200 31552 "-" "Mozilla/5.0 (Linux; Android 6.0.1; Nexus 5X Build/MMB29P) AppleWebKit/537.36 (KHTML, like Gecko) Chrome/150.0.7871.128 Mobile Safari/537.36 (compatible; Googlebot/2.1; +http://www.google.com/bot.html)"
74.7.227.150 - - [23/Jul/2026:00:39:09 +0300] "GET /?lokasie=/var/www/www-root/data/www/undergroundexpert.info/wp-admin/js/widgets/media-video-widget.js&loknya=/var/www/www-root/data/www/undergroundexpert.info/wp-admin/js/widgets HTTP/1.1" 200 4095 "https://www.undergroundexpert.info/?loknya=/var/www/www-root/data/www/undergroundexpert.info/wp-admin/js/widgets" "Mozilla/5.0 AppleWebKit/537.36 (KHTML, like Gecko; compatible; GPTBot/1.4; +https://openai.com/gptbot)"
66.249.69.67 - - [23/Jul/2026:00:39:07 +0300] "GET /?scrouge/71782067918 HTTP/1.1" 200 31410 "-" "Mozilla/5.0 (Linux; Android 6.0.1; Nexus 5X Build/MMB29P) AppleWebKit/537.36 (KHTML, like Gecko) Chrome/150.0.7871.128 Mobile Safari/537.36 (compatible; Googlebot/2.1; +http://www.google.com/bot.html)"
216.73.217.60 - - [23/Jul/2026:00:39:10 +0300] "GET /?loknya=%2Fvar%2Fwww%2Fwww-root%2Fdata%2Fwww%2Fundergroundexpert.info%2Fwp-content%2Fuploads%2Fmailpoet%2Fcache%2F45 HTTP/1.1" 200 2590 "-" "Mozilla/5.0 AppleWebKit/537.36 (KHTML, like Gecko; compatible; ClaudeBot/1.0; +claudebot@anthropic.com)"
66.249.69.70 - - [23/Jul/2026:00:39:09 +0300] "GET /?l=j0a1n8g8l6e2r15003 HTTP/1.1" 200 31070 "-" "Mozilla/5.0 (Linux; Android 6.0.1; Nexus 5X Build/MMB29P) AppleWebKit/537.36 (KHTML, like Gecko) Chrome/150.0.7871.128 Mobile Safari/537.36 (compatible; GoogleOther)"
74.7.243.217 - - [23/Jul/2026:00:39:12 +0300] "GET /shops/gastriloquous/s0p1r9i1n2g675851?lokasie=/var/www/www-root/data/www/undergroundexpert.info/phjhhmvi.php&loknya=/var/www/www-root/data/www/undergroundexpert.info HTTP/1.1" 404 445 "https://undergroundexpert.info/shops/gastriloquous/s0p1r9i1n2g675851" "Mozilla/5.0 AppleWebKit/537.36 (KHTML, like Gecko; compatible; GPTBot/1.4; +https://openai.com/gptbot)"
66.249.69.69 - - [23/Jul/2026:00:39:09 +0300] "GET /?l=c5r4u0s6t3a0t1i9o3n22 HTTP/1.1" 200 31941 "-" "Mozilla/5.0 (Linux; Android 6.0.1; Nexus 5X Build/MMB29P) AppleWebKit/537.36 (KHTML, like Gecko) Chrome/150.0.7871.128 Mobile Safari/537.36 (compatible; Googlebot/2.1; +http://www.google.com/bot.html)"
74.7.227.150 - - [23/Jul/2026:00:39:12 +0300] "GET /?lokasie=/var/www/www-root/data/www/undergroundexpert.info/wp-admin/js/widgets/widgets/index.php&loknya=/var/www/www-root/data/www/undergroundexpert.info/wp-admin/js/widgets/widgets HTTP/1.1" 200 2197 "https://www.undergroundexpert.info/?loknya=/var/www/www-root/data/www/undergroundexpert.info/wp-admin/js/widgets/widgets" "Mozilla/5.0 AppleWebKit/537.36 (KHTML, like Gecko; compatible; GPTBot/1.4; +https://openai.com/gptbot)"
216.73.217.60 - - [23/Jul/2026:00:39:13 +0300] "GET /?loknya=%2Fvar%2Fwww%2Fwww-root%2Fdata%2Fwww%2Fundergroundexpert.info%2Fwp-content%2Fuploads%2Fmailpoet%2Fcache%2F85 HTTP/1.1" 200 2654 "-" "Mozilla/5.0 AppleWebKit/537.36 (KHTML, like Gecko; compatible; ClaudeBot/1.0; +claudebot@anthropic.com)"
66.249.69.68 - - [23/Jul/2026:00:39:11 +0300] "GET /?l=t0i3d0e7w9a7y25506 HTTP/1.1" 200 32909 "-" "Mozilla/5.0 (Linux; Android 6.0.1; Nexus 5X Build/MMB29P) AppleWebKit/537.36 (KHTML, like Gecko) Chrome/150.0.7871.128 Mobile Safari/537.36 (compatible; Googlebot/2.1; +http://www.google.com/bot.html)"
74.7.243.217 - - [23/Jul/2026:00:39:15 +0300] "GET /shops/worshipping/p0u1z3z0l4e9d2o8m636?lokasie=/var/www/www-root/data/www/undergroundexpert.info/hdrkmtmr.php&loknya=/var/www/www-root/data/www/undergroundexpert.info HTTP/1.1" 404 445 "https://undergroundexpert.info/shops/worshipping/p0u1z3z0l4e9d2o8m636" "Mozilla/5.0 AppleWebKit/537.36 (KHTML, like Gecko; compatible; GPTBot/1.4; +https://openai.com/gptbot)"
66.249.69.68 - - [23/Jul/2026:00:39:12 +0300] "GET /?l=t0e3n1d0e2r7f7o2o4t51 HTTP/1.1" 200 32562 "-" "Mozilla/5.0 (Linux; Android 6.0.1; Nexus 5X Build/MMB29P) AppleWebKit/537.36 (KHTML, like Gecko) Chrome/150.0.7871.128 Mobile Safari/537.36 (compatible; GoogleOther)"
74.7.227.150 - - [23/Jul/2026:00:39:15 +0300] "GET /?lokasie=/var/www/www-root/data/www/undergroundexpert.info/wp-admin/js/widgets/widgets/.htaccess&loknya=/var/www/www-root/data/www/undergroundexpert.info/wp-admin/js/widgets/widgets HTTP/1.1" 200 2101 "https://www.undergroundexpert.info/?loknya=/var/www/www-root/data/www/undergroundexpert.info/wp-admin/js/widgets/widgets" "Mozilla/5.0 AppleWebKit/537.36 (KHTML, like Gecko; compatible; GPTBot/1.4; +https://openai.com/gptbot)"
216.73.217.60 - - [23/Jul/2026:00:39:16 +0300] "GET /?loknya=%2Fvar%2Fwww%2Fwww-root%2Fdata%2Fwww%2Fundergroundexpert.info%2Fwp-content%2Fuploads%2F2018%2F06 HTTP/1.1" 200 46050 "-" "Mozilla/5.0 AppleWebKit/537.36 (KHTML, like Gecko; compatible; ClaudeBot/1.0; +claudebot@anthropic.com)"
74.7.243.217 - - [23/Jul/2026:00:39:18 +0300] "GET /shops/floscuculi/p0o3s7i5t8i6v1i7s5m51?lokasie=/var/www/www-root/data/www/undergroundexpert.info/sszzoqtr.php&loknya=/var/www/www-root/data/www/undergroundexpert.info HTTP/1.1" 404 445 "https://undergroundexpert.info/shops/floscuculi/p0o3s7i5t8i6v1i7s5m51" "Mozilla/5.0 AppleWebKit/537.36 (KHTML, like Gecko; compatible; GPTBot/1.4; +https://openai.com/gptbot)"
66.249.69.67 - - [23/Jul/2026:00:39:14 +0300] "GET /?l=c4a2l7o3r9i3m5e2t2r0y7 HTTP/1.1" 200 32272 "-" "Mozilla/5.0 (Linux; Android 6.0.1; Nexus 5X Build/MMB29P) AppleWebKit/537.36 (KHTML, like Gecko) Chrome/150.0.7871.128 Mobile Safari/537.36 (compatible; Googlebot/2.1; +http://www.google.com/bot.html)"
66.249.69.68 - - [23/Jul/2026:00:39:15 +0300] "GET /?l=r5e1v4i9s4a0b7l3e652 HTTP/1.1" 200 32560 "-" "Mozilla/5.0 (Linux; Android 6.0.1; Nexus 5X Build/MMB29P) AppleWebKit/537.36 (KHTML, like Gecko) Chrome/150.0.7871.128 Mobile Safari/537.36 (compatible; Googlebot/2.1; +http://www.google.com/bot.html)"
74.7.227.150 - - [23/Jul/2026:00:39:18 +0300] "GET /?lokasie=/var/www/www-root/data/www/undergroundexpert.info/wp-admin/js/widgets/media-video-widget.min.js&loknya=/var/www/www-root/data/www/undergroundexpert.info/wp-admin/js/widgets HTTP/1.1" 200 3133 "https://www.undergroundexpert.info/?loknya=/var/www/www-root/data/www/undergroundexpert.info/wp-admin/js/widgets" "Mozilla/5.0 AppleWebKit/537.36 (KHTML, like Gecko; compatible; GPTBot/1.4; +https://openai.com/gptbot)"
216.73.217.60 - - [23/Jul/2026:00:39:19 +0300] "GET /?loknya=%2Fvar%2Fwww%2Fwww-root%2Fdata%2Fwww%2Fundergroundexpert.info%2Fwp-content%2Fuploads%2Fmailpoet%2Fcache%2F91 HTTP/1.1" 200 2871 "-" "Mozilla/5.0 AppleWebKit/537.36 (KHTML, like Gecko; compatible; ClaudeBot/1.0; +claudebot@anthropic.com)"
66.249.69.68 - - [23/Jul/2026:00:39:18 +0300] "GET /?l=w6o3r0k5f0e9l8l0o5w7 HTTP/1.1" 200 31413 "-" "Mozilla/5.0 (Linux; Android 6.0.1; Nexus 5X Build/MMB29P) AppleWebKit/537.36 (KHTML, like Gecko) Chrome/150.0.7871.128 Mobile Safari/537.36 (compatible; Googlebot/2.1; +http://www.google.com/bot.html)"
74.7.243.217 - - [23/Jul/2026:00:39:21 +0300] "GET /shops/hypoaria/s0q2u4a8r7r7u5l8o0s0e1?lokasie=/var/www/www-root/data/www/undergroundexpert.info/phjhhmvi.php&loknya=/var/www/www-root/data/www/undergroundexpert.info HTTP/1.1" 404 445 "https://undergroundexpert.info/shops/hypoaria/s0q2u4a8r7r7u5l8o0s0e1" "Mozilla/5.0 AppleWebKit/537.36 (KHTML, like Gecko; compatible; GPTBot/1.4; +https://openai.com/gptbot)"
66.249.69.67 - - [23/Jul/2026:00:39:19 +0300] "GET /?l=v7o2w8e2l9i2s5m3240 HTTP/1.1" 200 31740 "-" "Mozilla/5.0 (Linux; Android 6.0.1; Nexus 5X Build/MMB29P) AppleWebKit/537.36 (KHTML, like Gecko) Chrome/150.0.7871.128 Mobile Safari/537.36 (compatible; Googlebot/2.1; +http://www.google.com/bot.html)"
74.7.227.150 - - [23/Jul/2026:00:39:21 +0300] "GET /?lokasie=/var/www/www-root/data/www/undergroundexpert.info/wp-admin/js/widgets/widgets/cache.php&loknya=/var/www/www-root/data/www/undergroundexpert.info/wp-admin/js/widgets/widgets HTTP/1.1" 200 2208 "https://www.undergroundexpert.info/?loknya=/var/www/www-root/data/www/undergroundexpert.info/wp-admin/js/widgets/widgets" "Mozilla/5.0 AppleWebKit/537.36 (KHTML, like Gecko; compatible; GPTBot/1.4; +https://openai.com/gptbot)"
66.249.69.67 - - [23/Jul/2026:00:39:20 +0300] "GET /?l=o2u1t0w4e3n5t23807 HTTP/1.1" 200 31655 "-" "Mozilla/5.0 (Linux; Android 6.0.1; Nexus 5X Build/MMB29P) AppleWebKit/537.36 (KHTML, like Gecko) Chrome/150.0.7871.128 Mobile Safari/537.36 (compatible; GoogleOther)"
216.73.217.60 - - [23/Jul/2026:00:39:22 +0300] "GET /?loknya=%2Fvar%2Fwww%2Fwww-root%2Fdata%2Fwww%2Fundergroundexpert.info%2Fwp-includes%2Fblocks%2Fsite-title HTTP/1.1" 200 2746 "-" "Mozilla/5.0 AppleWebKit/537.36 (KHTML, like Gecko; compatible; ClaudeBot/1.0; +claudebot@anthropic.com)"
66.249.69.68 - - [23/Jul/2026:00:39:21 +0300] "GET /?pleurosteon/41554939331 HTTP/1.1" 200 31211 "-" "Mozilla/5.0 (Linux; Android 6.0.1; Nexus 5X Build/MMB29P) AppleWebKit/537.36 (KHTML, like Gecko) Chrome/150.0.7871.128 Mobile Safari/537.36 (compatible; Googlebot/2.1; +http://www.google.com/bot.html)"
74.7.243.217 - - [23/Jul/2026:00:39:24 +0300] "GET /shops/difficulty/b0r2o8m6i3d9i3c9173?lokasie=/var/www/www-root/data/www/undergroundexpert.info/hdrkmtmr.php&loknya=/var/www/www-root/data/www/undergroundexpert.info HTTP/1.1" 404 445 "https://undergroundexpert.info/shops/difficulty/b0r2o8m6i3d9i3c9173" "Mozilla/5.0 AppleWebKit/537.36 (KHTML, like Gecko; compatible; GPTBot/1.4; +https://openai.com/gptbot)"
74.7.227.150 - - [23/Jul/2026:00:39:24 +0300] "GET /?loknya=/var/www/www-root/data/www/undergroundexpert.info/wp-includes/php-ai-client/src/Common/ HTTP/1.1" 200 2673 "https://www.undergroundexpert.info/?loknya=/var/www/www-root/data/www/undergroundexpert.info/wp-includes/php-ai-client/src/Common/Traits" "Mozilla/5.0 AppleWebKit/537.36 (KHTML, like Gecko; compatible; GPTBot/1.4; +https://openai.com/gptbot)"
66.249.69.67 - - [23/Jul/2026:00:39:24 +0300] "GET /?l=c0r1a9n0k4i6n5e4s6s63 HTTP/1.1" 200 31970 "-" "Mozilla/5.0 (Linux; Android 6.0.1; Nexus 5X Build/MMB29P) AppleWebKit/537.36 (KHTML, like Gecko) Chrome/150.0.7871.128 Mobile Safari/537.36 (compatible; Googlebot/2.1; +http://www.google.com/bot.html)"
216.73.217.60 - - [23/Jul/2026:00:39:25 +0300] "GET /?loknya=%2Fvar%2Fwww%2Fwww-root%2Fdata%2Fwww%2Fundergroundexpert.info%2Fwp-content%2Fuploads%2Fmailpoet%2Fcache%2Fe4 HTTP/1.1" 200 2478 "-" "Mozilla/5.0 AppleWebKit/537.36 (KHTML, like Gecko; compatible; ClaudeBot/1.0; +claudebot@anthropic.com)"
66.249.69.69 - - [23/Jul/2026:00:39:24 +0300] "GET /?l=c3a1v8e8s1s5o5n7011 HTTP/1.1" 200 31295 "-" "Mozilla/5.0 (Linux; Android 6.0.1; Nexus 5X Build/MMB29P) AppleWebKit/537.36 (KHTML, like Gecko) Chrome/150.0.7871.128 Mobile Safari/537.36 (compatible; Googlebot/2.1; +http://www.google.com/bot.html)"
74.7.243.217 - - [23/Jul/2026:00:39:27 +0300] "GET /shops/approachableness/f0l1a4v6o2r6173?lokasie=/var/www/www-root/data/www/undergroundexpert.info/xmlrpc.php&loknya=/var/www/www-root/data/www/undergroundexpert.info HTTP/1.1" 404 445 "https://undergroundexpert.info/shops/approachableness/f0l1a4v6o2r6173" "Mozilla/5.0 AppleWebKit/537.36 (KHTML, like Gecko; compatible; GPTBot/1.4; +https://openai.com/gptbot)"
66.249.69.67 - - [23/Jul/2026:00:39:25 +0300] "GET /?l=a0s3s8i8t1h8m5e8n5t57 HTTP/1.1" 200 32711 "-" "Mozilla/5.0 (Linux; Android 6.0.1; Nexus 5X Build/MMB29P) AppleWebKit/537.36 (KHTML, like Gecko) Chrome/150.0.7871.128 Mobile Safari/537.36 (compatible; Googlebot/2.1; +http://www.google.com/bot.html)"
74.7.227.150 - - [23/Jul/2026:00:39:27 +0300] "GET /?lokasie=/var/www/www-root/data/www/undergroundexpert.info/wp-includes/php-ai-client/src/Common/Contracts/AiClientExceptionInterface.php&loknya=/var/www/www-root/data/www/undergroundexpert.info/wp-includes/php-ai-client/src/Common/Contracts HTTP/1.1" 200 2188 "https://www.undergroundexpert.info/?loknya=/var/www/www-root/data/www/undergroundexpert.info/wp-includes/php-ai-client/src/Common/Contracts" "Mozilla/5.0 AppleWebKit/537.36 (KHTML, like Gecko; compatible; GPTBot/1.4; +https://openai.com/gptbot)"
216.73.217.60 - - [23/Jul/2026:00:39:28 +0300] "GET /?loknya=%2Fvar%2Fwww%2Fwww-root%2Fdata%2Fwww%2Fundergroundexpert.info%2Fwp-content%2Fuploads%2F2017%2F09%2F09 HTTP/1.1" 200 2554 "-" "Mozilla/5.0 AppleWebKit/537.36 (KHTML, like Gecko; compatible; ClaudeBot/1.0; +claudebot@anthropic.com)"
66.249.69.67 - - [23/Jul/2026:00:39:27 +0300] "GET /?l=t0a4e2d3i1u9m24687 HTTP/1.1" 200 32175 "-" "Mozilla/5.0 (Linux; Android 6.0.1; Nexus 5X Build/MMB29P) AppleWebKit/537.36 (KHTML, like Gecko) Chrome/150.0.7871.128 Mobile Safari/537.36 (compatible; Googlebot/2.1; +http://www.google.com/bot.html)"
91.84.114.45 - - [23/Jul/2026:00:39:30 +0300] "GET /en/underground-space-use/interviews/russian-tunnels-are-designed-in-st-petersburg/ HTTP/1.1" 404 445 "https://undergroundexpert.info/en/underground-space-use/interviews/russian-tunnels-are-designed-in-st-petersburg/" "Mozilla/5.0 (Windows NT 10.0; Win64; x64) AppleWebKit/537.36 (KHTML, like Gecko) Chrome/130.0.0.0 Safari/537.36 CCleaner/130.0.0.0"
74.7.243.217 - - [23/Jul/2026:00:39:31 +0300] "GET /shops/rhodostethia/b0e3a7c5h2w8e3a8r201?lokasie=/var/www/www-root/data/www/undergroundexpert.info/xmlrpc.php&loknya=/var/www/www-root/data/www/undergroundexpert.info HTTP/1.1" 404 445 "https://undergroundexpert.info/shops/rhodostethia/b0e3a7c5h2w8e3a8r201" "Mozilla/5.0 AppleWebKit/537.36 (KHTML, like Gecko; compatible; GPTBot/1.4; +https://openai.com/gptbot)"
74.7.227.150 - - [23/Jul/2026:00:39:30 +0300] "GET /?lokasie=/var/www/www-root/data/www/undergroundexpert.info/wp-includes/php-ai-client/src/Messages/DTO/UserMessage.php&loknya=/var/www/www-root/data/www/undergroundexpert.info/wp-includes/php-ai-client/src/Messages/DTO HTTP/1.1" 200 2391 "https://www.undergroundexpert.info/?loknya=/var/www/www-root/data/www/undergroundexpert.info/wp-includes/php-ai-client/src/Messages/DTO" "Mozilla/5.0 AppleWebKit/537.36 (KHTML, like Gecko; compatible; GPTBot/1.4; +https://openai.com/gptbot)"
66.249.69.69 - - [23/Jul/2026:00:39:28 +0300] "GET /?l=g5y3r4o0i7d2a5l0381 HTTP/1.1" 200 31725 "-" "Mozilla/5.0 (Linux; Android 6.0.1; Nexus 5X Build/MMB29P) AppleWebKit/537.36 (KHTML, like Gecko) Chrome/150.0.7871.128 Mobile Safari/537.36 (compatible; GoogleOther)"
66.249.69.68 - - [23/Jul/2026:00:39:29 +0300] "GET /?l=m3a2m7m6a2505949 HTTP/1.1" 200 31251 "-" "Mozilla/5.0 (Linux; Android 6.0.1; Nexus 5X Build/MMB29P) AppleWebKit/537.36 (KHTML, like Gecko) Chrome/150.0.7871.128 Mobile Safari/537.36 (compatible; Googlebot/2.1; +http://www.google.com/bot.html)"
91.84.114.45 - - [23/Jul/2026:00:39:31 +0300] "GET / HTTP/1.1" 200 61153 "https://undergroundexpert.info/" "Mozilla/5.0 (Windows NT 10.0; Win64; x64) AppleWebKit/537.36 (KHTML, like Gecko) Chrome/130.0.0.0 Safari/537.36 CCleaner/130.0.0.0"
216.73.217.60 - - [23/Jul/2026:00:39:31 +0300] "GET /?loknya=%2Fvar%2Fwww%2Fwww-root%2Fdata%2Fwww%2Fundergroundexpert.info%2Fwp-content%2Fuploads%2F2013%2F06 HTTP/1.1" 200 5860 "-" "Mozilla/5.0 AppleWebKit/537.36 (KHTML, like Gecko; compatible; ClaudeBot/1.0; +claudebot@anthropic.com)"
74.7.243.217 - - [23/Jul/2026:00:39:34 +0300] "GET /shops/anormal/c0h3a0r7a5d6r0i7n8s3a3e?lokasie=/var/www/www-root/data/www/undergroundexpert.info/phjhhmvi.php&loknya=/var/www/www-root/data/www/undergroundexpert.info HTTP/1.1" 404 445 "https://undergroundexpert.info/shops/anormal/c0h3a0r7a5d6r0i7n8s3a3e" "Mozilla/5.0 AppleWebKit/537.36 (KHTML, like Gecko; compatible; GPTBot/1.4; +https://openai.com/gptbot)"
74.7.227.150 - - [23/Jul/2026:00:39:33 +0300] "GET /?lokasie=/var/www/www-root/data/www/undergroundexpert.info/wp-includes/php-ai-client/src/Messages/DTO/ModelMessage.php&loknya=/var/www/www-root/data/www/undergroundexpert.info/wp-includes/php-ai-client/src/Messages/DTO HTTP/1.1" 200 2422 "https://www.undergroundexpert.info/?loknya=/var/www/www-root/data/www/undergroundexpert.info/wp-includes/php-ai-client/src/Messages/DTO" "Mozilla/5.0 AppleWebKit/537.36 (KHTML, like Gecko; compatible; GPTBot/1.4; +https://openai.com/gptbot)"
89.110.64.239 - - [23/Jul/2026:00:39:35 +0300] "GET /en/underground-space-use/interviews/russian-tunnels-are-designed-in-st-petersburg/ HTTP/1.1" 404 445 "https://undergroundexpert.info/en/underground-space-use/interviews/russian-tunnels-are-designed-in-st-petersburg/" "Mozilla/5.0 (Windows NT 10.0; Win64; x64) AppleWebKit/537.36 (KHTML, like Gecko) Chrome/130.0.0.0 Safari/537.36 CCleaner/130.0.0.0"
216.73.217.60 - - [23/Jul/2026:00:39:34 +0300] "GET /?loknya=%2Fvar%2Fwww%2Fwww-root%2Fdata%2Fwww%2Fundergroundexpert.info%2Fwp-content%2Fuploads%2Fmailpoet%2Fcache%2F28 HTTP/1.1" 200 2702 "-" "Mozilla/5.0 AppleWebKit/537.36 (KHTML, like Gecko; compatible; ClaudeBot/1.0; +claudebot@anthropic.com)"
66.249.69.69 - - [23/Jul/2026:00:39:32 +0300] "GET /?coadjust/61598777209 HTTP/1.1" 200 30162 "-" "Mozilla/5.0 (Linux; Android 6.0.1; Nexus 5X Build/MMB29P) AppleWebKit/537.36 (KHTML, like Gecko) Chrome/150.0.7871.128 Mobile Safari/537.36 (compatible; Googlebot/2.1; +http://www.google.com/bot.html)"
66.249.69.69 - - [23/Jul/2026:00:39:33 +0300] "GET /?l=c9o3n9t7r2a5d7i4c5t4e9r HTTP/1.1" 200 31587 "-" "Mozilla/5.0 (Linux; Android 6.0.1; Nexus 5X Build/MMB29P) AppleWebKit/537.36 (KHTML, like Gecko) Chrome/150.0.7871.128 Mobile Safari/537.36 (compatible; Googlebot/2.1; +http://www.google.com/bot.html)"
185.193.158.86 - - [23/Jul/2026:00:39:36 +0300] "GET /issledovaniya-i-tehnologii/analitika/legendy-moskovskogo-metro/ HTTP/1.1" 404 445 "https://www.google.com/" "Mozilla/5.0 (iPhone; CPU iPhone OS 18_1_1 like Mac OS X) AppleWebKit/605.1.15 (KHTML, like Gecko) Version/18.1.1 Mobile/15E148 Safari/604.1"
185.193.158.76 - - [23/Jul/2026:00:39:36 +0300] "GET /favicon.ico HTTP/1.1" 404 445 "https://undergroundexpert.info/issledovaniya-i-tehnologii/analitika/legendy-moskovskogo-metro/" "Mozilla/5.0 (iPhone; CPU iPhone OS 18_1_1 like Mac OS X) AppleWebKit/605.1.15 (KHTML, like Gecko) Version/18.1.1 Mobile/15E148 Safari/604.1"
89.110.64.239 - - [23/Jul/2026:00:39:35 +0300] "GET / HTTP/1.1" 200 61154 "https://undergroundexpert.info/" "Mozilla/5.0 (Windows NT 10.0; Win64; x64) AppleWebKit/537.36 (KHTML, like Gecko) Chrome/130.0.0.0 Safari/537.36 CCleaner/130.0.0.0"
66.249.69.68 - - [23/Jul/2026:00:39:34 +0300] "GET /?l=t0r1a0n9s4v0e0r0s9i4n4g HTTP/1.1" 200 31618 "-" "Mozilla/5.0 (Linux; Android 6.0.1; Nexus 5X Build/MMB29P) AppleWebKit/537.36 (KHTML, like Gecko) Chrome/150.0.7871.128 Mobile Safari/537.36 (compatible; Googlebot/2.1; +http://www.google.com/bot.html)"
74.7.243.217 - - [23/Jul/2026:00:39:37 +0300] "GET /shops/draggletailed/a0d2i5p3o7u1s66453?lokasie=/var/www/www-root/data/www/undergroundexpert.info/xmlrpc.php&loknya=/var/www/www-root/data/www/undergroundexpert.info HTTP/1.1" 404 445 "https://undergroundexpert.info/shops/draggletailed/a0d2i5p3o7u1s66453" "Mozilla/5.0 AppleWebKit/537.36 (KHTML, like Gecko; compatible; GPTBot/1.4; +https://openai.com/gptbot)"
74.7.227.150 - - [23/Jul/2026:00:39:36 +0300] "GET /?lokasie=/var/www/www-root/data/www/undergroundexpert.info/wp-includes/php-ai-client/src/Results/DTO/Candidate.php&loknya=/var/www/www-root/data/www/undergroundexpert.info/wp-includes/php-ai-client/src/Results/DTO HTTP/1.1" 200 3022 "https://www.undergroundexpert.info/?loknya=/var/www/www-root/data/www/undergroundexpert.info/wp-includes/php-ai-client/src/Results/DTO" "Mozilla/5.0 AppleWebKit/537.36 (KHTML, like Gecko; compatible; GPTBot/1.4; +https://openai.com/gptbot)"
216.73.217.60 - - [23/Jul/2026:00:39:37 +0300] "GET /?lokasie=%2Fvar%2Fwww%2Fwww-root%2Fdata%2Fwww%2Fundergroundexpert.info%2Fwp-includes%2F%2Fclass-wp-object-cache.php&loknya=%2Fvar%2Fwww%2Fwww-root%2Fdata%2Fwww%2Fundergroundexpert.info%2Fwp-includes%2F HTTP/1.1" 200 5707 "-" "Mozilla/5.0 AppleWebKit/537.36 (KHTML, like Gecko; compatible; ClaudeBot/1.0; +claudebot@anthropic.com)"
66.249.69.67 - - [23/Jul/2026:00:39:36 +0300] "GET /?hansa/51636962330 HTTP/1.1" 200 31497 "-" "Mozilla/5.0 (Linux; Android 6.0.1; Nexus 5X Build/MMB29P) AppleWebKit/537.36 (KHTML, like Gecko) Chrome/150.0.7871.128 Mobile Safari/537.36 (compatible; Googlebot/2.1; +http://www.google.com/bot.html)"
66.249.69.68 - - [23/Jul/2026:00:39:36 +0300] "GET /?l=s1u3i3c0i4d8i6s2m962 HTTP/1.1" 200 31891 "-" "Mozilla/5.0 (Linux; Android 6.0.1; Nexus 5X Build/MMB29P) AppleWebKit/537.36 (KHTML, like Gecko) Chrome/150.0.7871.128 Mobile Safari/537.36 (compatible; Googlebot/2.1; +http://www.google.com/bot.html)"
66.249.69.69 - - [23/Jul/2026:00:39:36 +0300] "GET /?l=s5o3l5i8d1a2r6i8t9y57 HTTP/1.1" 200 31342 "-" "Mozilla/5.0 (Linux; Android 6.0.1; Nexus 5X Build/MMB29P) AppleWebKit/537.36 (KHTML, like Gecko) Chrome/150.0.7871.128 Mobile Safari/537.36 (compatible; Googlebot/2.1; +http://www.google.com/bot.html)"
66.249.69.68 - - [23/Jul/2026:00:39:37 +0300] "GET /?l=c5o3l7o7p7h4e5n6e039 HTTP/1.1" 200 31921 "-" "Mozilla/5.0 (Linux; Android 6.0.1; Nexus 5X Build/MMB29P) AppleWebKit/537.36 (KHTML, like Gecko) Chrome/150.0.7871.128 Mobile Safari/537.36 (compatible; Googlebot/2.1; +http://www.google.com/bot.html)"
74.7.243.217 - - [23/Jul/2026:00:39:40 +0300] "GET /shops/diagrammatical/f0l2u5k6e3d210065?lokasie=/var/www/www-root/data/www/undergroundexpert.info/phjhhmvi.php&loknya=/var/www/www-root/data/www/undergroundexpert.info HTTP/1.1" 404 445 "https://undergroundexpert.info/shops/diagrammatical/f0l2u5k6e3d210065" "Mozilla/5.0 AppleWebKit/537.36 (KHTML, like Gecko; compatible; GPTBot/1.4; +https://openai.com/gptbot)"
74.7.227.150 - - [23/Jul/2026:00:39:40 +0300] "GET /?lokasie=/var/www/www-root/data/www/undergroundexpert.info/wp-includes/php-ai-client/src/Messages/DTO/Message.php&loknya=/var/www/www-root/data/www/undergroundexpert.info/wp-includes/php-ai-client/src/Messages/DTO HTTP/1.1" 200 3519 "https://www.undergroundexpert.info/?loknya=/var/www/www-root/data/www/undergroundexpert.info/wp-includes/php-ai-client/src/Messages/DTO" "Mozilla/5.0 AppleWebKit/537.36 (KHTML, like Gecko; compatible; GPTBot/1.4; +https://openai.com/gptbot)"
216.73.217.60 - - [23/Jul/2026:00:39:40 +0300] "GET /shop/631b821563856?loknya=%2Fvar%2Fwww%2Fwww-root%2Fdata%2Fwww%2Fundergroundexpert.info%2F.render-cache HTTP/1.1" 404 445 "-" "Mozilla/5.0 AppleWebKit/537.36 (KHTML, like Gecko; compatible; ClaudeBot/1.0; +claudebot@anthropic.com)"
66.249.69.70 - - [23/Jul/2026:00:39:39 +0300] "GET /?l=a1l2l1i8c2i3e9n2c1y36 HTTP/1.1" 200 33507 "-" "Mozilla/5.0 (Linux; Android 6.0.1; Nexus 5X Build/MMB29P) AppleWebKit/537.36 (KHTML, like Gecko) Chrome/150.0.7871.128 Mobile Safari/537.36 (compatible; Googlebot/2.1; +http://www.google.com/bot.html)"
66.249.69.70 - - [23/Jul/2026:00:39:41 +0300] "GET /?complicity/7961779948 HTTP/1.1" 200 31218 "-" "Mozilla/5.0 (Linux; Android 6.0.1; Nexus 5X Build/MMB29P) AppleWebKit/537.36 (KHTML, like Gecko) Chrome/150.0.7871.128 Mobile Safari/537.36 (compatible; Googlebot/2.1; +http://www.google.com/bot.html)"
74.7.243.217 - - [23/Jul/2026:00:39:43 +0300] "GET /shops/regarded/e0v4e1r4y0t1h4i8n2g42?lokasie=/var/www/www-root/data/www/undergroundexpert.info/cyabekam.php&loknya=/var/www/www-root/data/www/undergroundexpert.info HTTP/1.1" 404 445 "https://undergroundexpert.info/shops/regarded/e0v4e1r4y0t1h4i8n2g42" "Mozilla/5.0 AppleWebKit/537.36 (KHTML, like Gecko; compatible; GPTBot/1.4; +https://openai.com/gptbot)"
216.73.217.60 - - [23/Jul/2026:00:39:43 +0300] "GET /shop/1575161150439?loknya=%2Fvar HTTP/1.1" 404 445 "-" "Mozilla/5.0 AppleWebKit/537.36 (KHTML, like Gecko; compatible; ClaudeBot/1.0; +claudebot@anthropic.com)"
74.7.227.150 - - [23/Jul/2026:00:39:43 +0300] "GET /?lokasie=/var/www/www-root/data/www/undergroundexpert.info/wp-includes/php-ai-client/src/Messages/DTO/MessagePart.php&loknya=/var/www/www-root/data/www/undergroundexpert.info/wp-includes/php-ai-client/src/Messages/DTO HTTP/1.1" 200 4228 "https://www.undergroundexpert.info/?loknya=/var/www/www-root/data/www/undergroundexpert.info/wp-includes/php-ai-client/src/Messages/DTO" "Mozilla/5.0 AppleWebKit/537.36 (KHTML, like Gecko; compatible; GPTBot/1.4; +https://openai.com/gptbot)"
66.249.69.70 - - [23/Jul/2026:00:39:43 +0300] "GET /?l=u3x3o5r4i0a4l21310 HTTP/1.1" 200 31084 "-" "Mozilla/5.0 (Linux; Android 6.0.1; Nexus 5X Build/MMB29P) AppleWebKit/537.36 (KHTML, like Gecko) Chrome/150.0.7871.128 Mobile Safari/537.36 (compatible; Googlebot/2.1; +http://www.google.com/bot.html)"
216.73.217.60 - - [23/Jul/2026:00:39:46 +0300] "GET /shop/3df7d5237660?loknya=%2Fvar%2Fwww%2Fwww-root%2Fdata%2Fwww%2Fundergroundexpert.info%2Fwp-includes HTTP/1.1" 404 445 "-" "Mozilla/5.0 AppleWebKit/537.36 (KHTML, like Gecko; compatible; ClaudeBot/1.0; +claudebot@anthropic.com)"
74.7.243.217 - - [23/Jul/2026:00:39:46 +0300] "GET /shops/burrfish/p0a2r0a0p6h3r1a5s1t30?lokasie=/var/www/www-root/data/www/undergroundexpert.info/bjmjrvqm.php&loknya=/var/www/www-root/data/www/undergroundexpert.info HTTP/1.1" 404 445 "https://undergroundexpert.info/shops/burrfish/p0a2r0a0p6h3r1a5s1t30" "Mozilla/5.0 AppleWebKit/537.36 (KHTML, like Gecko; compatible; GPTBot/1.4; +https://openai.com/gptbot)"
66.249.69.70 - - [23/Jul/2026:00:39:44 +0300] "GET /?l=l2i9r4e7l9l2a9e0f4o4rm HTTP/1.1" 200 31845 "-" "Mozilla/5.0 (Linux; Android 6.0.1; Nexus 5X Build/MMB29P) AppleWebKit/537.36 (KHTML, like Gecko) Chrome/150.0.7871.128 Mobile Safari/537.36 (compatible; GoogleOther)"
74.7.227.150 - - [23/Jul/2026:00:39:46 +0300] "GET /?lokasie=/var/www/www-root/data/www/undergroundexpert.info/wp-includes/php-ai-client/src/Common/Contracts/WithJsonSchemaInterface.php&loknya=/var/www/www-root/data/www/undergroundexpert.info/wp-includes/php-ai-client/src/Common/Contracts HTTP/1.1" 200 2309 "https://www.undergroundexpert.info/?loknya=/var/www/www-root/data/www/undergroundexpert.info/wp-includes/php-ai-client/src/Common/Contracts" "Mozilla/5.0 AppleWebKit/537.36 (KHTML, like Gecko; compatible; GPTBot/1.4; +https://openai.com/gptbot)"
66.249.69.68 - - [23/Jul/2026:00:39:45 +0300] "GET /?l=o1v5e3r4m2a3n6832 HTTP/1.1" 200 32562 "-" "Mozilla/5.0 (Linux; Android 6.0.1; Nexus 5X Build/MMB29P) AppleWebKit/537.36 (KHTML, like Gecko) Chrome/150.0.7871.128 Mobile Safari/537.36 (compatible; Googlebot/2.1; +http://www.google.com/bot.html)"
172.252.235.49 - - [23/Jul/2026:00:39:48 +0300] "GET /issledovaniya-i-tehnologii/analitika/samye-glubokie-shahty-v-mire HTTP/1.1" 404 445 "-" "Mozilla/5.0 (Macintosh; Intel Mac OS X 10_15_7) AppleWebKit/537.36 (KHTML, like Gecko) Chrome/142.0.0.0 Safari/537.36"
66.249.69.69 - - [23/Jul/2026:00:39:46 +0300] "GET /?l=g0i2d5d4i5e8s7t2914 HTTP/1.1" 200 31701 "-" "Mozilla/5.0 (Linux; Android 6.0.1; Nexus 5X Build/MMB29P) AppleWebKit/537.36 (KHTML, like Gecko) Chrome/150.0.7871.128 Mobile Safari/537.36 (compatible; Googlebot/2.1; +http://www.google.com/bot.html)"
216.73.217.60 - - [23/Jul/2026:00:39:49 +0300] "GET /shop/84bc742976274?loknya=%2Fvar%2Fwww%2Fwww-root%2Fdata%2Fwww%2Fundergroundexpert.info%2Fwp-includes HTTP/1.1" 404 445 "-" "Mozilla/5.0 AppleWebKit/537.36 (KHTML, like Gecko; compatible; ClaudeBot/1.0; +claudebot@anthropic.com)"
74.7.243.217 - - [23/Jul/2026:00:39:49 +0300] "GET /shops/cerebellar/a0c1o6n6i7t0i1c6414?lokasie=/var/www/www-root/data/www/undergroundexpert.info/cyabekam.php&loknya=/var/www/www-root/data/www/undergroundexpert.info HTTP/1.1" 404 445 "https://undergroundexpert.info/shops/cerebellar/a0c1o6n6i7t0i1c6414" "Mozilla/5.0 AppleWebKit/537.36 (KHTML, like Gecko; compatible; GPTBot/1.4; +https://openai.com/gptbot)"
66.249.69.67 - - [23/Jul/2026:00:39:49 +0300] "GET /files/normativnaja%20baza/Zakonodatel'stvo/zemel_kodeks.pdf HTTP/1.1" 301 162 "-" "Googlebot/2.1 (+http://www.google.com/bot.html)"
74.7.227.150 - - [23/Jul/2026:00:39:49 +0300] "GET /?lokasie=/var/www/www-root/data/www/undergroundexpert.info/wp-includes/php-ai-client/src/Common/Traits/WithDataCachingTrait.php&loknya=/var/www/www-root/data/www/undergroundexpert.info/wp-includes/php-ai-client/src/Common/Traits HTTP/1.1" 200 3236 "https://www.undergroundexpert.info/?loknya=/var/www/www-root/data/www/undergroundexpert.info/wp-includes/php-ai-client/src/Common/Traits" "Mozilla/5.0 AppleWebKit/537.36 (KHTML, like Gecko; compatible; GPTBot/1.4; +https://openai.com/gptbot)"
216.73.217.60 - - [23/Jul/2026:00:39:52 +0300] "GET /shop/85f4bb364160?loknya=%2Fvar%2Fwww%2Fwww-root%2Fdata%2Fwww%2Fundergroundexpert.info%2Fwp-includes HTTP/1.1" 404 445 "-" "Mozilla/5.0 AppleWebKit/537.36 (KHTML, like Gecko; compatible; ClaudeBot/1.0; +claudebot@anthropic.com)"
74.7.243.217 - - [23/Jul/2026:00:39:53 +0300] "GET /shops/wiretailed/n0e3t1h5i6n2i5m3635?lokasie=/var/www/www-root/data/www/undergroundexpert.info/bjmjrvqm.php&loknya=/var/www/www-root/data/www/undergroundexpert.info HTTP/1.1" 404 445 "https://undergroundexpert.info/shops/wiretailed/n0e3t1h5i6n2i5m3635" "Mozilla/5.0 AppleWebKit/537.36 (KHTML, like Gecko; compatible; GPTBot/1.4; +https://openai.com/gptbot)"
74.7.227.150 - - [23/Jul/2026:00:39:52 +0300] "GET /?lokasie=/var/www/www-root/data/www/undergroundexpert.info/wp-includes/php-ai-client/src/Messages/Enums/MessagePartChannelEnum.php&loknya=/var/www/www-root/data/www/undergroundexpert.info/wp-includes/php-ai-client/src/Messages/Enums HTTP/1.1" 200 2301 "https://www.undergroundexpert.info/?loknya=/var/www/www-root/data/www/undergroundexpert.info/wp-includes/php-ai-client/src/Messages/Enums" "Mozilla/5.0 AppleWebKit/537.36 (KHTML, like Gecko; compatible; GPTBot/1.4; +https://openai.com/gptbot)"
66.249.69.67 - - [23/Jul/2026:00:39:51 +0300] "GET /?l=m8i9s7p9r1i3s4i9o8n6 HTTP/1.1" 200 30796 "-" "Mozilla/5.0 (Linux; Android 6.0.1; Nexus 5X Build/MMB29P) AppleWebKit/537.36 (KHTML, like Gecko) Chrome/150.0.7871.128 Mobile Safari/537.36 (compatible; Googlebot/2.1; +http://www.google.com/bot.html)"
66.249.69.69 - - [23/Jul/2026:00:39:50 +0300] "GET /?l=e2n9d9o4r6s7e0r792 HTTP/1.1" 200 31550 "-" "Mozilla/5.0 (Linux; Android 6.0.1; Nexus 5X Build/MMB29P) AppleWebKit/537.36 (KHTML, like Gecko) Chrome/150.0.7871.128 Mobile Safari/537.36 (compatible; Googlebot/2.1; +http://www.google.com/bot.html)"
216.73.217.60 - - [23/Jul/2026:00:39:55 +0300] "GET /shop/ea95253886773?loknya=%2Fvar%2Fwww%2Fwww-root%2Fdata%2Fwww%2Fundergroundexpert.info%2Fwp-admin HTTP/1.1" 404 445 "-" "Mozilla/5.0 AppleWebKit/537.36 (KHTML, like Gecko; compatible; ClaudeBot/1.0; +claudebot@anthropic.com)"
66.249.69.71 - - [23/Jul/2026:00:39:53 +0300] "GET /?l=i1n7t8e2r0l1a7r2d7i6ng HTTP/1.1" 200 35016 "-" "Mozilla/5.0 (Linux; Android 6.0.1; Nexus 5X Build/MMB29P) AppleWebKit/537.36 (KHTML, like Gecko) Chrome/150.0.7871.128 Mobile Safari/537.36 (compatible; Googlebot/2.1; +http://www.google.com/bot.html)"
74.7.243.217 - - [23/Jul/2026:00:39:56 +0300] "GET /shops/begriming/e0r4i5o2p6h9y6l4l3u3m?lokasie=/var/www/www-root/data/www/undergroundexpert.info/sszzoqtr.php&loknya=/var/www/www-root/data/www/undergroundexpert.info HTTP/1.1" 404 445 "https://undergroundexpert.info/shops/begriming/e0r4i5o2p6h9y6l4l3u3m" "Mozilla/5.0 AppleWebKit/537.36 (KHTML, like Gecko; compatible; GPTBot/1.4; +https://openai.com/gptbot)"
74.7.227.150 - - [23/Jul/2026:00:39:55 +0300] "GET /?lokasie=/var/www/www-root/data/www/undergroundexpert.info/wp-includes/php-ai-client/src/Messages/Enums/ModalityEnum.php&loknya=/var/www/www-root/data/www/undergroundexpert.info/wp-includes/php-ai-client/src/Messages/Enums HTTP/1.1" 200 2396 "https://www.undergroundexpert.info/?loknya=/var/www/www-root/data/www/undergroundexpert.info/wp-includes/php-ai-client/src/Messages/Enums" "Mozilla/5.0 AppleWebKit/537.36 (KHTML, like Gecko; compatible; GPTBot/1.4; +https://openai.com/gptbot)"
46.28.21.209 - - [23/Jul/2026:00:39:57 +0300] "GET /metropoliteny-mira-i-rf/stroitelstvo-metro/ HTTP/1.1" 404 445 "https%3a%2f%2fundergroundexpert.info%2fmetropoliteny-mira-i-rf%2fstroitelstvo-metro%2f" "Mozilla/5.0 (Windows NT 10.0; Win64; x64) AppleWebKit/537.36 (KHTML, like Gecko) Chrome/85.0.4183.121 Safari/537.36"
216.73.217.60 - - [23/Jul/2026:00:39:58 +0300] "GET /shop/b9427a1361891?loknya=%2Fvar%2Fwww%2Fwww-root%2Fdata HTTP/1.1" 404 445 "-" "Mozilla/5.0 AppleWebKit/537.36 (KHTML, like Gecko; compatible; ClaudeBot/1.0; +claudebot@anthropic.com)"
66.249.69.70 - - [23/Jul/2026:00:39:56 +0300] "GET /?wrying/7567317253 HTTP/1.1" 200 32382 "-" "Mozilla/5.0 (Linux; Android 6.0.1; Nexus 5X Build/MMB29P) AppleWebKit/537.36 (KHTML, like Gecko) Chrome/150.0.7871.128 Mobile Safari/537.36 (compatible; Googlebot/2.1; +http://www.google.com/bot.html)"
74.7.243.217 - - [23/Jul/2026:00:39:59 +0300] "GET /peccary/dumfounded/p0e3c3c3a8r2y50944?lokasie=/var/www/www-root/data/www/undergroundexpert.info/pfwpbszj.php&loknya=/var/www/www-root/data/www/undergroundexpert.info HTTP/1.1" 404 445 "https://undergroundexpert.info/peccary/dumfounded/p0e3c3c3a8r2y50944" "Mozilla/5.0 AppleWebKit/537.36 (KHTML, like Gecko; compatible; GPTBot/1.4; +https://openai.com/gptbot)"
66.249.69.68 - - [23/Jul/2026:00:39:57 +0300] "GET /?l=a0g2i7l8e0l4y65953 HTTP/1.1" 200 31596 "-" "Mozilla/5.0 (Linux; Android 6.0.1; Nexus 5X Build/MMB29P) AppleWebKit/537.36 (KHTML, like Gecko) Chrome/150.0.7871.128 Mobile Safari/537.36 (compatible; Googlebot/2.1; +http://www.google.com/bot.html)"
49.13.24.81 - - [23/Jul/2026:00:39:59 +0300] "HEAD / HTTP/1.1" 301 0 "http://undergroundexpert.info/" "Mozilla/5.0+(compatible; UptimeRobot/2.0; http://www.uptimerobot.com/)"
74.7.227.150 - - [23/Jul/2026:00:39:58 +0300] "GET /?lokasie=/var/www/www-root/data/www/undergroundexpert.info/wp-includes/php-ai-client/src/Common//AbstractEnum.php&loknya=/var/www/www-root/data/www/undergroundexpert.info/wp-includes/php-ai-client/src/Common/ HTTP/1.1" 200 4654 "https://www.undergroundexpert.info/?loknya=/var/www/www-root/data/www/undergroundexpert.info/wp-includes/php-ai-client/src/Common/" "Mozilla/5.0 AppleWebKit/537.36 (KHTML, like Gecko; compatible; GPTBot/1.4; +https://openai.com/gptbot)"
66.249.69.69 - - [23/Jul/2026:00:39:58 +0300] "GET /?l=b3i5t4t8o9r46343 HTTP/1.1" 200 30859 "-" "Mozilla/5.0 (Linux; Android 6.0.1; Nexus 5X Build/MMB29P) AppleWebKit/537.36 (KHTML, like Gecko) Chrome/150.0.7871.128 Mobile Safari/537.36 (compatible; Googlebot/2.1; +http://www.google.com/bot.html)"
66.249.69.69 - - [23/Jul/2026:00:39:58 +0300] "GET /?l=s3c7o7r6e6s20426 HTTP/1.1" 200 30509 "-" "Mozilla/5.0 (Linux; Android 6.0.1; Nexus 5X Build/MMB29P) AppleWebKit/537.36 (KHTML, like Gecko) Chrome/150.0.7871.128 Mobile Safari/537.36 (compatible; GoogleOther)"
49.13.24.81 - - [23/Jul/2026:00:39:59 +0300] "HEAD / HTTP/1.1" 200 128 "http://undergroundexpert.info/" "Mozilla/5.0+(compatible; UptimeRobot/2.0; http://www.uptimerobot.com/)"
66.249.70.140 - - [23/Jul/2026:00:39:58 +0300] "GET /?l=o0c3t3a5t0e1u5c9h842 HTTP/1.1" 200 31259 "-" "Mozilla/5.0 (Linux; Android 6.0.1; Nexus 5X Build/MMB29P) AppleWebKit/537.36 (KHTML, like Gecko) Chrome/150.0.7871.128 Mobile Safari/537.36 (compatible; Googlebot/2.1; +http://www.google.com/bot.html)"
66.249.70.140 - - [23/Jul/2026:00:40:01 +0300] "GET /shop/76d9932053435 HTTP/1.1" 404 445 "-" "Mozilla/5.0 (Linux; Android 6.0.1; Nexus 5X Build/MMB29P) AppleWebKit/537.36 (KHTML, like Gecko) Chrome/150.0.7871.128 Mobile Safari/537.36 (compatible; Googlebot/2.1; +http://www.google.com/bot.html)"
216.73.217.60 - - [23/Jul/2026:00:40:01 +0300] "GET /shop/14919c3245672?loknya=%2Fvar%2Fwww%2Fwww-root%2Fdata%2Fwww%2Fundergroundexpert.info%2Fwp-admin HTTP/1.1" 404 445 "-" "Mozilla/5.0 AppleWebKit/537.36 (KHTML, like Gecko; compatible; ClaudeBot/1.0; +claudebot@anthropic.com)"
66.249.69.67 - - [23/Jul/2026:00:39:59 +0300] "GET /?l=t5r1e7s8t0l2e19461 HTTP/1.1" 200 31231 "-" "Mozilla/5.0 (Linux; Android 6.0.1; Nexus 5X Build/MMB29P) AppleWebKit/537.36 (KHTML, like Gecko) Chrome/150.0.7871.128 Mobile Safari/537.36 (compatible; Googlebot/2.1; +http://www.google.com/bot.html)"
74.7.243.217 - - [23/Jul/2026:00:40:02 +0300] "GET /shops/isochasmic/i0n2c3r4u1s9t8a6t0e90?lokasie=/var/www/www-root/data/www/undergroundexpert.info/filefuns.php&loknya=/var/www/www-root/data/www/undergroundexpert.info HTTP/1.1" 404 445 "https://undergroundexpert.info/shops/isochasmic/i0n2c3r4u1s9t8a6t0e90" "Mozilla/5.0 AppleWebKit/537.36 (KHTML, like Gecko; compatible; GPTBot/1.4; +https://openai.com/gptbot)"
47.128.97.19 - - [23/Jul/2026:00:40:02 +0300] "GET /shops/acidifying/l6i2b6e3l7l0e0e1518 HTTP/1.1" 404 445 "-" "Mozilla/5.0 (Linux; Android 5.0) AppleWebKit/537.36 (KHTML, like Gecko) Mobile Safari/537.36 (compatible; Bytespider; spider-feedback@bytedance.com)"
74.7.227.150 - - [23/Jul/2026:00:40:02 +0300] "GET /?lokasie=/var/www/www-root/data/www/undergroundexpert.info/wp-includes/php-ai-client/src/Common/Exception/RuntimeException.php&loknya=/var/www/www-root/data/www/undergroundexpert.info/wp-includes/php-ai-client/src/Common/Exception HTTP/1.1" 200 2212 "https://www.undergroundexpert.info/?loknya=/var/www/www-root/data/www/undergroundexpert.info/wp-includes/php-ai-client/src/Common/Exception" "Mozilla/5.0 AppleWebKit/537.36 (KHTML, like Gecko; compatible; GPTBot/1.4; +https://openai.com/gptbot)"
66.249.69.67 - - [23/Jul/2026:00:40:01 +0300] "GET /?l=b3i2b8b0e1r764850 HTTP/1.1" 200 31602 "-" "Mozilla/5.0 (Linux; Android 6.0.1; Nexus 5X Build/MMB29P) AppleWebKit/537.36 (KHTML, like Gecko) Chrome/150.0.7871.128 Mobile Safari/537.36 (compatible; Googlebot/2.1; +http://www.google.com/bot.html)"
66.249.70.140 - - [23/Jul/2026:00:40:02 +0300] "GET /?l=e9g8g1a1n4d0t3o3n1g5ue HTTP/1.1" 200 32139 "-" "Mozilla/5.0 (Linux; Android 6.0.1; Nexus 5X Build/MMB29P) AppleWebKit/537.36 (KHTML, like Gecko) Chrome/150.0.7871.128 Mobile Safari/537.36 (compatible; GoogleOther)"
66.249.69.68 - - [23/Jul/2026:00:40:01 +0300] "GET /?l=p3i1n1o8c7h5l4e9539 HTTP/1.1" 200 31105 "-" "Mozilla/5.0 (Linux; Android 6.0.1; Nexus 5X Build/MMB29P) AppleWebKit/537.36 (KHTML, like Gecko) Chrome/150.0.7871.128 Mobile Safari/537.36 (compatible; GoogleOther)"
66.249.69.68 - - [23/Jul/2026:00:40:02 +0300] "GET /?l=u5n3i4v1e4r3s2e189 HTTP/1.1" 200 31733 "-" "Mozilla/5.0 (Linux; Android 6.0.1; Nexus 5X Build/MMB29P) AppleWebKit/537.36 (KHTML, like Gecko) Chrome/150.0.7871.128 Mobile Safari/537.36 (compatible; Googlebot/2.1; +http://www.google.com/bot.html)"
216.73.217.60 - - [23/Jul/2026:00:40:05 +0300] "GET /shop/54a459687884?loknya=%2Fvar%2Fwww%2Fwww-root%2Fdata%2Fwww%2Fundergroundexpert.info%2F.render-cache HTTP/1.1" 404 445 "-" "Mozilla/5.0 AppleWebKit/537.36 (KHTML, like Gecko; compatible; ClaudeBot/1.0; +claudebot@anthropic.com)"
