216.73.217.60 - - [23/Jul/2026:00:30:09 +0300] "GET /shop/458036600662?loknya=%2Fvar%2Fwww%2Fwww-root%2Fdata%2Fwww%2Fundergroundexpert.info%2F.render-cache HTTP/1.1" 404 445 "-" "Mozilla/5.0 AppleWebKit/537.36 (KHTML, like Gecko; compatible; ClaudeBot/1.0; +claudebot@anthropic.com)"
74.7.243.217 - - [23/Jul/2026:00:30:09 +0300] "GET /shops/hetaristic/c0y3n7i5c1i6s2m6102?lokasie=/var/www/www-root/data/www/undergroundexpert.info/filefuns.php&loknya=/var/www/www-root/data/www/undergroundexpert.info HTTP/1.1" 404 445 "https://undergroundexpert.info/shops/hetaristic/c0y3n7i5c1i6s2m6102" "Mozilla/5.0 AppleWebKit/537.36 (KHTML, like Gecko; compatible; GPTBot/1.4; +https://openai.com/gptbot)"
66.249.69.67 - - [23/Jul/2026:00:30:05 +0300] "GET /?seaside/13053262954 HTTP/1.1" 200 30479 "-" "Mozilla/5.0 (Linux; Android 6.0.1; Nexus 5X Build/MMB29P) AppleWebKit/537.36 (KHTML, like Gecko) Chrome/150.0.7871.128 Mobile Safari/537.36 (compatible; Googlebot/2.1; +http://www.google.com/bot.html)"
114.119.148.187 - - [23/Jul/2026:00:30:10 +0300] "GET /opyt-podzemnogo-stroitelstva/stroyashhiesya-obekty/avtodorozhnyj-tonnel-v-ufe/print HTTP/1.1" 404 445 "http://www.undergroundexpert.info/podzemnye-sooruzheniya/item/1986-avtodorozhnyj-tonnel-v-ufe" "Mozilla/5.0 (Linux; Android 7.0;) AppleWebKit/537.36 (HTML, like Gecko) Mobile Safari/537.36 (compatible; PetalBot;+https://webmaster.petalsearch.com/site/petalbot)"
74.7.227.150 - - [23/Jul/2026:00:30:09 +0300] "GET /?lokasie=/var/www/www-root/data/www/undergroundexpert.info/wp-content/plugins/wp-file-manager/lib/themes/light/images/16px/rm.png&loknya=/var/www/www-root/data/www/undergroundexpert.info/wp-content/plugins/wp-file-manager/lib/themes/light/images/16px HTTP/1.1" 200 2029 "https://www.undergroundexpert.info/?loknya=/var/www/www-root/data/www/undergroundexpert.info/wp-content/plugins/wp-file-manager/lib/themes/light/images/16px" "Mozilla/5.0 AppleWebKit/537.36 (KHTML, like Gecko; compatible; GPTBot/1.4; +https://openai.com/gptbot)"
216.73.217.60 - - [23/Jul/2026:00:30:12 +0300] "GET /shop/4a6c66399665?loknya=%2Fvar HTTP/1.1" 404 445 "-" "Mozilla/5.0 AppleWebKit/537.36 (KHTML, like Gecko; compatible; ClaudeBot/1.0; +claudebot@anthropic.com)"
74.7.243.217 - - [23/Jul/2026:00:30:13 +0300] "GET /surveyors/luteola/s0u2r6v4e3y6o4r1s651?lokasie=/var/www/www-root/data/www/undergroundexpert.info/bjmjrvqm.php&loknya=/var/www/www-root/data/www/undergroundexpert.info HTTP/1.1" 404 445 "https://undergroundexpert.info/surveyors/luteola/s0u2r6v4e3y6o4r1s651" "Mozilla/5.0 AppleWebKit/537.36 (KHTML, like Gecko; compatible; GPTBot/1.4; +https://openai.com/gptbot)"
66.249.69.67 - - [23/Jul/2026:00:30:10 +0300] "GET /?l=a6s3t5h9m0a308985 HTTP/1.1" 200 31687 "-" "Mozilla/5.0 (Linux; Android 6.0.1; Nexus 5X Build/MMB29P) AppleWebKit/537.36 (KHTML, like Gecko) Chrome/150.0.7871.128 Mobile Safari/537.36 (compatible; Googlebot/2.1; +http://www.google.com/bot.html)"
166.108.233.7 - - [23/Jul/2026:00:30:14 +0300] "GET /issledovaniya-i-tehnologii/analitika/metropoliteny-rossii-i-sng/print/?lokasie=/var/www/www-root/data/www/undergroundexpert.info/xmlrpc.php&loknya=/var/www/www-root/data/www/undergroundexpert.info HTTP/1.1" 404 445 "-" "Mozilla/5.0 (Macintosh; Intel Mac OS X 10_15_7) AppleWebKit/537.36 (KHTML, like Gecko) Chrome/147.0.0.0 Safari/537.36"
66.249.69.67 - - [23/Jul/2026:00:30:10 +0300] "GET /?l=s6l7a7n8g9i0n7g092 HTTP/1.1" 200 30942 "-" "Mozilla/5.0 (Linux; Android 6.0.1; Nexus 5X Build/MMB29P) AppleWebKit/537.36 (KHTML, like Gecko) Chrome/150.0.7871.128 Mobile Safari/537.36 (compatible; GoogleOther)"
74.7.227.150 - - [23/Jul/2026:00:30:12 +0300] "GET /?lokasie=/var/www/www-root/data/www/undergroundexpert.info/wp-content/plugins/wp-file-manager/lib/themes/light/images/16px/edit.png&loknya=/var/www/www-root/data/www/undergroundexpert.info/wp-content/plugins/wp-file-manager/lib/themes/light/images/16px HTTP/1.1" 200 2030 "https://www.undergroundexpert.info/?loknya=/var/www/www-root/data/www/undergroundexpert.info/wp-content/plugins/wp-file-manager/lib/themes/light/images/16px" "Mozilla/5.0 AppleWebKit/537.36 (KHTML, like Gecko; compatible; GPTBot/1.4; +https://openai.com/gptbot)"
216.73.217.60 - - [23/Jul/2026:00:30:15 +0300] "GET /shops/palmatifid/p0e7r8s0o2n2i7f3i1e0r HTTP/1.1" 404 445 "-" "Mozilla/5.0 AppleWebKit/537.36 (KHTML, like Gecko; compatible; ClaudeBot/1.0; +claudebot@anthropic.com)"
74.7.243.217 - - [23/Jul/2026:00:30:16 +0300] "GET /shops/sweating/c0e2t6o9l2o8g6i5c0a4l3?lokasie=/var/www/www-root/data/www/undergroundexpert.info/pfwpbszj.php&loknya=/var/www/www-root/data/www/undergroundexpert.info HTTP/1.1" 404 445 "https://undergroundexpert.info/shops/sweating/c0e2t6o9l2o8g6i5c0a4l3" "Mozilla/5.0 AppleWebKit/537.36 (KHTML, like Gecko; compatible; GPTBot/1.4; +https://openai.com/gptbot)"
74.7.227.150 - - [23/Jul/2026:00:30:16 +0300] "GET /?lokasie=/var/www/www-root/data/www/undergroundexpert.info/wp-content/plugins/wp-file-manager/lib/themes/light/images/16px/upload.png&loknya=/var/www/www-root/data/www/undergroundexpert.info/wp-content/plugins/wp-file-manager/lib/themes/light/images/16px HTTP/1.1" 200 2028 "https://www.undergroundexpert.info/?loknya=/var/www/www-root/data/www/undergroundexpert.info/wp-content/plugins/wp-file-manager/lib/themes/light/images/16px" "Mozilla/5.0 AppleWebKit/537.36 (KHTML, like Gecko; compatible; GPTBot/1.4; +https://openai.com/gptbot)"
216.73.217.60 - - [23/Jul/2026:00:30:18 +0300] "GET /shop/20535b1875599?loknya=%2Fvar%2Fwww%2Fwww-root%2Fdata%2Fwww%2Fundergroundexpert.info%2F.render-cache HTTP/1.1" 404 445 "-" "Mozilla/5.0 AppleWebKit/537.36 (KHTML, like Gecko; compatible; ClaudeBot/1.0; +claudebot@anthropic.com)"
66.249.69.67 - - [23/Jul/2026:00:30:15 +0300] "GET /?wherethrough/62179456874 HTTP/1.1" 200 31001 "-" "Mozilla/5.0 (Linux; Android 6.0.1; Nexus 5X Build/MMB29P) AppleWebKit/537.36 (KHTML, like Gecko) Chrome/150.0.7871.128 Mobile Safari/537.36 (compatible; Googlebot/2.1; +http://www.google.com/bot.html)"
74.7.243.217 - - [23/Jul/2026:00:30:19 +0300] "GET /shops/crumeniferus/h0e4a1t8h1e5r9y3416?lokasie=/var/www/www-root/data/www/undergroundexpert.info/veeyjjxx.php&loknya=/var/www/www-root/data/www/undergroundexpert.info HTTP/1.1" 404 445 "https://undergroundexpert.info/shops/crumeniferus/h0e4a1t8h1e5r9y3416" "Mozilla/5.0 AppleWebKit/537.36 (KHTML, like Gecko; compatible; GPTBot/1.4; +https://openai.com/gptbot)"
66.249.69.67 - - [23/Jul/2026:00:30:17 +0300] "GET /?l=g3e4n2e8t9h2l7i1a3c1s3 HTTP/1.1" 200 30117 "-" "Mozilla/5.0 (Linux; Android 6.0.1; Nexus 5X Build/MMB29P) AppleWebKit/537.36 (KHTML, like Gecko) Chrome/150.0.7871.128 Mobile Safari/537.36 (compatible; Googlebot/2.1; +http://www.google.com/bot.html)"
74.7.227.150 - - [23/Jul/2026:00:30:19 +0300] "GET /?lokasie=/var/www/www-root/data/www/undergroundexpert.info/wp-content/plugins/wp-file-manager/lib/themes/light/images/16px/reload.png&loknya=/var/www/www-root/data/www/undergroundexpert.info/wp-content/plugins/wp-file-manager/lib/themes/light/images/16px HTTP/1.1" 200 2030 "https://www.undergroundexpert.info/?loknya=/var/www/www-root/data/www/undergroundexpert.info/wp-content/plugins/wp-file-manager/lib/themes/light/images/16px" "Mozilla/5.0 AppleWebKit/537.36 (KHTML, like Gecko; compatible; GPTBot/1.4; +https://openai.com/gptbot)"
216.73.217.60 - - [23/Jul/2026:00:30:21 +0300] "GET /shop/f286202240390?loknya=%2Fvar HTTP/1.1" 404 445 "-" "Mozilla/5.0 AppleWebKit/537.36 (KHTML, like Gecko; compatible; ClaudeBot/1.0; +claudebot@anthropic.com)"
66.249.69.67 - - [23/Jul/2026:00:30:21 +0300] "GET /grogginess/cawky/63737362616 HTTP/1.1" 404 449 "-" "Mozilla/5.0 (Linux; Android 6.0.1; Nexus 5X Build/MMB29P) AppleWebKit/537.36 (KHTML, like Gecko) Chrome/150.0.7871.128 Mobile Safari/537.36 (compatible; GoogleOther)"
66.249.69.67 - - [23/Jul/2026:00:30:18 +0300] "GET /?l=r6e2d3e1l7i2v6e5r4y91 HTTP/1.1" 200 31346 "-" "Mozilla/5.0 (Linux; Android 6.0.1; Nexus 5X Build/MMB29P) AppleWebKit/537.36 (KHTML, like Gecko) Chrome/150.0.7871.128 Mobile Safari/537.36 (compatible; Googlebot/2.1; +http://www.google.com/bot.html)"
66.249.69.67 - - [23/Jul/2026:00:30:17 +0300] "GET /?stannum/31920911167 HTTP/1.1" 200 31389 "-" "Mozilla/5.0 (Linux; Android 6.0.1; Nexus 5X Build/MMB29P) AppleWebKit/537.36 (KHTML, like Gecko) Chrome/150.0.7871.128 Mobile Safari/537.36 (compatible; Googlebot/2.1; +http://www.google.com/bot.html)"
74.7.243.217 - - [23/Jul/2026:00:30:22 +0300] "GET /shops/mezzotintoing/k0i3d6n3e4y926951?lokasie=/var/www/www-root/data/www/undergroundexpert.info/cyabekam.php&loknya=/var/www/www-root/data/www/undergroundexpert.info HTTP/1.1" 404 445 "https://undergroundexpert.info/shops/mezzotintoing/k0i3d6n3e4y926951" "Mozilla/5.0 AppleWebKit/537.36 (KHTML, like Gecko; compatible; GPTBot/1.4; +https://openai.com/gptbot)"
216.73.217.60 - - [23/Jul/2026:00:30:24 +0300] "GET /shop/863f833440438?loknya=%2Fvar%2Fwww%2Fwww-root%2Fdata%2Fwww%2Fundergroundexpert.info%2F.render-cache HTTP/1.1" 404 445 "-" "Mozilla/5.0 AppleWebKit/537.36 (KHTML, like Gecko; compatible; ClaudeBot/1.0; +claudebot@anthropic.com)"
74.7.227.150 - - [23/Jul/2026:00:30:22 +0300] "GET /?lokasie=/var/www/www-root/data/www/undergroundexpert.info/wp-content/plugins/wp-file-manager/lib/themes/light/images/16px/up.svg&loknya=/var/www/www-root/data/www/undergroundexpert.info/wp-content/plugins/wp-file-manager/lib/themes/light/images/16px HTTP/1.1" 200 2759 "https://www.undergroundexpert.info/?loknya=/var/www/www-root/data/www/undergroundexpert.info/wp-content/plugins/wp-file-manager/lib/themes/light/images/16px" "Mozilla/5.0 AppleWebKit/537.36 (KHTML, like Gecko; compatible; GPTBot/1.4; +https://openai.com/gptbot)"
46.28.21.209 - - [23/Jul/2026:00:30:24 +0300] "GET /issledovaniya-i-tehnologii/analitika/ HTTP/1.1" 404 445 "https%3a%2f%2fundergroundexpert.info%2fissledovaniya-i-tehnologii%2fanalitika%2f" "Mozilla/5.0 (Windows NT 10.0; Win64; x64) AppleWebKit/537.36 (KHTML, like Gecko) Chrome/85.0.4183.121 Safari/537.36"
66.249.69.67 - - [23/Jul/2026:00:30:21 +0300] "GET /?l=p6e3r4s4o6n5i6f4y6ing HTTP/1.1" 200 30428 "-" "Mozilla/5.0 (Linux; Android 6.0.1; Nexus 5X Build/MMB29P) AppleWebKit/537.36 (KHTML, like Gecko) Chrome/150.0.7871.128 Mobile Safari/537.36 (compatible; Googlebot/2.1; +http://www.google.com/bot.html)"
74.7.243.217 - - [23/Jul/2026:00:30:25 +0300] "GET /shops/teratogeny/g0u1a9r3a4n0t1e2e5s44?lokasie=/var/www/www-root/data/www/undergroundexpert.info/phjhhmvi.php&loknya=/var/www/www-root/data/www/undergroundexpert.info HTTP/1.1" 404 445 "https://undergroundexpert.info/shops/teratogeny/g0u1a9r3a4n0t1e2e5s44" "Mozilla/5.0 AppleWebKit/537.36 (KHTML, like Gecko; compatible; GPTBot/1.4; +https://openai.com/gptbot)"
146.247.121.100 - - [23/Jul/2026:00:30:26 +0300] "GET /issledovaniya-i-tehnologii/analitika/ HTTP/1.1" 404 445 "https%3a%2f%2fundergroundexpert.info%2fissledovaniya-i-tehnologii%2fanalitika%2f" "Mozilla/5.0 (Windows NT 10.0; Win64; x64) AppleWebKit/537.36 (KHTML, like Gecko) Chrome/85.0.4183.121 Safari/537.36"
45.14.220.105 - - [23/Jul/2026:00:30:26 +0300] "GET /issledovaniya-i-tehnologii/analitika/ HTTP/1.1" 404 445 "https%3a%2f%2fundergroundexpert.info%2fissledovaniya-i-tehnologii%2fanalitika%2f" "Mozilla/5.0 (Windows NT 10.0; Win64; x64) AppleWebKit/537.36 (KHTML, like Gecko) Chrome/85.0.4183.121 Safari/537.36"
74.7.227.150 - - [23/Jul/2026:00:30:25 +0300] "GET /?lokasie=/var/www/www-root/data/www/undergroundexpert.info/wp-content/plugins/wp-file-manager/lib/themes/light/images/16px/file.png&loknya=/var/www/www-root/data/www/undergroundexpert.info/wp-content/plugins/wp-file-manager/lib/themes/light/images/16px HTTP/1.1" 200 2029 "https://www.undergroundexpert.info/?loknya=/var/www/www-root/data/www/undergroundexpert.info/wp-content/plugins/wp-file-manager/lib/themes/light/images/16px" "Mozilla/5.0 AppleWebKit/537.36 (KHTML, like Gecko; compatible; GPTBot/1.4; +https://openai.com/gptbot)"
216.73.217.60 - - [23/Jul/2026:00:30:27 +0300] "GET /shop/f6b2f2737077?loknya=%2Fvar%2Fwww%2Fwww-root%2Fdata%2Fwww%2Fundergroundexpert.info%2Fwp-admin%2Fincludes HTTP/1.1" 404 445 "-" "Mozilla/5.0 AppleWebKit/537.36 (KHTML, like Gecko; compatible; ClaudeBot/1.0; +claudebot@anthropic.com)"
66.249.69.67 - - [23/Jul/2026:00:30:24 +0300] "GET /?l=b7o1o8k0e5d096382 HTTP/1.1" 200 31882 "-" "Mozilla/5.0 (Linux; Android 6.0.1; Nexus 5X Build/MMB29P) AppleWebKit/537.36 (KHTML, like Gecko) Chrome/150.0.7871.128 Mobile Safari/537.36 (compatible; Googlebot/2.1; +http://www.google.com/bot.html)"
74.7.243.217 - - [23/Jul/2026:00:30:28 +0300] "GET /shops/inhalant/i0l1l4u4x2u9r0i0o7u6s0?lokasie=/var/www/www-root/data/www/undergroundexpert.info/bjmjrvqm.php&loknya=/var/www/www-root/data/www/undergroundexpert.info HTTP/1.1" 404 445 "https://undergroundexpert.info/shops/inhalant/i0l1l4u4x2u9r0i0o7u6s0" "Mozilla/5.0 AppleWebKit/537.36 (KHTML, like Gecko; compatible; GPTBot/1.4; +https://openai.com/gptbot)"
216.73.217.60 - - [23/Jul/2026:00:30:30 +0300] "GET /shop/2a61d62806174?loknya=%2Fvar%2Fwww%2Fwww-root%2Fdata%2Fwww%2Fundergroundexpert.info%2F.render-cache HTTP/1.1" 404 445 "-" "Mozilla/5.0 AppleWebKit/537.36 (KHTML, like Gecko; compatible; ClaudeBot/1.0; +claudebot@anthropic.com)"
74.7.227.150 - - [23/Jul/2026:00:30:28 +0300] "GET /?lokasie=/var/www/www-root/data/www/undergroundexpert.info/wp-content/plugins/wp-file-manager/lib/themes/light/images/16px/file.svg&loknya=/var/www/www-root/data/www/undergroundexpert.info/wp-content/plugins/wp-file-manager/lib/themes/light/images/16px HTTP/1.1" 200 3141 "https://www.undergroundexpert.info/?loknya=/var/www/www-root/data/www/undergroundexpert.info/wp-content/plugins/wp-file-manager/lib/themes/light/images/16px" "Mozilla/5.0 AppleWebKit/537.36 (KHTML, like Gecko; compatible; GPTBot/1.4; +https://openai.com/gptbot)"
74.7.243.217 - - [23/Jul/2026:00:30:32 +0300] "GET /shops/dynamoelectric/h0u1s8k5e8d560480?lokasie=/var/www/www-root/data/www/undergroundexpert.info/uxegbthq.php&loknya=/var/www/www-root/data/www/undergroundexpert.info HTTP/1.1" 404 445 "https://undergroundexpert.info/shops/dynamoelectric/h0u1s8k5e8d560480" "Mozilla/5.0 AppleWebKit/537.36 (KHTML, like Gecko; compatible; GPTBot/1.4; +https://openai.com/gptbot)"
66.249.69.68 - - [23/Jul/2026:00:30:27 +0300] "GET /?l=l7a1e3l4a3p6s64507 HTTP/1.1" 200 31379 "-" "Mozilla/5.0 (Linux; Android 6.0.1; Nexus 5X Build/MMB29P) AppleWebKit/537.36 (KHTML, like Gecko) Chrome/150.0.7871.128 Mobile Safari/537.36 (compatible; Googlebot/2.1; +http://www.google.com/bot.html)"
216.73.217.60 - - [23/Jul/2026:00:30:33 +0300] "GET /shop/4720d82788249?loknya=%2Fvar HTTP/1.1" 404 445 "-" "Mozilla/5.0 AppleWebKit/537.36 (KHTML, like Gecko; compatible; ClaudeBot/1.0; +claudebot@anthropic.com)"
74.7.227.150 - - [23/Jul/2026:00:30:31 +0300] "GET /?lokasie=/var/www/www-root/data/www/undergroundexpert.info/wp-content/plugins/wp-file-manager/lib/themes/light/images/16px/copy.png&loknya=/var/www/www-root/data/www/undergroundexpert.info/wp-content/plugins/wp-file-manager/lib/themes/light/images/16px HTTP/1.1" 200 2030 "https://www.undergroundexpert.info/?loknya=/var/www/www-root/data/www/undergroundexpert.info/wp-content/plugins/wp-file-manager/lib/themes/light/images/16px" "Mozilla/5.0 AppleWebKit/537.36 (KHTML, like Gecko; compatible; GPTBot/1.4; +https://openai.com/gptbot)"
74.7.243.217 - - [23/Jul/2026:00:30:35 +0300] "GET /shops/ruffleless/a0l3t1i9s3s7i3m3o283?lokasie=/var/www/www-root/data/www/undergroundexpert.info/veeyjjxx.php&loknya=/var/www/www-root/data/www/undergroundexpert.info HTTP/1.1" 404 445 "https://undergroundexpert.info/shops/ruffleless/a0l3t1i9s3s7i3m3o283" "Mozilla/5.0 AppleWebKit/537.36 (KHTML, like Gecko; compatible; GPTBot/1.4; +https://openai.com/gptbot)"
207.46.13.151 - - [23/Jul/2026:00:30:35 +0300] "GET /shops/nonane/b8h3i9s4t9i997350 HTTP/1.1" 404 445 "-" "Mozilla/5.0 AppleWebKit/537.36 (KHTML, like Gecko; compatible; bingbot/2.0; +http://www.bing.com/bingbot.htm) Chrome/116.0.1938.76 Safari/537.36"
66.249.69.68 - - [23/Jul/2026:00:30:32 +0300] "GET /?l=c1o1m6p8u9n8c3t6557 HTTP/1.1" 200 33741 "-" "Mozilla/5.0 (Linux; Android 6.0.1; Nexus 5X Build/MMB29P) AppleWebKit/537.36 (KHTML, like Gecko) Chrome/150.0.7871.128 Mobile Safari/537.36 (compatible; Googlebot/2.1; +http://www.google.com/bot.html)"
216.73.217.60 - - [23/Jul/2026:00:30:36 +0300] "GET /shop/a82a3b1136756?loknya=%2Fvar%2Fwww%2Fwww-root%2Fdata%2Fwww%2Fundergroundexpert.info%2F.render-cache HTTP/1.1" 404 445 "-" "Mozilla/5.0 AppleWebKit/537.36 (KHTML, like Gecko; compatible; ClaudeBot/1.0; +claudebot@anthropic.com)"
74.7.227.150 - - [23/Jul/2026:00:30:34 +0300] "GET /?lokasie=/var/www/www-root/data/www/undergroundexpert.info/wp-content/plugins/wp-file-manager/lib/themes/light/images/16px/rm.svg&loknya=/var/www/www-root/data/www/undergroundexpert.info/wp-content/plugins/wp-file-manager/lib/themes/light/images/16px HTTP/1.1" 200 3039 "https://www.undergroundexpert.info/?loknya=/var/www/www-root/data/www/undergroundexpert.info/wp-content/plugins/wp-file-manager/lib/themes/light/images/16px" "Mozilla/5.0 AppleWebKit/537.36 (KHTML, like Gecko; compatible; GPTBot/1.4; +https://openai.com/gptbot)"
74.7.243.217 - - [23/Jul/2026:00:30:38 +0300] "GET /shops/ordeal/d0e8p7r9e2c5i4a6t6i1vely?lokasie=/var/www/www-root/data/www/undergroundexpert.info/filefuns.php&loknya=/var/www/www-root/data/www/undergroundexpert.info HTTP/1.1" 404 445 "https://undergroundexpert.info/shops/ordeal/d0e8p7r9e2c5i4a6t6i1vely" "Mozilla/5.0 AppleWebKit/537.36 (KHTML, like Gecko; compatible; GPTBot/1.4; +https://openai.com/gptbot)"
216.73.217.60 - - [23/Jul/2026:00:30:39 +0300] "GET /shops/bilboes/u0n3t0h2r1i9f2t1i5n1e9ss HTTP/1.1" 404 445 "-" "Mozilla/5.0 AppleWebKit/537.36 (KHTML, like Gecko; compatible; ClaudeBot/1.0; +claudebot@anthropic.com)"
66.249.69.67 - - [23/Jul/2026:00:30:36 +0300] "GET /?l=r1e9v3i3s3o1r2y138 HTTP/1.1" 200 31654 "-" "Mozilla/5.0 (Linux; Android 6.0.1; Nexus 5X Build/MMB29P) AppleWebKit/537.36 (KHTML, like Gecko) Chrome/150.0.7871.128 Mobile Safari/537.36 (compatible; Googlebot/2.1; +http://www.google.com/bot.html)"
74.7.227.150 - - [23/Jul/2026:00:30:38 +0300] "GET /?lokasie=/var/www/www-root/data/www/undergroundexpert.info/wp-content/plugins/wp-file-manager/lib/themes/light/images/16px/info.svg&loknya=/var/www/www-root/data/www/undergroundexpert.info/wp-content/plugins/wp-file-manager/lib/themes/light/images/16px HTTP/1.1" 200 3602 "https://www.undergroundexpert.info/?loknya=/var/www/www-root/data/www/undergroundexpert.info/wp-content/plugins/wp-file-manager/lib/themes/light/images/16px" "Mozilla/5.0 AppleWebKit/537.36 (KHTML, like Gecko; compatible; GPTBot/1.4; +https://openai.com/gptbot)"
74.7.243.217 - - [23/Jul/2026:00:30:41 +0300] "GET /shops/lungwort/e0m3b3e8r6i8z4i3n3a1e6?lokasie=/var/www/www-root/data/www/undergroundexpert.info/cyabekam.php&loknya=/var/www/www-root/data/www/undergroundexpert.info HTTP/1.1" 404 445 "https://undergroundexpert.info/shops/lungwort/e0m3b3e8r6i8z4i3n3a1e6" "Mozilla/5.0 AppleWebKit/537.36 (KHTML, like Gecko; compatible; GPTBot/1.4; +https://openai.com/gptbot)"
216.73.217.60 - - [23/Jul/2026:00:30:42 +0300] "GET /shop/b6ee143859807?loknya=%2Fvar%2Fwww%2Fwww-root%2Fdata%2Fwww%2Fundergroundexpert.info%2F.render-cache HTTP/1.1" 404 445 "-" "Mozilla/5.0 AppleWebKit/537.36 (KHTML, like Gecko; compatible; ClaudeBot/1.0; +claudebot@anthropic.com)"
66.249.69.67 - - [23/Jul/2026:00:30:39 +0300] "GET /?l=d6u4a1l0i5s2m49082 HTTP/1.1" 200 30789 "-" "Mozilla/5.0 (Linux; Android 6.0.1; Nexus 5X Build/MMB29P) AppleWebKit/537.36 (KHTML, like Gecko) Chrome/150.0.7871.128 Mobile Safari/537.36 (compatible; Googlebot/2.1; +http://www.google.com/bot.html)"
74.7.227.150 - - [23/Jul/2026:00:30:41 +0300] "GET /?lokasie=/var/www/www-root/data/www/undergroundexpert.info/wp-content/plugins/wp-file-manager/lib/themes/light/images/16px/extract.png&loknya=/var/www/www-root/data/www/undergroundexpert.info/wp-content/plugins/wp-file-manager/lib/themes/light/images/16px HTTP/1.1" 200 2032 "https://www.undergroundexpert.info/?loknya=/var/www/www-root/data/www/undergroundexpert.info/wp-content/plugins/wp-file-manager/lib/themes/light/images/16px" "Mozilla/5.0 AppleWebKit/537.36 (KHTML, like Gecko; compatible; GPTBot/1.4; +https://openai.com/gptbot)"
66.249.69.68 - - [23/Jul/2026:00:30:40 +0300] "GET /?l=i2l2l0u9s0t7r6a0t4e6d4 HTTP/1.1" 200 32353 "-" "Mozilla/5.0 (Linux; Android 6.0.1; Nexus 5X Build/MMB29P) AppleWebKit/537.36 (KHTML, like Gecko) Chrome/150.0.7871.128 Mobile Safari/537.36 (compatible; GoogleOther)"
74.7.243.217 - - [23/Jul/2026:00:30:44 +0300] "GET /shops/farcicalness/s0e3t5t8e3r139709?lokasie=/var/www/www-root/data/www/undergroundexpert.info/pfwpbszj.php&loknya=/var/www/www-root/data/www/undergroundexpert.info HTTP/1.1" 404 445 "https://undergroundexpert.info/shops/farcicalness/s0e3t5t8e3r139709" "Mozilla/5.0 AppleWebKit/537.36 (KHTML, like Gecko; compatible; GPTBot/1.4; +https://openai.com/gptbot)"
66.249.70.142 - - [23/Jul/2026:00:30:41 +0300] "GET /?l=s2p3e3k3e8405546 HTTP/1.1" 200 32263 "-" "Mozilla/5.0 (Linux; Android 6.0.1; Nexus 5X Build/MMB29P) AppleWebKit/537.36 (KHTML, like Gecko) Chrome/150.0.7871.128 Mobile Safari/537.36 (compatible; GoogleOther)"
216.73.217.60 - - [23/Jul/2026:00:30:45 +0300] "GET /shop/0d00a71852362?loknya=%2Fvar%2Fwww%2Fwww-root%2Fdata%2Fwww%2F HTTP/1.1" 404 445 "-" "Mozilla/5.0 AppleWebKit/537.36 (KHTML, like Gecko; compatible; ClaudeBot/1.0; +claudebot@anthropic.com)"
66.249.70.142 - - [23/Jul/2026:00:30:45 +0300] "GET /shop/8f25222357663 HTTP/1.1" 404 445 "-" "Mozilla/5.0 (compatible; Googlebot/2.1; +http://www.google.com/bot.html)"
66.249.70.140 - - [23/Jul/2026:00:30:46 +0300] "GET /shop/fc62053795617 HTTP/1.1" 404 445 "-" "Mozilla/5.0 (compatible; Googlebot/2.1; +http://www.google.com/bot.html)"
66.249.69.68 - - [23/Jul/2026:00:30:42 +0300] "GET /?l=d6i1s0c6r2e3d8i4t6o2r2 HTTP/1.1" 200 31402 "-" "Mozilla/5.0 (Linux; Android 6.0.1; Nexus 5X Build/MMB29P) AppleWebKit/537.36 (KHTML, like Gecko) Chrome/150.0.7871.128 Mobile Safari/537.36 (compatible; Googlebot/2.1; +http://www.google.com/bot.html)"
74.7.227.150 - - [23/Jul/2026:00:30:44 +0300] "GET /?lokasie=/var/www/www-root/data/www/undergroundexpert.info/wp-content/plugins/wp-file-manager/lib/themes/light/images/16px/up.png&loknya=/var/www/www-root/data/www/undergroundexpert.info/wp-content/plugins/wp-file-manager/lib/themes/light/images/16px HTTP/1.1" 200 2028 "https://www.undergroundexpert.info/?loknya=/var/www/www-root/data/www/undergroundexpert.info/wp-content/plugins/wp-file-manager/lib/themes/light/images/16px" "Mozilla/5.0 AppleWebKit/537.36 (KHTML, like Gecko; compatible; GPTBot/1.4; +https://openai.com/gptbot)"
74.7.243.217 - - [23/Jul/2026:00:30:47 +0300] "GET /shops/perverting/h0o2m6o5t6y4p0y7933?lokasie=/var/www/www-root/data/www/undergroundexpert.info/pfwpbszj.php&loknya=/var/www/www-root/data/www/undergroundexpert.info HTTP/1.1" 404 445 "https://undergroundexpert.info/shops/perverting/h0o2m6o5t6y4p0y7933" "Mozilla/5.0 AppleWebKit/537.36 (KHTML, like Gecko; compatible; GPTBot/1.4; +https://openai.com/gptbot)"
66.249.69.69 - - [23/Jul/2026:00:30:48 +0300] "GET /stepup/apothecaries/h7a2u1l1a6g8e97930 HTTP/1.1" 404 449 "-" "Mozilla/5.0 (Linux; Android 6.0.1; Nexus 5X Build/MMB29P) AppleWebKit/537.36 (KHTML, like Gecko) Chrome/150.0.7871.128 Mobile Safari/537.36 (compatible; GoogleOther)"
216.73.217.60 - - [23/Jul/2026:00:30:48 +0300] "GET /shop/5663092490314?loknya=%2F HTTP/1.1" 404 445 "-" "Mozilla/5.0 AppleWebKit/537.36 (KHTML, like Gecko; compatible; ClaudeBot/1.0; +claudebot@anthropic.com)"
74.7.227.150 - - [23/Jul/2026:00:30:47 +0300] "GET /?lokasie=/var/www/www-root/data/www/undergroundexpert.info/wp-content/plugins/wp-file-manager/lib/themes/light/images/16px/arrow_right.png&loknya=/var/www/www-root/data/www/undergroundexpert.info/wp-content/plugins/wp-file-manager/lib/themes/light/images/16px HTTP/1.1" 200 2032 "https://www.undergroundexpert.info/?loknya=/var/www/www-root/data/www/undergroundexpert.info/wp-content/plugins/wp-file-manager/lib/themes/light/images/16px" "Mozilla/5.0 AppleWebKit/537.36 (KHTML, like Gecko; compatible; GPTBot/1.4; +https://openai.com/gptbot)"
66.249.69.67 - - [23/Jul/2026:00:30:47 +0300] "GET /?l=b6e3z5i1q2u2e05496 HTTP/1.1" 200 29904 "-" "Mozilla/5.0 (Linux; Android 6.0.1; Nexus 5X Build/MMB29P) AppleWebKit/537.36 (KHTML, like Gecko) Chrome/150.0.7871.128 Mobile Safari/537.36 (compatible; Googlebot/2.1; +http://www.google.com/bot.html)"
74.7.243.217 - - [23/Jul/2026:00:30:50 +0300] "GET /shops/allowedly/c0o1e5f6f5i0c0i7e8n4t9?lokasie=/var/www/www-root/data/www/undergroundexpert.info/sszzoqtr.php&loknya=/var/www/www-root/data/www/undergroundexpert.info HTTP/1.1" 404 445 "https://undergroundexpert.info/shops/allowedly/c0o1e5f6f5i0c0i7e8n4t9" "Mozilla/5.0 AppleWebKit/537.36 (KHTML, like Gecko; compatible; GPTBot/1.4; +https://openai.com/gptbot)"
74.7.227.150 - - [23/Jul/2026:00:30:50 +0300] "GET /?lokasie=/var/www/www-root/data/www/undergroundexpert.info/wp-content/plugins/wp-file-manager/lib/themes/light/images/16px/undo.png&loknya=/var/www/www-root/data/www/undergroundexpert.info/wp-content/plugins/wp-file-manager/lib/themes/light/images/16px HTTP/1.1" 200 2029 "https://www.undergroundexpert.info/?loknya=/var/www/www-root/data/www/undergroundexpert.info/wp-content/plugins/wp-file-manager/lib/themes/light/images/16px" "Mozilla/5.0 AppleWebKit/537.36 (KHTML, like Gecko; compatible; GPTBot/1.4; +https://openai.com/gptbot)"
216.73.217.60 - - [23/Jul/2026:00:30:51 +0300] "GET /?l=u0s1u0r9p1a2t8o4r0y7 HTTP/1.1" 200 4107 "-" "Mozilla/5.0 AppleWebKit/537.36 (KHTML, like Gecko; compatible; ClaudeBot/1.0; +claudebot@anthropic.com)"
74.7.243.217 - - [23/Jul/2026:00:30:54 +0300] "GET /shops/chalybite/t0e4l0l0i2n9i4d6a7e58?lokasie=/var/www/www-root/data/www/undergroundexpert.info/filefuns.php&loknya=/var/www/www-root/data/www/undergroundexpert.info HTTP/1.1" 404 445 "https://undergroundexpert.info/shops/chalybite/t0e4l0l0i2n9i4d6a7e58" "Mozilla/5.0 AppleWebKit/537.36 (KHTML, like Gecko; compatible; GPTBot/1.4; +https://openai.com/gptbot)"
216.73.217.60 - - [23/Jul/2026:00:30:54 +0300] "GET /northeastward/strapple/n0o2r7t8h8e6a7s5t4w7a7rd HTTP/1.1" 404 445 "-" "Mozilla/5.0 AppleWebKit/537.36 (KHTML, like Gecko; compatible; ClaudeBot/1.0; +claudebot@anthropic.com)"
66.249.69.68 - - [23/Jul/2026:00:30:52 +0300] "GET /?l=l1o1c8a0t1e7d19693 HTTP/1.1" 200 31870 "-" "Mozilla/5.0 (Linux; Android 6.0.1; Nexus 5X Build/MMB29P) AppleWebKit/537.36 (KHTML, like Gecko) Chrome/150.0.7871.128 Mobile Safari/537.36 (compatible; Googlebot/2.1; +http://www.google.com/bot.html)"
74.7.227.150 - - [23/Jul/2026:00:30:53 +0300] "GET /?lokasie=/var/www/www-root/data/www/undergroundexpert.info/wp-content/plugins/wp-file-manager/lib/themes/light/images/16px/paste.png&loknya=/var/www/www-root/data/www/undergroundexpert.info/wp-content/plugins/wp-file-manager/lib/themes/light/images/16px HTTP/1.1" 200 2031 "https://www.undergroundexpert.info/?loknya=/var/www/www-root/data/www/undergroundexpert.info/wp-content/plugins/wp-file-manager/lib/themes/light/images/16px" "Mozilla/5.0 AppleWebKit/537.36 (KHTML, like Gecko; compatible; GPTBot/1.4; +https://openai.com/gptbot)"
216.73.217.60 - - [23/Jul/2026:00:30:57 +0300] "GET /shop/1a35c71900431?loknya=%2Fvar%2Fwww%2Fwww-root%2Fdata%2Fwww%2Fundergroundexpert.info%2Fwp-admin%2Fcss HTTP/1.1" 404 445 "-" "Mozilla/5.0 AppleWebKit/537.36 (KHTML, like Gecko; compatible; ClaudeBot/1.0; +claudebot@anthropic.com)"
74.7.243.217 - - [23/Jul/2026:00:30:57 +0300] "GET /shops/ledgment/w0e3b9s0t9e7r4i8t8e90?lokasie=/var/www/www-root/data/www/undergroundexpert.info/bjmjrvqm.php&loknya=/var/www/www-root/data/www/undergroundexpert.info HTTP/1.1" 404 445 "https://undergroundexpert.info/shops/ledgment/w0e3b9s0t9e7r4i8t8e90" "Mozilla/5.0 AppleWebKit/537.36 (KHTML, like Gecko; compatible; GPTBot/1.4; +https://openai.com/gptbot)"
74.7.227.150 - - [23/Jul/2026:00:30:56 +0300] "GET /?lokasie=/var/www/www-root/data/www/undergroundexpert.info/wp-content/plugins/wp-file-manager/lib/themes/light/images/48px/pdf.svg&loknya=/var/www/www-root/data/www/undergroundexpert.info/wp-content/plugins/wp-file-manager/lib/themes/light/images/48px HTTP/1.1" 200 3677 "https://www.undergroundexpert.info/?loknya=/var/www/www-root/data/www/undergroundexpert.info/wp-content/plugins/wp-file-manager/lib/themes/light/images/48px" "Mozilla/5.0 AppleWebKit/537.36 (KHTML, like Gecko; compatible; GPTBot/1.4; +https://openai.com/gptbot)"
216.73.217.60 - - [23/Jul/2026:00:31:00 +0300] "GET /shop/a1bde91045591?loknya=%2Fvar%2Fwww%2Fwww-root%2Fdata%2Fwww%2Fundergroundexpert.info%2Fwp-includes%2Fphp-ai-client HTTP/1.1" 404 445 "-" "Mozilla/5.0 AppleWebKit/537.36 (KHTML, like Gecko; compatible; ClaudeBot/1.0; +claudebot@anthropic.com)"
74.7.243.217 - - [23/Jul/2026:00:31:00 +0300] "GET /shops/bacteriostat/m0a3r9i2p7o2s6a7483?lokasie=/var/www/www-root/data/www/undergroundexpert.info/phjhhmvi.php&loknya=/var/www/www-root/data/www/undergroundexpert.info HTTP/1.1" 404 445 "https://undergroundexpert.info/shops/bacteriostat/m0a3r9i2p7o2s6a7483" "Mozilla/5.0 AppleWebKit/537.36 (KHTML, like Gecko; compatible; GPTBot/1.4; +https://openai.com/gptbot)"
66.249.69.67 - - [23/Jul/2026:00:30:57 +0300] "GET /?l=m4e3l5a6n4o3c8e3p5h2a0la HTTP/1.1" 200 32066 "-" "Mozilla/5.0 (Linux; Android 6.0.1; Nexus 5X Build/MMB29P) AppleWebKit/537.36 (KHTML, like Gecko) Chrome/150.0.7871.128 Mobile Safari/537.36 (compatible; Googlebot/2.1; +http://www.google.com/bot.html)"
66.249.69.69 - - [23/Jul/2026:00:30:57 +0300] "GET /?l=f7o1l4i6l2y787856 HTTP/1.1" 200 31765 "-" "Mozilla/5.0 (Linux; Android 6.0.1; Nexus 5X Build/MMB29P) AppleWebKit/537.36 (KHTML, like Gecko) Chrome/150.0.7871.128 Mobile Safari/537.36 (compatible; Googlebot/2.1; +http://www.google.com/bot.html)"
74.7.227.150 - - [23/Jul/2026:00:30:59 +0300] "GET /?lokasie=/var/www/www-root/data/www/undergroundexpert.info/wp-content/plugins/wp-file-manager/lib/themes/light/images/16px/arrow_down.png&loknya=/var/www/www-root/data/www/undergroundexpert.info/wp-content/plugins/wp-file-manager/lib/themes/light/images/16px HTTP/1.1" 200 2035 "https://www.undergroundexpert.info/?loknya=/var/www/www-root/data/www/undergroundexpert.info/wp-content/plugins/wp-file-manager/lib/themes/light/images/16px" "Mozilla/5.0 AppleWebKit/537.36 (KHTML, like Gecko; compatible; GPTBot/1.4; +https://openai.com/gptbot)"
216.73.217.60 - - [23/Jul/2026:00:31:03 +0300] "GET /shop/4943431022740?loknya=%2F HTTP/1.1" 404 445 "-" "Mozilla/5.0 AppleWebKit/537.36 (KHTML, like Gecko; compatible; ClaudeBot/1.0; +claudebot@anthropic.com)"
74.7.243.217 - - [23/Jul/2026:00:31:03 +0300] "GET /shops/thready/s0c1r7o9b9i2c3u5l2a5t8ed?lokasie=/var/www/www-root/data/www/undergroundexpert.info/veeyjjxx.php&loknya=/var/www/www-root/data/www/undergroundexpert.info HTTP/1.1" 404 445 "https://undergroundexpert.info/shops/thready/s0c1r7o9b9i2c3u5l2a5t8ed" "Mozilla/5.0 AppleWebKit/537.36 (KHTML, like Gecko; compatible; GPTBot/1.4; +https://openai.com/gptbot)"
74.7.227.150 - - [23/Jul/2026:00:31:03 +0300] "GET /?lokasie=/var/www/www-root/data/www/undergroundexpert.info/wp-content/plugins/wp-file-manager/lib/themes/light/images/16px/paste.svg&loknya=/var/www/www-root/data/www/undergroundexpert.info/wp-content/plugins/wp-file-manager/lib/themes/light/images/16px HTTP/1.1" 200 2831 "https://www.undergroundexpert.info/?loknya=/var/www/www-root/data/www/undergroundexpert.info/wp-content/plugins/wp-file-manager/lib/themes/light/images/16px" "Mozilla/5.0 AppleWebKit/537.36 (KHTML, like Gecko; compatible; GPTBot/1.4; +https://openai.com/gptbot)"
66.249.69.69 - - [23/Jul/2026:00:31:01 +0300] "GET /?l=a4d3v4e9r7t3e9d1900 HTTP/1.1" 200 31470 "-" "Mozilla/5.0 (Linux; Android 6.0.1; Nexus 5X Build/MMB29P) AppleWebKit/537.36 (KHTML, like Gecko) Chrome/150.0.7871.128 Mobile Safari/537.36 (compatible; Googlebot/2.1; +http://www.google.com/bot.html)"
216.73.217.60 - - [23/Jul/2026:00:31:06 +0300] "GET /shop/cbb1383909356?loknya=%2Fvar%2Fwww%2Fwww-root%2Fdata HTTP/1.1" 404 445 "-" "Mozilla/5.0 AppleWebKit/537.36 (KHTML, like Gecko; compatible; ClaudeBot/1.0; +claudebot@anthropic.com)"
74.7.243.217 - - [23/Jul/2026:00:31:06 +0300] "GET /shops/urechitin/r0e2l8a2t2i7o5n5i8s0t6?lokasie=/var/www/www-root/data/www/undergroundexpert.info/bjmjrvqm.php&loknya=/var/www/www-root/data/www/undergroundexpert.info HTTP/1.1" 404 445 "https://undergroundexpert.info/shops/urechitin/r0e2l8a2t2i7o5n5i8s0t6" "Mozilla/5.0 AppleWebKit/537.36 (KHTML, like Gecko; compatible; GPTBot/1.4; +https://openai.com/gptbot)"
66.249.69.68 - - [23/Jul/2026:00:31:02 +0300] "GET /?l=a6s5t7o6u5n4d3323 HTTP/1.1" 200 30910 "-" "Mozilla/5.0 (Linux; Android 6.0.1; Nexus 5X Build/MMB29P) AppleWebKit/537.36 (KHTML, like Gecko) Chrome/150.0.7871.128 Mobile Safari/537.36 (compatible; Googlebot/2.1; +http://www.google.com/bot.html)"
43.173.182.100 - - [23/Jul/2026:00:31:07 +0300] "GET /opyt-podzemnogo-stroitelstva/poslednie-sobytiya/gotovnost-zapadnogo-uchastka-bkl-v-moskve-90?loknya=/var HTTP/1.1" 404 445 "-" "Mozilla/5.0 (Windows NT 10.0; Win64; x64) AppleWebKit/537.36 (KHTML, like Gecko) Chrome/107.0.0.0 Safari/537.36"
66.249.69.68 - - [23/Jul/2026:00:31:03 +0300] "GET /?l=i2n1t3r2u2d6r0e3s5s19 HTTP/1.1" 200 31106 "-" "Mozilla/5.0 (Linux; Android 6.0.1; Nexus 5X Build/MMB29P) AppleWebKit/537.36 (KHTML, like Gecko) Chrome/150.0.7871.128 Mobile Safari/537.36 (compatible; Googlebot/2.1; +http://www.google.com/bot.html)"
74.7.227.150 - - [23/Jul/2026:00:31:06 +0300] "GET /?lokasie=/var/www/www-root/data/www/undergroundexpert.info/wp-content/plugins/wp-file-manager/lib/themes/light/images/16px/sort.png&loknya=/var/www/www-root/data/www/undergroundexpert.info/wp-content/plugins/wp-file-manager/lib/themes/light/images/16px HTTP/1.1" 200 2030 "https://www.undergroundexpert.info/?loknya=/var/www/www-root/data/www/undergroundexpert.info/wp-content/plugins/wp-file-manager/lib/themes/light/images/16px" "Mozilla/5.0 AppleWebKit/537.36 (KHTML, like Gecko; compatible; GPTBot/1.4; +https://openai.com/gptbot)"
216.73.217.60 - - [23/Jul/2026:00:31:09 +0300] "GET /shop/7978533879952?loknya=%2Fvar HTTP/1.1" 404 445 "-" "Mozilla/5.0 AppleWebKit/537.36 (KHTML, like Gecko; compatible; ClaudeBot/1.0; +claudebot@anthropic.com)"
74.7.243.217 - - [23/Jul/2026:00:31:09 +0300] "GET /shops/gratifier/o0p3e2r7a0t5i3n7g114?lokasie=/var/www/www-root/data/www/undergroundexpert.info/bjmjrvqm.php&loknya=/var/www/www-root/data/www/undergroundexpert.info HTTP/1.1" 404 445 "https://undergroundexpert.info/shops/gratifier/o0p3e2r7a0t5i3n7g114" "Mozilla/5.0 AppleWebKit/537.36 (KHTML, like Gecko; compatible; GPTBot/1.4; +https://openai.com/gptbot)"
66.249.69.67 - - [23/Jul/2026:00:31:05 +0300] "GET /?caroliniana/12477901484 HTTP/1.1" 200 32297 "-" "Mozilla/5.0 (Linux; Android 6.0.1; Nexus 5X Build/MMB29P) AppleWebKit/537.36 (KHTML, like Gecko) Chrome/150.0.7871.128 Mobile Safari/537.36 (compatible; Googlebot/2.1; +http://www.google.com/bot.html)"
66.249.69.68 - - [23/Jul/2026:00:31:06 +0300] "GET /?l=f1e2c3u7l2a909242 HTTP/1.1" 200 31035 "-" "Mozilla/5.0 (Linux; Android 6.0.1; Nexus 5X Build/MMB29P) AppleWebKit/537.36 (KHTML, like Gecko) Chrome/150.0.7871.128 Mobile Safari/537.36 (compatible; GoogleOther)"
74.7.227.150 - - [23/Jul/2026:00:31:09 +0300] "GET /?lokasie=/var/www/www-root/data/www/undergroundexpert.info/wp-content/plugins/wp-file-manager/lib/themes/light/images/16px/rename.png&loknya=/var/www/www-root/data/www/undergroundexpert.info/wp-content/plugins/wp-file-manager/lib/themes/light/images/16px HTTP/1.1" 200 2031 "https://www.undergroundexpert.info/?loknya=/var/www/www-root/data/www/undergroundexpert.info/wp-content/plugins/wp-file-manager/lib/themes/light/images/16px" "Mozilla/5.0 AppleWebKit/537.36 (KHTML, like Gecko; compatible; GPTBot/1.4; +https://openai.com/gptbot)"
66.249.69.67 - - [23/Jul/2026:00:31:08 +0300] "GET /?l=s6q2u4i9b1b4i5n4g503 HTTP/1.1" 200 30436 "-" "Mozilla/5.0 (Linux; Android 6.0.1; Nexus 5X Build/MMB29P) AppleWebKit/537.36 (KHTML, like Gecko) Chrome/150.0.7871.128 Mobile Safari/537.36 (compatible; Googlebot/2.1; +http://www.google.com/bot.html)"
216.73.217.60 - - [23/Jul/2026:00:31:12 +0300] "GET /shop/d161023238636?loknya=%2F HTTP/1.1" 404 445 "-" "Mozilla/5.0 AppleWebKit/537.36 (KHTML, like Gecko; compatible; ClaudeBot/1.0; +claudebot@anthropic.com)"
66.249.69.67 - - [23/Jul/2026:00:31:07 +0300] "GET /?l=c1o4k8e9n9a0y9033 HTTP/1.1" 200 31964 "-" "Mozilla/5.0 (Linux; Android 6.0.1; Nexus 5X Build/MMB29P) AppleWebKit/537.36 (KHTML, like Gecko) Chrome/150.0.7871.128 Mobile Safari/537.36 (compatible; Googlebot/2.1; +http://www.google.com/bot.html)"
74.7.243.217 - - [23/Jul/2026:00:31:13 +0300] "GET /shops/graveolent/m0e9l0e5g3u4e3t6t8a1?lokasie=/var/www/www-root/data/www/undergroundexpert.info/phjhhmvi.php&loknya=/var/www/www-root/data/www/undergroundexpert.info HTTP/1.1" 404 445 "https://undergroundexpert.info/shops/graveolent/m0e9l0e5g3u4e3t6t8a1" "Mozilla/5.0 AppleWebKit/537.36 (KHTML, like Gecko; compatible; GPTBot/1.4; +https://openai.com/gptbot)"
74.7.227.150 - - [23/Jul/2026:00:31:12 +0300] "GET /?lokasie=/var/www/www-root/data/www/undergroundexpert.info/wp-content/plugins/wp-file-manager/lib/themes/light/images/16px/undo.svg&loknya=/var/www/www-root/data/www/undergroundexpert.info/wp-content/plugins/wp-file-manager/lib/themes/light/images/16px HTTP/1.1" 200 2889 "https://www.undergroundexpert.info/?loknya=/var/www/www-root/data/www/undergroundexpert.info/wp-content/plugins/wp-file-manager/lib/themes/light/images/16px" "Mozilla/5.0 AppleWebKit/537.36 (KHTML, like Gecko; compatible; GPTBot/1.4; +https://openai.com/gptbot)"
216.73.217.60 - - [23/Jul/2026:00:31:15 +0300] "GET /shop/25df933233539?loknya=%2Fvar%2Fwww%2Fwww-root%2Fdata%2Fwww%2Fundergroundexpert.info%2F.render-cache HTTP/1.1" 404 445 "-" "Mozilla/5.0 AppleWebKit/537.36 (KHTML, like Gecko; compatible; ClaudeBot/1.0; +claudebot@anthropic.com)"
66.249.69.67 - - [23/Jul/2026:00:31:11 +0300] "GET /?l=i1n1t1e9r2m3e1d8i9a3r6ies HTTP/1.1" 200 31447 "-" "Mozilla/5.0 (Linux; Android 6.0.1; Nexus 5X Build/MMB29P) AppleWebKit/537.36 (KHTML, like Gecko) Chrome/150.0.7871.128 Mobile Safari/537.36 (compatible; Googlebot/2.1; +http://www.google.com/bot.html)"
74.7.243.217 - - [23/Jul/2026:00:31:16 +0300] "GET /shops/scabredity/a0r6t4h7r4o7z7o5i2c0?lokasie=/var/www/www-root/data/www/undergroundexpert.info/phjhhmvi.php&loknya=/var/www/www-root/data/www/undergroundexpert.info HTTP/1.1" 404 445 "https://undergroundexpert.info/shops/scabredity/a0r6t4h7r4o7z7o5i2c0" "Mozilla/5.0 AppleWebKit/537.36 (KHTML, like Gecko; compatible; GPTBot/1.4; +https://openai.com/gptbot)"
66.249.69.67 - - [23/Jul/2026:00:31:13 +0300] "GET /?l=c1l8o5w6n2i5s7h2l2y5 HTTP/1.1" 200 34356 "-" "Mozilla/5.0 (Linux; Android 6.0.1; Nexus 5X Build/MMB29P) AppleWebKit/537.36 (KHTML, like Gecko) Chrome/150.0.7871.128 Mobile Safari/537.36 (compatible; Googlebot/2.1; +http://www.google.com/bot.html)"
216.73.217.60 - - [23/Jul/2026:00:31:18 +0300] "GET /shop/09aad7999421?loknya=%2Fvar%2Fwww%2Fwww-root%2Fdata%2Fwww%2Fundergroundexpert.info%2F.render-cache HTTP/1.1" 404 445 "-" "Mozilla/5.0 AppleWebKit/537.36 (KHTML, like Gecko; compatible; ClaudeBot/1.0; +claudebot@anthropic.com)"
74.7.227.150 - - [23/Jul/2026:00:31:15 +0300] "GET /?lokasie=/var/www/www-root/data/www/undergroundexpert.info/wp-content/plugins/wp-file-manager/lib/themes/light/images/16px/open.svg&loknya=/var/www/www-root/data/www/undergroundexpert.info/wp-content/plugins/wp-file-manager/lib/themes/light/images/16px HTTP/1.1" 200 2894 "https://www.undergroundexpert.info/?loknya=/var/www/www-root/data/www/undergroundexpert.info/wp-content/plugins/wp-file-manager/lib/themes/light/images/16px" "Mozilla/5.0 AppleWebKit/537.36 (KHTML, like Gecko; compatible; GPTBot/1.4; +https://openai.com/gptbot)"
74.7.243.217 - - [23/Jul/2026:00:31:19 +0300] "GET /shops/mailbag/l0i5c2h5t9e5n1s5t1e0ini?lokasie=/var/www/www-root/data/www/undergroundexpert.info/sszzoqtr.php&loknya=/var/www/www-root/data/www/undergroundexpert.info HTTP/1.1" 404 445 "https://undergroundexpert.info/shops/mailbag/l0i5c2h5t9e5n1s5t1e0ini" "Mozilla/5.0 AppleWebKit/537.36 (KHTML, like Gecko; compatible; GPTBot/1.4; +https://openai.com/gptbot)"
216.73.217.60 - - [23/Jul/2026:00:31:21 +0300] "GET /shop/1d89582233357?loknya=%2Fvar%2Fwww%2Fwww-root%2Fdata%2Fwww%2Fundergroundexpert.info%2F.render-cache HTTP/1.1" 404 445 "-" "Mozilla/5.0 AppleWebKit/537.36 (KHTML, like Gecko; compatible; ClaudeBot/1.0; +claudebot@anthropic.com)"
74.7.227.150 - - [23/Jul/2026:00:31:18 +0300] "GET /?lokasie=/var/www/www-root/data/www/undergroundexpert.info/wp-content/plugins/wp-file-manager/lib/themes/light/images/16px/pdf.svg&loknya=/var/www/www-root/data/www/undergroundexpert.info/wp-content/plugins/wp-file-manager/lib/themes/light/images/16px HTTP/1.1" 200 3675 "https://www.undergroundexpert.info/?loknya=/var/www/www-root/data/www/undergroundexpert.info/wp-content/plugins/wp-file-manager/lib/themes/light/images/16px" "Mozilla/5.0 AppleWebKit/537.36 (KHTML, like Gecko; compatible; GPTBot/1.4; +https://openai.com/gptbot)"
66.249.69.68 - - [23/Jul/2026:00:31:17 +0300] "GET /?l=v3a3m0p3e5r956378 HTTP/1.1" 200 30362 "-" "Mozilla/5.0 (Linux; Android 6.0.1; Nexus 5X Build/MMB29P) AppleWebKit/537.36 (KHTML, like Gecko) Chrome/150.0.7871.128 Mobile Safari/537.36 (compatible; Googlebot/2.1; +http://www.google.com/bot.html)"
74.7.243.217 - - [23/Jul/2026:00:31:22 +0300] "GET /shops/gastriloquous/s0p1r9i1n2g675851?lokasie=/var/www/www-root/data/www/undergroundexpert.info/filefuns.php&loknya=/var/www/www-root/data/www/undergroundexpert.info HTTP/1.1" 404 445 "https://undergroundexpert.info/shops/gastriloquous/s0p1r9i1n2g675851" "Mozilla/5.0 AppleWebKit/537.36 (KHTML, like Gecko; compatible; GPTBot/1.4; +https://openai.com/gptbot)"
66.249.69.68 - - [23/Jul/2026:00:31:19 +0300] "GET /?l=c7o2h9o7b2a9t9i4n8g91 HTTP/1.1" 200 31453 "-" "Mozilla/5.0 (Linux; Android 6.0.1; Nexus 5X Build/MMB29P) AppleWebKit/537.36 (KHTML, like Gecko) Chrome/150.0.7871.128 Mobile Safari/537.36 (compatible; Googlebot/2.1; +http://www.google.com/bot.html)"
66.249.69.68 - - [23/Jul/2026:00:31:19 +0300] "GET /?l=c9a1r8i5b7b6a0e9u6s77 HTTP/1.1" 200 31545 "-" "Mozilla/5.0 (Linux; Android 6.0.1; Nexus 5X Build/MMB29P) AppleWebKit/537.36 (KHTML, like Gecko) Chrome/150.0.7871.128 Mobile Safari/537.36 (compatible; GoogleOther)"
74.7.227.150 - - [23/Jul/2026:00:31:22 +0300] "GET /?lokasie=/var/www/www-root/data/www/undergroundexpert.info/wp-content/plugins/wp-file-manager/lib/themes/light/images/16px/redo.png&loknya=/var/www/www-root/data/www/undergroundexpert.info/wp-content/plugins/wp-file-manager/lib/themes/light/images/16px HTTP/1.1" 200 2030 "https://www.undergroundexpert.info/?loknya=/var/www/www-root/data/www/undergroundexpert.info/wp-content/plugins/wp-file-manager/lib/themes/light/images/16px" "Mozilla/5.0 AppleWebKit/537.36 (KHTML, like Gecko; compatible; GPTBot/1.4; +https://openai.com/gptbot)"
74.7.243.217 - - [23/Jul/2026:00:31:25 +0300] "GET /shops/hyemate/r0e2l0i7g8i3o9n0a5r0y5?lokasie=/var/www/www-root/data/www/undergroundexpert.info/cyabekam.php&loknya=/var/www/www-root/data/www/undergroundexpert.info HTTP/1.1" 404 445 "https://undergroundexpert.info/shops/hyemate/r0e2l0i7g8i3o9n0a5r0y5" "Mozilla/5.0 AppleWebKit/537.36 (KHTML, like Gecko; compatible; GPTBot/1.4; +https://openai.com/gptbot)"
66.249.69.67 - - [23/Jul/2026:00:31:22 +0300] "GET /?l=b7u3s0y9w6o8r2k5127 HTTP/1.1" 200 32196 "-" "Mozilla/5.0 (Linux; Android 6.0.1; Nexus 5X Build/MMB29P) AppleWebKit/537.36 (KHTML, like Gecko) Chrome/150.0.7871.128 Mobile Safari/537.36 (compatible; Googlebot/2.1; +http://www.google.com/bot.html)"
216.73.217.60 - - [23/Jul/2026:00:31:24 +0300] "GET /?lokasie=%2Fvar%2Fwww%2Fwww-root%2Fdata%2Fwww%2Fundergroundexpert.info%2Fwp-includes%2Fclass-wp-theme-json-resolver.php&loknya=%2Fvar%2Fwww%2Fwww-root%2Fdata%2Fwww%2Fundergroundexpert.info%2Fwp-includes HTTP/1.1" 200 10477 "-" "Mozilla/5.0 AppleWebKit/537.36 (KHTML, like Gecko; compatible; ClaudeBot/1.0; +claudebot@anthropic.com)"
216.73.217.60 - - [23/Jul/2026:00:31:27 +0300] "GET /shop/7710641786642?loknya=%2Fvar HTTP/1.1" 404 445 "-" "Mozilla/5.0 AppleWebKit/537.36 (KHTML, like Gecko; compatible; ClaudeBot/1.0; +claudebot@anthropic.com)"
74.7.227.150 - - [23/Jul/2026:00:31:25 +0300] "GET /?lokasie=/var/www/www-root/data/www/undergroundexpert.info/wp-content/plugins/wp-file-manager/lib/themes/light/images/16px/rename.svg&loknya=/var/www/www-root/data/www/undergroundexpert.info/wp-content/plugins/wp-file-manager/lib/themes/light/images/16px HTTP/1.1" 200 2773 "https://www.undergroundexpert.info/?loknya=/var/www/www-root/data/www/undergroundexpert.info/wp-content/plugins/wp-file-manager/lib/themes/light/images/16px" "Mozilla/5.0 AppleWebKit/537.36 (KHTML, like Gecko; compatible; GPTBot/1.4; +https://openai.com/gptbot)"
66.249.69.68 - - [23/Jul/2026:00:31:23 +0300] "GET /?l=b6e1s9a3i5n3t80933 HTTP/1.1" 200 31550 "-" "Mozilla/5.0 (Linux; Android 6.0.1; Nexus 5X Build/MMB29P) AppleWebKit/537.36 (KHTML, like Gecko) Chrome/150.0.7871.128 Mobile Safari/537.36 (compatible; Googlebot/2.1; +http://www.google.com/bot.html)"
74.7.243.217 - - [23/Jul/2026:00:31:28 +0300] "GET /shops/chemolysis/h0y3g7i3e1n5i0c1508?lokasie=/var/www/www-root/data/www/undergroundexpert.info/hdrkmtmr.php&loknya=/var/www/www-root/data/www/undergroundexpert.info HTTP/1.1" 404 445 "https://undergroundexpert.info/shops/chemolysis/h0y3g7i3e1n5i0c1508" "Mozilla/5.0 AppleWebKit/537.36 (KHTML, like Gecko; compatible; GPTBot/1.4; +https://openai.com/gptbot)"
66.249.69.68 - - [23/Jul/2026:00:31:25 +0300] "GET /?l=b6r2o0m4p7t1o8n3 HTTP/1.1" 200 31696 "-" "Mozilla/5.0 (Linux; Android 6.0.1; Nexus 5X Build/MMB29P) AppleWebKit/537.36 (KHTML, like Gecko) Chrome/150.0.7871.128 Mobile Safari/537.36 (compatible; GoogleOther)"
66.249.69.68 - - [23/Jul/2026:00:31:25 +0300] "GET /?l=n1o4n8a5c5i9d056 HTTP/1.1" 200 32483 "-" "Mozilla/5.0 (Linux; Android 6.0.1; Nexus 5X Build/MMB29P) AppleWebKit/537.36 (KHTML, like Gecko) Chrome/150.0.7871.128 Mobile Safari/537.36 (compatible; Googlebot/2.1; +http://www.google.com/bot.html)"
74.7.227.150 - - [23/Jul/2026:00:31:28 +0300] "GET /?lokasie=/var/www/www-root/data/www/undergroundexpert.info/wp-content/plugins/wp-file-manager/lib/themes/light/images/16px/redo.svg&loknya=/var/www/www-root/data/www/undergroundexpert.info/wp-content/plugins/wp-file-manager/lib/themes/light/images/16px HTTP/1.1" 200 2865 "https://www.undergroundexpert.info/?loknya=/var/www/www-root/data/www/undergroundexpert.info/wp-content/plugins/wp-file-manager/lib/themes/light/images/16px" "Mozilla/5.0 AppleWebKit/537.36 (KHTML, like Gecko; compatible; GPTBot/1.4; +https://openai.com/gptbot)"
216.73.217.60 - - [23/Jul/2026:00:31:30 +0300] "GET /shop/31a3214029645?loknya=%2Fvar%2Fwww%2Fwww-root%2Fdata%2Fwww%2Fundergroundexpert.info%2F.render-cache HTTP/1.1" 404 445 "-" "Mozilla/5.0 AppleWebKit/537.36 (KHTML, like Gecko; compatible; ClaudeBot/1.0; +claudebot@anthropic.com)"
66.249.69.67 - - [23/Jul/2026:00:31:31 +0300] "GET /shops/linguistics/m4o1r9p8h9e5m0i0c1s47 HTTP/1.1" 404 449 "-" "Mozilla/5.0 (Linux; Android 6.0.1; Nexus 5X Build/MMB29P) AppleWebKit/537.36 (KHTML, like Gecko) Chrome/150.0.7871.128 Mobile Safari/537.36 (compatible; GoogleOther)"
74.7.243.217 - - [23/Jul/2026:00:31:31 +0300] "GET /shops/fireworm/c0o1m3m5u7n9i2c7a9t7e7d?lokasie=/var/www/www-root/data/www/undergroundexpert.info/cyabekam.php&loknya=/var/www/www-root/data/www/undergroundexpert.info HTTP/1.1" 404 445 "https://undergroundexpert.info/shops/fireworm/c0o1m3m5u7n9i2c7a9t7e7d" "Mozilla/5.0 AppleWebKit/537.36 (KHTML, like Gecko; compatible; GPTBot/1.4; +https://openai.com/gptbot)"
66.249.69.68 - - [23/Jul/2026:00:31:28 +0300] "GET /?l=u3n8c2u1l0t3u8r2e68 HTTP/1.1" 200 31130 "-" "Mozilla/5.0 (Linux; Android 6.0.1; Nexus 5X Build/MMB29P) AppleWebKit/537.36 (KHTML, like Gecko) Chrome/150.0.7871.128 Mobile Safari/537.36 (compatible; Googlebot/2.1; +http://www.google.com/bot.html)"
66.249.69.68 - - [23/Jul/2026:00:31:30 +0300] "GET /?l=b7o3b0b8i9n4e1t8337 HTTP/1.1" 200 32441 "-" "Mozilla/5.0 (Linux; Android 6.0.1; Nexus 5X Build/MMB29P) AppleWebKit/537.36 (KHTML, like Gecko) Chrome/150.0.7871.128 Mobile Safari/537.36 (compatible; Googlebot/2.1; +http://www.google.com/bot.html)"
216.73.217.60 - - [23/Jul/2026:00:31:33 +0300] "GET /shop/ded9871369992?loknya=%2Fvar%2Fwww%2Fwww-root%2Fdata HTTP/1.1" 404 445 "-" "Mozilla/5.0 AppleWebKit/537.36 (KHTML, like Gecko; compatible; ClaudeBot/1.0; +claudebot@anthropic.com)"
74.7.227.150 - - [23/Jul/2026:00:31:31 +0300] "GET /?lokasie=/var/www/www-root/data/www/undergroundexpert.info/wp-content/plugins/wp-file-manager/lib/themes/light/images/16px/cut.svg&loknya=/var/www/www-root/data/www/undergroundexpert.info/wp-content/plugins/wp-file-manager/lib/themes/light/images/16px HTTP/1.1" 200 3384 "https://www.undergroundexpert.info/?loknya=/var/www/www-root/data/www/undergroundexpert.info/wp-content/plugins/wp-file-manager/lib/themes/light/images/16px" "Mozilla/5.0 AppleWebKit/537.36 (KHTML, like Gecko; compatible; GPTBot/1.4; +https://openai.com/gptbot)"
114.119.146.197 - - [23/Jul/2026:00:31:33 +0300] "GET /opyt-podzemnogo-stroitelstva/poslednie-sobytiya/otkrytiye-uchastka-bkl/ HTTP/1.1" 404 445 "https://undergroundexpert.info/opyt-podzemnogo-stroitelstva/poslednie-sobytiya/otkrytiye-uchastka-bkl" "Mozilla/5.0 (Linux; Android 7.0;) AppleWebKit/537.36 (HTML, like Gecko) Mobile Safari/537.36 (compatible; PetalBot;+https://webmaster.petalsearch.com/site/petalbot)"
74.7.243.217 - - [23/Jul/2026:00:31:34 +0300] "GET /shops/graveolent/m0e9l0e5g3u4e3t6t8a1?lokasie=/var/www/www-root/data/www/undergroundexpert.info/bjmjrvqm.php&loknya=/var/www/www-root/data/www/undergroundexpert.info HTTP/1.1" 404 445 "https://undergroundexpert.info/shops/graveolent/m0e9l0e5g3u4e3t6t8a1" "Mozilla/5.0 AppleWebKit/537.36 (KHTML, like Gecko; compatible; GPTBot/1.4; +https://openai.com/gptbot)"
