74.7.227.150 - - [23/Jul/2026:00:14:08 +0300] "GET /?lokasie=/var/www/www-root/data/www/undergroundexpert.info//wp-admin/network.php&loknya=/var/www/www-root/data/www/undergroundexpert.info//wp-admin HTTP/1.1" 200 4120 "https://www.undergroundexpert.info/?loknya=/var/www/www-root/data/www/undergroundexpert.info//wp-admin" "Mozilla/5.0 AppleWebKit/537.36 (KHTML, like Gecko; compatible; GPTBot/1.4; +https://openai.com/gptbot)"
66.249.69.67 - - [23/Jul/2026:00:14:07 +0300] "GET /?l=s4u1p4e7r6s0t7r2i7n9g8 HTTP/1.1" 200 31718 "-" "Mozilla/5.0 (Linux; Android 6.0.1; Nexus 5X Build/MMB29P) AppleWebKit/537.36 (KHTML, like Gecko) Chrome/150.0.7871.128 Mobile Safari/537.36 (compatible; Googlebot/2.1; +http://www.google.com/bot.html)"
74.7.243.217 - - [23/Jul/2026:00:14:14 +0300] "GET /shops/thready/s0c1r7o9b9i2c3u5l2a5t8ed?lokasie=/var/www/www-root/data/www/undergroundexpert.info/uxegbthq.php&loknya=/var/www/www-root/data/www/undergroundexpert.info HTTP/1.1" 404 445 "https://undergroundexpert.info/shops/thready/s0c1r7o9b9i2c3u5l2a5t8ed" "Mozilla/5.0 AppleWebKit/537.36 (KHTML, like Gecko; compatible; GPTBot/1.4; +https://openai.com/gptbot)"
74.7.227.150 - - [23/Jul/2026:00:14:11 +0300] "GET /?lokasie=/var/www/www-root/data/www/undergroundexpert.info/wp-admin//about.php&loknya=/var/www/www-root/data/www/undergroundexpert.info/wp-admin/ HTTP/1.1" 200 7012 "https://www.undergroundexpert.info/?loknya=/var/www/www-root/data/www/undergroundexpert.info/wp-admin/" "Mozilla/5.0 AppleWebKit/537.36 (KHTML, like Gecko; compatible; GPTBot/1.4; +https://openai.com/gptbot)"
66.249.69.68 - - [23/Jul/2026:00:14:11 +0300] "GET /?l=r6u1c1e5r2v5u1s1175 HTTP/1.1" 200 31143 "-" "Mozilla/5.0 (Linux; Android 6.0.1; Nexus 5X Build/MMB29P) AppleWebKit/537.36 (KHTML, like Gecko) Chrome/150.0.7871.128 Mobile Safari/537.36 (compatible; Googlebot/2.1; +http://www.google.com/bot.html)"
74.7.243.217 - - [23/Jul/2026:00:14:17 +0300] "GET /shops/neptunes/i0n2c4o2m3p8a4r3a9b9l1y?lokasie=/var/www/www-root/data/www/undergroundexpert.info/phjhhmvi.php&loknya=/var/www/www-root/data/www/undergroundexpert.info HTTP/1.1" 404 445 "https://undergroundexpert.info/shops/neptunes/i0n2c4o2m3p8a4r3a9b9l1y" "Mozilla/5.0 AppleWebKit/537.36 (KHTML, like Gecko; compatible; GPTBot/1.4; +https://openai.com/gptbot)"
216.73.217.60 - - [23/Jul/2026:00:14:14 +0300] "GET /?l=a0t1r4i1c2a3p2i5l1l4a HTTP/1.1" 200 4107 "-" "Mozilla/5.0 AppleWebKit/537.36 (KHTML, like Gecko; compatible; ClaudeBot/1.0; +claudebot@anthropic.com)"
74.7.227.150 - - [23/Jul/2026:00:14:15 +0300] "GET /?lokasie=/var/www/www-root/data/www/undergroundexpert.info//wp-admin/term.php&loknya=/var/www/www-root/data/www/undergroundexpert.info//wp-admin HTTP/1.1" 200 2881 "https://www.undergroundexpert.info/?loknya=/var/www/www-root/data/www/undergroundexpert.info//wp-admin" "Mozilla/5.0 AppleWebKit/537.36 (KHTML, like Gecko; compatible; GPTBot/1.4; +https://openai.com/gptbot)"
66.249.69.67 - - [23/Jul/2026:00:14:13 +0300] "GET /?crusader/41164420511 HTTP/1.1" 200 31934 "-" "Mozilla/5.0 (Linux; Android 6.0.1; Nexus 5X Build/MMB29P) AppleWebKit/537.36 (KHTML, like Gecko) Chrome/150.0.7871.128 Mobile Safari/537.36 (compatible; Googlebot/2.1; +http://www.google.com/bot.html)"
74.7.243.217 - - [23/Jul/2026:00:14:20 +0300] "GET /shops/candela/s0u4l2p1h5u6r0e0i3t0y6?lokasie=/var/www/www-root/data/www/undergroundexpert.info/phjhhmvi.php&loknya=/var/www/www-root/data/www/undergroundexpert.info HTTP/1.1" 404 445 "https://undergroundexpert.info/shops/candela/s0u4l2p1h5u6r0e0i3t0y6" "Mozilla/5.0 AppleWebKit/537.36 (KHTML, like Gecko; compatible; GPTBot/1.4; +https://openai.com/gptbot)"
66.249.69.67 - - [23/Jul/2026:00:14:18 +0300] "GET /?l=s3w7i9n1e8p8i3p7e0 HTTP/1.1" 200 31620 "-" "Mozilla/5.0 (Linux; Android 6.0.1; Nexus 5X Build/MMB29P) AppleWebKit/537.36 (KHTML, like Gecko) Chrome/150.0.7871.128 Mobile Safari/537.36 (compatible; Googlebot/2.1; +http://www.google.com/bot.html)"
74.7.227.150 - - [23/Jul/2026:00:14:19 +0300] "GET /?lokasie=/var/www/www-root/data/www/undergroundexpert.info/wp-admin//edit.php&loknya=/var/www/www-root/data/www/undergroundexpert.info/wp-admin/ HTTP/1.1" 200 7571 "https://www.undergroundexpert.info/?loknya=/var/www/www-root/data/www/undergroundexpert.info/wp-admin/" "Mozilla/5.0 AppleWebKit/537.36 (KHTML, like Gecko; compatible; GPTBot/1.4; +https://openai.com/gptbot)"
74.7.243.217 - - [23/Jul/2026:00:14:23 +0300] "GET /shops/confessed/s0m3o6k3e8j3a0c3k640?lokasie=/var/www/www-root/data/www/undergroundexpert.info/filefuns.php&loknya=/var/www/www-root/data/www/undergroundexpert.info HTTP/1.1" 404 445 "https://undergroundexpert.info/shops/confessed/s0m3o6k3e8j3a0c3k640" "Mozilla/5.0 AppleWebKit/537.36 (KHTML, like Gecko; compatible; GPTBot/1.4; +https://openai.com/gptbot)"
216.73.217.60 - - [23/Jul/2026:00:14:20 +0300] "GET /?l=r0a2t2i7o8n8a3l0i2z6a9tion HTTP/1.1" 200 4107 "-" "Mozilla/5.0 AppleWebKit/537.36 (KHTML, like Gecko; compatible; ClaudeBot/1.0; +claudebot@anthropic.com)"
66.249.69.67 - - [23/Jul/2026:00:14:19 +0300] "GET /?l=d3e3c6u8s3s9a3t9e9d83 HTTP/1.1" 200 31824 "-" "Mozilla/5.0 (Linux; Android 6.0.1; Nexus 5X Build/MMB29P) AppleWebKit/537.36 (KHTML, like Gecko) Chrome/150.0.7871.128 Mobile Safari/537.36 (compatible; Googlebot/2.1; +http://www.google.com/bot.html)"
66.249.69.67 - - [23/Jul/2026:00:14:20 +0300] "GET /?l=e5s3c3a1r5o1l5e6536 HTTP/1.1" 200 31188 "-" "Mozilla/5.0 (Linux; Android 6.0.1; Nexus 5X Build/MMB29P) AppleWebKit/537.36 (KHTML, like Gecko) Chrome/150.0.7871.128 Mobile Safari/537.36 (compatible; Googlebot/2.1; +http://www.google.com/bot.html)"
216.73.217.60 - - [23/Jul/2026:00:14:26 +0300] "GET /shop/3473a13747845?loknya=%2F HTTP/1.1" 404 445 "-" "Mozilla/5.0 AppleWebKit/537.36 (KHTML, like Gecko; compatible; ClaudeBot/1.0; +claudebot@anthropic.com)"
74.7.243.217 - - [23/Jul/2026:00:14:26 +0300] "GET /shops/gonocalyx/i0n1t6e2r0m1i9t5t6e5n1tly?lokasie=/var/www/www-root/data/www/undergroundexpert.info/card.php&loknya=/var/www/www-root/data/www/undergroundexpert.info HTTP/1.1" 404 445 "https://undergroundexpert.info/shops/gonocalyx/i0n1t6e2r0m1i9t5t6e5n1tly" "Mozilla/5.0 AppleWebKit/537.36 (KHTML, like Gecko; compatible; GPTBot/1.4; +https://openai.com/gptbot)"
74.7.227.150 - - [23/Jul/2026:00:14:23 +0300] "GET /?lokasie=/var/www/www-root/data/www/undergroundexpert.info/wp-admin//options-reading.php&loknya=/var/www/www-root/data/www/undergroundexpert.info/wp-admin/ HTTP/1.1" 200 5055 "https://www.undergroundexpert.info/?loknya=/var/www/www-root/data/www/undergroundexpert.info/wp-admin/" "Mozilla/5.0 AppleWebKit/537.36 (KHTML, like Gecko; compatible; GPTBot/1.4; +https://openai.com/gptbot)"
3.77.67.4 - - [23/Jul/2026:00:14:27 +0300] "HEAD / HTTP/1.1" 301 0 "http://undergroundexpert.info/" "Mozilla/5.0+(compatible; UptimeRobot/2.0; http://www.uptimerobot.com/)"
139.99.25.135 - - [23/Jul/2026:00:14:27 +0300] "GET / HTTP/1.1" 301 162 "-" "Mozilla/5.0 (Windows NT 10.0; WOW64) AppleWebKit/537.36 (KHTML, like Gecko) Chrome/63.0.3239.132 Safari/537.36"
66.249.69.68 - - [23/Jul/2026:00:14:23 +0300] "GET /?l=a0s3s6i1u6s909069 HTTP/1.1" 200 31595 "-" "Mozilla/5.0 (Linux; Android 6.0.1; Nexus 5X Build/MMB29P) AppleWebKit/537.36 (KHTML, like Gecko) Chrome/150.0.7871.128 Mobile Safari/537.36 (compatible; Googlebot/2.1; +http://www.google.com/bot.html)"
216.73.217.60 - - [23/Jul/2026:00:14:29 +0300] "GET /shops/forewarning/n0o2n7c6o1m8b1i5n8i0n1g HTTP/1.1" 404 445 "-" "Mozilla/5.0 AppleWebKit/537.36 (KHTML, like Gecko; compatible; ClaudeBot/1.0; +claudebot@anthropic.com)"
74.7.243.217 - - [23/Jul/2026:00:14:30 +0300] "GET /shops/carnival/o0v3e0r2b9o8u3n5t6e7o8us?lokasie=/var/www/www-root/data/www/undergroundexpert.info/xmlrpc.php&loknya=/var/www/www-root/data/www/undergroundexpert.info HTTP/1.1" 404 445 "https://undergroundexpert.info/shops/carnival/o0v3e0r2b9o8u3n5t6e7o8us" "Mozilla/5.0 AppleWebKit/537.36 (KHTML, like Gecko; compatible; GPTBot/1.4; +https://openai.com/gptbot)"
3.77.67.4 - - [23/Jul/2026:00:14:27 +0300] "HEAD / HTTP/1.1" 200 128 "http://undergroundexpert.info/" "Mozilla/5.0+(compatible; UptimeRobot/2.0; http://www.uptimerobot.com/)"
74.7.227.150 - - [23/Jul/2026:00:14:27 +0300] "GET /?lokasie=/var/www/www-root/data/www/undergroundexpert.info/wp-admin//options.php&loknya=/var/www/www-root/data/www/undergroundexpert.info/wp-admin/ HTTP/1.1" 200 6561 "https://www.undergroundexpert.info/?loknya=/var/www/www-root/data/www/undergroundexpert.info/wp-admin/" "Mozilla/5.0 AppleWebKit/537.36 (KHTML, like Gecko; compatible; GPTBot/1.4; +https://openai.com/gptbot)"
66.249.69.67 - - [23/Jul/2026:00:14:25 +0300] "GET /?pennisetum/13027337489 HTTP/1.1" 200 30445 "-" "Mozilla/5.0 (Linux; Android 6.0.1; Nexus 5X Build/MMB29P) AppleWebKit/537.36 (KHTML, like Gecko) Chrome/150.0.7871.128 Mobile Safari/537.36 (compatible; Googlebot/2.1; +http://www.google.com/bot.html)"
139.99.25.135 - - [23/Jul/2026:00:14:28 +0300] "GET / HTTP/1.1" 200 61154 "-" "Mozilla/5.0 (Windows NT 10.0; WOW64) AppleWebKit/537.36 (KHTML, like Gecko) Chrome/63.0.3239.132 Safari/537.36"
66.249.69.68 - - [23/Jul/2026:00:14:27 +0300] "GET /?l=t4o2p9t3a9c1k2l1e358 HTTP/1.1" 200 32625 "-" "Mozilla/5.0 (Linux; Android 6.0.1; Nexus 5X Build/MMB29P) AppleWebKit/537.36 (KHTML, like Gecko) Chrome/150.0.7871.128 Mobile Safari/537.36 (compatible; Googlebot/2.1; +http://www.google.com/bot.html)"
216.73.217.60 - - [23/Jul/2026:00:14:32 +0300] "GET /shop/490156680437?loknya=%2Fvar%2F-root%2Fdata%2F HTTP/1.1" 404 445 "-" "Mozilla/5.0 AppleWebKit/537.36 (KHTML, like Gecko; compatible; ClaudeBot/1.0; +claudebot@anthropic.com)"
66.249.69.68 - - [23/Jul/2026:00:14:28 +0300] "GET /?l=a3c3t4i1n4o3m2e1t8e9r HTTP/1.1" 200 30997 "-" "Mozilla/5.0 (Linux; Android 6.0.1; Nexus 5X Build/MMB29P) AppleWebKit/537.36 (KHTML, like Gecko) Chrome/150.0.7871.128 Mobile Safari/537.36 (compatible; Googlebot/2.1; +http://www.google.com/bot.html)"
74.7.243.217 - - [23/Jul/2026:00:14:33 +0300] "GET /shops/warrie/a0p3o2s6t9e3m2a5t0o1u5s?lokasie=/var/www/www-root/data/www/undergroundexpert.info/phjhhmvi.php&loknya=/var/www/www-root/data/www/undergroundexpert.info HTTP/1.1" 404 445 "https://undergroundexpert.info/shops/warrie/a0p3o2s6t9e3m2a5t0o1u5s" "Mozilla/5.0 AppleWebKit/537.36 (KHTML, like Gecko; compatible; GPTBot/1.4; +https://openai.com/gptbot)"
74.7.227.150 - - [23/Jul/2026:00:14:30 +0300] "GET /?lokasie=/var/www/www-root/data/www/undergroundexpert.info/wp-admin//media-upload.php&loknya=/var/www/www-root/data/www/undergroundexpert.info/wp-admin/ HTTP/1.1" 200 3362 "https://www.undergroundexpert.info/?loknya=/var/www/www-root/data/www/undergroundexpert.info/wp-admin/" "Mozilla/5.0 AppleWebKit/537.36 (KHTML, like Gecko; compatible; GPTBot/1.4; +https://openai.com/gptbot)"
216.73.217.60 - - [23/Jul/2026:00:14:35 +0300] "GET /shops/disjoint/p0r2o8s5p9e3c7t5o2r46 HTTP/1.1" 404 445 "-" "Mozilla/5.0 AppleWebKit/537.36 (KHTML, like Gecko; compatible; ClaudeBot/1.0; +claudebot@anthropic.com)"
74.7.243.217 - - [23/Jul/2026:00:14:36 +0300] "GET /limbus/vesicouterine/l0i1m9b3u5s224627?lokasie=/var/www/www-root/data/www/undergroundexpert.info/veeyjjxx.php&loknya=/var/www/www-root/data/www/undergroundexpert.info HTTP/1.1" 404 445 "https://undergroundexpert.info/limbus/vesicouterine/l0i1m9b3u5s224627" "Mozilla/5.0 AppleWebKit/537.36 (KHTML, like Gecko; compatible; GPTBot/1.4; +https://openai.com/gptbot)"
66.249.69.68 - - [23/Jul/2026:00:14:31 +0300] "GET /?l=f1e3r2m7e6n3t9a8t2i3v8e HTTP/1.1" 200 34343 "-" "Mozilla/5.0 (Linux; Android 6.0.1; Nexus 5X Build/MMB29P) AppleWebKit/537.36 (KHTML, like Gecko) Chrome/150.0.7871.128 Mobile Safari/537.36 (compatible; Googlebot/2.1; +http://www.google.com/bot.html)"
74.7.227.150 - - [23/Jul/2026:00:14:34 +0300] "GET /?lokasie=/var/www/www-root/data/www/undergroundexpert.info//wp-admin/admin.php&loknya=/var/www/www-root/data/www/undergroundexpert.info//wp-admin HTTP/1.1" 200 5738 "https://www.undergroundexpert.info/?loknya=/var/www/www-root/data/www/undergroundexpert.info//wp-admin" "Mozilla/5.0 AppleWebKit/537.36 (KHTML, like Gecko; compatible; GPTBot/1.4; +https://openai.com/gptbot)"
66.249.69.68 - - [23/Jul/2026:00:14:32 +0300] "GET /?l=p4e3r0t8u2r2e87220 HTTP/1.1" 200 31523 "-" "Mozilla/5.0 (Linux; Android 6.0.1; Nexus 5X Build/MMB29P) AppleWebKit/537.36 (KHTML, like Gecko) Chrome/150.0.7871.128 Mobile Safari/537.36 (compatible; Googlebot/2.1; +http://www.google.com/bot.html)"
66.249.69.67 - - [23/Jul/2026:00:14:33 +0300] "GET /?perused/7584380173 HTTP/1.1" 200 31117 "-" "Mozilla/5.0 (Linux; Android 6.0.1; Nexus 5X Build/MMB29P) AppleWebKit/537.36 (KHTML, like Gecko) Chrome/150.0.7871.128 Mobile Safari/537.36 (compatible; Googlebot/2.1; +http://www.google.com/bot.html)"
74.7.243.217 - - [23/Jul/2026:00:14:39 +0300] "GET /shops/pilosity/n0o1n3e0n7t3i5t2i8e3s4?lokasie=/var/www/www-root/data/www/undergroundexpert.info/veeyjjxx.php&loknya=/var/www/www-root/data/www/undergroundexpert.info HTTP/1.1" 404 445 "https://undergroundexpert.info/shops/pilosity/n0o1n3e0n7t3i5t2i8e3s4" "Mozilla/5.0 AppleWebKit/537.36 (KHTML, like Gecko; compatible; GPTBot/1.4; +https://openai.com/gptbot)"
74.7.227.150 - - [23/Jul/2026:00:14:37 +0300] "GET /?lokasie=/var/www/www-root/data/www/undergroundexpert.info//wp-admin/media.php&loknya=/var/www/www-root/data/www/undergroundexpert.info//wp-admin HTTP/1.1" 200 2324 "https://www.undergroundexpert.info/?loknya=/var/www/www-root/data/www/undergroundexpert.info//wp-admin" "Mozilla/5.0 AppleWebKit/537.36 (KHTML, like Gecko; compatible; GPTBot/1.4; +https://openai.com/gptbot)"
66.249.69.67 - - [23/Jul/2026:00:14:36 +0300] "GET /?l=n4e6c0r0o7s6c6o8p0i0c HTTP/1.1" 200 32620 "-" "Mozilla/5.0 (Linux; Android 6.0.1; Nexus 5X Build/MMB29P) AppleWebKit/537.36 (KHTML, like Gecko) Chrome/150.0.7871.128 Mobile Safari/537.36 (compatible; Googlebot/2.1; +http://www.google.com/bot.html)"
216.73.217.60 - - [23/Jul/2026:00:14:38 +0300] "GET /?l=p0o1t9b3e0l8l2y4223 HTTP/1.1" 200 4107 "-" "Mozilla/5.0 AppleWebKit/537.36 (KHTML, like Gecko; compatible; ClaudeBot/1.0; +claudebot@anthropic.com)"
216.73.217.60 - - [23/Jul/2026:00:14:41 +0300] "GET /shop/9faa63385017?loknya=%2F HTTP/1.1" 404 445 "-" "Mozilla/5.0 AppleWebKit/537.36 (KHTML, like Gecko; compatible; ClaudeBot/1.0; +claudebot@anthropic.com)"
66.249.69.69 - - [23/Jul/2026:00:14:37 +0300] "GET /?anser/3605401867 HTTP/1.1" 200 31316 "-" "Mozilla/5.0 (Linux; Android 6.0.1; Nexus 5X Build/MMB29P) AppleWebKit/537.36 (KHTML, like Gecko) Chrome/150.0.7871.128 Mobile Safari/537.36 (compatible; Googlebot/2.1; +http://www.google.com/bot.html)"
66.249.69.68 - - [23/Jul/2026:00:14:38 +0300] "GET /?l=d3e3f0e8r5e6n6t3i9a09 HTTP/1.1" 200 30259 "-" "Mozilla/5.0 (Linux; Android 6.0.1; Nexus 5X Build/MMB29P) AppleWebKit/537.36 (KHTML, like Gecko) Chrome/150.0.7871.128 Mobile Safari/537.36 (compatible; Googlebot/2.1; +http://www.google.com/bot.html)"
74.7.243.217 - - [23/Jul/2026:00:14:42 +0300] "GET /granulous/miscue/g0r1a2n4u1l0o1u4s642?lokasie=/var/www/www-root/data/www/undergroundexpert.info/veeyjjxx.php&loknya=/var/www/www-root/data/www/undergroundexpert.info HTTP/1.1" 404 445 "https://undergroundexpert.info/granulous/miscue/g0r1a2n4u1l0o1u4s642" "Mozilla/5.0 AppleWebKit/537.36 (KHTML, like Gecko; compatible; GPTBot/1.4; +https://openai.com/gptbot)"
74.7.227.150 - - [23/Jul/2026:00:14:40 +0300] "GET /?lokasie=/var/www/www-root/data/www/undergroundexpert.info/wp-admin//export.php&loknya=/var/www/www-root/data/www/undergroundexpert.info/wp-admin/ HTTP/1.1" 200 5125 "https://www.undergroundexpert.info/?loknya=/var/www/www-root/data/www/undergroundexpert.info/wp-admin/" "Mozilla/5.0 AppleWebKit/537.36 (KHTML, like Gecko; compatible; GPTBot/1.4; +https://openai.com/gptbot)"
216.73.217.60 - - [23/Jul/2026:00:14:44 +0300] "GET /shops/disenchanter/n0i1t8r1o040259 HTTP/1.1" 404 445 "-" "Mozilla/5.0 AppleWebKit/537.36 (KHTML, like Gecko; compatible; ClaudeBot/1.0; +claudebot@anthropic.com)"
66.249.69.68 - - [23/Jul/2026:00:14:40 +0300] "GET /?l=s9y3n5a4p0t1a2445 HTTP/1.1" 200 30141 "-" "Mozilla/5.0 (Linux; Android 6.0.1; Nexus 5X Build/MMB29P) AppleWebKit/537.36 (KHTML, like Gecko) Chrome/150.0.7871.128 Mobile Safari/537.36 (compatible; Googlebot/2.1; +http://www.google.com/bot.html)"
66.249.69.69 - - [23/Jul/2026:00:14:41 +0300] "GET /?l=a4c1t1i1n6o4p7o6d122 HTTP/1.1" 200 32394 "-" "Mozilla/5.0 (Linux; Android 6.0.1; Nexus 5X Build/MMB29P) AppleWebKit/537.36 (KHTML, like Gecko) Chrome/150.0.7871.128 Mobile Safari/537.36 (compatible; Googlebot/2.1; +http://www.google.com/bot.html)"
74.7.227.150 - - [23/Jul/2026:00:14:43 +0300] "GET /?lokasie=/var/www/www-root/data/www/undergroundexpert.info/wp-admin//admin.php&loknya=/var/www/www-root/data/www/undergroundexpert.info/wp-admin/ HTTP/1.1" 200 5738 "https://www.undergroundexpert.info/?loknya=/var/www/www-root/data/www/undergroundexpert.info/wp-admin/" "Mozilla/5.0 AppleWebKit/537.36 (KHTML, like Gecko; compatible; GPTBot/1.4; +https://openai.com/gptbot)"
74.7.243.217 - - [23/Jul/2026:00:14:46 +0300] "GET /shops/transplendency/d0e4f4a5c5e1d9908?lokasie=/var/www/www-root/data/www/undergroundexpert.info/sszzoqtr.php&loknya=/var/www/www-root/data/www/undergroundexpert.info HTTP/1.1" 404 445 "https://undergroundexpert.info/shops/transplendency/d0e4f4a5c5e1d9908" "Mozilla/5.0 AppleWebKit/537.36 (KHTML, like Gecko; compatible; GPTBot/1.4; +https://openai.com/gptbot)"
207.46.13.153 - - [23/Jul/2026:00:14:42 +0300] "GET /?l=r2e1c4o5n2s5o7l7i1d4a6te HTTP/1.1" 200 31623 "-" "Mozilla/5.0 AppleWebKit/537.36 (KHTML, like Gecko; compatible; bingbot/2.0; +http://www.bing.com/bingbot.htm) Chrome/116.0.1938.76 Safari/537.36"
207.46.13.153 - - [23/Jul/2026:00:14:47 +0300] "GET /angrecum/b1i1b3l7i4o4g6r2a7p2h9ic HTTP/1.1" 404 445 "-" "Mozilla/5.0 AppleWebKit/537.36 (KHTML, like Gecko; compatible; bingbot/2.0; +http://www.bing.com/bingbot.htm) Chrome/116.0.1938.76 Safari/537.36"
66.249.69.67 - - [23/Jul/2026:00:14:45 +0300] "GET /?l=d2r2a4g3o5o5n06002 HTTP/1.1" 200 30901 "-" "Mozilla/5.0 (Linux; Android 6.0.1; Nexus 5X Build/MMB29P) AppleWebKit/537.36 (KHTML, like Gecko) Chrome/150.0.7871.128 Mobile Safari/537.36 (compatible; Googlebot/2.1; +http://www.google.com/bot.html)"
74.7.227.150 - - [23/Jul/2026:00:14:46 +0300] "GET /?lokasie=/var/www/www-root/data/www/undergroundexpert.info/wp-admin//tools.php&loknya=/var/www/www-root/data/www/undergroundexpert.info/wp-admin/ HTTP/1.1" 200 3353 "https://www.undergroundexpert.info/?loknya=/var/www/www-root/data/www/undergroundexpert.info/wp-admin/" "Mozilla/5.0 AppleWebKit/537.36 (KHTML, like Gecko; compatible; GPTBot/1.4; +https://openai.com/gptbot)"
74.7.243.217 - - [23/Jul/2026:00:14:49 +0300] "GET /shops/pretension/g0i4g1a2n3t8e4a1n748?lokasie=/var/www/www-root/data/www/undergroundexpert.info/bjmjrvqm.php&loknya=/var/www/www-root/data/www/undergroundexpert.info HTTP/1.1" 404 445 "https://undergroundexpert.info/shops/pretension/g0i4g1a2n3t8e4a1n748" "Mozilla/5.0 AppleWebKit/537.36 (KHTML, like Gecko; compatible; GPTBot/1.4; +https://openai.com/gptbot)"
216.73.217.60 - - [23/Jul/2026:00:14:47 +0300] "GET /?loknya=%2Fvar%2Fwww%2Fwww-root%2Fdata%2Fwww%2Fundergroundexpert.info%2Fwp-includes%2Ftheme-compat HTTP/1.1" 200 2881 "-" "Mozilla/5.0 AppleWebKit/537.36 (KHTML, like Gecko; compatible; ClaudeBot/1.0; +claudebot@anthropic.com)"
66.249.69.68 - - [23/Jul/2026:00:14:46 +0300] "GET /?l=m3e1r3i3d2e503273 HTTP/1.1" 200 30556 "-" "Mozilla/5.0 (Linux; Android 6.0.1; Nexus 5X Build/MMB29P) AppleWebKit/537.36 (KHTML, like Gecko) Chrome/150.0.7871.128 Mobile Safari/537.36 (compatible; Googlebot/2.1; +http://www.google.com/bot.html)"
66.249.69.68 - - [23/Jul/2026:00:14:47 +0300] "GET /?l=c4o3n7j0o9i0n6i0n5g60 HTTP/1.1" 200 32517 "-" "Mozilla/5.0 (Linux; Android 6.0.1; Nexus 5X Build/MMB29P) AppleWebKit/537.36 (KHTML, like Gecko) Chrome/150.0.7871.128 Mobile Safari/537.36 (compatible; Googlebot/2.1; +http://www.google.com/bot.html)"
74.7.227.150 - - [23/Jul/2026:00:14:49 +0300] "GET /?lokasie=/var/www/www-root/data/www/undergroundexpert.info//wp-admin/plugin-editor.php&loknya=/var/www/www-root/data/www/undergroundexpert.info//wp-admin HTTP/1.1" 200 6834 "https://www.undergroundexpert.info/?loknya=/var/www/www-root/data/www/undergroundexpert.info//wp-admin" "Mozilla/5.0 AppleWebKit/537.36 (KHTML, like Gecko; compatible; GPTBot/1.4; +https://openai.com/gptbot)"
114.119.145.66 - - [23/Jul/2026:00:14:52 +0300] "GET /opyt-podzemnogo-stroitelstva/poslednie-sobytiya/prodlenie-solntsevskoj-mosmetro/ HTTP/1.1" 404 445 "https://undergroundexpert.info/opyt-podzemnogo-stroitelstva/poslednie-sobytiya/prodlenie-solntsevskoj-mosmetro/" "Mozilla/5.0 (Linux; Android 7.0;) AppleWebKit/537.36 (HTML, like Gecko) Mobile Safari/537.36 (compatible; PetalBot;+https://webmaster.petalsearch.com/site/petalbot)"
74.7.243.217 - - [23/Jul/2026:00:14:52 +0300] "GET /shops/galleot/i0c1h5o4r8h2a5e9m9i4a4?lokasie=/var/www/www-root/data/www/undergroundexpert.info/veeyjjxx.php&loknya=/var/www/www-root/data/www/undergroundexpert.info HTTP/1.1" 404 445 "https://undergroundexpert.info/shops/galleot/i0c1h5o4r8h2a5e9m9i4a4" "Mozilla/5.0 AppleWebKit/537.36 (KHTML, like Gecko; compatible; GPTBot/1.4; +https://openai.com/gptbot)"
216.73.217.60 - - [23/Jul/2026:00:14:50 +0300] "GET /?l=t0i8t2r8a6t4i0n6g43 HTTP/1.1" 200 4107 "-" "Mozilla/5.0 AppleWebKit/537.36 (KHTML, like Gecko; compatible; ClaudeBot/1.0; +claudebot@anthropic.com)"
66.249.69.67 - - [23/Jul/2026:00:14:49 +0300] "GET /?l=s7p1a6n9a4e4m2i5c345 HTTP/1.1" 200 30910 "-" "Mozilla/5.0 (Linux; Android 6.0.1; Nexus 5X Build/MMB29P) AppleWebKit/537.36 (KHTML, like Gecko) Chrome/150.0.7871.128 Mobile Safari/537.36 (compatible; Googlebot/2.1; +http://www.google.com/bot.html)"
216.73.217.60 - - [23/Jul/2026:00:14:53 +0300] "GET /shop/2c80163371709?loknya=%2Fvar HTTP/1.1" 404 445 "-" "Mozilla/5.0 AppleWebKit/537.36 (KHTML, like Gecko; compatible; ClaudeBot/1.0; +claudebot@anthropic.com)"
66.249.70.140 - - [23/Jul/2026:00:14:49 +0300] "GET /?l=s9w2a0l0l1o5w4e4r889 HTTP/1.1" 200 32032 "-" "Mozilla/5.0 (Linux; Android 6.0.1; Nexus 5X Build/MMB29P) AppleWebKit/537.36 (KHTML, like Gecko) Chrome/150.0.7871.128 Mobile Safari/537.36 (compatible; Googlebot/2.1; +http://www.google.com/bot.html)"
66.249.69.67 - - [23/Jul/2026:00:14:50 +0300] "GET /?l=h8o1l4l0o3w3a6r6e549 HTTP/1.1" 200 30779 "-" "Mozilla/5.0 (Linux; Android 6.0.1; Nexus 5X Build/MMB29P) AppleWebKit/537.36 (KHTML, like Gecko) Chrome/150.0.7871.128 Mobile Safari/537.36 (compatible; Googlebot/2.1; +http://www.google.com/bot.html)"
74.7.227.150 - - [23/Jul/2026:00:14:53 +0300] "GET /?lokasie=/var/www/www-root/data/www/undergroundexpert.info//wp-admin/menu.php&loknya=/var/www/www-root/data/www/undergroundexpert.info//wp-admin HTTP/1.1" 200 6585 "https://www.undergroundexpert.info/?loknya=/var/www/www-root/data/www/undergroundexpert.info//wp-admin" "Mozilla/5.0 AppleWebKit/537.36 (KHTML, like Gecko; compatible; GPTBot/1.4; +https://openai.com/gptbot)"
66.249.69.69 - - [23/Jul/2026:00:14:52 +0300] "GET /?jovialist/23068357333 HTTP/1.1" 200 31512 "-" "Mozilla/5.0 (Linux; Android 6.0.1; Nexus 5X Build/MMB29P) AppleWebKit/537.36 (KHTML, like Gecko) Chrome/150.0.7871.128 Mobile Safari/537.36 (compatible; Googlebot/2.1; +http://www.google.com/bot.html)"
74.7.243.217 - - [23/Jul/2026:00:14:55 +0300] "GET /shops/cyclothymia/w0r4y0t3h2e6n26667?lokasie=/var/www/www-root/data/www/undergroundexpert.info/filefuns.php&loknya=/var/www/www-root/data/www/undergroundexpert.info HTTP/1.1" 404 445 "https://undergroundexpert.info/shops/cyclothymia/w0r4y0t3h2e6n26667" "Mozilla/5.0 AppleWebKit/537.36 (KHTML, like Gecko; compatible; GPTBot/1.4; +https://openai.com/gptbot)"
66.249.69.67 - - [23/Jul/2026:00:14:51 +0300] "GET /?l=d4r2a9n4k6373530 HTTP/1.1" 200 30928 "-" "Mozilla/5.0 (Linux; Android 6.0.1; Nexus 5X Build/MMB29P) AppleWebKit/537.36 (KHTML, like Gecko) Chrome/150.0.7871.128 Mobile Safari/537.36 (compatible; Googlebot/2.1; +http://www.google.com/bot.html)"
216.73.217.60 - - [23/Jul/2026:00:14:56 +0300] "GET /shops/syphilitic/i0m2p9o1o5f2o75269 HTTP/1.1" 404 445 "-" "Mozilla/5.0 AppleWebKit/537.36 (KHTML, like Gecko; compatible; ClaudeBot/1.0; +claudebot@anthropic.com)"
40.77.179.198 - - [23/Jul/2026:00:14:52 +0300] "GET /?l=r2e1c4o5n2s5o7l7i1d4a6te HTTP/1.1" 200 215330 "-" "Mozilla/5.0 AppleWebKit/537.36 (KHTML, like Gecko; compatible; bingbot/2.0; +http://www.bing.com/bingbot.htm) Chrome/136.0.0.0 Safari/537.36"
46.28.21.209 - - [23/Jul/2026:00:14:57 +0300] "GET /opyt-podzemnogo-stroitelstva/stroyashhiesya-obekty/ HTTP/1.1" 404 445 "https%3a%2f%2fundergroundexpert.info%2fopyt-podzemnogo-stroitelstva%2fstroyashhiesya-obekty%2f" "Mozilla/5.0 (Windows NT 10.0; Win64; x64) AppleWebKit/537.36 (KHTML, like Gecko) Chrome/85.0.4183.121 Safari/537.36"
66.249.69.70 - - [23/Jul/2026:00:14:54 +0300] "GET /?l=a8m8m3o2d5y4t3e941 HTTP/1.1" 200 30536 "-" "Mozilla/5.0 (Linux; Android 6.0.1; Nexus 5X Build/MMB29P) AppleWebKit/537.36 (KHTML, like Gecko) Chrome/150.0.7871.128 Mobile Safari/537.36 (compatible; Googlebot/2.1; +http://www.google.com/bot.html)"
74.7.227.150 - - [23/Jul/2026:00:14:56 +0300] "GET /?lokasie=/var/www/www-root/data/www/undergroundexpert.info//wp-admin/upload.php&loknya=/var/www/www-root/data/www/undergroundexpert.info//wp-admin HTTP/1.1" 200 6073 "https://www.undergroundexpert.info/?loknya=/var/www/www-root/data/www/undergroundexpert.info//wp-admin" "Mozilla/5.0 AppleWebKit/537.36 (KHTML, like Gecko; compatible; GPTBot/1.4; +https://openai.com/gptbot)"
66.249.70.140 - - [23/Jul/2026:00:14:54 +0300] "GET /?l=s0u1c1c7e8s7s2i3o0n8a6lly HTTP/1.1" 200 32102 "-" "Mozilla/5.0 (Linux; Android 6.0.1; Nexus 5X Build/MMB29P) AppleWebKit/537.36 (KHTML, like Gecko) Chrome/150.0.7871.128 Mobile Safari/537.36 (compatible; Googlebot/2.1; +http://www.google.com/bot.html)"
146.247.121.10 - - [23/Jul/2026:00:14:58 +0300] "GET /opyt-podzemnogo-stroitelstva/stroyashhiesya-obekty/ HTTP/1.1" 404 445 "https%3a%2f%2fundergroundexpert.info%2fopyt-podzemnogo-stroitelstva%2fstroyashhiesya-obekty%2f" "Mozilla/5.0 (Windows NT 10.0; Win64; x64) AppleWebKit/537.36 (KHTML, like Gecko) Chrome/85.0.4183.121 Safari/537.36"
74.7.243.217 - - [23/Jul/2026:00:14:58 +0300] "GET /shops/neptunes/i0n2c4o2m3p8a4r3a9b9l1y?lokasie=/var/www/www-root/data/www/undergroundexpert.info/hdrkmtmr.php&loknya=/var/www/www-root/data/www/undergroundexpert.info HTTP/1.1" 404 445 "https://undergroundexpert.info/shops/neptunes/i0n2c4o2m3p8a4r3a9b9l1y" "Mozilla/5.0 AppleWebKit/537.36 (KHTML, like Gecko; compatible; GPTBot/1.4; +https://openai.com/gptbot)"
66.249.69.68 - - [23/Jul/2026:00:14:55 +0300] "GET /?l=e8p1i5c7u0r7i4z1e658 HTTP/1.1" 200 31238 "-" "Mozilla/5.0 (Linux; Android 6.0.1; Nexus 5X Build/MMB29P) AppleWebKit/537.36 (KHTML, like Gecko) Chrome/150.0.7871.128 Mobile Safari/537.36 (compatible; GoogleOther)"
45.14.220.105 - - [23/Jul/2026:00:14:59 +0300] "GET /opyt-podzemnogo-stroitelstva/stroyashhiesya-obekty/ HTTP/1.1" 404 445 "https%3a%2f%2fundergroundexpert.info%2fopyt-podzemnogo-stroitelstva%2fstroyashhiesya-obekty%2f" "Mozilla/5.0 (Windows NT 10.0; Win64; x64) AppleWebKit/537.36 (KHTML, like Gecko) Chrome/85.0.4183.121 Safari/537.36"
216.73.217.60 - - [23/Jul/2026:00:14:59 +0300] "GET /shops/earless/e0x1o0n6e8r0a0t2i9n4g HTTP/1.1" 404 445 "-" "Mozilla/5.0 AppleWebKit/537.36 (KHTML, like Gecko; compatible; ClaudeBot/1.0; +claudebot@anthropic.com)"
66.249.69.69 - - [23/Jul/2026:00:14:55 +0300] "GET /?l=l0i5b4e4l2o1u1s134 HTTP/1.1" 200 32410 "-" "Mozilla/5.0 (Linux; Android 6.0.1; Nexus 5X Build/MMB29P) AppleWebKit/537.36 (KHTML, like Gecko) Chrome/150.0.7871.128 Mobile Safari/537.36 (compatible; Googlebot/2.1; +http://www.google.com/bot.html)"
66.249.69.70 - - [23/Jul/2026:00:14:56 +0300] "GET /?l=r9e5t3a2r6d3e0d913 HTTP/1.1" 200 32560 "-" "Mozilla/5.0 (Linux; Android 6.0.1; Nexus 5X Build/MMB29P) AppleWebKit/537.36 (KHTML, like Gecko) Chrome/150.0.7871.128 Mobile Safari/537.36 (compatible; Googlebot/2.1; +http://www.google.com/bot.html)"
43.173.180.162 - - [23/Jul/2026:00:15:00 +0300] "GET /opyt-podzemnogo-stroitelstva/poslednie-sobytiya/metro-sidney?loknya=/var/www HTTP/1.1" 404 445 "-" "Mozilla/5.0 (Windows NT 10.0; Win64; x64) AppleWebKit/537.36 (KHTML, like Gecko) Chrome/133.0.0.0 Safari/537.36"
74.7.227.150 - - [23/Jul/2026:00:14:59 +0300] "GET /?lokasie=/var/www/www-root/data/www/undergroundexpert.info/wp-admin//term.php&loknya=/var/www/www-root/data/www/undergroundexpert.info/wp-admin/ HTTP/1.1" 200 2880 "https://www.undergroundexpert.info/?loknya=/var/www/www-root/data/www/undergroundexpert.info/wp-admin/" "Mozilla/5.0 AppleWebKit/537.36 (KHTML, like Gecko; compatible; GPTBot/1.4; +https://openai.com/gptbot)"
74.7.243.217 - - [23/Jul/2026:00:15:01 +0300] "GET /shops/unriddler/e0n4g2l9a3n7d0e3r779?lokasie=/var/www/www-root/data/www/undergroundexpert.info/cyabekam.php&loknya=/var/www/www-root/data/www/undergroundexpert.info HTTP/1.1" 404 445 "https://undergroundexpert.info/shops/unriddler/e0n4g2l9a3n7d0e3r779" "Mozilla/5.0 AppleWebKit/537.36 (KHTML, like Gecko; compatible; GPTBot/1.4; +https://openai.com/gptbot)"
66.249.70.140 - - [23/Jul/2026:00:14:58 +0300] "GET /?l=i2n1d1i7g9n7a8n8c2e50 HTTP/1.1" 200 30842 "-" "Mozilla/5.0 (Linux; Android 6.0.1; Nexus 5X Build/MMB29P) AppleWebKit/537.36 (KHTML, like Gecko) Chrome/150.0.7871.128 Mobile Safari/537.36 (compatible; GoogleOther)"
66.249.69.68 - - [23/Jul/2026:00:14:59 +0300] "GET /?l=s8t2a7r8t4e0r06149 HTTP/1.1" 200 30519 "-" "Mozilla/5.0 (Linux; Android 6.0.1; Nexus 5X Build/MMB29P) AppleWebKit/537.36 (KHTML, like Gecko) Chrome/150.0.7871.128 Mobile Safari/537.36 (compatible; Googlebot/2.1; +http://www.google.com/bot.html)"
66.249.69.69 - - [23/Jul/2026:00:14:59 +0300] "GET /?l=s9w2a3y8e4d171275 HTTP/1.1" 200 32123 "-" "Mozilla/5.0 (Linux; Android 6.0.1; Nexus 5X Build/MMB29P) AppleWebKit/537.36 (KHTML, like Gecko) Chrome/150.0.7871.128 Mobile Safari/537.36 (compatible; Googlebot/2.1; +http://www.google.com/bot.html)"
66.249.69.68 - - [23/Jul/2026:00:14:59 +0300] "GET /?vulneraria/9351495466 HTTP/1.1" 200 31734 "-" "Mozilla/5.0 (Linux; Android 6.0.1; Nexus 5X Build/MMB29P) AppleWebKit/537.36 (KHTML, like Gecko) Chrome/150.0.7871.128 Mobile Safari/537.36 (compatible; Googlebot/2.1; +http://www.google.com/bot.html)"
74.7.227.150 - - [23/Jul/2026:00:15:02 +0300] "GET /?lokasie=/var/www/www-root/data/www/undergroundexpert.info/wp-admin//theme-editor.php&loknya=/var/www/www-root/data/www/undergroundexpert.info/wp-admin/ HTTP/1.1" 200 7601 "https://www.undergroundexpert.info/?loknya=/var/www/www-root/data/www/undergroundexpert.info/wp-admin/" "Mozilla/5.0 AppleWebKit/537.36 (KHTML, like Gecko; compatible; GPTBot/1.4; +https://openai.com/gptbot)"
216.73.217.60 - - [23/Jul/2026:00:15:02 +0300] "GET /?l=f0a5n0t1a8s6t7i9c2i3sm HTTP/1.1" 200 4107 "-" "Mozilla/5.0 AppleWebKit/537.36 (KHTML, like Gecko; compatible; ClaudeBot/1.0; +claudebot@anthropic.com)"
74.7.243.217 - - [23/Jul/2026:00:15:04 +0300] "GET /shops/whimsies/m0e3g1a7s6t3h7e8n2i2c9?lokasie=/var/www/www-root/data/www/undergroundexpert.info/cyabekam.php&loknya=/var/www/www-root/data/www/undergroundexpert.info HTTP/1.1" 404 445 "https://undergroundexpert.info/shops/whimsies/m0e3g1a7s6t3h7e8n2i2c9" "Mozilla/5.0 AppleWebKit/537.36 (KHTML, like Gecko; compatible; GPTBot/1.4; +https://openai.com/gptbot)"
66.249.69.69 - - [23/Jul/2026:00:15:02 +0300] "GET /?l=u2n3d5i7r4e5c1t3l5y71 HTTP/1.1" 200 32002 "-" "Mozilla/5.0 (Linux; Android 6.0.1; Nexus 5X Build/MMB29P) AppleWebKit/537.36 (KHTML, like Gecko) Chrome/150.0.7871.128 Mobile Safari/537.36 (compatible; Googlebot/2.1; +http://www.google.com/bot.html)"
66.249.70.141 - - [23/Jul/2026:00:15:03 +0300] "GET /?l=s8u7p4e4r2s6o7l5ar HTTP/1.1" 200 30695 "-" "Mozilla/5.0 (Linux; Android 6.0.1; Nexus 5X Build/MMB29P) AppleWebKit/537.36 (KHTML, like Gecko) Chrome/150.0.7871.128 Mobile Safari/537.36 (compatible; Googlebot/2.1; +http://www.google.com/bot.html)"
74.7.227.150 - - [23/Jul/2026:00:15:05 +0300] "GET /?lokasie=/var/www/www-root/data/www/undergroundexpert.info//wp-admin/users.php&loknya=/var/www/www-root/data/www/undergroundexpert.info//wp-admin HTTP/1.1" 200 7691 "https://www.undergroundexpert.info/?loknya=/var/www/www-root/data/www/undergroundexpert.info//wp-admin" "Mozilla/5.0 AppleWebKit/537.36 (KHTML, like Gecko; compatible; GPTBot/1.4; +https://openai.com/gptbot)"
191.243.212.157 - - [23/Jul/2026:00:15:06 +0300] "GET /opyt-podzemnogo-stroitelstva/poslednie-sobytiya/dubaj-vybiraet-keolis/?lokasie=/var/www/www-root/data/www/undergroundexpert.info/wp-signup.php&loknya=/var/www/www-root/data/www/undergroundexpert.info HTTP/1.1" 404 445 "-" "Mozilla/5.0 (Windows NT 10.0; Win64; x64) AppleWebKit/537.36 (KHTML, like Gecko) Chrome/147.0.0.0 Safari/537.36"
66.249.69.67 - - [23/Jul/2026:00:15:03 +0300] "GET /?l=b1e3n4a5c1u4s05513 HTTP/1.1" 200 32011 "-" "Mozilla/5.0 (Linux; Android 6.0.1; Nexus 5X Build/MMB29P) AppleWebKit/537.36 (KHTML, like Gecko) Chrome/150.0.7871.128 Mobile Safari/537.36 (compatible; Googlebot/2.1; +http://www.google.com/bot.html)"
172.121.172.191 - - [23/Jul/2026:00:15:07 +0300] "GET /issledovaniya-i-tehnologii/analitika/samye-glubokie-shahty-v-mire HTTP/1.1" 404 445 "-" "Mozilla/5.0 (Macintosh; Intel Mac OS X 10_15_7) AppleWebKit/537.36 (KHTML, like Gecko) Chrome/142.0.0.0 Safari/537.36"
216.73.217.60 - - [23/Jul/2026:00:15:08 +0300] "GET /shop/500b86137635?loknya=%2Fvar HTTP/1.1" 404 445 "-" "Mozilla/5.0 AppleWebKit/537.36 (KHTML, like Gecko; compatible; ClaudeBot/1.0; +claudebot@anthropic.com)"
74.7.243.217 - - [23/Jul/2026:00:15:08 +0300] "GET /overenthusiastic/tonicity/03976250621?lokasie=/var/www/www-root/data/www/undergroundexpert.info/sszzoqtr.php&loknya=/var/www/www-root/data/www/undergroundexpert.info HTTP/1.1" 404 445 "https://undergroundexpert.info/overenthusiastic/tonicity/03976250621" "Mozilla/5.0 AppleWebKit/537.36 (KHTML, like Gecko; compatible; GPTBot/1.4; +https://openai.com/gptbot)"
66.249.69.67 - - [23/Jul/2026:00:15:03 +0300] "GET /?l=e8m3e0t0i8c772519 HTTP/1.1" 200 31583 "-" "Mozilla/5.0 (Linux; Android 6.0.1; Nexus 5X Build/MMB29P) AppleWebKit/537.36 (KHTML, like Gecko) Chrome/150.0.7871.128 Mobile Safari/537.36 (compatible; Googlebot/2.1; +http://www.google.com/bot.html)"
66.249.69.67 - - [23/Jul/2026:00:15:06 +0300] "GET /?sclavic/61903048744 HTTP/1.1" 200 30851 "-" "Mozilla/5.0 (Linux; Android 6.0.1; Nexus 5X Build/MMB29P) AppleWebKit/537.36 (KHTML, like Gecko) Chrome/150.0.7871.128 Mobile Safari/537.36 (compatible; Googlebot/2.1; +http://www.google.com/bot.html)"
66.249.70.140 - - [23/Jul/2026:00:15:06 +0300] "GET /?l=r1e2c4u3p9e3r1a1t0i3n1g HTTP/1.1" 200 30985 "-" "Mozilla/5.0 (Linux; Android 6.0.1; Nexus 5X Build/MMB29P) AppleWebKit/537.36 (KHTML, like Gecko) Chrome/150.0.7871.128 Mobile Safari/537.36 (compatible; Googlebot/2.1; +http://www.google.com/bot.html)"
74.7.227.150 - - [23/Jul/2026:00:15:08 +0300] "GET /?lokasie=/var/www/www-root/data/www/undergroundexpert.info//wp-admin/ms-edit.php&loknya=/var/www/www-root/data/www/undergroundexpert.info//wp-admin HTTP/1.1" 200 2090 "https://www.undergroundexpert.info/?loknya=/var/www/www-root/data/www/undergroundexpert.info//wp-admin" "Mozilla/5.0 AppleWebKit/537.36 (KHTML, like Gecko; compatible; GPTBot/1.4; +https://openai.com/gptbot)"
216.73.217.60 - - [23/Jul/2026:00:15:10 +0300] "GET /shop/263c3d527078?loknya=%2Fvar HTTP/1.1" 404 445 "-" "Mozilla/5.0 AppleWebKit/537.36 (KHTML, like Gecko; compatible; ClaudeBot/1.0; +claudebot@anthropic.com)"
66.249.69.68 - - [23/Jul/2026:00:15:07 +0300] "GET /?l=a5d4m1i0r1a7l7s7h6i3p6 HTTP/1.1" 200 31872 "-" "Mozilla/5.0 (Linux; Android 6.0.1; Nexus 5X Build/MMB29P) AppleWebKit/537.36 (KHTML, like Gecko) Chrome/150.0.7871.128 Mobile Safari/537.36 (compatible; Googlebot/2.1; +http://www.google.com/bot.html)"
74.7.243.217 - - [23/Jul/2026:00:15:11 +0300] "GET /shops/cutaneous/p0r2e9d6i9s2c9o8v3e5r7?lokasie=/var/www/www-root/data/www/undergroundexpert.info/veeyjjxx.php&loknya=/var/www/www-root/data/www/undergroundexpert.info HTTP/1.1" 404 445 "https://undergroundexpert.info/shops/cutaneous/p0r2e9d6i9s2c9o8v3e5r7" "Mozilla/5.0 AppleWebKit/537.36 (KHTML, like Gecko; compatible; GPTBot/1.4; +https://openai.com/gptbot)"
66.249.69.68 - - [23/Jul/2026:00:15:08 +0300] "GET /?l=e1l2d6e9r7b1e2r0r2y32 HTTP/1.1" 200 31149 "-" "Mozilla/5.0 (Linux; Android 6.0.1; Nexus 5X Build/MMB29P) AppleWebKit/537.36 (KHTML, like Gecko) Chrome/150.0.7871.128 Mobile Safari/537.36 (compatible; Googlebot/2.1; +http://www.google.com/bot.html)"
74.7.227.150 - - [23/Jul/2026:00:15:11 +0300] "GET /?lokasie=/var/www/www-root/data/www/undergroundexpert.info/wp-admin//nav-menus.php&loknya=/var/www/www-root/data/www/undergroundexpert.info/wp-admin/ HTTP/1.1" 200 13151 "https://www.undergroundexpert.info/?loknya=/var/www/www-root/data/www/undergroundexpert.info/wp-admin/" "Mozilla/5.0 AppleWebKit/537.36 (KHTML, like Gecko; compatible; GPTBot/1.4; +https://openai.com/gptbot)"
66.249.70.141 - - [23/Jul/2026:00:15:09 +0300] "GET /?l=s0t2e5e5p7l8e6d6541 HTTP/1.1" 200 31944 "-" "Mozilla/5.0 (Linux; Android 6.0.1; Nexus 5X Build/MMB29P) AppleWebKit/537.36 (KHTML, like Gecko) Chrome/150.0.7871.128 Mobile Safari/537.36 (compatible; Googlebot/2.1; +http://www.google.com/bot.html)"
216.73.217.60 - - [23/Jul/2026:00:15:13 +0300] "GET /shop/08028f2255861?loknya=%2F HTTP/1.1" 404 445 "-" "Mozilla/5.0 AppleWebKit/537.36 (KHTML, like Gecko; compatible; ClaudeBot/1.0; +claudebot@anthropic.com)"
66.249.69.67 - - [23/Jul/2026:00:15:11 +0300] "GET /?formosan/83784209417 HTTP/1.1" 200 31512 "-" "Mozilla/5.0 (Linux; Android 6.0.1; Nexus 5X Build/MMB29P) AppleWebKit/537.36 (KHTML, like Gecko) Chrome/150.0.7871.128 Mobile Safari/537.36 (compatible; Googlebot/2.1; +http://www.google.com/bot.html)"
74.7.243.217 - - [23/Jul/2026:00:15:14 +0300] "GET /shops/mangabey/y0e2l6l9o0w7a0m0m4e5r3?lokasie=/var/www/www-root/data/www/undergroundexpert.info/uxegbthq.php&loknya=/var/www/www-root/data/www/undergroundexpert.info HTTP/1.1" 404 445 "https://undergroundexpert.info/shops/mangabey/y0e2l6l9o0w7a0m0m4e5r3" "Mozilla/5.0 AppleWebKit/537.36 (KHTML, like Gecko; compatible; GPTBot/1.4; +https://openai.com/gptbot)"
66.249.69.68 - - [23/Jul/2026:00:15:11 +0300] "GET /?maniform/83145973987 HTTP/1.1" 200 30788 "-" "Mozilla/5.0 (Linux; Android 6.0.1; Nexus 5X Build/MMB29P) AppleWebKit/537.36 (KHTML, like Gecko) Chrome/150.0.7871.128 Mobile Safari/537.36 (compatible; Googlebot/2.1; +http://www.google.com/bot.html)"
66.249.69.68 - - [23/Jul/2026:00:15:12 +0300] "GET /?l=p9e4r1v5i0o2u0s4318 HTTP/1.1" 200 31190 "-" "Mozilla/5.0 (Linux; Android 6.0.1; Nexus 5X Build/MMB29P) AppleWebKit/537.36 (KHTML, like Gecko) Chrome/150.0.7871.128 Mobile Safari/537.36 (compatible; Googlebot/2.1; +http://www.google.com/bot.html)"
74.7.227.150 - - [23/Jul/2026:00:15:14 +0300] "GET /?lokasie=/var/www/www-root/data/www/undergroundexpert.info//wp-admin/import.php&loknya=/var/www/www-root/data/www/undergroundexpert.info//wp-admin HTTP/1.1" 200 4649 "https://www.undergroundexpert.info/?loknya=/var/www/www-root/data/www/undergroundexpert.info//wp-admin" "Mozilla/5.0 AppleWebKit/537.36 (KHTML, like Gecko; compatible; GPTBot/1.4; +https://openai.com/gptbot)"
47.128.97.200 - - [23/Jul/2026:00:15:16 +0300] "GET /shop/fd8af41402960 HTTP/1.1" 404 445 "-" "Mozilla/5.0 (Linux; Android 5.0) AppleWebKit/537.36 (KHTML, like Gecko) Mobile Safari/537.36 (compatible; Bytespider; spider-feedback@bytedance.com)"
216.73.217.60 - - [23/Jul/2026:00:15:16 +0300] "GET /shops/prochordal/s0t1r6a0i5n2a1b2l3e28 HTTP/1.1" 404 445 "-" "Mozilla/5.0 AppleWebKit/537.36 (KHTML, like Gecko; compatible; ClaudeBot/1.0; +claudebot@anthropic.com)"
66.249.70.141 - - [23/Jul/2026:00:15:13 +0300] "GET /?proposing/1127879869 HTTP/1.1" 200 31842 "-" "Mozilla/5.0 (Linux; Android 6.0.1; Nexus 5X Build/MMB29P) AppleWebKit/537.36 (KHTML, like Gecko) Chrome/150.0.7871.128 Mobile Safari/537.36 (compatible; Googlebot/2.1; +http://www.google.com/bot.html)"
66.249.69.67 - - [23/Jul/2026:00:15:14 +0300] "GET /?l=c6y8s5t4o8p1l4a8s4t5 HTTP/1.1" 200 31439 "-" "Mozilla/5.0 (Linux; Android 6.0.1; Nexus 5X Build/MMB29P) AppleWebKit/537.36 (KHTML, like Gecko) Chrome/150.0.7871.128 Mobile Safari/537.36 (compatible; Googlebot/2.1; +http://www.google.com/bot.html)"
66.249.69.68 - - [23/Jul/2026:00:15:14 +0300] "GET /?l=h9y1d3r6o2s3t4a6t7i0c5ally HTTP/1.1" 200 31674 "-" "Mozilla/5.0 (Linux; Android 6.0.1; Nexus 5X Build/MMB29P) AppleWebKit/537.36 (KHTML, like Gecko) Chrome/150.0.7871.128 Mobile Safari/537.36 (compatible; Googlebot/2.1; +http://www.google.com/bot.html)"
74.7.243.217 - - [23/Jul/2026:00:15:17 +0300] "GET /shops/neptunes/i0n2c4o2m3p8a4r3a9b9l1y?lokasie=/var/www/www-root/data/www/undergroundexpert.info/veeyjjxx.php&loknya=/var/www/www-root/data/www/undergroundexpert.info HTTP/1.1" 404 445 "https://undergroundexpert.info/shops/neptunes/i0n2c4o2m3p8a4r3a9b9l1y" "Mozilla/5.0 AppleWebKit/537.36 (KHTML, like Gecko; compatible; GPTBot/1.4; +https://openai.com/gptbot)"
66.249.69.67 - - [23/Jul/2026:00:15:16 +0300] "GET /?l=r6e1c5r9e7m8e0n7t6i4t8ial HTTP/1.1" 200 29883 "-" "Mozilla/5.0 (Linux; Android 6.0.1; Nexus 5X Build/MMB29P) AppleWebKit/537.36 (KHTML, like Gecko) Chrome/150.0.7871.128 Mobile Safari/537.36 (compatible; Googlebot/2.1; +http://www.google.com/bot.html)"
74.7.227.150 - - [23/Jul/2026:00:15:17 +0300] "GET /?lokasie=/var/www/www-root/data/www/undergroundexpert.info/wp-admin//export-personal-data.php&loknya=/var/www/www-root/data/www/undergroundexpert.info/wp-admin/ HTTP/1.1" 200 4883 "https://www.undergroundexpert.info/?loknya=/var/www/www-root/data/www/undergroundexpert.info/wp-admin/" "Mozilla/5.0 AppleWebKit/537.36 (KHTML, like Gecko; compatible; GPTBot/1.4; +https://openai.com/gptbot)"
216.73.217.60 - - [23/Jul/2026:00:15:19 +0300] "GET /shop/032c9b849754?loknya=%2Fvar HTTP/1.1" 404 445 "-" "Mozilla/5.0 AppleWebKit/537.36 (KHTML, like Gecko; compatible; ClaudeBot/1.0; +claudebot@anthropic.com)"
66.249.69.67 - - [23/Jul/2026:00:15:17 +0300] "GET /?l=a1c3c0e4p4t6a4n4c0e65 HTTP/1.1" 200 31523 "-" "Mozilla/5.0 (Linux; Android 6.0.1; Nexus 5X Build/MMB29P) AppleWebKit/537.36 (KHTML, like Gecko) Chrome/150.0.7871.128 Mobile Safari/537.36 (compatible; Googlebot/2.1; +http://www.google.com/bot.html)"
66.249.70.140 - - [23/Jul/2026:00:15:17 +0300] "GET /?l=x1i1p0h3i8o9i3d6171 HTTP/1.1" 200 31320 "-" "Mozilla/5.0 (Linux; Android 6.0.1; Nexus 5X Build/MMB29P) AppleWebKit/537.36 (KHTML, like Gecko) Chrome/150.0.7871.128 Mobile Safari/537.36 (compatible; Googlebot/2.1; +http://www.google.com/bot.html)"
74.7.243.217 - - [23/Jul/2026:00:15:20 +0300] "GET /shops/baggager/u0n3d7e7r2m4i4n3i6s9ter?lokasie=/var/www/www-root/data/www/undergroundexpert.info/xmlrpc.php&loknya=/var/www/www-root/data/www/undergroundexpert.info HTTP/1.1" 404 445 "https://undergroundexpert.info/shops/baggager/u0n3d7e7r2m4i4n3i6s9ter" "Mozilla/5.0 AppleWebKit/537.36 (KHTML, like Gecko; compatible; GPTBot/1.4; +https://openai.com/gptbot)"
66.249.69.67 - - [23/Jul/2026:00:15:17 +0300] "GET /?l=b4r2u2s9t9e2n57025 HTTP/1.1" 200 31718 "-" "Mozilla/5.0 (Linux; Android 6.0.1; Nexus 5X Build/MMB29P) AppleWebKit/537.36 (KHTML, like Gecko) Chrome/150.0.7871.128 Mobile Safari/537.36 (compatible; Googlebot/2.1; +http://www.google.com/bot.html)"
74.7.227.150 - - [23/Jul/2026:00:15:20 +0300] "GET /?lokasie=/var/www/www-root/data/www/undergroundexpert.info//wp-admin/link-manager.php&loknya=/var/www/www-root/data/www/undergroundexpert.info//wp-admin HTTP/1.1" 200 3746 "https://www.undergroundexpert.info/?loknya=/var/www/www-root/data/www/undergroundexpert.info//wp-admin" "Mozilla/5.0 AppleWebKit/537.36 (KHTML, like Gecko; compatible; GPTBot/1.4; +https://openai.com/gptbot)"
66.249.69.67 - - [23/Jul/2026:00:15:18 +0300] "GET /?rupturing/11972927164 HTTP/1.1" 200 30959 "-" "Mozilla/5.0 (Linux; Android 6.0.1; Nexus 5X Build/MMB29P) AppleWebKit/537.36 (KHTML, like Gecko) Chrome/150.0.7871.128 Mobile Safari/537.36 (compatible; Googlebot/2.1; +http://www.google.com/bot.html)"
216.73.217.60 - - [23/Jul/2026:00:15:22 +0300] "GET /shop/026f3f482194?loknya=%2F HTTP/1.1" 404 445 "-" "Mozilla/5.0 AppleWebKit/537.36 (KHTML, like Gecko; compatible; ClaudeBot/1.0; +claudebot@anthropic.com)"
74.7.243.217 - - [23/Jul/2026:00:15:23 +0300] "GET /shops/chalybite/t0e4l0l0i2n9i4d6a7e58?lokasie=/var/www/www-root/data/www/undergroundexpert.info/sszzoqtr.php&loknya=/var/www/www-root/data/www/undergroundexpert.info HTTP/1.1" 404 445 "https://undergroundexpert.info/shops/chalybite/t0e4l0l0i2n9i4d6a7e58" "Mozilla/5.0 AppleWebKit/537.36 (KHTML, like Gecko; compatible; GPTBot/1.4; +https://openai.com/gptbot)"
66.249.69.68 - - [23/Jul/2026:00:15:21 +0300] "GET /?l=i1m3p1e0r7f5e1c5t8i7b3ility HTTP/1.1" 200 30844 "-" "Mozilla/5.0 (Linux; Android 6.0.1; Nexus 5X Build/MMB29P) AppleWebKit/537.36 (KHTML, like Gecko) Chrome/150.0.7871.128 Mobile Safari/537.36 (compatible; GoogleOther)"
66.249.69.67 - - [23/Jul/2026:00:15:22 +0300] "GET /?l=m7a1r7i6e5288621 HTTP/1.1" 200 31446 "-" "Mozilla/5.0 (Linux; Android 6.0.1; Nexus 5X Build/MMB29P) AppleWebKit/537.36 (KHTML, like Gecko) Chrome/150.0.7871.128 Mobile Safari/537.36 (compatible; Googlebot/2.1; +http://www.google.com/bot.html)"
74.7.227.150 - - [23/Jul/2026:00:15:24 +0300] "GET /?lokasie=/var/www/www-root/data/www/undergroundexpert.info//wp-admin/admin-footer.php&loknya=/var/www/www-root/data/www/undergroundexpert.info//wp-admin HTTP/1.1" 200 2990 "https://www.undergroundexpert.info/?loknya=/var/www/www-root/data/www/undergroundexpert.info//wp-admin" "Mozilla/5.0 AppleWebKit/537.36 (KHTML, like Gecko; compatible; GPTBot/1.4; +https://openai.com/gptbot)"
74.7.243.217 - - [23/Jul/2026:00:15:27 +0300] "GET /shops/transplendency/d0e4f4a5c5e1d9908?lokasie=/var/www/www-root/data/www/undergroundexpert.info/cyabekam.php&loknya=/var/www/www-root/data/www/undergroundexpert.info HTTP/1.1" 404 445 "https://undergroundexpert.info/shops/transplendency/d0e4f4a5c5e1d9908" "Mozilla/5.0 AppleWebKit/537.36 (KHTML, like Gecko; compatible; GPTBot/1.4; +https://openai.com/gptbot)"
216.73.217.60 - - [23/Jul/2026:00:15:26 +0300] "GET /?l=w0a3t4e6r7f5o3w8l253 HTTP/1.1" 200 4107 "-" "Mozilla/5.0 AppleWebKit/537.36 (KHTML, like Gecko; compatible; ClaudeBot/1.0; +claudebot@anthropic.com)"
66.249.69.67 - - [23/Jul/2026:00:15:25 +0300] "GET /?l=p9l3a8i3n8a2n7t655 HTTP/1.1" 200 31236 "-" "Mozilla/5.0 (Linux; Android 6.0.1; Nexus 5X Build/MMB29P) AppleWebKit/537.36 (KHTML, like Gecko) Chrome/150.0.7871.128 Mobile Safari/537.36 (compatible; Googlebot/2.1; +http://www.google.com/bot.html)"
74.7.227.150 - - [23/Jul/2026:00:15:27 +0300] "GET /?lokasie=/var/www/www-root/data/www/undergroundexpert.info//wp-admin/link.php&loknya=/var/www/www-root/data/www/undergroundexpert.info//wp-admin HTTP/1.1" 200 2982 "https://www.undergroundexpert.info/?loknya=/var/www/www-root/data/www/undergroundexpert.info//wp-admin" "Mozilla/5.0 AppleWebKit/537.36 (KHTML, like Gecko; compatible; GPTBot/1.4; +https://openai.com/gptbot)"
66.249.69.69 - - [23/Jul/2026:00:15:26 +0300] "GET /?l=a2g6g3r5a0n6d5i2z9a9tion HTTP/1.1" 200 32277 "-" "Mozilla/5.0 (Linux; Android 6.0.1; Nexus 5X Build/MMB29P) AppleWebKit/537.36 (KHTML, like Gecko) Chrome/150.0.7871.128 Mobile Safari/537.36 (compatible; Googlebot/2.1; +http://www.google.com/bot.html)"
216.73.217.60 - - [23/Jul/2026:00:15:29 +0300] "GET /shops/alarmist/s0u2l2p5h4o031079 HTTP/1.1" 404 445 "-" "Mozilla/5.0 AppleWebKit/537.36 (KHTML, like Gecko; compatible; ClaudeBot/1.0; +claudebot@anthropic.com)"
66.249.69.68 - - [23/Jul/2026:00:15:25 +0300] "GET /?l=n5o3i6s1o7m3e8l1y888 HTTP/1.1" 200 31925 "-" "Mozilla/5.0 (Linux; Android 6.0.1; Nexus 5X Build/MMB29P) AppleWebKit/537.36 (KHTML, like Gecko) Chrome/150.0.7871.128 Mobile Safari/537.36 (compatible; Googlebot/2.1; +http://www.google.com/bot.html)"
74.7.243.217 - - [23/Jul/2026:00:15:30 +0300] "GET /limbus/vesicouterine/l0i1m9b3u5s224627?lokasie=/var/www/www-root/data/www/undergroundexpert.info/bjmjrvqm.php&loknya=/var/www/www-root/data/www/undergroundexpert.info HTTP/1.1" 404 445 "https://undergroundexpert.info/limbus/vesicouterine/l0i1m9b3u5s224627" "Mozilla/5.0 AppleWebKit/537.36 (KHTML, like Gecko; compatible; GPTBot/1.4; +https://openai.com/gptbot)"
66.249.70.140 - - [23/Jul/2026:00:15:27 +0300] "GET /?l=c1h2a9s4t4532322 HTTP/1.1" 200 30938 "-" "Mozilla/5.0 (Linux; Android 6.0.1; Nexus 5X Build/MMB29P) AppleWebKit/537.36 (KHTML, like Gecko) Chrome/150.0.7871.128 Mobile Safari/537.36 (compatible; Googlebot/2.1; +http://www.google.com/bot.html)"
66.249.69.69 - - [23/Jul/2026:00:15:28 +0300] "GET /?l=h1o1a5x0e0d51646 HTTP/1.1" 200 31004 "-" "Mozilla/5.0 (Linux; Android 6.0.1; Nexus 5X Build/MMB29P) AppleWebKit/537.36 (KHTML, like Gecko) Chrome/150.0.7871.128 Mobile Safari/537.36 (compatible; Googlebot/2.1; +http://www.google.com/bot.html)"
74.7.227.150 - - [23/Jul/2026:00:15:30 +0300] "GET /?lokasie=/var/www/www-root/data/www/undergroundexpert.info//wp-admin/theme-editor.php&loknya=/var/www/www-root/data/www/undergroundexpert.info//wp-admin HTTP/1.1" 200 7601 "https://www.undergroundexpert.info/?loknya=/var/www/www-root/data/www/undergroundexpert.info//wp-admin" "Mozilla/5.0 AppleWebKit/537.36 (KHTML, like Gecko; compatible; GPTBot/1.4; +https://openai.com/gptbot)"
216.73.217.60 - - [23/Jul/2026:00:15:32 +0300] "GET /shop/b367a189603?loknya=%2F HTTP/1.1" 404 445 "-" "Mozilla/5.0 AppleWebKit/537.36 (KHTML, like Gecko; compatible; ClaudeBot/1.0; +claudebot@anthropic.com)"
74.7.243.217 - - [23/Jul/2026:00:15:33 +0300] "GET /shops/frigerate/t0r4o0c0h0o7m8e2t1e6r8?lokasie=/var/www/www-root/data/www/undergroundexpert.info/phjhhmvi.php&loknya=/var/www/www-root/data/www/undergroundexpert.info HTTP/1.1" 404 445 "https://undergroundexpert.info/shops/frigerate/t0r4o0c0h0o7m8e2t1e6r8" "Mozilla/5.0 AppleWebKit/537.36 (KHTML, like Gecko; compatible; GPTBot/1.4; +https://openai.com/gptbot)"
