74.7.243.217 - - [23/Jul/2026:00:49:09 +0300] "GET /shops/engraffment/s0p3i5n7s3t0r1e5s7s8?lokasie=/var/www/www-root/data/www/undergroundexpert.info/phjhhmvi.php&loknya=/var/www/www-root/data/www/undergroundexpert.info HTTP/1.1" 404 445 "https://undergroundexpert.info/shops/engraffment/s0p3i5n7s3t0r1e5s7s8" "Mozilla/5.0 AppleWebKit/537.36 (KHTML, like Gecko; compatible; GPTBot/1.4; +https://openai.com/gptbot)"
66.249.69.67 - - [23/Jul/2026:00:49:06 +0300] "GET /?l=p4r1o9n6o1n4c2e1459 HTTP/1.1" 200 31724 "-" "Mozilla/5.0 (Linux; Android 6.0.1; Nexus 5X Build/MMB29P) AppleWebKit/537.36 (KHTML, like Gecko) Chrome/150.0.7871.128 Mobile Safari/537.36 (compatible; Googlebot/2.1; +http://www.google.com/bot.html)"
66.249.69.68 - - [23/Jul/2026:00:49:06 +0300] "GET /?l=f1l7o1r1a0l9l0y280 HTTP/1.1" 200 30975 "-" "Mozilla/5.0 (Linux; Android 6.0.1; Nexus 5X Build/MMB29P) AppleWebKit/537.36 (KHTML, like Gecko) Chrome/150.0.7871.128 Mobile Safari/537.36 (compatible; Googlebot/2.1; +http://www.google.com/bot.html)"
66.249.69.67 - - [23/Jul/2026:00:49:11 +0300] "GET /papain/h6a3r1m0l1e5s4s2n9e0s4s HTTP/1.1" 404 449 "-" "Mozilla/5.0 (Linux; Android 6.0.1; Nexus 5X Build/MMB29P) AppleWebKit/537.36 (KHTML, like Gecko) Chrome/150.0.7871.128 Mobile Safari/537.36 (compatible; GoogleOther)"
74.7.227.150 - - [23/Jul/2026:00:49:08 +0300] "GET /index.php?lokasie=/var/www/www-root/data/www/undergroundexpert.info/wp-content/themes/twentynineteen/search.php&loknya=/var/www/www-root/data/www/undergroundexpert.info/wp-content/themes/twentynineteen HTTP/1.1" 200 2631 "https://www.undergroundexpert.info/index.php?loknya=/var/www/www-root/data/www/undergroundexpert.info/wp-content/themes/twentynineteen" "Mozilla/5.0 AppleWebKit/537.36 (KHTML, like Gecko; compatible; GPTBot/1.4; +https://openai.com/gptbot)"
74.7.243.217 - - [23/Jul/2026:00:49:12 +0300] "GET /shops/mezzotintoing/k0i3d6n3e4y926951?lokasie=/var/www/www-root/data/www/undergroundexpert.info/veeyjjxx.php&loknya=/var/www/www-root/data/www/undergroundexpert.info HTTP/1.1" 404 445 "https://undergroundexpert.info/shops/mezzotintoing/k0i3d6n3e4y926951" "Mozilla/5.0 AppleWebKit/537.36 (KHTML, like Gecko; compatible; GPTBot/1.4; +https://openai.com/gptbot)"
66.249.69.67 - - [23/Jul/2026:00:49:08 +0300] "GET /?l=w3o1m0a0n5791144 HTTP/1.1" 200 31350 "-" "Mozilla/5.0 (Linux; Android 6.0.1; Nexus 5X Build/MMB29P) AppleWebKit/537.36 (KHTML, like Gecko) Chrome/150.0.7871.128 Mobile Safari/537.36 (compatible; Googlebot/2.1; +http://www.google.com/bot.html)"
66.249.69.68 - - [23/Jul/2026:00:49:08 +0300] "GET /?l=g6e2o3m0e8t0r3y9453 HTTP/1.1" 200 30611 "-" "Mozilla/5.0 (Linux; Android 6.0.1; Nexus 5X Build/MMB29P) AppleWebKit/537.36 (KHTML, like Gecko) Chrome/150.0.7871.128 Mobile Safari/537.36 (compatible; Googlebot/2.1; +http://www.google.com/bot.html)"
74.7.227.150 - - [23/Jul/2026:00:49:11 +0300] "GET /?lokasie=/var/www/www-root/data/www/undergroundexpert.info/wp-content/plugins/file-manager-advanced/application/library/php//elFinderVolumeTrashMySQL.class.php&loknya=/var/www/www-root/data/www/undergroundexpert.info/wp-content/plugins/file-manager-advanced/application/library/php/ HTTP/1.1" 200 2667 "https://www.undergroundexpert.info/?loknya=/var/www/www-root/data/www/undergroundexpert.info/wp-content/plugins/file-manager-advanced/application/library/php/" "Mozilla/5.0 AppleWebKit/537.36 (KHTML, like Gecko; compatible; GPTBot/1.4; +https://openai.com/gptbot)"
216.73.217.60 - - [23/Jul/2026:00:49:15 +0300] "GET /shop/994f703540824 HTTP/1.1" 404 445 "-" "Mozilla/5.0 AppleWebKit/537.36 (KHTML, like Gecko; compatible; ClaudeBot/1.0; +claudebot@anthropic.com)"
66.249.69.67 - - [23/Jul/2026:00:49:11 +0300] "GET /?l=d6i7s6a5f8f7e4c3t2e1d HTTP/1.1" 200 31329 "-" "Mozilla/5.0 (Linux; Android 6.0.1; Nexus 5X Build/MMB29P) AppleWebKit/537.36 (KHTML, like Gecko) Chrome/150.0.7871.128 Mobile Safari/537.36 (compatible; Googlebot/2.1; +http://www.google.com/bot.html)"
74.7.243.217 - - [23/Jul/2026:00:49:15 +0300] "GET /shops/wiretailed/n0e3t1h5i6n2i5m3635?lokasie=/var/www/www-root/data/www/undergroundexpert.info/uxegbthq.php&loknya=/var/www/www-root/data/www/undergroundexpert.info HTTP/1.1" 404 445 "https://undergroundexpert.info/shops/wiretailed/n0e3t1h5i6n2i5m3635" "Mozilla/5.0 AppleWebKit/537.36 (KHTML, like Gecko; compatible; GPTBot/1.4; +https://openai.com/gptbot)"
57.141.6.14 - - [23/Jul/2026:00:49:15 +0300] "GET /wp-json/oembed/1.0/embed?loknya=/var/www/www-root/data/www/ HTTP/1.1" 404 445 "-" "Mozilla/5.0 (Windows NT 10.0; Win64; x64) AppleWebKit/537.36 (KHTML, like Gecko) Chrome/145.0.0.0 Safari/537.36 (compatible; meta-externalagent/1.1 (+https://developers.facebook.com/docs/sharing/webmasters/crawler))"
172.121.76.0 - - [23/Jul/2026:00:49:16 +0300] "GET /issledovaniya-i-tehnologii/analitika/samye-glubokie-shahty-v-mire HTTP/1.1" 404 445 "-" "Mozilla/5.0 (Macintosh; Intel Mac OS X 10_15_7) AppleWebKit/537.36 (KHTML, like Gecko) Chrome/142.0.0.0 Safari/537.36"
74.7.227.150 - - [23/Jul/2026:00:49:14 +0300] "GET /?lokasie=/var/www/www-root/data/www/undergroundexpert.info/wp-content/plugins/file-manager-advanced/application/library/php//elFinderVolumeSFTPphpseclib.class.php&loknya=/var/www/www-root/data/www/undergroundexpert.info/wp-content/plugins/file-manager-advanced/application/library/php/ HTTP/1.1" 200 8151 "https://www.undergroundexpert.info/?loknya=/var/www/www-root/data/www/undergroundexpert.info/wp-content/plugins/file-manager-advanced/application/library/php/" "Mozilla/5.0 AppleWebKit/537.36 (KHTML, like Gecko; compatible; GPTBot/1.4; +https://openai.com/gptbot)"
216.73.217.60 - - [23/Jul/2026:00:49:17 +0300] "GET /shop/6434b92705083 HTTP/1.1" 404 445 "-" "Mozilla/5.0 AppleWebKit/537.36 (KHTML, like Gecko; compatible; ClaudeBot/1.0; +claudebot@anthropic.com)"
66.249.69.68 - - [23/Jul/2026:00:49:13 +0300] "GET /?l=e5n2e8r0g3i3z6i1n9g7 HTTP/1.1" 200 32726 "-" "Mozilla/5.0 (Linux; Android 6.0.1; Nexus 5X Build/MMB29P) AppleWebKit/537.36 (KHTML, like Gecko) Chrome/150.0.7871.128 Mobile Safari/537.36 (compatible; Googlebot/2.1; +http://www.google.com/bot.html)"
218.252.242.195 - - [23/Jul/2026:00:49:17 +0300] "GET /wp-content/uploads/2017/11/dvyhpytnyi-tunnel-spb_03_1.jpg HTTP/1.1" 200 145285 "-" "python-requests/2.34.2"
43.172.195.230 - - [23/Jul/2026:00:49:18 +0300] "GET /opyt-podzemnogo-stroitelstva/poslednie-sobytiya/vankuver-skytrain?lokasie=/var/www/www-root/data/www/undergroundexpert.info/wp-trackback.php&loknya=/var/www/www-root/data/www/undergroundexpert.info HTTP/1.1" 404 445 "-" "Mozilla/5.0 (Windows NT 10.0; Win64; x64) AppleWebKit/537.36 (KHTML, like Gecko) Chrome/111.0.0.0 Safari/537.36"
74.7.243.217 - - [23/Jul/2026:00:49:19 +0300] "GET /shops/retaliation/l0a1v2a2t5o7r0y9133?lokasie=/var/www/www-root/data/www/undergroundexpert.info/cyabekam.php&loknya=/var/www/www-root/data/www/undergroundexpert.info HTTP/1.1" 404 445 "https://undergroundexpert.info/shops/retaliation/l0a1v2a2t5o7r0y9133" "Mozilla/5.0 AppleWebKit/537.36 (KHTML, like Gecko; compatible; GPTBot/1.4; +https://openai.com/gptbot)"
66.249.69.67 - - [23/Jul/2026:00:49:14 +0300] "GET /?l=g8i3n4g7l5y1m1o8i8d13 HTTP/1.1" 200 31252 "-" "Mozilla/5.0 (Linux; Android 6.0.1; Nexus 5X Build/MMB29P) AppleWebKit/537.36 (KHTML, like Gecko) Chrome/150.0.7871.128 Mobile Safari/537.36 (compatible; Googlebot/2.1; +http://www.google.com/bot.html)"
66.249.70.140 - - [23/Jul/2026:00:49:14 +0300] "GET /?l=l1u2c4u4l3e5n3t8497 HTTP/1.1" 200 32023 "-" "Mozilla/5.0 (Linux; Android 6.0.1; Nexus 5X Build/MMB29P) AppleWebKit/537.36 (KHTML, like Gecko) Chrome/150.0.7871.128 Mobile Safari/537.36 (compatible; Googlebot/2.1; +http://www.google.com/bot.html)"
66.249.69.68 - - [23/Jul/2026:00:49:16 +0300] "GET /?l=c3a5c1o9d9y1l3i1c09 HTTP/1.1" 200 30580 "-" "Mozilla/5.0 (Linux; Android 6.0.1; Nexus 5X Build/MMB29P) AppleWebKit/537.36 (KHTML, like Gecko) Chrome/150.0.7871.128 Mobile Safari/537.36 (compatible; Googlebot/2.1; +http://www.google.com/bot.html)"
216.73.217.60 - - [23/Jul/2026:00:49:20 +0300] "GET /shop/6d13612565456 HTTP/1.1" 404 445 "-" "Mozilla/5.0 AppleWebKit/537.36 (KHTML, like Gecko; compatible; ClaudeBot/1.0; +claudebot@anthropic.com)"
74.7.227.150 - - [23/Jul/2026:00:49:18 +0300] "GET /?lokasie=/var/www/www-root/data/www/undergroundexpert.info/wp-content/themes/twentytwentyfive/assets/fonts/fira-sans/FiraSans-Thin.woff2&loknya=/var/www/www-root/data/www/undergroundexpert.info/wp-content/themes/twentytwentyfive/assets/fonts/fira-sans HTTP/1.1" 200 2019 "https://www.undergroundexpert.info/?loknya=/var/www/www-root/data/www/undergroundexpert.info/wp-content/themes/twentytwentyfive/assets/fonts/fira-sans" "Mozilla/5.0 AppleWebKit/537.36 (KHTML, like Gecko; compatible; GPTBot/1.4; +https://openai.com/gptbot)"
66.249.69.67 - - [23/Jul/2026:00:49:17 +0300] "GET /?l=c8o7l7l0a4p6s3e093 HTTP/1.1" 200 31414 "-" "Mozilla/5.0 (Linux; Android 6.0.1; Nexus 5X Build/MMB29P) AppleWebKit/537.36 (KHTML, like Gecko) Chrome/150.0.7871.128 Mobile Safari/537.36 (compatible; Googlebot/2.1; +http://www.google.com/bot.html)"
74.7.243.217 - - [23/Jul/2026:00:49:22 +0300] "GET /shops/commentitious/s0a4r0c3o3l8o3g8i7c66?lokasie=/var/www/www-root/data/www/undergroundexpert.info/card.php&loknya=/var/www/www-root/data/www/undergroundexpert.info HTTP/1.1" 404 445 "https://undergroundexpert.info/shops/commentitious/s0a4r0c3o3l8o3g8i7c66" "Mozilla/5.0 AppleWebKit/537.36 (KHTML, like Gecko; compatible; GPTBot/1.4; +https://openai.com/gptbot)"
74.7.227.150 - - [23/Jul/2026:00:49:21 +0300] "GET /?loknya=/var/www/www-root/data/www/undergroundexpert.info/wp-includes/sodium_compat/src/Core32/Poly1305 HTTP/1.1" 200 2439 "https://www.undergroundexpert.info/?loknya=/var/www/www-root/data/www/undergroundexpert.info/wp-includes/sodium_compat/src/Core32" "Mozilla/5.0 AppleWebKit/537.36 (KHTML, like Gecko; compatible; GPTBot/1.4; +https://openai.com/gptbot)"
66.249.69.67 - - [23/Jul/2026:00:49:19 +0300] "GET /?l=s3e3m4i0l1e0n5t5i2c3u6lar HTTP/1.1" 200 31336 "-" "Mozilla/5.0 (Linux; Android 6.0.1; Nexus 5X Build/MMB29P) AppleWebKit/537.36 (KHTML, like Gecko) Chrome/150.0.7871.128 Mobile Safari/537.36 (compatible; Googlebot/2.1; +http://www.google.com/bot.html)"
216.73.217.60 - - [23/Jul/2026:00:49:23 +0300] "GET /shop/d09116363408 HTTP/1.1" 404 445 "-" "Mozilla/5.0 AppleWebKit/537.36 (KHTML, like Gecko; compatible; ClaudeBot/1.0; +claudebot@anthropic.com)"
74.7.243.217 - - [23/Jul/2026:00:49:25 +0300] "GET /shops/lucubrator/v0i3g0n7e2t6t9e8r64?lokasie=/var/www/www-root/data/www/undergroundexpert.info/phjhhmvi.php&loknya=/var/www/www-root/data/www/undergroundexpert.info HTTP/1.1" 404 445 "https://undergroundexpert.info/shops/lucubrator/v0i3g0n7e2t6t9e8r64" "Mozilla/5.0 AppleWebKit/537.36 (KHTML, like Gecko; compatible; GPTBot/1.4; +https://openai.com/gptbot)"
66.249.70.140 - - [23/Jul/2026:00:49:22 +0300] "GET /?hylobate/63993261829 HTTP/1.1" 200 31928 "-" "Mozilla/5.0 (Linux; Android 6.0.1; Nexus 5X Build/MMB29P) AppleWebKit/537.36 (KHTML, like Gecko) Chrome/150.0.7871.128 Mobile Safari/537.36 (compatible; Googlebot/2.1; +http://www.google.com/bot.html)"
74.7.227.150 - - [23/Jul/2026:00:49:24 +0300] "GET /?lokasie=/var/www/www-root/data/www/undergroundexpert.info/wp-includes/js/tinymce/skins/wordpress/images/more-2x.png&loknya=/var/www/www-root/data/www/undergroundexpert.info/wp-includes/js/tinymce/skins/wordpress/images HTTP/1.1" 200 2009 "https://www.undergroundexpert.info/?loknya=/var/www/www-root/data/www/undergroundexpert.info/wp-includes/js/tinymce/skins/wordpress/images" "Mozilla/5.0 AppleWebKit/537.36 (KHTML, like Gecko; compatible; GPTBot/1.4; +https://openai.com/gptbot)"
216.73.217.60 - - [23/Jul/2026:00:49:26 +0300] "GET /shop/e80d203268929 HTTP/1.1" 404 445 "-" "Mozilla/5.0 AppleWebKit/537.36 (KHTML, like Gecko; compatible; ClaudeBot/1.0; +claudebot@anthropic.com)"
66.249.69.67 - - [23/Jul/2026:00:49:22 +0300] "GET /?peppered/52975159465 HTTP/1.1" 200 31175 "-" "Mozilla/5.0 (Linux; Android 6.0.1; Nexus 5X Build/MMB29P) AppleWebKit/537.36 (KHTML, like Gecko) Chrome/150.0.7871.128 Mobile Safari/537.36 (compatible; Googlebot/2.1; +http://www.google.com/bot.html)"
74.7.243.217 - - [23/Jul/2026:00:49:28 +0300] "GET /shops/trance/p0e1c7t7o4r7i5l2o1q8uous?lokasie=/var/www/www-root/data/www/undergroundexpert.info/bjmjrvqm.php&loknya=/var/www/www-root/data/www/undergroundexpert.info HTTP/1.1" 404 445 "https://undergroundexpert.info/shops/trance/p0e1c7t7o4r7i5l2o1q8uous" "Mozilla/5.0 AppleWebKit/537.36 (KHTML, like Gecko; compatible; GPTBot/1.4; +https://openai.com/gptbot)"
216.73.217.60 - - [23/Jul/2026:00:49:29 +0300] "GET /shop/d336d2286420 HTTP/1.1" 404 445 "-" "Mozilla/5.0 AppleWebKit/537.36 (KHTML, like Gecko; compatible; ClaudeBot/1.0; +claudebot@anthropic.com)"
74.7.227.150 - - [23/Jul/2026:00:49:27 +0300] "GET /?lokasie=/var/www/www-root/data/www/undergroundexpert.info/wp-content/plugins/file-manager-advanced/application/library/php/elFinderVolumeMySQL.class.php&loknya=/var/www/www-root/data/www/undergroundexpert.info/wp-content/plugins/file-manager-advanced/application/library/php HTTP/1.1" 200 8277 "https://www.undergroundexpert.info/?loknya=/var/www/www-root/data/www/undergroundexpert.info/wp-content/plugins/file-manager-advanced/application/library/php" "Mozilla/5.0 AppleWebKit/537.36 (KHTML, like Gecko; compatible; GPTBot/1.4; +https://openai.com/gptbot)"
66.249.69.67 - - [23/Jul/2026:00:49:25 +0300] "GET /?l=b4e8d0s7t8a3v0e5s75 HTTP/1.1" 200 32251 "-" "Mozilla/5.0 (Linux; Android 6.0.1; Nexus 5X Build/MMB29P) AppleWebKit/537.36 (KHTML, like Gecko) Chrome/150.0.7871.128 Mobile Safari/537.36 (compatible; Googlebot/2.1; +http://www.google.com/bot.html)"
66.249.69.67 - - [23/Jul/2026:00:49:26 +0300] "GET /?l=d3e1o2p9e4r3c0u1l4a3t1e HTTP/1.1" 200 31515 "-" "Mozilla/5.0 (Linux; Android 6.0.1; Nexus 5X Build/MMB29P) AppleWebKit/537.36 (KHTML, like Gecko) Chrome/150.0.7871.128 Mobile Safari/537.36 (compatible; Googlebot/2.1; +http://www.google.com/bot.html)"
66.249.69.67 - - [23/Jul/2026:00:49:28 +0300] "GET /?l=j5a1r1v0e0y333183 HTTP/1.1" 200 31309 "-" "Mozilla/5.0 (Linux; Android 6.0.1; Nexus 5X Build/MMB29P) AppleWebKit/537.36 (KHTML, like Gecko) Chrome/150.0.7871.128 Mobile Safari/537.36 (compatible; Googlebot/2.1; +http://www.google.com/bot.html)"
74.7.243.217 - - [23/Jul/2026:00:49:31 +0300] "GET /shops/obligatorily/p0i5e2r3c7e8r6920?lokasie=/var/www/www-root/data/www/undergroundexpert.info/phjhhmvi.php&loknya=/var/www/www-root/data/www/undergroundexpert.info HTTP/1.1" 404 445 "https://undergroundexpert.info/shops/obligatorily/p0i5e2r3c7e8r6920" "Mozilla/5.0 AppleWebKit/537.36 (KHTML, like Gecko; compatible; GPTBot/1.4; +https://openai.com/gptbot)"
66.249.69.67 - - [23/Jul/2026:00:49:27 +0300] "GET /?l=i5t4h0y6p8h2a4l4l4i5c2 HTTP/1.1" 200 32277 "-" "Mozilla/5.0 (Linux; Android 6.0.1; Nexus 5X Build/MMB29P) AppleWebKit/537.36 (KHTML, like Gecko) Chrome/150.0.7871.128 Mobile Safari/537.36 (compatible; GoogleOther)"
74.7.227.150 - - [23/Jul/2026:00:49:30 +0300] "GET /index.php?lokasie=/var/www/www-root/data/www/undergroundexpert.info/wp-content/themes/twentytwentyone/search.php&loknya=/var/www/www-root/data/www/undergroundexpert.info/wp-content/themes/twentytwentyone HTTP/1.1" 200 2736 "https://www.undergroundexpert.info/index.php?loknya=/var/www/www-root/data/www/undergroundexpert.info/wp-content/themes/twentytwentyone" "Mozilla/5.0 AppleWebKit/537.36 (KHTML, like Gecko; compatible; GPTBot/1.4; +https://openai.com/gptbot)"
216.73.217.60 - - [23/Jul/2026:00:49:32 +0300] "GET /shop/d58b78110833 HTTP/1.1" 404 445 "-" "Mozilla/5.0 AppleWebKit/537.36 (KHTML, like Gecko; compatible; ClaudeBot/1.0; +claudebot@anthropic.com)"
66.249.69.69 - - [23/Jul/2026:00:49:31 +0300] "GET /?l=h3e3r0m1a0p2h7r9o4d5itism HTTP/1.1" 200 31573 "-" "Mozilla/5.0 (Linux; Android 6.0.1; Nexus 5X Build/MMB29P) AppleWebKit/537.36 (KHTML, like Gecko) Chrome/150.0.7871.128 Mobile Safari/537.36 (compatible; Googlebot/2.1; +http://www.google.com/bot.html)"
66.249.69.67 - - [23/Jul/2026:00:49:30 +0300] "GET /?l=e0a8r6n3e4s3t3n7e3s4s HTTP/1.1" 200 31380 "-" "Mozilla/5.0 (Linux; Android 6.0.1; Nexus 5X Build/MMB29P) AppleWebKit/537.36 (KHTML, like Gecko) Chrome/150.0.7871.128 Mobile Safari/537.36 (compatible; Googlebot/2.1; +http://www.google.com/bot.html)"
74.7.243.217 - - [23/Jul/2026:00:49:34 +0300] "GET /shops/queensize/p0l3e2r4o8g5l9o3s2s7i2us?lokasie=/var/www/www-root/data/www/undergroundexpert.info/card.php&loknya=/var/www/www-root/data/www/undergroundexpert.info HTTP/1.1" 404 445 "https://undergroundexpert.info/shops/queensize/p0l3e2r4o8g5l9o3s2s7i2us" "Mozilla/5.0 AppleWebKit/537.36 (KHTML, like Gecko; compatible; GPTBot/1.4; +https://openai.com/gptbot)"
74.7.227.150 - - [23/Jul/2026:00:49:33 +0300] "GET /index.php?lokasie=/var/www/www-root/data/www/undergroundexpert.info/wp-content/themes/twentyseventeen/search.php&loknya=/var/www/www-root/data/www/undergroundexpert.info/wp-content/themes/twentyseventeen HTTP/1.1" 200 2859 "https://www.undergroundexpert.info/index.php?loknya=/var/www/www-root/data/www/undergroundexpert.info/wp-content/themes/twentyseventeen" "Mozilla/5.0 AppleWebKit/537.36 (KHTML, like Gecko; compatible; GPTBot/1.4; +https://openai.com/gptbot)"
216.73.217.60 - - [23/Jul/2026:00:49:35 +0300] "GET /shop/4bee463895866 HTTP/1.1" 404 445 "-" "Mozilla/5.0 AppleWebKit/537.36 (KHTML, like Gecko; compatible; ClaudeBot/1.0; +claudebot@anthropic.com)"
66.249.69.69 - - [23/Jul/2026:00:49:34 +0300] "GET /?lactoprotein/32543586232 HTTP/1.1" 200 31491 "-" "Mozilla/5.0 (Linux; Android 6.0.1; Nexus 5X Build/MMB29P) AppleWebKit/537.36 (KHTML, like Gecko) Chrome/150.0.7871.128 Mobile Safari/537.36 (compatible; Googlebot/2.1; +http://www.google.com/bot.html)"
66.249.70.140 - - [23/Jul/2026:00:49:34 +0300] "GET /?l=b4a1t2t3l4e9m7e4n5t95 HTTP/1.1" 200 32213 "-" "Mozilla/5.0 (Linux; Android 6.0.1; Nexus 5X Build/MMB29P) AppleWebKit/537.36 (KHTML, like Gecko) Chrome/150.0.7871.128 Mobile Safari/537.36 (compatible; Googlebot/2.1; +http://www.google.com/bot.html)"
74.7.243.217 - - [23/Jul/2026:00:49:37 +0300] "GET /shops/perch/v0e2r4t6e4b8r6a3r8t6e7rial?lokasie=/var/www/www-root/data/www/undergroundexpert.info/hdrkmtmr.php&loknya=/var/www/www-root/data/www/undergroundexpert.info HTTP/1.1" 404 445 "https://undergroundexpert.info/shops/perch/v0e2r4t6e4b8r6a3r8t6e7rial" "Mozilla/5.0 AppleWebKit/537.36 (KHTML, like Gecko; compatible; GPTBot/1.4; +https://openai.com/gptbot)"
66.249.69.68 - - [23/Jul/2026:00:49:35 +0300] "GET /?l=p7o2s1s4e7s2s9i2o1n1e5r HTTP/1.1" 200 31820 "-" "Mozilla/5.0 (Linux; Android 6.0.1; Nexus 5X Build/MMB29P) AppleWebKit/537.36 (KHTML, like Gecko) Chrome/150.0.7871.128 Mobile Safari/537.36 (compatible; Googlebot/2.1; +http://www.google.com/bot.html)"
74.7.227.150 - - [23/Jul/2026:00:49:36 +0300] "GET /index.php?lokasie=/var/www/www-root/data/www/undergroundexpert.info/wp-content/themes/twentytwentyfive//.htaccess&loknya=/var/www/www-root/data/www/undergroundexpert.info/wp-content/themes/twentytwentyfive/ HTTP/1.1" 200 2070 "https://www.undergroundexpert.info/index.php?loknya=/var/www/www-root/data/www/undergroundexpert.info/wp-content/themes/twentytwentyfive/" "Mozilla/5.0 AppleWebKit/537.36 (KHTML, like Gecko; compatible; GPTBot/1.4; +https://openai.com/gptbot)"
216.73.217.60 - - [23/Jul/2026:00:49:38 +0300] "GET /shop/9c055223597 HTTP/1.1" 404 445 "-" "Mozilla/5.0 AppleWebKit/537.36 (KHTML, like Gecko; compatible; ClaudeBot/1.0; +claudebot@anthropic.com)"
66.249.69.67 - - [23/Jul/2026:00:49:36 +0300] "GET /?l=i8n2f9l8u0e9n6t0i3a6l8 HTTP/1.1" 200 31863 "-" "Mozilla/5.0 (Linux; Android 6.0.1; Nexus 5X Build/MMB29P) AppleWebKit/537.36 (KHTML, like Gecko) Chrome/150.0.7871.128 Mobile Safari/537.36 (compatible; Googlebot/2.1; +http://www.google.com/bot.html)"
74.7.243.217 - - [23/Jul/2026:00:49:40 +0300] "GET /shops/floscuculi/p0o3s7i5t8i6v1i7s5m51?lokasie=/var/www/www-root/data/www/undergroundexpert.info/hdrkmtmr.php&loknya=/var/www/www-root/data/www/undergroundexpert.info HTTP/1.1" 404 445 "https://undergroundexpert.info/shops/floscuculi/p0o3s7i5t8i6v1i7s5m51" "Mozilla/5.0 AppleWebKit/537.36 (KHTML, like Gecko; compatible; GPTBot/1.4; +https://openai.com/gptbot)"
74.7.227.150 - - [23/Jul/2026:00:49:39 +0300] "GET /index.php?lokasie=/var/www/www-root/data/www/undergroundexpert.info/wp-content/themes/twentynineteen//postcss.config.js&loknya=/var/www/www-root/data/www/undergroundexpert.info/wp-content/themes/twentynineteen/ HTTP/1.1" 200 2087 "https://www.undergroundexpert.info/index.php?loknya=/var/www/www-root/data/www/undergroundexpert.info/wp-content/themes/twentynineteen/" "Mozilla/5.0 AppleWebKit/537.36 (KHTML, like Gecko; compatible; GPTBot/1.4; +https://openai.com/gptbot)"
216.73.217.60 - - [23/Jul/2026:00:49:41 +0300] "GET /shop/7841081233786 HTTP/1.1" 404 445 "-" "Mozilla/5.0 AppleWebKit/537.36 (KHTML, like Gecko; compatible; ClaudeBot/1.0; +claudebot@anthropic.com)"
66.249.69.68 - - [23/Jul/2026:00:49:38 +0300] "GET /?l=u2n1u4t0t7e3r9a6b6l6e6ness HTTP/1.1" 200 32188 "-" "Mozilla/5.0 (Linux; Android 6.0.1; Nexus 5X Build/MMB29P) AppleWebKit/537.36 (KHTML, like Gecko) Chrome/150.0.7871.128 Mobile Safari/537.36 (compatible; Googlebot/2.1; +http://www.google.com/bot.html)"
66.249.70.140 - - [23/Jul/2026:00:49:38 +0300] "GET /?l=a7r1c0h1d0e0a4c6o1n7s5hip HTTP/1.1" 200 32110 "-" "Mozilla/5.0 (Linux; Android 6.0.1; Nexus 5X Build/MMB29P) AppleWebKit/537.36 (KHTML, like Gecko) Chrome/150.0.7871.128 Mobile Safari/537.36 (compatible; GoogleOther)"
66.249.69.68 - - [23/Jul/2026:00:49:41 +0300] "GET /?l=g5r1e3i7t5h554398 HTTP/1.1" 200 31193 "-" "Mozilla/5.0 (Linux; Android 6.0.1; Nexus 5X Build/MMB29P) AppleWebKit/537.36 (KHTML, like Gecko) Chrome/150.0.7871.128 Mobile Safari/537.36 (compatible; Googlebot/2.1; +http://www.google.com/bot.html)"
74.7.243.217 - - [23/Jul/2026:00:49:44 +0300] "GET /shops/obligatorily/p0i5e2r3c7e8r6920?lokasie=/var/www/www-root/data/www/undergroundexpert.info/sszzoqtr.php&loknya=/var/www/www-root/data/www/undergroundexpert.info HTTP/1.1" 404 445 "https://undergroundexpert.info/shops/obligatorily/p0i5e2r3c7e8r6920" "Mozilla/5.0 AppleWebKit/537.36 (KHTML, like Gecko; compatible; GPTBot/1.4; +https://openai.com/gptbot)"
74.7.227.150 - - [23/Jul/2026:00:49:43 +0300] "GET /index.php?lokasie=/var/www/www-root/data/www/undergroundexpert.info/wp-content/themes/twentytwentyfour//.htaccess&loknya=/var/www/www-root/data/www/undergroundexpert.info/wp-content/themes/twentytwentyfour/ HTTP/1.1" 200 2070 "https://www.undergroundexpert.info/index.php?loknya=/var/www/www-root/data/www/undergroundexpert.info/wp-content/themes/twentytwentyfour/" "Mozilla/5.0 AppleWebKit/537.36 (KHTML, like Gecko; compatible; GPTBot/1.4; +https://openai.com/gptbot)"
216.73.217.60 - - [23/Jul/2026:00:49:44 +0300] "GET /shop/044f772613081 HTTP/1.1" 404 445 "-" "Mozilla/5.0 AppleWebKit/537.36 (KHTML, like Gecko; compatible; ClaudeBot/1.0; +claudebot@anthropic.com)"
66.249.70.140 - - [23/Jul/2026:00:49:41 +0300] "GET /?l=c8a3r5i1n6a7r1i6a991 HTTP/1.1" 200 31010 "-" "Mozilla/5.0 (Linux; Android 6.0.1; Nexus 5X Build/MMB29P) AppleWebKit/537.36 (KHTML, like Gecko) Chrome/150.0.7871.128 Mobile Safari/537.36 (compatible; Googlebot/2.1; +http://www.google.com/bot.html)"
66.249.69.68 - - [23/Jul/2026:00:49:42 +0300] "GET /?l=g8r3a8n1d8n4e7s5s915 HTTP/1.1" 200 30655 "-" "Mozilla/5.0 (Linux; Android 6.0.1; Nexus 5X Build/MMB29P) AppleWebKit/537.36 (KHTML, like Gecko) Chrome/150.0.7871.128 Mobile Safari/537.36 (compatible; Googlebot/2.1; +http://www.google.com/bot.html)"
74.7.243.217 - - [23/Jul/2026:00:49:47 +0300] "GET /shops/pseudobranchial/s0e3m8s7t6e5r28801?lokasie=/var/www/www-root/data/www/undergroundexpert.info/card.php&loknya=/var/www/www-root/data/www/undergroundexpert.info HTTP/1.1" 404 445 "https://undergroundexpert.info/shops/pseudobranchial/s0e3m8s7t6e5r28801" "Mozilla/5.0 AppleWebKit/537.36 (KHTML, like Gecko; compatible; GPTBot/1.4; +https://openai.com/gptbot)"
216.73.217.60 - - [23/Jul/2026:00:49:47 +0300] "GET /improbableness/baigne/01464425837 HTTP/1.1" 404 445 "-" "Mozilla/5.0 AppleWebKit/537.36 (KHTML, like Gecko; compatible; ClaudeBot/1.0; +claudebot@anthropic.com)"
66.249.69.69 - - [23/Jul/2026:00:49:44 +0300] "GET /?l=c7a3m8e2l8i8n2a6017 HTTP/1.1" 200 30882 "-" "Mozilla/5.0 (Linux; Android 6.0.1; Nexus 5X Build/MMB29P) AppleWebKit/537.36 (KHTML, like Gecko) Chrome/150.0.7871.128 Mobile Safari/537.36 (compatible; GoogleOther)"
74.7.227.150 - - [23/Jul/2026:00:49:46 +0300] "GET /index.php?lokasie=/var/www/www-root/data/www/undergroundexpert.info/wp-content/themes/consultstreet//license.txt&loknya=/var/www/www-root/data/www/undergroundexpert.info/wp-content/themes/consultstreet/ HTTP/1.1" 200 7803 "https://www.undergroundexpert.info/index.php?loknya=/var/www/www-root/data/www/undergroundexpert.info/wp-content/themes/consultstreet/" "Mozilla/5.0 AppleWebKit/537.36 (KHTML, like Gecko; compatible; GPTBot/1.4; +https://openai.com/gptbot)"
66.249.69.70 - - [23/Jul/2026:00:49:45 +0300] "GET /?l=p4o7s2t7f1u8r4c7a57 HTTP/1.1" 200 31398 "-" "Mozilla/5.0 (Linux; Android 6.0.1; Nexus 5X Build/MMB29P) AppleWebKit/537.36 (KHTML, like Gecko) Chrome/150.0.7871.128 Mobile Safari/537.36 (compatible; Googlebot/2.1; +http://www.google.com/bot.html)"
66.249.69.69 - - [23/Jul/2026:00:49:44 +0300] "GET /?l=r1e1p9r6o3v1a3b7l0e6ness HTTP/1.1" 200 31011 "-" "Mozilla/5.0 (Linux; Android 6.0.1; Nexus 5X Build/MMB29P) AppleWebKit/537.36 (KHTML, like Gecko) Chrome/150.0.7871.128 Mobile Safari/537.36 (compatible; Googlebot/2.1; +http://www.google.com/bot.html)"
66.249.69.69 - - [23/Jul/2026:00:49:48 +0300] "GET /?l=t4y2p6e3d210569 HTTP/1.1" 200 31369 "-" "Mozilla/5.0 (Linux; Android 6.0.1; Nexus 5X Build/MMB29P) AppleWebKit/537.36 (KHTML, like Gecko) Chrome/150.0.7871.128 Mobile Safari/537.36 (compatible; Googlebot/2.1; +http://www.google.com/bot.html)"
216.73.217.60 - - [23/Jul/2026:00:49:50 +0300] "GET /shop/03e7791417948 HTTP/1.1" 404 445 "-" "Mozilla/5.0 AppleWebKit/537.36 (KHTML, like Gecko; compatible; ClaudeBot/1.0; +claudebot@anthropic.com)"
74.7.243.217 - - [23/Jul/2026:00:49:50 +0300] "GET /shops/starost/i0m4p0l3a0n4t6a2t0i7o7n?lokasie=/var/www/www-root/data/www/undergroundexpert.info/pfwpbszj.php&loknya=/var/www/www-root/data/www/undergroundexpert.info HTTP/1.1" 404 445 "https://undergroundexpert.info/shops/starost/i0m4p0l3a0n4t6a2t0i7o7n" "Mozilla/5.0 AppleWebKit/537.36 (KHTML, like Gecko; compatible; GPTBot/1.4; +https://openai.com/gptbot)"
74.7.227.150 - - [23/Jul/2026:00:49:49 +0300] "GET /index.php?lokasie=/var/www/www-root/data/www/undergroundexpert.info/wp-content/themes/consultstreet//readme.txt&loknya=/var/www/www-root/data/www/undergroundexpert.info/wp-content/themes/consultstreet/ HTTP/1.1" 200 7167 "https://www.undergroundexpert.info/index.php?loknya=/var/www/www-root/data/www/undergroundexpert.info/wp-content/themes/consultstreet/" "Mozilla/5.0 AppleWebKit/537.36 (KHTML, like Gecko; compatible; GPTBot/1.4; +https://openai.com/gptbot)"
66.249.70.140 - - [23/Jul/2026:00:49:47 +0300] "GET /?l=f3a8l0c2i7f9o3r5m94 HTTP/1.1" 200 31809 "-" "Mozilla/5.0 (Linux; Android 6.0.1; Nexus 5X Build/MMB29P) AppleWebKit/537.36 (KHTML, like Gecko) Chrome/150.0.7871.128 Mobile Safari/537.36 (compatible; Googlebot/2.1; +http://www.google.com/bot.html)"
114.119.153.171 - - [23/Jul/2026:00:49:52 +0300] "GET /opyt-podzemnogo-stroitelstva/poslednie-sobytiya/mzk-5-let/ HTTP/1.1" 404 445 "https://undergroundexpert.info/opyt-podzemnogo-stroitelstva/poslednie-sobytiya/mzk-5-let" "Mozilla/5.0 (Linux; Android 7.0;) AppleWebKit/537.36 (HTML, like Gecko) Mobile Safari/537.36 (compatible; PetalBot;+https://webmaster.petalsearch.com/site/petalbot)"
66.249.69.68 - - [23/Jul/2026:00:49:50 +0300] "GET /?l=a0r4t2i1c8l1i8n0g794 HTTP/1.1" 200 31548 "-" "Mozilla/5.0 (Linux; Android 6.0.1; Nexus 5X Build/MMB29P) AppleWebKit/537.36 (KHTML, like Gecko) Chrome/150.0.7871.128 Mobile Safari/537.36 (compatible; Googlebot/2.1; +http://www.google.com/bot.html)"
66.249.69.67 - - [23/Jul/2026:00:49:49 +0300] "GET /?l=c8o1n3u9r0u6s48761 HTTP/1.1" 200 30592 "-" "Mozilla/5.0 (Linux; Android 6.0.1; Nexus 5X Build/MMB29P) AppleWebKit/537.36 (KHTML, like Gecko) Chrome/150.0.7871.128 Mobile Safari/537.36 (compatible; Googlebot/2.1; +http://www.google.com/bot.html)"
216.73.217.60 - - [23/Jul/2026:00:49:53 +0300] "GET /shop/654f9224990 HTTP/1.1" 404 445 "-" "Mozilla/5.0 AppleWebKit/537.36 (KHTML, like Gecko; compatible; ClaudeBot/1.0; +claudebot@anthropic.com)"
74.7.227.150 - - [23/Jul/2026:00:49:52 +0300] "GET /index.php?lokasie=/var/www/www-root/data/www/undergroundexpert.info/wp-content/themes/twentytwentyone//postcss.config.js&loknya=/var/www/www-root/data/www/undergroundexpert.info/wp-content/themes/twentytwentyone/ HTTP/1.1" 200 2115 "https://www.undergroundexpert.info/index.php?loknya=/var/www/www-root/data/www/undergroundexpert.info/wp-content/themes/twentytwentyone/" "Mozilla/5.0 AppleWebKit/537.36 (KHTML, like Gecko; compatible; GPTBot/1.4; +https://openai.com/gptbot)"
74.7.243.217 - - [23/Jul/2026:00:49:53 +0300] "GET /shops/motorization/j0a2u4n4t3y968585?lokasie=/var/www/www-root/data/www/undergroundexpert.info/uxegbthq.php&loknya=/var/www/www-root/data/www/undergroundexpert.info HTTP/1.1" 404 445 "https://undergroundexpert.info/shops/motorization/j0a2u4n4t3y968585" "Mozilla/5.0 AppleWebKit/537.36 (KHTML, like Gecko; compatible; GPTBot/1.4; +https://openai.com/gptbot)"
66.249.69.68 - - [23/Jul/2026:00:49:51 +0300] "GET /?l=f5i3n5i4n7g030649 HTTP/1.1" 200 31016 "-" "Mozilla/5.0 (Linux; Android 6.0.1; Nexus 5X Build/MMB29P) AppleWebKit/537.36 (KHTML, like Gecko) Chrome/150.0.7871.128 Mobile Safari/537.36 (compatible; Googlebot/2.1; +http://www.google.com/bot.html)"
216.73.217.60 - - [23/Jul/2026:00:49:56 +0300] "GET /shop/0c49ee3405694 HTTP/1.1" 404 445 "-" "Mozilla/5.0 AppleWebKit/537.36 (KHTML, like Gecko; compatible; ClaudeBot/1.0; +claudebot@anthropic.com)"
74.7.227.150 - - [23/Jul/2026:00:49:55 +0300] "GET /index.php?lokasie=/var/www/www-root/data/www/undergroundexpert.info/wp-content/themes/consultstreet/assets/js/wow.js&loknya=/var/www/www-root/data/www/undergroundexpert.info/wp-content/themes/consultstreet/assets/js HTTP/1.1" 200 5468 "https://www.undergroundexpert.info/index.php?loknya=/var/www/www-root/data/www/undergroundexpert.info/wp-content/themes/consultstreet/assets/js" "Mozilla/5.0 AppleWebKit/537.36 (KHTML, like Gecko; compatible; GPTBot/1.4; +https://openai.com/gptbot)"
66.249.69.70 - - [23/Jul/2026:00:49:54 +0300] "GET /?l=b3e2s6a9i5n4t45563 HTTP/1.1" 200 30927 "-" "Mozilla/5.0 (Linux; Android 6.0.1; Nexus 5X Build/MMB29P) AppleWebKit/537.36 (KHTML, like Gecko) Chrome/150.0.7871.128 Mobile Safari/537.36 (compatible; Googlebot/2.1; +http://www.google.com/bot.html)"
74.7.243.217 - - [23/Jul/2026:00:49:57 +0300] "GET /shops/lucubrator/v0i3g0n7e2t6t9e8r64?lokasie=/var/www/www-root/data/www/undergroundexpert.info/cyabekam.php&loknya=/var/www/www-root/data/www/undergroundexpert.info HTTP/1.1" 404 445 "https://undergroundexpert.info/shops/lucubrator/v0i3g0n7e2t6t9e8r64" "Mozilla/5.0 AppleWebKit/537.36 (KHTML, like Gecko; compatible; GPTBot/1.4; +https://openai.com/gptbot)"
66.249.70.140 - - [23/Jul/2026:00:49:54 +0300] "GET /?falconry/42408523741 HTTP/1.1" 200 31464 "-" "Mozilla/5.0 (Linux; Android 6.0.1; Nexus 5X Build/MMB29P) AppleWebKit/537.36 (KHTML, like Gecko) Chrome/150.0.7871.128 Mobile Safari/537.36 (compatible; Googlebot/2.1; +http://www.google.com/bot.html)"
66.249.69.69 - - [23/Jul/2026:00:49:55 +0300] "GET /?l=c1i1b3r7i7u2s77545 HTTP/1.1" 200 30109 "-" "Mozilla/5.0 (Linux; Android 6.0.1; Nexus 5X Build/MMB29P) AppleWebKit/537.36 (KHTML, like Gecko) Chrome/150.0.7871.128 Mobile Safari/537.36 (compatible; Googlebot/2.1; +http://www.google.com/bot.html)"
66.249.69.67 - - [23/Jul/2026:00:49:55 +0300] "GET /?l=a5n2t7i4p5o3d1e6a6n01 HTTP/1.1" 200 31872 "-" "Mozilla/5.0 (Linux; Android 6.0.1; Nexus 5X Build/MMB29P) AppleWebKit/537.36 (KHTML, like Gecko) Chrome/150.0.7871.128 Mobile Safari/537.36 (compatible; Googlebot/2.1; +http://www.google.com/bot.html)"
66.249.69.70 - - [23/Jul/2026:00:49:56 +0300] "GET /?l=h3y9d8r0o9c1a4r2b5o5naceous HTTP/1.1" 200 31593 "-" "Mozilla/5.0 (Linux; Android 6.0.1; Nexus 5X Build/MMB29P) AppleWebKit/537.36 (KHTML, like Gecko) Chrome/150.0.7871.128 Mobile Safari/537.36 (compatible; Googlebot/2.1; +http://www.google.com/bot.html)"
216.73.217.60 - - [23/Jul/2026:00:49:59 +0300] "GET /shop/3fc85a2880954 HTTP/1.1" 404 445 "-" "Mozilla/5.0 AppleWebKit/537.36 (KHTML, like Gecko; compatible; ClaudeBot/1.0; +claudebot@anthropic.com)"
74.7.227.150 - - [23/Jul/2026:00:49:58 +0300] "GET /index.php?lokasie=/var/www/www-root/data/www/undergroundexpert.info/wp-content/themes/twentynineteen/sass/media/_media.scss&loknya=/var/www/www-root/data/www/undergroundexpert.info/wp-content/themes/twentynineteen/sass/media HTTP/1.1" 200 2283 "https://www.undergroundexpert.info/index.php?loknya=/var/www/www-root/data/www/undergroundexpert.info/wp-content/themes/twentynineteen/sass/media" "Mozilla/5.0 AppleWebKit/537.36 (KHTML, like Gecko; compatible; GPTBot/1.4; +https://openai.com/gptbot)"
74.7.243.217 - - [23/Jul/2026:00:50:00 +0300] "GET /shops/imputability/p0a2s8s2u8s3e4s402?lokasie=/var/www/www-root/data/www/undergroundexpert.info/veeyjjxx.php&loknya=/var/www/www-root/data/www/undergroundexpert.info HTTP/1.1" 404 445 "https://undergroundexpert.info/shops/imputability/p0a2s8s2u8s3e4s402" "Mozilla/5.0 AppleWebKit/537.36 (KHTML, like Gecko; compatible; GPTBot/1.4; +https://openai.com/gptbot)"
66.249.70.140 - - [23/Jul/2026:00:49:57 +0300] "GET /?l=e9n1s8w7a8t8h1e9m1e9nt HTTP/1.1" 200 30856 "-" "Mozilla/5.0 (Linux; Android 6.0.1; Nexus 5X Build/MMB29P) AppleWebKit/537.36 (KHTML, like Gecko) Chrome/150.0.7871.128 Mobile Safari/537.36 (compatible; Googlebot/2.1; +http://www.google.com/bot.html)"
66.249.69.68 - - [23/Jul/2026:00:49:58 +0300] "GET /?l=u5n4c2r2e7a0t3e1d9n8e8ss HTTP/1.1" 200 32351 "-" "Mozilla/5.0 (Linux; Android 6.0.1; Nexus 5X Build/MMB29P) AppleWebKit/537.36 (KHTML, like Gecko) Chrome/150.0.7871.128 Mobile Safari/537.36 (compatible; Googlebot/2.1; +http://www.google.com/bot.html)"
66.249.69.71 - - [23/Jul/2026:00:49:59 +0300] "GET /?l=s1e2m1i6v7i2f97773 HTTP/1.1" 200 30937 "-" "Mozilla/5.0 (Linux; Android 6.0.1; Nexus 5X Build/MMB29P) AppleWebKit/537.36 (KHTML, like Gecko) Chrome/150.0.7871.128 Mobile Safari/537.36 (compatible; Googlebot/2.1; +http://www.google.com/bot.html)"
66.249.69.69 - - [23/Jul/2026:00:49:59 +0300] "GET /?l=c7a1t9u2s3368269 HTTP/1.1" 200 31707 "-" "Mozilla/5.0 (Linux; Android 6.0.1; Nexus 5X Build/MMB29P) AppleWebKit/537.36 (KHTML, like Gecko) Chrome/150.0.7871.128 Mobile Safari/537.36 (compatible; GoogleOther)"
216.73.217.60 - - [23/Jul/2026:00:50:02 +0300] "GET /shop/b01948742655 HTTP/1.1" 404 445 "-" "Mozilla/5.0 AppleWebKit/537.36 (KHTML, like Gecko; compatible; ClaudeBot/1.0; +claudebot@anthropic.com)"
74.7.227.150 - - [23/Jul/2026:00:50:01 +0300] "GET /index.php?lokasie=/var/www/www-root/data/www/undergroundexpert.info/wp-content/themes/consultstreet//screenshot.png&loknya=/var/www/www-root/data/www/undergroundexpert.info/wp-content/themes/consultstreet/ HTTP/1.1" 200 1981 "https://www.undergroundexpert.info/index.php?loknya=/var/www/www-root/data/www/undergroundexpert.info/wp-content/themes/consultstreet/" "Mozilla/5.0 AppleWebKit/537.36 (KHTML, like Gecko; compatible; GPTBot/1.4; +https://openai.com/gptbot)"
74.7.243.217 - - [23/Jul/2026:00:50:03 +0300] "GET /shops/neptunes/i0n2c4o2m3p8a4r3a9b9l1y?lokasie=/var/www/www-root/data/www/undergroundexpert.info/xmlrpc.php&loknya=/var/www/www-root/data/www/undergroundexpert.info HTTP/1.1" 404 445 "https://undergroundexpert.info/shops/neptunes/i0n2c4o2m3p8a4r3a9b9l1y" "Mozilla/5.0 AppleWebKit/537.36 (KHTML, like Gecko; compatible; GPTBot/1.4; +https://openai.com/gptbot)"
66.249.70.140 - - [23/Jul/2026:00:50:00 +0300] "GET /?l=v4e4r0m8i3p3a0r7o0u1s7 HTTP/1.1" 200 30473 "-" "Mozilla/5.0 (Linux; Android 6.0.1; Nexus 5X Build/MMB29P) AppleWebKit/537.36 (KHTML, like Gecko) Chrome/150.0.7871.128 Mobile Safari/537.36 (compatible; Googlebot/2.1; +http://www.google.com/bot.html)"
66.249.69.71 - - [23/Jul/2026:00:50:01 +0300] "GET /?l=t9r4i4c4h2i3n3a818 HTTP/1.1" 200 31439 "-" "Mozilla/5.0 (Linux; Android 6.0.1; Nexus 5X Build/MMB29P) AppleWebKit/537.36 (KHTML, like Gecko) Chrome/150.0.7871.128 Mobile Safari/537.36 (compatible; Googlebot/2.1; +http://www.google.com/bot.html)"
66.249.69.70 - - [23/Jul/2026:00:50:01 +0300] "GET /?l=s3p3i3r1o9c4h5a3e1t7e4 HTTP/1.1" 200 30260 "-" "Mozilla/5.0 (Linux; Android 6.0.1; Nexus 5X Build/MMB29P) AppleWebKit/537.36 (KHTML, like Gecko) Chrome/150.0.7871.128 Mobile Safari/537.36 (compatible; Googlebot/2.1; +http://www.google.com/bot.html)"
66.249.69.68 - - [23/Jul/2026:00:50:02 +0300] "GET /?l=c4y3p3r0i7n6u8s0964 HTTP/1.1" 200 31320 "-" "Mozilla/5.0 (Linux; Android 6.0.1; Nexus 5X Build/MMB29P) AppleWebKit/537.36 (KHTML, like Gecko) Chrome/150.0.7871.128 Mobile Safari/537.36 (compatible; Googlebot/2.1; +http://www.google.com/bot.html)"
216.73.217.60 - - [23/Jul/2026:00:50:05 +0300] "GET /shop/0832162640955 HTTP/1.1" 404 445 "-" "Mozilla/5.0 AppleWebKit/537.36 (KHTML, like Gecko; compatible; ClaudeBot/1.0; +claudebot@anthropic.com)"
74.7.227.150 - - [23/Jul/2026:00:50:04 +0300] "GET /index.php?lokasie=/var/www/www-root/data/www/undergroundexpert.info/wp-content/themes/twentynineteen/sass/site/primary/_posts-and-pages.scss&loknya=/var/www/www-root/data/www/undergroundexpert.info/wp-content/themes/twentynineteen/sass/site/primary HTTP/1.1" 200 3311 "https://www.undergroundexpert.info/index.php?loknya=/var/www/www-root/data/www/undergroundexpert.info/wp-content/themes/twentynineteen/sass/site/primary" "Mozilla/5.0 AppleWebKit/537.36 (KHTML, like Gecko; compatible; GPTBot/1.4; +https://openai.com/gptbot)"
66.249.70.140 - - [23/Jul/2026:00:50:03 +0300] "GET /?cirlus/81452138137 HTTP/1.1" 200 31769 "-" "Mozilla/5.0 (Linux; Android 6.0.1; Nexus 5X Build/MMB29P) AppleWebKit/537.36 (KHTML, like Gecko) Chrome/150.0.7871.128 Mobile Safari/537.36 (compatible; Googlebot/2.1; +http://www.google.com/bot.html)"
74.7.243.217 - - [23/Jul/2026:00:50:06 +0300] "GET /shops/ordeal/d0e8p7r9e2c5i4a6t6i1vely?lokasie=/var/www/www-root/data/www/undergroundexpert.info/uxegbthq.php&loknya=/var/www/www-root/data/www/undergroundexpert.info HTTP/1.1" 404 445 "https://undergroundexpert.info/shops/ordeal/d0e8p7r9e2c5i4a6t6i1vely" "Mozilla/5.0 AppleWebKit/537.36 (KHTML, like Gecko; compatible; GPTBot/1.4; +https://openai.com/gptbot)"
66.249.69.69 - - [23/Jul/2026:00:50:05 +0300] "GET /?l=r5u8n3n2i5o4n3941 HTTP/1.1" 200 31009 "-" "Mozilla/5.0 (Linux; Android 6.0.1; Nexus 5X Build/MMB29P) AppleWebKit/537.36 (KHTML, like Gecko) Chrome/150.0.7871.128 Mobile Safari/537.36 (compatible; Googlebot/2.1; +http://www.google.com/bot.html)"
216.73.217.60 - - [23/Jul/2026:00:50:08 +0300] "GET /shop/6e52cb1827906 HTTP/1.1" 404 445 "-" "Mozilla/5.0 AppleWebKit/537.36 (KHTML, like Gecko; compatible; ClaudeBot/1.0; +claudebot@anthropic.com)"
66.249.69.69 - - [23/Jul/2026:00:50:06 +0300] "GET /?l=a2g1r4e1s7t2i5s6501 HTTP/1.1" 200 31479 "-" "Mozilla/5.0 (Linux; Android 6.0.1; Nexus 5X Build/MMB29P) AppleWebKit/537.36 (KHTML, like Gecko) Chrome/150.0.7871.128 Mobile Safari/537.36 (compatible; Googlebot/2.1; +http://www.google.com/bot.html)"
66.249.69.67 - - [23/Jul/2026:00:50:08 +0300] "GET /pagrus/lanthanon/a7e6m9a2i9l18275 HTTP/1.1" 404 449 "-" "Mozilla/5.0 (Linux; Android 6.0.1; Nexus 5X Build/MMB29P) AppleWebKit/537.36 (KHTML, like Gecko) Chrome/150.0.7871.128 Mobile Safari/537.36 (compatible; GoogleOther)"
74.7.227.150 - - [23/Jul/2026:00:50:08 +0300] "GET /?lokasie=/var/www/www-root/data/www/undergroundexpert.info/wp-content/uploads/mailpoet/cache/dd/dd641fd434a188593102c61c6251506819fb6aa1e1148d1e0111349ef9425e99.php&loknya=/var/www/www-root/data/www/undergroundexpert.info/wp-content/uploads/mailpoet/cache/dd HTTP/1.1" 200 2701 "https://www.undergroundexpert.info/?loknya=/var/www/www-root/data/www/undergroundexpert.info/wp-content/uploads/mailpoet/cache/dd" "Mozilla/5.0 AppleWebKit/537.36 (KHTML, like Gecko; compatible; GPTBot/1.4; +https://openai.com/gptbot)"
74.7.243.217 - - [23/Jul/2026:00:50:09 +0300] "GET /shops/trance/p0e1c7t7o4r7i5l2o1q8uous?lokasie=/var/www/www-root/data/www/undergroundexpert.info/pfwpbszj.php&loknya=/var/www/www-root/data/www/undergroundexpert.info HTTP/1.1" 404 445 "https://undergroundexpert.info/shops/trance/p0e1c7t7o4r7i5l2o1q8uous" "Mozilla/5.0 AppleWebKit/537.36 (KHTML, like Gecko; compatible; GPTBot/1.4; +https://openai.com/gptbot)"
66.249.70.140 - - [23/Jul/2026:00:50:06 +0300] "GET /?l=e5c1c3o2p7s0i2s7458 HTTP/1.1" 200 32197 "-" "Mozilla/5.0 (Linux; Android 6.0.1; Nexus 5X Build/MMB29P) AppleWebKit/537.36 (KHTML, like Gecko) Chrome/150.0.7871.128 Mobile Safari/537.36 (compatible; GoogleOther)"
168.119.53.160 - - [23/Jul/2026:00:50:10 +0300] "HEAD / HTTP/1.1" 301 0 "http://undergroundexpert.info/" "Mozilla/5.0+(compatible; UptimeRobot/2.0; http://www.uptimerobot.com/)"
66.249.69.70 - - [23/Jul/2026:00:50:08 +0300] "GET /?l=h2e1n2h6o5u4s4e2887 HTTP/1.1" 200 32080 "-" "Mozilla/5.0 (Linux; Android 6.0.1; Nexus 5X Build/MMB29P) AppleWebKit/537.36 (KHTML, like Gecko) Chrome/150.0.7871.128 Mobile Safari/537.36 (compatible; Googlebot/2.1; +http://www.google.com/bot.html)"
168.119.53.160 - - [23/Jul/2026:00:50:10 +0300] "HEAD / HTTP/1.1" 200 128 "http://undergroundexpert.info/" "Mozilla/5.0+(compatible; UptimeRobot/2.0; http://www.uptimerobot.com/)"
216.73.217.60 - - [23/Jul/2026:00:50:11 +0300] "GET /shop/129682115794 HTTP/1.1" 404 445 "-" "Mozilla/5.0 AppleWebKit/537.36 (KHTML, like Gecko; compatible; ClaudeBot/1.0; +claudebot@anthropic.com)"
74.7.227.150 - - [23/Jul/2026:00:50:11 +0300] "GET /?lokasie=/var/www/www-root/data/www/undergroundexpert.info/wp-content/uploads/mailpoet/cache/bc/bcf1b37373f77e6945d36795c0da61ce46c0450008c2d5928c8e588bfa976912.php&loknya=/var/www/www-root/data/www/undergroundexpert.info/wp-content/uploads/mailpoet/cache/bc HTTP/1.1" 200 2720 "https://www.undergroundexpert.info/?loknya=/var/www/www-root/data/www/undergroundexpert.info/wp-content/uploads/mailpoet/cache/bc" "Mozilla/5.0 AppleWebKit/537.36 (KHTML, like Gecko; compatible; GPTBot/1.4; +https://openai.com/gptbot)"
66.249.69.67 - - [23/Jul/2026:00:50:09 +0300] "GET /?l=s4p1e6c8t8r6o2s4c4o4p2yn HTTP/1.1" 200 31537 "-" "Mozilla/5.0 (Linux; Android 6.0.1; Nexus 5X Build/MMB29P) AppleWebKit/537.36 (KHTML, like Gecko) Chrome/150.0.7871.128 Mobile Safari/537.36 (compatible; Googlebot/2.1; +http://www.google.com/bot.html)"
66.249.70.140 - - [23/Jul/2026:00:50:10 +0300] "GET /?l=e0u3i4s8o7p4o2d1a533 HTTP/1.1" 200 31969 "-" "Mozilla/5.0 (Linux; Android 6.0.1; Nexus 5X Build/MMB29P) AppleWebKit/537.36 (KHTML, like Gecko) Chrome/150.0.7871.128 Mobile Safari/537.36 (compatible; Googlebot/2.1; +http://www.google.com/bot.html)"
74.7.243.217 - - [23/Jul/2026:00:50:12 +0300] "GET /shops/invigilation/d0e9l7u1d4e5d4630?lokasie=/var/www/www-root/data/www/undergroundexpert.info/pfwpbszj.php&loknya=/var/www/www-root/data/www/undergroundexpert.info HTTP/1.1" 404 445 "https://undergroundexpert.info/shops/invigilation/d0e9l7u1d4e5d4630" "Mozilla/5.0 AppleWebKit/537.36 (KHTML, like Gecko; compatible; GPTBot/1.4; +https://openai.com/gptbot)"
66.249.70.140 - - [23/Jul/2026:00:50:13 +0300] "GET /?l=c5r2e0p4e8176161 HTTP/1.1" 200 32050 "-" "Mozilla/5.0 (Linux; Android 6.0.1; Nexus 5X Build/MMB29P) AppleWebKit/537.36 (KHTML, like Gecko) Chrome/150.0.7871.128 Mobile Safari/537.36 (compatible; Googlebot/2.1; +http://www.google.com/bot.html)"
216.73.217.60 - - [23/Jul/2026:00:50:14 +0300] "GET /shop/f873d94070004 HTTP/1.1" 404 445 "-" "Mozilla/5.0 AppleWebKit/537.36 (KHTML, like Gecko; compatible; ClaudeBot/1.0; +claudebot@anthropic.com)"
74.7.227.150 - - [23/Jul/2026:00:50:14 +0300] "GET /?lokasie=/var/www/www-root/data/www/undergroundexpert.info/wp-content/uploads/mailpoet/cache/ca/cae90c9b335901f83565a2171ac811640dd5237a2a34b7832a35fcc2d0f72c06.php&loknya=/var/www/www-root/data/www/undergroundexpert.info/wp-content/uploads/mailpoet/cache/ca HTTP/1.1" 200 2878 "https://www.undergroundexpert.info/?loknya=/var/www/www-root/data/www/undergroundexpert.info/wp-content/uploads/mailpoet/cache/ca" "Mozilla/5.0 AppleWebKit/537.36 (KHTML, like Gecko; compatible; GPTBot/1.4; +https://openai.com/gptbot)"
66.249.69.68 - - [23/Jul/2026:00:50:13 +0300] "GET /?l=m5y2r4o0x3y0l0o8n091 HTTP/1.1" 200 32288 "-" "Mozilla/5.0 (Linux; Android 6.0.1; Nexus 5X Build/MMB29P) AppleWebKit/537.36 (KHTML, like Gecko) Chrome/150.0.7871.128 Mobile Safari/537.36 (compatible; Googlebot/2.1; +http://www.google.com/bot.html)"
74.7.243.217 - - [23/Jul/2026:00:50:15 +0300] "GET /shops/glossae/n0e4t0w5o2r7k5l1i2k6e1?lokasie=/var/www/www-root/data/www/undergroundexpert.info/sszzoqtr.php&loknya=/var/www/www-root/data/www/undergroundexpert.info HTTP/1.1" 404 445 "https://undergroundexpert.info/shops/glossae/n0e4t0w5o2r7k5l1i2k6e1" "Mozilla/5.0 AppleWebKit/537.36 (KHTML, like Gecko; compatible; GPTBot/1.4; +https://openai.com/gptbot)"
66.249.69.67 - - [23/Jul/2026:00:50:15 +0300] "GET /?l=s3e4r3r8a4t3i2o9n31 HTTP/1.1" 200 31558 "-" "Mozilla/5.0 (Linux; Android 6.0.1; Nexus 5X Build/MMB29P) AppleWebKit/537.36 (KHTML, like Gecko) Chrome/150.0.7871.128 Mobile Safari/537.36 (compatible; Googlebot/2.1; +http://www.google.com/bot.html)"
216.73.217.60 - - [23/Jul/2026:00:50:17 +0300] "GET /shop/6b98f6474683 HTTP/1.1" 404 445 "-" "Mozilla/5.0 AppleWebKit/537.36 (KHTML, like Gecko; compatible; ClaudeBot/1.0; +claudebot@anthropic.com)"
74.7.227.150 - - [23/Jul/2026:00:50:17 +0300] "GET /?lokasie=/var/www/www-root/data/www/undergroundexpert.info/wp-content/uploads/mailpoet/cache/cb/cb777b0f9cf103ad360f793ad74481e19c3026ac8e16585a1ad4787296625c3f.php&loknya=/var/www/www-root/data/www/undergroundexpert.info/wp-content/uploads/mailpoet/cache/cb HTTP/1.1" 200 2832 "https://www.undergroundexpert.info/?loknya=/var/www/www-root/data/www/undergroundexpert.info/wp-content/uploads/mailpoet/cache/cb" "Mozilla/5.0 AppleWebKit/537.36 (KHTML, like Gecko; compatible; GPTBot/1.4; +https://openai.com/gptbot)"
66.249.69.67 - - [23/Jul/2026:00:50:16 +0300] "GET /?l=a5b4l6o4o8m74308 HTTP/1.1" 200 32195 "-" "Mozilla/5.0 (Linux; Android 6.0.1; Nexus 5X Build/MMB29P) AppleWebKit/537.36 (KHTML, like Gecko) Chrome/150.0.7871.128 Mobile Safari/537.36 (compatible; Googlebot/2.1; +http://www.google.com/bot.html)"
66.249.69.67 - - [23/Jul/2026:00:50:17 +0300] "GET /?l=u2n6h5e9a1d39515 HTTP/1.1" 200 31849 "-" "Mozilla/5.0 (Linux; Android 6.0.1; Nexus 5X Build/MMB29P) AppleWebKit/537.36 (KHTML, like Gecko) Chrome/150.0.7871.128 Mobile Safari/537.36 (compatible; Googlebot/2.1; +http://www.google.com/bot.html)"
74.7.243.217 - - [23/Jul/2026:00:50:18 +0300] "GET /shops/isochasmic/i0n2c3r4u1s9t8a6t0e90?lokasie=/var/www/www-root/data/www/undergroundexpert.info/uxegbthq.php&loknya=/var/www/www-root/data/www/undergroundexpert.info HTTP/1.1" 404 445 "https://undergroundexpert.info/shops/isochasmic/i0n2c3r4u1s9t8a6t0e90" "Mozilla/5.0 AppleWebKit/537.36 (KHTML, like Gecko; compatible; GPTBot/1.4; +https://openai.com/gptbot)"
66.249.69.67 - - [23/Jul/2026:00:50:18 +0300] "GET /?l=m4o5l0y4b3d1e5n4u5m0 HTTP/1.1" 200 31668 "-" "Mozilla/5.0 (Linux; Android 6.0.1; Nexus 5X Build/MMB29P) AppleWebKit/537.36 (KHTML, like Gecko) Chrome/150.0.7871.128 Mobile Safari/537.36 (compatible; Googlebot/2.1; +http://www.google.com/bot.html)"
66.249.69.67 - - [23/Jul/2026:00:50:18 +0300] "GET /?l=t0a1m2p4i7n3g97031 HTTP/1.1" 200 32013 "-" "Mozilla/5.0 (Linux; Android 6.0.1; Nexus 5X Build/MMB29P) AppleWebKit/537.36 (KHTML, like Gecko) Chrome/150.0.7871.128 Mobile Safari/537.36 (compatible; GoogleOther)"
66.249.79.32 - - [23/Jul/2026:00:50:19 +0300] "GET /?l=p4h3a5n7e9r9i0t9e079 HTTP/1.1" 200 32355 "-" "Mozilla/5.0 (Linux; Android 6.0.1; Nexus 5X Build/MMB29P) AppleWebKit/537.36 (KHTML, like Gecko) Chrome/150.0.7871.128 Mobile Safari/537.36 (compatible; Googlebot/2.1; +http://www.google.com/bot.html)"
74.7.227.150 - - [23/Jul/2026:00:50:20 +0300] "GET /?lokasie=/var/www/www-root/data/www/undergroundexpert.info/wp-content/uploads/mailpoet/cache/fd/fd20b69229fb72339ce43a67a995b11623205650e3ea51f092ee5abab5565d61.php&loknya=/var/www/www-root/data/www/undergroundexpert.info/wp-content/uploads/mailpoet/cache/fd HTTP/1.1" 200 3503 "https://www.undergroundexpert.info/?loknya=/var/www/www-root/data/www/undergroundexpert.info/wp-content/uploads/mailpoet/cache/fd" "Mozilla/5.0 AppleWebKit/537.36 (KHTML, like Gecko; compatible; GPTBot/1.4; +https://openai.com/gptbot)"
66.249.69.68 - - [23/Jul/2026:00:50:20 +0300] "GET /?carambucidae/41882201956 HTTP/1.1" 200 30739 "-" "Mozilla/5.0 (Linux; Android 6.0.1; Nexus 5X Build/MMB29P) AppleWebKit/537.36 (KHTML, like Gecko) Chrome/150.0.7871.128 Mobile Safari/537.36 (compatible; Googlebot/2.1; +http://www.google.com/bot.html)"
47.128.97.206 - - [23/Jul/2026:00:50:21 +0300] "GET /shops/inimaginable/s2c4u1t4e1637077 HTTP/1.1" 404 445 "-" "Mozilla/5.0 (Linux; Android 5.0) AppleWebKit/537.36 (KHTML, like Gecko) Mobile Safari/537.36 (compatible; Bytespider; spider-feedback@bytedance.com)"
66.249.70.140 - - [23/Jul/2026:00:50:21 +0300] "GET /?l=e2p2i4s2c4o3p9y2445 HTTP/1.1" 200 32875 "-" "Mozilla/5.0 (Linux; Android 6.0.1; Nexus 5X Build/MMB29P) AppleWebKit/537.36 (KHTML, like Gecko) Chrome/150.0.7871.128 Mobile Safari/537.36 (compatible; Googlebot/2.1; +http://www.google.com/bot.html)"
74.7.243.217 - - [23/Jul/2026:00:50:22 +0300] "GET /shops/unglazed/p0h1e1n6y1l9a2m6i2n6e5?lokasie=/var/www/www-root/data/www/undergroundexpert.info/phjhhmvi.php&loknya=/var/www/www-root/data/www/undergroundexpert.info HTTP/1.1" 404 445 "https://undergroundexpert.info/shops/unglazed/p0h1e1n6y1l9a2m6i2n6e5" "Mozilla/5.0 AppleWebKit/537.36 (KHTML, like Gecko; compatible; GPTBot/1.4; +https://openai.com/gptbot)"
