74.7.227.150 - - [23/Jul/2026:00:27:18 +0300] "GET /index.php?lokasie=/var/www/www-root/data/www/undergroundexpert.info/wp-content/plugins/file-manager-advanced/application/library/php-parser/vendor/nikic/php-parser/lib/PhpParser/Node/Expr/BinaryOp.php&loknya=/var/www/www-root/data/www/undergroundexpert.info/wp-content/plugins/file-manager-advanced/application/library/php-parser/vendor/nikic/php-parser/lib/PhpParser/Node/Expr HTTP/1.1" 200 2516 "https://www.undergroundexpert.info/index.php?loknya=/var/www/www-root/data/www/undergroundexpert.info/wp-content/plugins/file-manager-advanced/application/library/php-parser/vendor/nikic/php-parser/lib/PhpParser/Node/Expr" "Mozilla/5.0 AppleWebKit/537.36 (KHTML, like Gecko; compatible; GPTBot/1.4; +https://openai.com/gptbot)"
66.249.70.141 - - [23/Jul/2026:00:27:18 +0300] "GET /?l=l9i3n8o0x5y2n93895 HTTP/1.1" 200 31694 "-" "Mozilla/5.0 (Linux; Android 6.0.1; Nexus 5X Build/MMB29P) AppleWebKit/537.36 (KHTML, like Gecko) Chrome/150.0.7871.128 Mobile Safari/537.36 (compatible; Googlebot/2.1; +http://www.google.com/bot.html)"
216.73.217.60 - - [23/Jul/2026:00:27:22 +0300] "GET /shop/180d55339951?loknya=%2Fvar HTTP/1.1" 404 445 "-" "Mozilla/5.0 AppleWebKit/537.36 (KHTML, like Gecko; compatible; ClaudeBot/1.0; +claudebot@anthropic.com)"
66.249.69.68 - - [23/Jul/2026:00:27:18 +0300] "GET /?l=f5u8c7u6s034278 HTTP/1.1" 200 31701 "-" "Mozilla/5.0 (Linux; Android 6.0.1; Nexus 5X Build/MMB29P) AppleWebKit/537.36 (KHTML, like Gecko) Chrome/150.0.7871.128 Mobile Safari/537.36 (compatible; Googlebot/2.1; +http://www.google.com/bot.html)"
66.249.70.141 - - [23/Jul/2026:00:27:22 +0300] "GET /menge/graceful/41394687437 HTTP/1.1" 404 445 "-" "Mozilla/5.0 (Linux; Android 6.0.1; Nexus 5X Build/MMB29P) AppleWebKit/537.36 (KHTML, like Gecko) Chrome/150.0.7871.128 Mobile Safari/537.36 (compatible; GoogleOther)"
74.7.243.217 - - [23/Jul/2026:00:27:22 +0300] "GET /shops/gigantesque/f0l4i0n9g1e7r70038?lokasie=/var/www/www-root/data/www/undergroundexpert.info/filefuns.php&loknya=/var/www/www-root/data/www/undergroundexpert.info HTTP/1.1" 404 445 "https://undergroundexpert.info/shops/gigantesque/f0l4i0n9g1e7r70038" "Mozilla/5.0 AppleWebKit/537.36 (KHTML, like Gecko; compatible; GPTBot/1.4; +https://openai.com/gptbot)"
74.7.227.150 - - [23/Jul/2026:00:27:22 +0300] "GET /index.php?loknya=/var/www/www-root/data/www/undergroundexpert.info/wp-content/plugins/file-manager-advanced/application/library/php-parser/vendor/nikic/php-parser/lib/PhpParser/Node/ HTTP/1.1" 200 3406 "https://www.undergroundexpert.info/index.php?loknya=/var/www/www-root/data/www/undergroundexpert.info/wp-content/plugins/file-manager-advanced/application/library/php-parser/vendor/nikic/php-parser/lib/PhpParser/Node/Expr" "Mozilla/5.0 AppleWebKit/537.36 (KHTML, like Gecko; compatible; GPTBot/1.4; +https://openai.com/gptbot)"
216.73.217.60 - - [23/Jul/2026:00:27:25 +0300] "GET /shop/9720202758714?loknya=%2Fvar HTTP/1.1" 404 445 "-" "Mozilla/5.0 AppleWebKit/537.36 (KHTML, like Gecko; compatible; ClaudeBot/1.0; +claudebot@anthropic.com)"
74.7.243.217 - - [23/Jul/2026:00:27:25 +0300] "GET /shops/perverting/h0o2m6o5t6y4p0y7933?lokasie=/var/www/www-root/data/www/undergroundexpert.info/uxegbthq.php&loknya=/var/www/www-root/data/www/undergroundexpert.info HTTP/1.1" 404 445 "https://undergroundexpert.info/shops/perverting/h0o2m6o5t6y4p0y7933" "Mozilla/5.0 AppleWebKit/537.36 (KHTML, like Gecko; compatible; GPTBot/1.4; +https://openai.com/gptbot)"
74.7.227.150 - - [23/Jul/2026:00:27:25 +0300] "GET /index.php?lokasie=/var/www/www-root/data/www/undergroundexpert.info/wp-content/plugins/file-manager-advanced/application/library/php-parser/vendor/nikic/php-parser/lib/PhpParser/Node/Scalar/String_.php&loknya=/var/www/www-root/data/www/undergroundexpert.info/wp-content/plugins/file-manager-advanced/application/library/php-parser/vendor/nikic/php-parser/lib/PhpParser/Node/Scalar HTTP/1.1" 200 3483 "https://www.undergroundexpert.info/index.php?loknya=/var/www/www-root/data/www/undergroundexpert.info/wp-content/plugins/file-manager-advanced/application/library/php-parser/vendor/nikic/php-parser/lib/PhpParser/Node/Scalar" "Mozilla/5.0 AppleWebKit/537.36 (KHTML, like Gecko; compatible; GPTBot/1.4; +https://openai.com/gptbot)"
66.249.69.67 - - [23/Jul/2026:00:27:23 +0300] "GET /?l=v5e5r5t5i6c4a8l0l4y1 HTTP/1.1" 200 31054 "-" "Mozilla/5.0 (Linux; Android 6.0.1; Nexus 5X Build/MMB29P) AppleWebKit/537.36 (KHTML, like Gecko) Chrome/150.0.7871.128 Mobile Safari/537.36 (compatible; Googlebot/2.1; +http://www.google.com/bot.html)"
66.249.69.67 - - [23/Jul/2026:00:27:24 +0300] "GET /?l=n9a2n4n3a1673624 HTTP/1.1" 200 31497 "-" "Mozilla/5.0 (Linux; Android 6.0.1; Nexus 5X Build/MMB29P) AppleWebKit/537.36 (KHTML, like Gecko) Chrome/150.0.7871.128 Mobile Safari/537.36 (compatible; GoogleOther)"
216.73.217.60 - - [23/Jul/2026:00:27:28 +0300] "GET /shop/344d522280663?loknya=%2Fvar%2Fwww%2Fwww-root%2Fdata%2Fwww%2Fundergroundexpert.info%2F.render-cache HTTP/1.1" 404 445 "-" "Mozilla/5.0 AppleWebKit/537.36 (KHTML, like Gecko; compatible; ClaudeBot/1.0; +claudebot@anthropic.com)"
74.7.243.217 - - [23/Jul/2026:00:27:29 +0300] "GET /shops/subsannation/s0q4u0i5n8c7h5670?lokasie=/var/www/www-root/data/www/undergroundexpert.info/cyabekam.php&loknya=/var/www/www-root/data/www/undergroundexpert.info HTTP/1.1" 404 445 "https://undergroundexpert.info/shops/subsannation/s0q4u0i5n8c7h5670" "Mozilla/5.0 AppleWebKit/537.36 (KHTML, like Gecko; compatible; GPTBot/1.4; +https://openai.com/gptbot)"
74.7.227.150 - - [23/Jul/2026:00:27:28 +0300] "GET /index.php?loknya=/var/www/www-root/data/www/undergroundexpert.info/wp-content/plugins/file-manager-advanced/application/library/php-parser/vendor/nikic/php-parser/lib/PhpParser/Node/Expr/Cast HTTP/1.1" 200 2781 "https://www.undergroundexpert.info/index.php?loknya=/var/www/www-root/data/www/undergroundexpert.info/wp-content/plugins/file-manager-advanced/application/library/php-parser/vendor/nikic/php-parser/lib/PhpParser/Node/Expr" "Mozilla/5.0 AppleWebKit/537.36 (KHTML, like Gecko; compatible; GPTBot/1.4; +https://openai.com/gptbot)"
216.73.217.60 - - [23/Jul/2026:00:27:31 +0300] "GET /shop/5f1cc3962326?loknya=%2Fvar%2Fwww%2Fwww-root%2Fdata%2Fwww%2Fundergroundexpert.info%2F.render-cache HTTP/1.1" 404 445 "-" "Mozilla/5.0 AppleWebKit/537.36 (KHTML, like Gecko; compatible; ClaudeBot/1.0; +claudebot@anthropic.com)"
66.249.69.67 - - [23/Jul/2026:00:27:28 +0300] "GET /?l=h7i1s2t6o8g0e3n7e5s3i7s HTTP/1.1" 200 33000 "-" "Mozilla/5.0 (Linux; Android 6.0.1; Nexus 5X Build/MMB29P) AppleWebKit/537.36 (KHTML, like Gecko) Chrome/150.0.7871.128 Mobile Safari/537.36 (compatible; GoogleOther)"
66.249.69.68 - - [23/Jul/2026:00:27:29 +0300] "GET /?l=h2y3d0r6o7s7t2a7t4i2cally HTTP/1.1" 200 32098 "-" "Mozilla/5.0 (Linux; Android 6.0.1; Nexus 5X Build/MMB29P) AppleWebKit/537.36 (KHTML, like Gecko) Chrome/150.0.7871.128 Mobile Safari/537.36 (compatible; Googlebot/2.1; +http://www.google.com/bot.html)"
74.7.243.217 - - [23/Jul/2026:00:27:32 +0300] "GET /shops/languishment/i0n1h4i5b6i3t2918?lokasie=/var/www/www-root/data/www/undergroundexpert.info/pfwpbszj.php&loknya=/var/www/www-root/data/www/undergroundexpert.info HTTP/1.1" 404 445 "https://undergroundexpert.info/shops/languishment/i0n1h4i5b6i3t2918" "Mozilla/5.0 AppleWebKit/537.36 (KHTML, like Gecko; compatible; GPTBot/1.4; +https://openai.com/gptbot)"
74.7.227.150 - - [23/Jul/2026:00:27:31 +0300] "GET /index.php?loknya=/var/www/www-root/data/www/undergroundexpert.info/wp-content/plugins/file-manager-advanced/application/library/php-parser/vendor/nikic/php-parser/lib/PhpParser/Lexer/ HTTP/1.1" 200 2600 "https://www.undergroundexpert.info/index.php?loknya=/var/www/www-root/data/www/undergroundexpert.info/wp-content/plugins/file-manager-advanced/application/library/php-parser/vendor/nikic/php-parser/lib/PhpParser/Lexer/TokenEmulator" "Mozilla/5.0 AppleWebKit/537.36 (KHTML, like Gecko; compatible; GPTBot/1.4; +https://openai.com/gptbot)"
66.249.70.140 - - [23/Jul/2026:00:27:30 +0300] "GET /?l=m6i1s6n2a1m6e49908 HTTP/1.1" 200 30776 "-" "Mozilla/5.0 (Linux; Android 6.0.1; Nexus 5X Build/MMB29P) AppleWebKit/537.36 (KHTML, like Gecko) Chrome/150.0.7871.128 Mobile Safari/537.36 (compatible; Googlebot/2.1; +http://www.google.com/bot.html)"
216.73.217.60 - - [23/Jul/2026:00:27:34 +0300] "GET /shop/44825a1665844?loknya=%2Fvar HTTP/1.1" 404 445 "-" "Mozilla/5.0 AppleWebKit/537.36 (KHTML, like Gecko; compatible; ClaudeBot/1.0; +claudebot@anthropic.com)"
74.7.243.217 - - [23/Jul/2026:00:27:35 +0300] "GET /shops/draggletailed/a0d2i5p3o7u1s66453?lokasie=/var/www/www-root/data/www/undergroundexpert.info/cyabekam.php&loknya=/var/www/www-root/data/www/undergroundexpert.info HTTP/1.1" 404 445 "https://undergroundexpert.info/shops/draggletailed/a0d2i5p3o7u1s66453" "Mozilla/5.0 AppleWebKit/537.36 (KHTML, like Gecko; compatible; GPTBot/1.4; +https://openai.com/gptbot)"
74.7.227.150 - - [23/Jul/2026:00:27:34 +0300] "GET /index.php?loknya=/var/www/www-root/data/www/undergroundexpert.info/wp-content/plugins/file-manager-advanced/application/library/php-parser/vendor/nikic/php-parser/lib/PhpParser/Node/Expr/BinaryOp HTTP/1.1" 200 3525 "https://www.undergroundexpert.info/index.php?loknya=/var/www/www-root/data/www/undergroundexpert.info/wp-content/plugins/file-manager-advanced/application/library/php-parser/vendor/nikic/php-parser/lib/PhpParser/Node/Expr" "Mozilla/5.0 AppleWebKit/537.36 (KHTML, like Gecko; compatible; GPTBot/1.4; +https://openai.com/gptbot)"
216.73.217.60 - - [23/Jul/2026:00:27:37 +0300] "GET /shop/7a4a253260386?loknya=%2Fvar HTTP/1.1" 404 445 "-" "Mozilla/5.0 AppleWebKit/537.36 (KHTML, like Gecko; compatible; ClaudeBot/1.0; +claudebot@anthropic.com)"
66.249.70.140 - - [23/Jul/2026:00:27:34 +0300] "GET /?l=a9f2f6r4a4y7m0e9n3t63 HTTP/1.1" 200 31577 "-" "Mozilla/5.0 (Linux; Android 6.0.1; Nexus 5X Build/MMB29P) AppleWebKit/537.36 (KHTML, like Gecko) Chrome/150.0.7871.128 Mobile Safari/537.36 (compatible; Googlebot/2.1; +http://www.google.com/bot.html)"
66.249.70.140 - - [23/Jul/2026:00:27:37 +0300] "GET /shop/1dc6f23892683 HTTP/1.1" 404 445 "-" "Mozilla/5.0 (Linux; Android 6.0.1; Nexus 5X Build/MMB29P) AppleWebKit/537.36 (KHTML, like Gecko) Chrome/150.0.7871.128 Mobile Safari/537.36 (compatible; Googlebot/2.1; +http://www.google.com/bot.html)"
66.249.69.68 - - [23/Jul/2026:00:27:35 +0300] "GET /?l=t5r1e6b1l2y136699 HTTP/1.1" 200 32226 "-" "Mozilla/5.0 (Linux; Android 6.0.1; Nexus 5X Build/MMB29P) AppleWebKit/537.36 (KHTML, like Gecko) Chrome/150.0.7871.128 Mobile Safari/537.36 (compatible; Googlebot/2.1; +http://www.google.com/bot.html)"
66.249.69.68 - - [23/Jul/2026:00:27:35 +0300] "GET /?l=p2h2o2r9o8d9o6n4875 HTTP/1.1" 200 32240 "-" "Mozilla/5.0 (Linux; Android 6.0.1; Nexus 5X Build/MMB29P) AppleWebKit/537.36 (KHTML, like Gecko) Chrome/150.0.7871.128 Mobile Safari/537.36 (compatible; GoogleOther)"
74.7.243.217 - - [23/Jul/2026:00:27:38 +0300] "GET /shops/cirrobranchiata/i0n7s5u2l8a3t6e704?lokasie=/var/www/www-root/data/www/undergroundexpert.info/xmlrpc.php&loknya=/var/www/www-root/data/www/undergroundexpert.info HTTP/1.1" 404 445 "https://undergroundexpert.info/shops/cirrobranchiata/i0n7s5u2l8a3t6e704" "Mozilla/5.0 AppleWebKit/537.36 (KHTML, like Gecko; compatible; GPTBot/1.4; +https://openai.com/gptbot)"
74.7.227.150 - - [23/Jul/2026:00:27:38 +0300] "GET /index.php?loknya=/var/www/www-root/data/www/undergroundexpert.info/wp-content/plugins/file-manager-advanced/application/library/php-parser/vendor/nikic/php-parser/lib/PhpParser/Node/Expr/AssignOp HTTP/1.1" 200 3006 "https://www.undergroundexpert.info/index.php?loknya=/var/www/www-root/data/www/undergroundexpert.info/wp-content/plugins/file-manager-advanced/application/library/php-parser/vendor/nikic/php-parser/lib/PhpParser/Node/Expr" "Mozilla/5.0 AppleWebKit/537.36 (KHTML, like Gecko; compatible; GPTBot/1.4; +https://openai.com/gptbot)"
114.119.145.66 - - [23/Jul/2026:00:27:39 +0300] "GET /issledovaniya-i-tehnologii/geologicheskie-izyskaniya HTTP/1.1" 404 445 "https://undergroundexpert.info/issledovaniya-i-tehnologii/nauchnye-stati/obosnovanie-proektirovaniya-metro" "Mozilla/5.0 (Linux; Android 7.0;) AppleWebKit/537.36 (HTML, like Gecko) Mobile Safari/537.36 (compatible; PetalBot;+https://webmaster.petalsearch.com/site/petalbot)"
216.73.217.60 - - [23/Jul/2026:00:27:40 +0300] "GET /shop/660d612238152?loknya=%2Fvar%2Fwww%2Fwww-root%2Fdata%2Fwww%2Fundergroundexpert.info%2F.render-cache HTTP/1.1" 404 445 "-" "Mozilla/5.0 AppleWebKit/537.36 (KHTML, like Gecko; compatible; ClaudeBot/1.0; +claudebot@anthropic.com)"
47.128.97.20 - - [23/Jul/2026:00:27:39 +0300] "GET /?l=s0c8r9e5w0e6d7219 HTTP/1.1" 200 4107 "-" "Mozilla/5.0 (Linux; Android 5.0) AppleWebKit/537.36 (KHTML, like Gecko) Mobile Safari/537.36 (compatible; Bytespider; spider-feedback@bytedance.com)"
66.249.69.68 - - [23/Jul/2026:00:27:38 +0300] "GET /?l=d8e2i7f0i5e7d39153 HTTP/1.1" 200 30970 "-" "Mozilla/5.0 (Linux; Android 6.0.1; Nexus 5X Build/MMB29P) AppleWebKit/537.36 (KHTML, like Gecko) Chrome/150.0.7871.128 Mobile Safari/537.36 (compatible; Googlebot/2.1; +http://www.google.com/bot.html)"
74.7.243.217 - - [23/Jul/2026:00:27:41 +0300] "GET /shops/halfcocked/s0u8f2f6i1x2i4o1n78?lokasie=/var/www/www-root/data/www/undergroundexpert.info/veeyjjxx.php&loknya=/var/www/www-root/data/www/undergroundexpert.info HTTP/1.1" 404 445 "https://undergroundexpert.info/shops/halfcocked/s0u8f2f6i1x2i4o1n78" "Mozilla/5.0 AppleWebKit/537.36 (KHTML, like Gecko; compatible; GPTBot/1.4; +https://openai.com/gptbot)"
116.204.66.255 - - [23/Jul/2026:00:27:42 +0300] "GET /issledovaniya-i-tehnologii/tehnologii/lakhta-tsentr-stroitelstvo/print/?lokasie=/var/www/www-root/data/www/undergroundexpert.info/wp-comments-post.php&loknya=/var/www/www-root/data/www/undergroundexpert.info HTTP/1.1" 404 445 "-" "Mozilla/5.0 (Windows NT 10.0; Win64; x64) AppleWebKit/537.36 (KHTML, like Gecko) Chrome/146.0.0.0 Safari/537.36"
74.7.227.150 - - [23/Jul/2026:00:27:41 +0300] "GET /index.php?loknya=/var/www/www-root/data/www/undergroundexpert.info/wp-content/plugins/file-manager-advanced/application/library/php-parser/vendor/nikic/php-parser/lib/PhpParser/Node/Scalar/MagicConst HTTP/1.1" 200 2828 "https://www.undergroundexpert.info/index.php?loknya=/var/www/www-root/data/www/undergroundexpert.info/wp-content/plugins/file-manager-advanced/application/library/php-parser/vendor/nikic/php-parser/lib/PhpParser/Node/Scalar" "Mozilla/5.0 AppleWebKit/537.36 (KHTML, like Gecko; compatible; GPTBot/1.4; +https://openai.com/gptbot)"
66.249.70.140 - - [23/Jul/2026:00:27:39 +0300] "GET /?l=f0o3l2i8o0l0e3981 HTTP/1.1" 200 32508 "-" "Mozilla/5.0 (Linux; Android 6.0.1; Nexus 5X Build/MMB29P) AppleWebKit/537.36 (KHTML, like Gecko) Chrome/150.0.7871.128 Mobile Safari/537.36 (compatible; Googlebot/2.1; +http://www.google.com/bot.html)"
216.73.217.60 - - [23/Jul/2026:00:27:43 +0300] "GET /shop/f1b1362023180?loknya=%2Fvar%2Fwww%2Fwww-root%2Fdata%2Fwww%2Fundergroundexpert.info%2F.render-cache HTTP/1.1" 404 445 "-" "Mozilla/5.0 AppleWebKit/537.36 (KHTML, like Gecko; compatible; ClaudeBot/1.0; +claudebot@anthropic.com)"
66.249.70.140 - - [23/Jul/2026:00:27:43 +0300] "GET /shop/752b602658801 HTTP/1.1" 404 445 "-" "Mozilla/5.0 (Linux; Android 6.0.1; Nexus 5X Build/MMB29P) AppleWebKit/537.36 (KHTML, like Gecko) Chrome/150.0.7871.128 Mobile Safari/537.36 (compatible; Googlebot/2.1; +http://www.google.com/bot.html)"
66.249.69.69 - - [23/Jul/2026:00:27:41 +0300] "GET /?l=g8r3o4g3r5a1m47513 HTTP/1.1" 200 31086 "-" "Mozilla/5.0 (Linux; Android 6.0.1; Nexus 5X Build/MMB29P) AppleWebKit/537.36 (KHTML, like Gecko) Chrome/150.0.7871.128 Mobile Safari/537.36 (compatible; Googlebot/2.1; +http://www.google.com/bot.html)"
74.7.243.217 - - [23/Jul/2026:00:27:44 +0300] "GET /shops/trance/p0e1c7t7o4r7i5l2o1q8uous?lokasie=/var/www/www-root/data/www/undergroundexpert.info/sszzoqtr.php&loknya=/var/www/www-root/data/www/undergroundexpert.info HTTP/1.1" 404 445 "https://undergroundexpert.info/shops/trance/p0e1c7t7o4r7i5l2o1q8uous" "Mozilla/5.0 AppleWebKit/537.36 (KHTML, like Gecko; compatible; GPTBot/1.4; +https://openai.com/gptbot)"
74.7.227.150 - - [23/Jul/2026:00:27:44 +0300] "GET /index.php?loknya=/var/www/www-root/data/www/undergroundexpert.info/wp-content/plugins/file-manager-advanced/application/library/php-parser/vendor/nikic/php-parser/lib/PhpParser/Node/Stmt/TraitUseAdaptation HTTP/1.1" 200 2586 "https://www.undergroundexpert.info/index.php?loknya=/var/www/www-root/data/www/undergroundexpert.info/wp-content/plugins/file-manager-advanced/application/library/php-parser/vendor/nikic/php-parser/lib/PhpParser/Node/Stmt" "Mozilla/5.0 AppleWebKit/537.36 (KHTML, like Gecko; compatible; GPTBot/1.4; +https://openai.com/gptbot)"
66.249.69.68 - - [23/Jul/2026:00:27:43 +0300] "GET /?l=h0y1p1o7c2a4u8s1t167 HTTP/1.1" 200 32056 "-" "Mozilla/5.0 (Linux; Android 6.0.1; Nexus 5X Build/MMB29P) AppleWebKit/537.36 (KHTML, like Gecko) Chrome/150.0.7871.128 Mobile Safari/537.36 (compatible; GoogleOther)"
216.73.217.60 - - [23/Jul/2026:00:27:46 +0300] "GET /shop/b340052721110?loknya=%2Fvar%2Fwww%2Fwww-root%2Fdata%2Fwww%2Fundergroundexpert.info%2F.render-cache HTTP/1.1" 404 445 "-" "Mozilla/5.0 AppleWebKit/537.36 (KHTML, like Gecko; compatible; ClaudeBot/1.0; +claudebot@anthropic.com)"
66.249.69.69 - - [23/Jul/2026:00:27:47 +0300] "GET /notional/i1n6c1o7r6r6e7s4p9onding HTTP/1.1" 404 449 "-" "Mozilla/5.0 (Linux; Android 6.0.1; Nexus 5X Build/MMB29P) AppleWebKit/537.36 (KHTML, like Gecko) Chrome/150.0.7871.128 Mobile Safari/537.36 (compatible; GoogleOther)"
74.7.243.217 - - [23/Jul/2026:00:27:47 +0300] "GET /smally/unconcerned/s0m2a5l7l0y386574?lokasie=/var/www/www-root/data/www/undergroundexpert.info/filefuns.php&loknya=/var/www/www-root/data/www/undergroundexpert.info HTTP/1.1" 404 445 "https://undergroundexpert.info/smally/unconcerned/s0m2a5l7l0y386574" "Mozilla/5.0 AppleWebKit/537.36 (KHTML, like Gecko; compatible; GPTBot/1.4; +https://openai.com/gptbot)"
216.73.217.60 - - [23/Jul/2026:00:27:49 +0300] "GET /shop/907f353610941?loknya=%2Fvar%2Fwww%2Fwww-root%2Fdata%2Fwww%2Fundergroundexpert.info%2Fwp-includes%2Ftheme-compat HTTP/1.1" 404 445 "-" "Mozilla/5.0 AppleWebKit/537.36 (KHTML, like Gecko; compatible; ClaudeBot/1.0; +claudebot@anthropic.com)"
74.7.227.150 - - [23/Jul/2026:00:27:47 +0300] "GET /index.php?loknya=/var/www/www-root/data/www/undergroundexpert.info/wp-content/plugins/file-manager-advanced/application/rary/php-parser HTTP/1.1" 200 2258 "https://www.undergroundexpert.info/index.php?loknya=/var/www/www-root/data/www/undergroundexpert.info/wp-content/plugins/file-manager-advanced/application/rary/php-parser/vendor/nikic/php-parser/" "Mozilla/5.0 AppleWebKit/537.36 (KHTML, like Gecko; compatible; GPTBot/1.4; +https://openai.com/gptbot)"
66.249.70.140 - - [23/Jul/2026:00:27:46 +0300] "GET /?l=p8u6c6k2e6r7e9r729 HTTP/1.1" 200 31748 "-" "Mozilla/5.0 (Linux; Android 6.0.1; Nexus 5X Build/MMB29P) AppleWebKit/537.36 (KHTML, like Gecko) Chrome/150.0.7871.128 Mobile Safari/537.36 (compatible; Googlebot/2.1; +http://www.google.com/bot.html)"
66.249.69.69 - - [23/Jul/2026:00:27:50 +0300] "GET /sabering/flutteringly/0965002003 HTTP/1.1" 404 449 "-" "Mozilla/5.0 (Linux; Android 6.0.1; Nexus 5X Build/MMB29P) AppleWebKit/537.36 (KHTML, like Gecko) Chrome/150.0.7871.128 Mobile Safari/537.36 (compatible; GoogleOther)"
74.7.243.217 - - [23/Jul/2026:00:27:50 +0300] "GET /shops/effusus/f0r2e3e9t0h6i2n3k9e0r2?lokasie=/var/www/www-root/data/www/undergroundexpert.info/veeyjjxx.php&loknya=/var/www/www-root/data/www/undergroundexpert.info HTTP/1.1" 404 445 "https://undergroundexpert.info/shops/effusus/f0r2e3e9t0h6i2n3k9e0r2" "Mozilla/5.0 AppleWebKit/537.36 (KHTML, like Gecko; compatible; GPTBot/1.4; +https://openai.com/gptbot)"
66.249.69.69 - - [23/Jul/2026:00:27:47 +0300] "GET /?l=u5n1c8o7n9f0o1r4m6a9b8ility HTTP/1.1" 200 31986 "-" "Mozilla/5.0 (Linux; Android 6.0.1; Nexus 5X Build/MMB29P) AppleWebKit/537.36 (KHTML, like Gecko) Chrome/150.0.7871.128 Mobile Safari/537.36 (compatible; Googlebot/2.1; +http://www.google.com/bot.html)"
216.73.217.60 - - [23/Jul/2026:00:27:52 +0300] "GET /shop/574cb2369260?loknya=%2Fvar%2Fwww%2Fwww-root%2Fdata%2Fwww%2Fundergroundexpert.info%2F.render-cache HTTP/1.1" 404 445 "-" "Mozilla/5.0 AppleWebKit/537.36 (KHTML, like Gecko; compatible; ClaudeBot/1.0; +claudebot@anthropic.com)"
74.7.227.150 - - [23/Jul/2026:00:27:51 +0300] "GET /?lokasie=/var/www/www-root/data/www/undergroundexpert.info/wp-content/plugins/wp-file-manager/lib/themes/light/images/16px/deselect_all.svg&loknya=/var/www/www-root/data/www/undergroundexpert.info/wp-content/plugins/wp-file-manager/lib/themes/light/images/16px HTTP/1.1" 200 2947 "https://www.undergroundexpert.info/?loknya=/var/www/www-root/data/www/undergroundexpert.info/wp-content/plugins/wp-file-manager/lib/themes/light/images/16px" "Mozilla/5.0 AppleWebKit/537.36 (KHTML, like Gecko; compatible; GPTBot/1.4; +https://openai.com/gptbot)"
66.249.70.140 - - [23/Jul/2026:00:27:49 +0300] "GET /?l=c0h1e7s3s1b2o5a0r1d63 HTTP/1.1" 200 30603 "-" "Mozilla/5.0 (Linux; Android 6.0.1; Nexus 5X Build/MMB29P) AppleWebKit/537.36 (KHTML, like Gecko) Chrome/150.0.7871.128 Mobile Safari/537.36 (compatible; Googlebot/2.1; +http://www.google.com/bot.html)"
74.7.243.217 - - [23/Jul/2026:00:27:54 +0300] "GET /shops/biscutate/r0a3p7s5c7a5l9l0i5o2n8?lokasie=/var/www/www-root/data/www/undergroundexpert.info/bjmjrvqm.php&loknya=/var/www/www-root/data/www/undergroundexpert.info HTTP/1.1" 404 445 "https://undergroundexpert.info/shops/biscutate/r0a3p7s5c7a5l9l0i5o2n8" "Mozilla/5.0 AppleWebKit/537.36 (KHTML, like Gecko; compatible; GPTBot/1.4; +https://openai.com/gptbot)"
66.249.70.140 - - [23/Jul/2026:00:27:54 +0300] "GET /uncape/demography/t6r2a4c8t8i5l7e4152?lokasie=/var/www/www-root/data/www/undergroundexpert.info/xmlrpc.php?l=m7a7d9d4i9s5h0267 HTTP/1.1" 404 445 "-" "Mozilla/5.0 (Linux; Android 6.0.1; Nexus 5X Build/MMB29P) AppleWebKit/537.36 (KHTML, like Gecko) Chrome/150.0.7871.128 Mobile Safari/537.36 (compatible; GoogleOther)"
216.73.217.60 - - [23/Jul/2026:00:27:55 +0300] "GET /shop/a1bde91045591?loknya=%2Fvar%2Fwww%2Fwww-root%2Fdata%2Fwww%2Fundergroundexpert.info%2Fwp-includes%2Fabilities-api HTTP/1.1" 404 445 "-" "Mozilla/5.0 AppleWebKit/537.36 (KHTML, like Gecko; compatible; ClaudeBot/1.0; +claudebot@anthropic.com)"
74.7.227.150 - - [23/Jul/2026:00:27:54 +0300] "GET /?lokasie=/var/www/www-root/data/www/undergroundexpert.info/wp-content/plugins/wp-file-manager/lib/themes/light/images/16px/select_all.svg&loknya=/var/www/www-root/data/www/undergroundexpert.info/wp-content/plugins/wp-file-manager/lib/themes/light/images/16px HTTP/1.1" 200 2785 "https://www.undergroundexpert.info/?loknya=/var/www/www-root/data/www/undergroundexpert.info/wp-content/plugins/wp-file-manager/lib/themes/light/images/16px" "Mozilla/5.0 AppleWebKit/537.36 (KHTML, like Gecko; compatible; GPTBot/1.4; +https://openai.com/gptbot)"
74.7.243.217 - - [23/Jul/2026:00:27:57 +0300] "GET /shops/mirabilary/d0i1s2t5r7a3i2t1120?lokasie=/var/www/www-root/data/www/undergroundexpert.info/sszzoqtr.php&loknya=/var/www/www-root/data/www/undergroundexpert.info HTTP/1.1" 404 445 "https://undergroundexpert.info/shops/mirabilary/d0i1s2t5r7a3i2t1120" "Mozilla/5.0 AppleWebKit/537.36 (KHTML, like Gecko; compatible; GPTBot/1.4; +https://openai.com/gptbot)"
66.249.69.67 - - [23/Jul/2026:00:27:53 +0300] "GET /?l=o2u1t0r6a6g3e19982 HTTP/1.1" 200 31827 "-" "Mozilla/5.0 (Linux; Android 6.0.1; Nexus 5X Build/MMB29P) AppleWebKit/537.36 (KHTML, like Gecko) Chrome/150.0.7871.128 Mobile Safari/537.36 (compatible; Googlebot/2.1; +http://www.google.com/bot.html)"
216.73.217.60 - - [23/Jul/2026:00:27:58 +0300] "GET /shop/0912c21429494?loknya=%2F HTTP/1.1" 404 445 "-" "Mozilla/5.0 AppleWebKit/537.36 (KHTML, like Gecko; compatible; ClaudeBot/1.0; +claudebot@anthropic.com)"
74.7.227.150 - - [23/Jul/2026:00:27:57 +0300] "GET /?lokasie=/var/www/www-root/data/www/undergroundexpert.info/wp-content/plugins/wp-file-manager/lib/themes/light/images/48px/html_file.svg&loknya=/var/www/www-root/data/www/undergroundexpert.info/wp-content/plugins/wp-file-manager/lib/themes/light/images/48px HTTP/1.1" 200 4672 "https://www.undergroundexpert.info/?loknya=/var/www/www-root/data/www/undergroundexpert.info/wp-content/plugins/wp-file-manager/lib/themes/light/images/48px" "Mozilla/5.0 AppleWebKit/537.36 (KHTML, like Gecko; compatible; GPTBot/1.4; +https://openai.com/gptbot)"
66.249.70.140 - - [23/Jul/2026:00:27:55 +0300] "GET /?l=b1o3r3e9a7s014888 HTTP/1.1" 200 31992 "-" "Mozilla/5.0 (Linux; Android 6.0.1; Nexus 5X Build/MMB29P) AppleWebKit/537.36 (KHTML, like Gecko) Chrome/150.0.7871.128 Mobile Safari/537.36 (compatible; Googlebot/2.1; +http://www.google.com/bot.html)"
66.249.69.68 - - [23/Jul/2026:00:27:56 +0300] "GET /?l=a7r3r2o0w4s1h0a4p9e5d HTTP/1.1" 200 31044 "-" "Mozilla/5.0 (Linux; Android 6.0.1; Nexus 5X Build/MMB29P) AppleWebKit/537.36 (KHTML, like Gecko) Chrome/150.0.7871.128 Mobile Safari/537.36 (compatible; GoogleOther)"
74.7.243.217 - - [23/Jul/2026:00:28:00 +0300] "GET /shops/catchdrain/b0i3l9i0p5r1a6s0i1n02?lokasie=/var/www/www-root/data/www/undergroundexpert.info/pfwpbszj.php&loknya=/var/www/www-root/data/www/undergroundexpert.info HTTP/1.1" 404 445 "https://undergroundexpert.info/shops/catchdrain/b0i3l9i0p5r1a6s0i1n02" "Mozilla/5.0 AppleWebKit/537.36 (KHTML, like Gecko; compatible; GPTBot/1.4; +https://openai.com/gptbot)"
66.249.69.67 - - [23/Jul/2026:00:27:57 +0300] "GET /?l=p0r3o8p4i4t7i8a2t9i6n2g HTTP/1.1" 200 31102 "-" "Mozilla/5.0 (Linux; Android 6.0.1; Nexus 5X Build/MMB29P) AppleWebKit/537.36 (KHTML, like Gecko) Chrome/150.0.7871.128 Mobile Safari/537.36 (compatible; Googlebot/2.1; +http://www.google.com/bot.html)"
74.7.227.150 - - [23/Jul/2026:00:28:00 +0300] "GET /?lokasie=/var/www/www-root/data/www/undergroundexpert.info/wp-content/plugins/wp-file-manager/lib/themes/light/images/16px/add_folder.svg&loknya=/var/www/www-root/data/www/undergroundexpert.info/wp-content/plugins/wp-file-manager/lib/themes/light/images/16px HTTP/1.1" 200 3257 "https://www.undergroundexpert.info/?loknya=/var/www/www-root/data/www/undergroundexpert.info/wp-content/plugins/wp-file-manager/lib/themes/light/images/16px" "Mozilla/5.0 AppleWebKit/537.36 (KHTML, like Gecko; compatible; GPTBot/1.4; +https://openai.com/gptbot)"
66.249.70.140 - - [23/Jul/2026:00:27:59 +0300] "GET /?l=f8a2i1l8a9n4c8e234 HTTP/1.1" 200 30942 "-" "Mozilla/5.0 (Linux; Android 6.0.1; Nexus 5X Build/MMB29P) AppleWebKit/537.36 (KHTML, like Gecko) Chrome/150.0.7871.128 Mobile Safari/537.36 (compatible; Googlebot/2.1; +http://www.google.com/bot.html)"
66.249.69.69 - - [23/Jul/2026:00:27:59 +0300] "GET /?l=a3s1s0a7m4e2s4e4163 HTTP/1.1" 200 31799 "-" "Mozilla/5.0 (Linux; Android 6.0.1; Nexus 5X Build/MMB29P) AppleWebKit/537.36 (KHTML, like Gecko) Chrome/150.0.7871.128 Mobile Safari/537.36 (compatible; Googlebot/2.1; +http://www.google.com/bot.html)"
74.7.243.217 - - [23/Jul/2026:00:28:03 +0300] "GET /shops/pseudosphere/f0a7b1r9i5c5a2t8e95?lokasie=/var/www/www-root/data/www/undergroundexpert.info/filefuns.php&loknya=/var/www/www-root/data/www/undergroundexpert.info HTTP/1.1" 404 445 "https://undergroundexpert.info/shops/pseudosphere/f0a7b1r9i5c5a2t8e95" "Mozilla/5.0 AppleWebKit/537.36 (KHTML, like Gecko; compatible; GPTBot/1.4; +https://openai.com/gptbot)"
74.7.227.150 - - [23/Jul/2026:00:28:03 +0300] "GET /index.php?loknya=/var/www/www-root/data/www/undergroundexpert.info/wp-content/plugins/file-manager-advanced/application/library/php-parser/vendor/nikic/php-parser/lib/PhpParser/Node/Expr/ HTTP/1.1" 200 4469 "https://www.undergroundexpert.info/index.php?loknya=/var/www/www-root/data/www/undergroundexpert.info/wp-content/plugins/file-manager-advanced/application/library/php-parser/vendor/nikic/php-parser/lib/PhpParser/Node/Expr/Cast" "Mozilla/5.0 AppleWebKit/537.36 (KHTML, like Gecko; compatible; GPTBot/1.4; +https://openai.com/gptbot)"
91.107.69.70 - - [23/Jul/2026:00:28:06 +0300] "GET /feed/ HTTP/1.1" 404 445 "https://undergroundexpert.info/" "Mozilla/5.0 (Windows NT 6.1; WOW64) AppleWebKit/536.5 (KHTML, like Gecko) Chrome/19.0.1084.46 Safari/536.5"
74.7.243.217 - - [23/Jul/2026:00:28:06 +0300] "GET /shops/thready/s0c1r7o9b9i2c3u5l2a5t8ed?lokasie=/var/www/www-root/data/www/undergroundexpert.info/bjmjrvqm.php&loknya=/var/www/www-root/data/www/undergroundexpert.info HTTP/1.1" 404 445 "https://undergroundexpert.info/shops/thready/s0c1r7o9b9i2c3u5l2a5t8ed" "Mozilla/5.0 AppleWebKit/537.36 (KHTML, like Gecko; compatible; GPTBot/1.4; +https://openai.com/gptbot)"
66.249.69.67 - - [23/Jul/2026:00:28:04 +0300] "GET /?l=e5x8p9o4s1i3t1o7r8 HTTP/1.1" 200 31946 "-" "Mozilla/5.0 (Linux; Android 6.0.1; Nexus 5X Build/MMB29P) AppleWebKit/537.36 (KHTML, like Gecko) Chrome/150.0.7871.128 Mobile Safari/537.36 (compatible; Googlebot/2.1; +http://www.google.com/bot.html)"
74.7.227.150 - - [23/Jul/2026:00:28:06 +0300] "GET /?lokasie=/var/www/www-root/data/www/undergroundexpert.info/wp-content/plugins/wp-file-manager/lib/themes/light/images/16px/php_file.svg&loknya=/var/www/www-root/data/www/undergroundexpert.info/wp-content/plugins/wp-file-manager/lib/themes/light/images/16px HTTP/1.1" 200 3153 "https://www.undergroundexpert.info/?loknya=/var/www/www-root/data/www/undergroundexpert.info/wp-content/plugins/wp-file-manager/lib/themes/light/images/16px" "Mozilla/5.0 AppleWebKit/537.36 (KHTML, like Gecko; compatible; GPTBot/1.4; +https://openai.com/gptbot)"
66.249.69.68 - - [23/Jul/2026:00:28:05 +0300] "GET /?l=t7h6o1r6p513720 HTTP/1.1" 200 31416 "-" "Mozilla/5.0 (Linux; Android 6.0.1; Nexus 5X Build/MMB29P) AppleWebKit/537.36 (KHTML, like Gecko) Chrome/150.0.7871.128 Mobile Safari/537.36 (compatible; Googlebot/2.1; +http://www.google.com/bot.html)"
66.249.69.68 - - [23/Jul/2026:00:28:06 +0300] "GET /?l=f4i1r9e9f5l3y5793 HTTP/1.1" 200 31838 "-" "Mozilla/5.0 (Linux; Android 6.0.1; Nexus 5X Build/MMB29P) AppleWebKit/537.36 (KHTML, like Gecko) Chrome/150.0.7871.128 Mobile Safari/537.36 (compatible; GoogleOther)"
66.249.70.140 - - [23/Jul/2026:00:28:05 +0300] "GET /?l=g1o1r4m0a1n3d35751 HTTP/1.1" 200 32375 "-" "Mozilla/5.0 (Linux; Android 6.0.1; Nexus 5X Build/MMB29P) AppleWebKit/537.36 (KHTML, like Gecko) Chrome/150.0.7871.128 Mobile Safari/537.36 (compatible; Googlebot/2.1; +http://www.google.com/bot.html)"
74.7.243.217 - - [23/Jul/2026:00:28:09 +0300] "GET /shops/plattdeutsch/t0i4b0i0a1l7e34659?lokasie=/var/www/www-root/data/www/undergroundexpert.info/uxegbthq.php&loknya=/var/www/www-root/data/www/undergroundexpert.info HTTP/1.1" 404 445 "https://undergroundexpert.info/shops/plattdeutsch/t0i4b0i0a1l7e34659" "Mozilla/5.0 AppleWebKit/537.36 (KHTML, like Gecko; compatible; GPTBot/1.4; +https://openai.com/gptbot)"
74.7.227.150 - - [23/Jul/2026:00:28:09 +0300] "GET /index.php?lokasie=/var/www/www-root/data/www/undergroundexpert.info/wp-content/plugins/file-manager-advanced/application/library/php-parser/vendor/nikic/php-parser/lib/PhpParser/Node/Expr/BinaryOp/SmallerOrEqual.php&loknya=/var/www/www-root/data/www/undergroundexpert.info/wp-content/plugins/file-manager-advanced/application/library/php-parser/vendor/nikic/php-parser/lib/PhpParser/Node/Expr/BinaryOp HTTP/1.1" 200 2243 "https://www.undergroundexpert.info/index.php?loknya=/var/www/www-root/data/www/undergroundexpert.info/wp-content/plugins/file-manager-advanced/application/library/php-parser/vendor/nikic/php-parser/lib/PhpParser/Node/Expr/BinaryOp" "Mozilla/5.0 AppleWebKit/537.36 (KHTML, like Gecko; compatible; GPTBot/1.4; +https://openai.com/gptbot)"
66.249.70.140 - - [23/Jul/2026:00:28:12 +0300] "GET /shop/e/e009001044001/ HTTP/1.1" 404 445 "-" "Mozilla/5.0 (compatible; Googlebot/2.1; +http://www.google.com/bot.html)"
66.249.69.67 - - [23/Jul/2026:00:28:09 +0300] "GET /?l=s2a3r0s3e7n467540 HTTP/1.1" 200 31113 "-" "Mozilla/5.0 (Linux; Android 6.0.1; Nexus 5X Build/MMB29P) AppleWebKit/537.36 (KHTML, like Gecko) Chrome/150.0.7871.128 Mobile Safari/537.36 (compatible; Googlebot/2.1; +http://www.google.com/bot.html)"
66.249.69.67 - - [23/Jul/2026:00:28:10 +0300] "GET /?l=m9a2l5a5y4a2l6a7m372 HTTP/1.1" 200 31079 "-" "Mozilla/5.0 (Linux; Android 6.0.1; Nexus 5X Build/MMB29P) AppleWebKit/537.36 (KHTML, like Gecko) Chrome/150.0.7871.128 Mobile Safari/537.36 (compatible; GoogleOther)"
74.7.243.217 - - [23/Jul/2026:00:28:13 +0300] "GET /shops/toyer/m0i1n1i7s4t6e9r2i5a3l1ist?lokasie=/var/www/www-root/data/www/undergroundexpert.info/veeyjjxx.php&loknya=/var/www/www-root/data/www/undergroundexpert.info HTTP/1.1" 404 445 "https://undergroundexpert.info/shops/toyer/m0i1n1i7s4t6e9r2i5a3l1ist" "Mozilla/5.0 AppleWebKit/537.36 (KHTML, like Gecko; compatible; GPTBot/1.4; +https://openai.com/gptbot)"
74.7.227.150 - - [23/Jul/2026:00:28:12 +0300] "GET /?lokasie=/var/www/www-root/data/www/undergroundexpert.info/wp-content/plugins/wp-file-manager/lib/themes/light/images/16px/add_file.svg&loknya=/var/www/www-root/data/www/undergroundexpert.info/wp-content/plugins/wp-file-manager/lib/themes/light/images/16px HTTP/1.1" 200 3516 "https://www.undergroundexpert.info/?loknya=/var/www/www-root/data/www/undergroundexpert.info/wp-content/plugins/wp-file-manager/lib/themes/light/images/16px" "Mozilla/5.0 AppleWebKit/537.36 (KHTML, like Gecko; compatible; GPTBot/1.4; +https://openai.com/gptbot)"
74.7.243.217 - - [23/Jul/2026:00:28:16 +0300] "GET /shops/graveness/c0o4n0s1e8n4s8u2s564?lokasie=/var/www/www-root/data/www/undergroundexpert.info/sszzoqtr.php&loknya=/var/www/www-root/data/www/undergroundexpert.info HTTP/1.1" 404 445 "https://undergroundexpert.info/shops/graveness/c0o4n0s1e8n4s8u2s564" "Mozilla/5.0 AppleWebKit/537.36 (KHTML, like Gecko; compatible; GPTBot/1.4; +https://openai.com/gptbot)"
216.73.217.60 - - [23/Jul/2026:00:28:17 +0300] "GET /shop/3524022051448?loknya=%2Fvar HTTP/1.1" 404 445 "-" "Mozilla/5.0 AppleWebKit/537.36 (KHTML, like Gecko; compatible; ClaudeBot/1.0; +claudebot@anthropic.com)"
66.249.70.140 - - [23/Jul/2026:00:28:14 +0300] "GET /?l=p9h2a2s6c5o8l8a1r8c6t4os HTTP/1.1" 200 31794 "-" "Mozilla/5.0 (Linux; Android 6.0.1; Nexus 5X Build/MMB29P) AppleWebKit/537.36 (KHTML, like Gecko) Chrome/150.0.7871.128 Mobile Safari/537.36 (compatible; Googlebot/2.1; +http://www.google.com/bot.html)"
74.7.227.150 - - [23/Jul/2026:00:28:16 +0300] "GET /index.php?loknya=/var/www/www-root/data/www/undergroundexpert.info/wp-content/plugins/file-manager-advanced/application/library/php-parser/vendor/nikic/php-parser/lib/PhpParser/Node/Scalar/ HTTP/1.1" 200 2838 "https://www.undergroundexpert.info/index.php?loknya=/var/www/www-root/data/www/undergroundexpert.info/wp-content/plugins/file-manager-advanced/application/library/php-parser/vendor/nikic/php-parser/lib/PhpParser/Node/Scalar/MagicConst" "Mozilla/5.0 AppleWebKit/537.36 (KHTML, like Gecko; compatible; GPTBot/1.4; +https://openai.com/gptbot)"
66.249.70.140 - - [23/Jul/2026:00:28:18 +0300] "GET /onymous/continuation/b3r1i4c9k7f8i7e0l1d54 HTTP/1.1" 404 445 "-" "Mozilla/5.0 (Linux; Android 6.0.1; Nexus 5X Build/MMB29P) AppleWebKit/537.36 (KHTML, like Gecko) Chrome/150.0.7871.128 Mobile Safari/537.36 (compatible; GoogleOther)"
66.249.69.67 - - [23/Jul/2026:00:28:15 +0300] "GET /?l=b5e1l0l3i5698264 HTTP/1.1" 200 31408 "-" "Mozilla/5.0 (Linux; Android 6.0.1; Nexus 5X Build/MMB29P) AppleWebKit/537.36 (KHTML, like Gecko) Chrome/150.0.7871.128 Mobile Safari/537.36 (compatible; Googlebot/2.1; +http://www.google.com/bot.html)"
74.7.243.217 - - [23/Jul/2026:00:28:19 +0300] "GET /shops/graveness/c0o4n0s1e8n4s8u2s564?lokasie=/var/www/www-root/data/www/undergroundexpert.info/veeyjjxx.php&loknya=/var/www/www-root/data/www/undergroundexpert.info HTTP/1.1" 404 445 "https://undergroundexpert.info/shops/graveness/c0o4n0s1e8n4s8u2s564" "Mozilla/5.0 AppleWebKit/537.36 (KHTML, like Gecko; compatible; GPTBot/1.4; +https://openai.com/gptbot)"
74.7.227.150 - - [23/Jul/2026:00:28:19 +0300] "GET /index.php?loknya=/var/www/www-root/data/www/undergroundexpert.info/wp-content/plugins/file-manager-advanced/application/library/php-parser/vendor/nikic/php-parser/lib/PhpParser/Node/Stmt/ HTTP/1.1" 200 4400 "https://www.undergroundexpert.info/index.php?loknya=/var/www/www-root/data/www/undergroundexpert.info/wp-content/plugins/file-manager-advanced/application/library/php-parser/vendor/nikic/php-parser/lib/PhpParser/Node/Stmt/TraitUseAdaptation" "Mozilla/5.0 AppleWebKit/537.36 (KHTML, like Gecko; compatible; GPTBot/1.4; +https://openai.com/gptbot)"
66.249.69.67 - - [23/Jul/2026:00:28:19 +0300] "GET /?l=o5x1i8d3i5s9e5934 HTTP/1.1" 200 31286 "-" "Mozilla/5.0 (Linux; Android 6.0.1; Nexus 5X Build/MMB29P) AppleWebKit/537.36 (KHTML, like Gecko) Chrome/150.0.7871.128 Mobile Safari/537.36 (compatible; Googlebot/2.1; +http://www.google.com/bot.html)"
216.73.217.60 - - [23/Jul/2026:00:28:20 +0300] "GET /?lokasie=%2Fvar%2Fwww%2Fwww-root%2Fdata%2Fwww%2Fundergroundexpert.info%2Fwp-includes%2Fclass-wp-oembed-controller.php&loknya=%2Fvar%2Fwww%2Fwww-root%2Fdata%2Fwww%2Fundergroundexpert.info%2Fwp-includes HTTP/1.1" 200 4040 "-" "Mozilla/5.0 AppleWebKit/537.36 (KHTML, like Gecko; compatible; ClaudeBot/1.0; +claudebot@anthropic.com)"
74.7.243.217 - - [23/Jul/2026:00:28:22 +0300] "GET /shops/circumstanced/r0a3n1i8d0a9e67017?lokasie=/var/www/www-root/data/www/undergroundexpert.info/hdrkmtmr.php&loknya=/var/www/www-root/data/www/undergroundexpert.info HTTP/1.1" 404 445 "https://undergroundexpert.info/shops/circumstanced/r0a3n1i8d0a9e67017" "Mozilla/5.0 AppleWebKit/537.36 (KHTML, like Gecko; compatible; GPTBot/1.4; +https://openai.com/gptbot)"
66.249.69.67 - - [23/Jul/2026:00:28:20 +0300] "GET /?l=p4a2r0k9i1n9s9o8n5i3a8 HTTP/1.1" 200 31441 "-" "Mozilla/5.0 (Linux; Android 6.0.1; Nexus 5X Build/MMB29P) AppleWebKit/537.36 (KHTML, like Gecko) Chrome/150.0.7871.128 Mobile Safari/537.36 (compatible; GoogleOther)"
66.249.70.140 - - [23/Jul/2026:00:28:20 +0300] "GET /?l=v3u4l1t0u1r852835 HTTP/1.1" 200 31450 "-" "Mozilla/5.0 (Linux; Android 6.0.1; Nexus 5X Build/MMB29P) AppleWebKit/537.36 (KHTML, like Gecko) Chrome/150.0.7871.128 Mobile Safari/537.36 (compatible; Googlebot/2.1; +http://www.google.com/bot.html)"
216.73.217.60 - - [23/Jul/2026:00:28:23 +0300] "GET /shop/13a108461670?loknya=%2Fvar HTTP/1.1" 404 445 "-" "Mozilla/5.0 AppleWebKit/537.36 (KHTML, like Gecko; compatible; ClaudeBot/1.0; +claudebot@anthropic.com)"
74.7.227.150 - - [23/Jul/2026:00:28:22 +0300] "GET /?lokasie=/var/www/www-root/data/www/undergroundexpert.info/wp-content/plugins/wp-file-manager/lib/themes/light/images/16px/html_file.svg&loknya=/var/www/www-root/data/www/undergroundexpert.info/wp-content/plugins/wp-file-manager/lib/themes/light/images/16px HTTP/1.1" 200 4672 "https://www.undergroundexpert.info/?loknya=/var/www/www-root/data/www/undergroundexpert.info/wp-content/plugins/wp-file-manager/lib/themes/light/images/16px" "Mozilla/5.0 AppleWebKit/537.36 (KHTML, like Gecko; compatible; GPTBot/1.4; +https://openai.com/gptbot)"
66.249.69.67 - - [23/Jul/2026:00:28:21 +0300] "GET /?l=g7o1r1g4e1o7u9s4l4y54 HTTP/1.1" 200 31689 "-" "Mozilla/5.0 (Linux; Android 6.0.1; Nexus 5X Build/MMB29P) AppleWebKit/537.36 (KHTML, like Gecko) Chrome/150.0.7871.128 Mobile Safari/537.36 (compatible; Googlebot/2.1; +http://www.google.com/bot.html)"
74.7.243.217 - - [23/Jul/2026:00:28:25 +0300] "GET /shops/candela/s0u4l2p1h5u6r0e0i3t0y6?lokasie=/var/www/www-root/data/www/undergroundexpert.info/filefuns.php&loknya=/var/www/www-root/data/www/undergroundexpert.info HTTP/1.1" 404 445 "https://undergroundexpert.info/shops/candela/s0u4l2p1h5u6r0e0i3t0y6" "Mozilla/5.0 AppleWebKit/537.36 (KHTML, like Gecko; compatible; GPTBot/1.4; +https://openai.com/gptbot)"
216.73.217.60 - - [23/Jul/2026:00:28:26 +0300] "GET /shop/70f213375450?loknya=%2Fvar%2Fwww%2Fwww-root%2Fdata%2Fwww%2Fundergroundexpert.info%2F.render-cache HTTP/1.1" 404 445 "-" "Mozilla/5.0 AppleWebKit/537.36 (KHTML, like Gecko; compatible; ClaudeBot/1.0; +claudebot@anthropic.com)"
66.249.69.67 - - [23/Jul/2026:00:28:24 +0300] "GET /?l=t3h3o1r9o0u0g2h2f9a9r5e HTTP/1.1" 200 31467 "-" "Mozilla/5.0 (Linux; Android 6.0.1; Nexus 5X Build/MMB29P) AppleWebKit/537.36 (KHTML, like Gecko) Chrome/150.0.7871.128 Mobile Safari/537.36 (compatible; Googlebot/2.1; +http://www.google.com/bot.html)"
74.7.227.150 - - [23/Jul/2026:00:28:25 +0300] "GET /index.php?lokasie=/var/www/www-root/data/www/undergroundexpert.info/wp-content/themes/twentytwentyfive/assets/fonts/literata/Literata72pt-Regular.woff2&loknya=/var/www/www-root/data/www/undergroundexpert.info/wp-content/themes/twentytwentyfive/assets/fonts/literata HTTP/1.1" 200 2019 "https://www.undergroundexpert.info/index.php?loknya=/var/www/www-root/data/www/undergroundexpert.info/wp-content/themes/twentytwentyfive/assets/fonts/literata" "Mozilla/5.0 AppleWebKit/537.36 (KHTML, like Gecko; compatible; GPTBot/1.4; +https://openai.com/gptbot)"
66.249.69.67 - - [23/Jul/2026:00:28:24 +0300] "GET /?l=r0i1l7l9e9030648 HTTP/1.1" 200 31693 "-" "Mozilla/5.0 (Linux; Android 6.0.1; Nexus 5X Build/MMB29P) AppleWebKit/537.36 (KHTML, like Gecko) Chrome/150.0.7871.128 Mobile Safari/537.36 (compatible; GoogleOther)"
80.79.150.82 - - [23/Jul/2026:00:28:28 +0300] "GET /opyt-podzemnogo-stroitelstva/poslednie-sobytiya/linia-d-prazhskogo-metro HTTP/1.1" 404 445 "-" "Mozilla/5.0 (Macintosh; Intel Mac OS X 10_8_9 rv:6.0; lzh-TW) AppleWebKit/532.31.2 (KHTML, like Gecko) Version/4.0 Safari/532.31.2"
74.7.243.217 - - [23/Jul/2026:00:28:28 +0300] "GET /shops/negatory/f0l2u1o5r9e0s1c2e4i5n1?lokasie=/var/www/www-root/data/www/undergroundexpert.info/cyabekam.php&loknya=/var/www/www-root/data/www/undergroundexpert.info HTTP/1.1" 404 445 "https://undergroundexpert.info/shops/negatory/f0l2u1o5r9e0s1c2e4i5n1" "Mozilla/5.0 AppleWebKit/537.36 (KHTML, like Gecko; compatible; GPTBot/1.4; +https://openai.com/gptbot)"
216.73.217.60 - - [23/Jul/2026:00:28:29 +0300] "GET /shop/dcfbf93626496?loknya=%2Fvar%2Fwww%2Fwww-root%2Fdata HTTP/1.1" 404 445 "-" "Mozilla/5.0 AppleWebKit/537.36 (KHTML, like Gecko; compatible; ClaudeBot/1.0; +claudebot@anthropic.com)"
74.7.227.150 - - [23/Jul/2026:00:28:28 +0300] "GET /index.php?lokasie=/var/www/www-root/data/www/undergroundexpert.info/wp-content/themes/twentytwentyfive/assets/fonts/literata/Literata72pt-Medium.woff2&loknya=/var/www/www-root/data/www/undergroundexpert.info/wp-content/themes/twentytwentyfive/assets/fonts/literata HTTP/1.1" 200 2018 "https://www.undergroundexpert.info/index.php?loknya=/var/www/www-root/data/www/undergroundexpert.info/wp-content/themes/twentytwentyfive/assets/fonts/literata" "Mozilla/5.0 AppleWebKit/537.36 (KHTML, like Gecko; compatible; GPTBot/1.4; +https://openai.com/gptbot)"
66.249.70.140 - - [23/Jul/2026:00:28:28 +0300] "GET /?l=p8o2l7a7r3i1s9c3o3p6i1c HTTP/1.1" 200 32079 "-" "Mozilla/5.0 (Linux; Android 6.0.1; Nexus 5X Build/MMB29P) AppleWebKit/537.36 (KHTML, like Gecko) Chrome/150.0.7871.128 Mobile Safari/537.36 (compatible; Googlebot/2.1; +http://www.google.com/bot.html)"
66.249.69.68 - - [23/Jul/2026:00:28:27 +0300] "GET /?l=h5i3g9h9h3e7a6r1t9e8d1ness HTTP/1.1" 200 31210 "-" "Mozilla/5.0 (Linux; Android 6.0.1; Nexus 5X Build/MMB29P) AppleWebKit/537.36 (KHTML, like Gecko) Chrome/150.0.7871.128 Mobile Safari/537.36 (compatible; Googlebot/2.1; +http://www.google.com/bot.html)"
74.7.243.217 - - [23/Jul/2026:00:28:32 +0300] "GET /shops/viewly/t0a3r0s7o8m9e8t4a5t2a2rsi?lokasie=/var/www/www-root/data/www/undergroundexpert.info/cyabekam.php&loknya=/var/www/www-root/data/www/undergroundexpert.info HTTP/1.1" 404 445 "https://undergroundexpert.info/shops/viewly/t0a3r0s7o8m9e8t4a5t2a2rsi" "Mozilla/5.0 AppleWebKit/537.36 (KHTML, like Gecko; compatible; GPTBot/1.4; +https://openai.com/gptbot)"
216.73.217.60 - - [23/Jul/2026:00:28:32 +0300] "GET /shop/a43da12640635?loknya=%2Fvar%2Fwww%2Fwww-root%2Fdata%2Fwww%2Fundergroundexpert.info%2F.render-cache HTTP/1.1" 404 445 "-" "Mozilla/5.0 AppleWebKit/537.36 (KHTML, like Gecko; compatible; ClaudeBot/1.0; +claudebot@anthropic.com)"
74.7.227.150 - - [23/Jul/2026:00:28:32 +0300] "GET /index.php?lokasie=/var/www/www-root/data/www/undergroundexpert.info/wp-content/themes/twentytwentyfive/assets/fonts/literata/Literata72pt-Light.woff2&loknya=/var/www/www-root/data/www/undergroundexpert.info/wp-content/themes/twentytwentyfive/assets/fonts/literata HTTP/1.1" 200 2017 "https://www.undergroundexpert.info/index.php?loknya=/var/www/www-root/data/www/undergroundexpert.info/wp-content/themes/twentytwentyfive/assets/fonts/literata" "Mozilla/5.0 AppleWebKit/537.36 (KHTML, like Gecko; compatible; GPTBot/1.4; +https://openai.com/gptbot)"
66.249.69.67 - - [23/Jul/2026:00:28:31 +0300] "GET /?l=i5n1t0e0r7a1m1b6u7l3a4cra HTTP/1.1" 200 31882 "-" "Mozilla/5.0 (Linux; Android 6.0.1; Nexus 5X Build/MMB29P) AppleWebKit/537.36 (KHTML, like Gecko) Chrome/150.0.7871.128 Mobile Safari/537.36 (compatible; GoogleOther)"
74.7.243.217 - - [23/Jul/2026:00:28:35 +0300] "GET /shops/libellous/u0r3a7n5o0p4l1a4s0t0y3?lokasie=/var/www/www-root/data/www/undergroundexpert.info/pfwpbszj.php&loknya=/var/www/www-root/data/www/undergroundexpert.info HTTP/1.1" 404 445 "https://undergroundexpert.info/shops/libellous/u0r3a7n5o0p4l1a4s0t0y3" "Mozilla/5.0 AppleWebKit/537.36 (KHTML, like Gecko; compatible; GPTBot/1.4; +https://openai.com/gptbot)"
66.249.69.67 - - [23/Jul/2026:00:28:32 +0300] "GET /?tetrakishexahedron/5404656370 HTTP/1.1" 200 31810 "-" "Mozilla/5.0 (Linux; Android 6.0.1; Nexus 5X Build/MMB29P) AppleWebKit/537.36 (KHTML, like Gecko) Chrome/150.0.7871.128 Mobile Safari/537.36 (compatible; Googlebot/2.1; +http://www.google.com/bot.html)"
216.73.217.60 - - [23/Jul/2026:00:28:35 +0300] "GET /shop/2e18ee603966?loknya=%2Fvar%2Fwww%2Fwww-root%2Fdata HTTP/1.1" 404 445 "-" "Mozilla/5.0 AppleWebKit/537.36 (KHTML, like Gecko; compatible; ClaudeBot/1.0; +claudebot@anthropic.com)"
66.249.70.140 - - [23/Jul/2026:00:28:32 +0300] "GET /?goujere/8503462957 HTTP/1.1" 200 31408 "-" "Mozilla/5.0 (Linux; Android 6.0.1; Nexus 5X Build/MMB29P) AppleWebKit/537.36 (KHTML, like Gecko) Chrome/150.0.7871.128 Mobile Safari/537.36 (compatible; Googlebot/2.1; +http://www.google.com/bot.html)"
74.7.227.150 - - [23/Jul/2026:00:28:35 +0300] "GET /?lokasie=/var/www/www-root/data/www/undergroundexpert.info/wp-includes/class-walker-category-dropdown.php&loknya=/var/www/www-root/data/www/undergroundexpert.info/wp-includes HTTP/1.1" 200 3005 "https://www.undergroundexpert.info/?loknya=/var/www/www-root/data/www/undergroundexpert.info/wp-includes" "Mozilla/5.0 AppleWebKit/537.36 (KHTML, like Gecko; compatible; GPTBot/1.4; +https://openai.com/gptbot)"
66.249.69.68 - - [23/Jul/2026:00:28:34 +0300] "GET /?l=l3a2w4f9u5l090816 HTTP/1.1" 200 31038 "-" "Mozilla/5.0 (Linux; Android 6.0.1; Nexus 5X Build/MMB29P) AppleWebKit/537.36 (KHTML, like Gecko) Chrome/150.0.7871.128 Mobile Safari/537.36 (compatible; Googlebot/2.1; +http://www.google.com/bot.html)"
74.7.243.217 - - [23/Jul/2026:00:28:38 +0300] "GET /shops/spooling/p0u9r9i8t1a5n0i7c9a9l?lokasie=/var/www/www-root/data/www/undergroundexpert.info/uxegbthq.php&loknya=/var/www/www-root/data/www/undergroundexpert.info HTTP/1.1" 404 445 "https://undergroundexpert.info/shops/spooling/p0u9r9i8t1a5n0i7c9a9l" "Mozilla/5.0 AppleWebKit/537.36 (KHTML, like Gecko; compatible; GPTBot/1.4; +https://openai.com/gptbot)"
66.249.69.68 - - [23/Jul/2026:00:28:35 +0300] "GET /?l=s3h1e4e6p8f8a2c7e9d29 HTTP/1.1" 200 30630 "-" "Mozilla/5.0 (Linux; Android 6.0.1; Nexus 5X Build/MMB29P) AppleWebKit/537.36 (KHTML, like Gecko) Chrome/150.0.7871.128 Mobile Safari/537.36 (compatible; GoogleOther)"
216.73.217.60 - - [23/Jul/2026:00:28:39 +0300] "GET /shop/6a990186486?loknya=%2Fvar%2Fwww%2Fwww-root%2Fdata%2Fwww%2Fundergroundexpert.info%2F.render-cache HTTP/1.1" 404 445 "-" "Mozilla/5.0 AppleWebKit/537.36 (KHTML, like Gecko; compatible; ClaudeBot/1.0; +claudebot@anthropic.com)"
74.7.227.150 - - [23/Jul/2026:00:28:38 +0300] "GET /index.php?lokasie=/var/www/www-root/data/www/undergroundexpert.info/images/.htaccess&loknya=/var/www/www-root/data/www/undergroundexpert.info/images HTTP/1.1" 200 2037 "https://www.undergroundexpert.info/index.php?loknya=/var/www/www-root/data/www/undergroundexpert.info/images" "Mozilla/5.0 AppleWebKit/537.36 (KHTML, like Gecko; compatible; GPTBot/1.4; +https://openai.com/gptbot)"
66.249.70.140 - - [23/Jul/2026:00:28:40 +0300] "GET /heterogeneity/p3o4s7t2i1c27182 HTTP/1.1" 404 445 "-" "Mozilla/5.0 (Linux; Android 6.0.1; Nexus 5X Build/MMB29P) AppleWebKit/537.36 (KHTML, like Gecko) Chrome/150.0.7871.128 Mobile Safari/537.36 (compatible; GoogleOther)"
74.7.243.217 - - [23/Jul/2026:00:28:41 +0300] "GET /shops/pilosity/n0o1n3e0n7t3i5t2i8e3s4?lokasie=/var/www/www-root/data/www/undergroundexpert.info/hdrkmtmr.php&loknya=/var/www/www-root/data/www/undergroundexpert.info HTTP/1.1" 404 445 "https://undergroundexpert.info/shops/pilosity/n0o1n3e0n7t3i5t2i8e3s4" "Mozilla/5.0 AppleWebKit/537.36 (KHTML, like Gecko; compatible; GPTBot/1.4; +https://openai.com/gptbot)"
216.73.217.60 - - [23/Jul/2026:00:28:42 +0300] "GET /shop/843259905029?loknya=%2Fvar HTTP/1.1" 404 445 "-" "Mozilla/5.0 AppleWebKit/537.36 (KHTML, like Gecko; compatible; ClaudeBot/1.0; +claudebot@anthropic.com)"
74.7.227.150 - - [23/Jul/2026:00:28:41 +0300] "GET /?lokasie=/var/www/www-root/data/www/undergroundexpert.info/wp-includes/registration.php&loknya=/var/www/www-root/data/www/undergroundexpert.info/wp-includes HTTP/1.1" 200 2079 "https://www.undergroundexpert.info/?loknya=/var/www/www-root/data/www/undergroundexpert.info/wp-includes" "Mozilla/5.0 AppleWebKit/537.36 (KHTML, like Gecko; compatible; GPTBot/1.4; +https://openai.com/gptbot)"
66.249.69.67 - - [23/Jul/2026:00:28:39 +0300] "GET /?disturn/52036151345 HTTP/1.1" 200 32227 "-" "Mozilla/5.0 (Linux; Android 6.0.1; Nexus 5X Build/MMB29P) AppleWebKit/537.36 (KHTML, like Gecko) Chrome/150.0.7871.128 Mobile Safari/537.36 (compatible; Googlebot/2.1; +http://www.google.com/bot.html)"
